{"id":45724,"date":"2025-12-03T10:56:44","date_gmt":"2025-12-03T10:56:44","guid":{"rendered":"https:\/\/www.ull.es\/portal\/agenda\/?post_type=tribe_events&#038;p=45724"},"modified":"2025-12-04T09:45:10","modified_gmt":"2025-12-04T09:45:10","slug":"itinerario-didactico-en-la-biblioteca-y-el-archivo-de-la-real-sociedad-economica-de-amigos-del-pais-de-tenerife","status":"publish","type":"tribe_events","link":"https:\/\/www.ull.es\/portal\/agenda\/evento\/itinerario-didactico-en-la-biblioteca-y-el-archivo-de-la-real-sociedad-economica-de-amigos-del-pais-de-tenerife\/","title":{"rendered":"Itinerario did\u00e1ctico en la Biblioteca y el Archivo de la Real Sociedad Econ\u00f3mica de Amigos del Pa\u00eds de Tenerife"},"content":{"rendered":"<div id=\"Tj9Y4e\" class=\"KP7TGc RjsPE\" data-observe-id=\"u59cif\" data-is-migration-recent=\"false\">\n<div class=\"ua2Qrb\">\n<div id=\"ResponsesView\" class=\"rxsFue gmvbEd\">\n<div class=\"nMw83b\" data-observe-id=\"w6TSZ\">\n<div id=\"i35\">\n<div class=\"csgrRe\">\n<div class=\"uMXdLb\">\n<div class=\"RH5hzf RLS9Fe\">\n<div class=\"lrKTG\">\n<div class=\"o3Dpx\" role=\"list\">\n<div class=\"Qr7Oae\" role=\"listitem\">\n<div class=\"OxAavc NVbRL\" data-required=\"true\" data-item-id=\"527596313\">\n<div class=\"Ih4Dzb\">\n<div class=\"q4tvle JqSWld yqQS1\" tabindex=\"0\" role=\"textbox\" aria-label=\"Descripci\u00f3n del Evento\" aria-disabled=\"true\">\n<p>Dentro de los itinerarios did\u00e1cticos organizados por la C\u00e1tedra Cultural Pedro Bencomo de la Universidad de La Laguna \u00abLas riquezas ocultas que susurran y gritan en La Laguna: Archivos y Bibliotecas\u00bb el 19 de diciembre de 2025 a las 10:00 h est\u00e1 programada la visita a la Biblioteca y el Archivo de la Real Sociedad Econ\u00f3mica de Amigos del Pa\u00eds de Tenerife a cargo de D. Jos\u00e9 G\u00f3mez Soli\u00f1o, ex rector de la Universidad de La Laguna y director de la RSEAPT.<\/p>\n<p>Los objetivos de esta visita son promover el conocimiento, la valoraci\u00f3n y el disfrute del patrimonio cultural documental y bibliogr\u00e1fico, fomentar el aprendizaje activo y significativo a trav\u00e9s del descubrimiento, la experiencia directa y el di\u00e1logo con el entorno cultural y contribuir a la formaci\u00f3n integral del alumnado mediante el acercamiento cr\u00edtico y creativo a los espacios de memoria, saber y ciudadan\u00eda que representan los archivos y bibliotecas.<\/p>\n<\/div>\n<p>&nbsp;<\/p>\n<\/div>\n<\/div>\n<\/div>\n<div class=\"Qr7Oae\" role=\"listitem\">\n<div class=\"OxAavc\" data-required=\"true\" data-input=\"L9xHkb\" data-item-id=\"1892963801\">\n<div class=\"pYfr3c\">\n<div class=\"prOLdf\">\n<div class=\"g53bl\"><\/div>\n<\/div>\n<\/div>\n<\/div>\n<\/div>\n<\/div>\n<\/div>\n<\/div>\n<\/div>\n<\/div>\n<\/div>\n<\/div>\n<\/div>\n<\/div>\n<\/div>\n","protected":false},"excerpt":{"rendered":"<p>Dentro de los itinerarios did\u00e1cticos organizados por la C\u00e1tedra Cultural Pedro Bencomo de la Universidad de La Laguna \u00abLas riquezas ocultas que susurran y gritan en La Laguna: Archivos y Bibliotecas\u00bb el 19 de diciembre de 2025 a las 10:00 h est\u00e1 programada la visita a la Biblioteca y el Archivo de la Real Sociedad&#8230;<\/p>\n","protected":false},"author":65,"featured_media":45741,"comment_status":"closed","ping_status":"closed","template":"","tags":[],"tribe_events_cat":[3987,4,191],"acf":[],"yoast_head":"<!-- This site is optimized with the Yoast SEO plugin v21.3 - https:\/\/yoast.com\/wordpress\/plugins\/seo\/ -->\n<title>Itinerario did\u00e1ctico en la Biblioteca y el Archivo de la Real Sociedad Econ\u00f3mica de Amigos del Pa\u00eds de Tenerife - ULL - Agenda<\/title>\n<meta name=\"robots\" content=\"index, follow, max-snippet:-1, max-image-preview:large, max-video-preview:-1\" \/>\n<link rel=\"canonical\" href=\"https:\/\/www.ull.es\/portal\/agenda\/evento\/itinerario-didactico-en-la-biblioteca-y-el-archivo-de-la-real-sociedad-economica-de-amigos-del-pais-de-tenerife\/\" \/>\n<meta property=\"og:locale\" content=\"es_ES\" \/>\n<meta property=\"og:type\" content=\"article\" \/>\n<meta property=\"og:title\" content=\"Itinerario did\u00e1ctico en la Biblioteca y el Archivo de la Real Sociedad Econ\u00f3mica de Amigos del Pa\u00eds de Tenerife - ULL - Agenda\" \/>\n<meta property=\"og:description\" content=\"Dentro de los itinerarios did\u00e1cticos organizados por la C\u00e1tedra Cultural Pedro Bencomo de la Universidad de La Laguna \u00abLas riquezas ocultas que susurran y gritan en La Laguna: Archivos y Bibliotecas\u00bb el 19 de diciembre de 2025 a las 10:00 h est\u00e1 programada la visita a la Biblioteca y el Archivo de la Real Sociedad...\" \/>\n<meta property=\"og:url\" content=\"https:\/\/www.ull.es\/portal\/agenda\/evento\/itinerario-didactico-en-la-biblioteca-y-el-archivo-de-la-real-sociedad-economica-de-amigos-del-pais-de-tenerife\/\" \/>\n<meta property=\"og:site_name\" content=\"ULL - Agenda\" \/>\n<meta property=\"article:modified_time\" content=\"2025-12-04T09:45:10+00:00\" \/>\n<meta property=\"og:image\" content=\"https:\/\/www.ull.es\/portal\/agenda\/wp-content\/uploads\/sites\/12\/2025\/12\/Itinerario-didactico-en-la-Biblioteca-y-el-Archivo-de-la-Real-Sociedad_Banner-eventos.jpg\" \/>\n\t<meta property=\"og:image:width\" content=\"750\" \/>\n\t<meta property=\"og:image:height\" content=\"370\" \/>\n\t<meta property=\"og:image:type\" content=\"image\/jpeg\" \/>\n<meta name=\"twitter:card\" content=\"summary_large_image\" \/>\n<meta name=\"twitter:label1\" content=\"Tiempo de lectura\" \/>\n\t<meta name=\"twitter:data1\" content=\"1 minuto\" \/>\n<script type=\"application\/ld+json\" class=\"yoast-schema-graph\">{\"@context\":\"https:\/\/schema.org\",\"@graph\":[{\"@type\":\"WebPage\",\"@id\":\"https:\/\/www.ull.es\/portal\/agenda\/evento\/itinerario-didactico-en-la-biblioteca-y-el-archivo-de-la-real-sociedad-economica-de-amigos-del-pais-de-tenerife\/\",\"url\":\"https:\/\/www.ull.es\/portal\/agenda\/evento\/itinerario-didactico-en-la-biblioteca-y-el-archivo-de-la-real-sociedad-economica-de-amigos-del-pais-de-tenerife\/\",\"name\":\"Itinerario did\u00e1ctico en la Biblioteca y el Archivo de la Real Sociedad Econ\u00f3mica de Amigos del Pa\u00eds de Tenerife - ULL - Agenda\",\"isPartOf\":{\"@id\":\"https:\/\/www.ull.es\/portal\/agenda\/#website\"},\"datePublished\":\"2025-12-03T10:56:44+00:00\",\"dateModified\":\"2025-12-04T09:45:10+00:00\",\"breadcrumb\":{\"@id\":\"https:\/\/www.ull.es\/portal\/agenda\/evento\/itinerario-didactico-en-la-biblioteca-y-el-archivo-de-la-real-sociedad-economica-de-amigos-del-pais-de-tenerife\/#breadcrumb\"},\"inLanguage\":\"es\",\"potentialAction\":[{\"@type\":\"ReadAction\",\"target\":[\"https:\/\/www.ull.es\/portal\/agenda\/evento\/itinerario-didactico-en-la-biblioteca-y-el-archivo-de-la-real-sociedad-economica-de-amigos-del-pais-de-tenerife\/\"]}]},{\"@type\":\"BreadcrumbList\",\"@id\":\"https:\/\/www.ull.es\/portal\/agenda\/evento\/itinerario-didactico-en-la-biblioteca-y-el-archivo-de-la-real-sociedad-economica-de-amigos-del-pais-de-tenerife\/#breadcrumb\",\"itemListElement\":[{\"@type\":\"ListItem\",\"position\":1,\"name\":\"Portada\",\"item\":\"https:\/\/www.ull.es\/portal\/agenda\/\"},{\"@type\":\"ListItem\",\"position\":2,\"name\":\"Itinerario did\u00e1ctico en la Biblioteca y el Archivo de la Real Sociedad Econ\u00f3mica de Amigos del Pa\u00eds de Tenerife\"}]},{\"@type\":\"WebSite\",\"@id\":\"https:\/\/www.ull.es\/portal\/agenda\/#website\",\"url\":\"https:\/\/www.ull.es\/portal\/agenda\/\",\"name\":\"ULL - Agenda\",\"description\":\"\",\"potentialAction\":[{\"@type\":\"SearchAction\",\"target\":{\"@type\":\"EntryPoint\",\"urlTemplate\":\"https:\/\/www.ull.es\/portal\/agenda\/?s={search_term_string}\"},\"query-input\":\"required name=search_term_string\"}],\"inLanguage\":\"es\"}]}<\/script>\n<!-- \/ Yoast SEO plugin. -->","yoast_head_json":{"title":"Itinerario did\u00e1ctico en la Biblioteca y el Archivo de la Real Sociedad Econ\u00f3mica de Amigos del Pa\u00eds de Tenerife - ULL - Agenda","robots":{"index":"index","follow":"follow","max-snippet":"max-snippet:-1","max-image-preview":"max-image-preview:large","max-video-preview":"max-video-preview:-1"},"canonical":"https:\/\/www.ull.es\/portal\/agenda\/evento\/itinerario-didactico-en-la-biblioteca-y-el-archivo-de-la-real-sociedad-economica-de-amigos-del-pais-de-tenerife\/","og_locale":"es_ES","og_type":"article","og_title":"Itinerario did\u00e1ctico en la Biblioteca y el Archivo de la Real Sociedad Econ\u00f3mica de Amigos del Pa\u00eds de Tenerife - ULL - Agenda","og_description":"Dentro de los itinerarios did\u00e1cticos organizados por la C\u00e1tedra Cultural Pedro Bencomo de la Universidad de La Laguna \u00abLas riquezas ocultas que susurran y gritan en La Laguna: Archivos y Bibliotecas\u00bb el 19 de diciembre de 2025 a las 10:00 h est\u00e1 programada la visita a la Biblioteca y el Archivo de la Real Sociedad...","og_url":"https:\/\/www.ull.es\/portal\/agenda\/evento\/itinerario-didactico-en-la-biblioteca-y-el-archivo-de-la-real-sociedad-economica-de-amigos-del-pais-de-tenerife\/","og_site_name":"ULL - Agenda","article_modified_time":"2025-12-04T09:45:10+00:00","og_image":[{"width":750,"height":370,"url":"https:\/\/www.ull.es\/portal\/agenda\/wp-content\/uploads\/sites\/12\/2025\/12\/Itinerario-didactico-en-la-Biblioteca-y-el-Archivo-de-la-Real-Sociedad_Banner-eventos.jpg","type":"image\/jpeg"}],"twitter_card":"summary_large_image","twitter_misc":{"Tiempo de lectura":"1 minuto"},"schema":{"@context":"https:\/\/schema.org","@graph":[{"@type":"WebPage","@id":"https:\/\/www.ull.es\/portal\/agenda\/evento\/itinerario-didactico-en-la-biblioteca-y-el-archivo-de-la-real-sociedad-economica-de-amigos-del-pais-de-tenerife\/","url":"https:\/\/www.ull.es\/portal\/agenda\/evento\/itinerario-didactico-en-la-biblioteca-y-el-archivo-de-la-real-sociedad-economica-de-amigos-del-pais-de-tenerife\/","name":"Itinerario did\u00e1ctico en la Biblioteca y el Archivo de la Real Sociedad Econ\u00f3mica de Amigos del Pa\u00eds de Tenerife - ULL - Agenda","isPartOf":{"@id":"https:\/\/www.ull.es\/portal\/agenda\/#website"},"datePublished":"2025-12-03T10:56:44+00:00","dateModified":"2025-12-04T09:45:10+00:00","breadcrumb":{"@id":"https:\/\/www.ull.es\/portal\/agenda\/evento\/itinerario-didactico-en-la-biblioteca-y-el-archivo-de-la-real-sociedad-economica-de-amigos-del-pais-de-tenerife\/#breadcrumb"},"inLanguage":"es","potentialAction":[{"@type":"ReadAction","target":["https:\/\/www.ull.es\/portal\/agenda\/evento\/itinerario-didactico-en-la-biblioteca-y-el-archivo-de-la-real-sociedad-economica-de-amigos-del-pais-de-tenerife\/"]}]},{"@type":"BreadcrumbList","@id":"https:\/\/www.ull.es\/portal\/agenda\/evento\/itinerario-didactico-en-la-biblioteca-y-el-archivo-de-la-real-sociedad-economica-de-amigos-del-pais-de-tenerife\/#breadcrumb","itemListElement":[{"@type":"ListItem","position":1,"name":"Portada","item":"https:\/\/www.ull.es\/portal\/agenda\/"},{"@type":"ListItem","position":2,"name":"Itinerario did\u00e1ctico en la Biblioteca y el Archivo de la Real Sociedad Econ\u00f3mica de Amigos del Pa\u00eds de Tenerife"}]},{"@type":"WebSite","@id":"https:\/\/www.ull.es\/portal\/agenda\/#website","url":"https:\/\/www.ull.es\/portal\/agenda\/","name":"ULL - Agenda","description":"","potentialAction":[{"@type":"SearchAction","target":{"@type":"EntryPoint","urlTemplate":"https:\/\/www.ull.es\/portal\/agenda\/?s={search_term_string}"},"query-input":"required name=search_term_string"}],"inLanguage":"es"}]}},"_links":{"self":[{"href":"https:\/\/www.ull.es\/portal\/agenda\/wp-json\/wp\/v2\/tribe_events\/45724"}],"collection":[{"href":"https:\/\/www.ull.es\/portal\/agenda\/wp-json\/wp\/v2\/tribe_events"}],"about":[{"href":"https:\/\/www.ull.es\/portal\/agenda\/wp-json\/wp\/v2\/types\/tribe_events"}],"author":[{"embeddable":true,"href":"https:\/\/www.ull.es\/portal\/agenda\/wp-json\/wp\/v2\/users\/65"}],"replies":[{"embeddable":true,"href":"https:\/\/www.ull.es\/portal\/agenda\/wp-json\/wp\/v2\/comments?post=45724"}],"version-history":[{"count":3,"href":"https:\/\/www.ull.es\/portal\/agenda\/wp-json\/wp\/v2\/tribe_events\/45724\/revisions"}],"predecessor-version":[{"id":45743,"href":"https:\/\/www.ull.es\/portal\/agenda\/wp-json\/wp\/v2\/tribe_events\/45724\/revisions\/45743"}],"wp:featuredmedia":[{"embeddable":true,"href":"https:\/\/www.ull.es\/portal\/agenda\/wp-json\/wp\/v2\/media\/45741"}],"wp:attachment":[{"href":"https:\/\/www.ull.es\/portal\/agenda\/wp-json\/wp\/v2\/media?parent=45724"}],"wp:term":[{"taxonomy":"post_tag","embeddable":true,"href":"https:\/\/www.ull.es\/portal\/agenda\/wp-json\/wp\/v2\/tags?post=45724"},{"taxonomy":"tribe_events_cat","embeddable":true,"href":"https:\/\/www.ull.es\/portal\/agenda\/wp-json\/wp\/v2\/tribe_events_cat?post=45724"}],"curies":[{"name":"wp","href":"https:\/\/api.w.org\/{rel}","templated":true}]}}

Itinerario didáctico en la Biblioteca y el Archivo de la Real Sociedad Económica de Amigos del País de Tenerife

<div id="Tj9Y4e" class="KP7TGc RjsPE" data-observe-id="u59cif" data-is-migration-recent="false">
<div class="ua2Qrb">
<div id="ResponsesView" class="rxsFue gmvbEd">
<div class="nMw83b" data-observe-id="w6TSZ">
<div id="i35">
<div class="csgrRe">
<div class="uMXdLb">
<div class="RH5hzf RLS9Fe">
<div class="lrKTG">
<div class="o3Dpx" role="list">
<div class="Qr7Oae" role="listitem">
<div class="OxAavc NVbRL" data-required="true" data-item-id="527596313">
<div class="Ih4Dzb">
<div class="q4tvle JqSWld yqQS1" tabindex="0" role="textbox" aria-label="Descripción del Evento" aria-disabled="true">
<p>Dentro de los itinerarios didácticos organizados por la Cátedra Cultural Pedro Bencomo de la Universidad de La Laguna «Las riquezas ocultas que susurran y gritan en La Laguna: Archivos y Bibliotecas» el 19 de diciembre de 2025 a las 10:00 h está programada la visita a la Biblioteca y el Archivo de la Real Sociedad Económica de Amigos del País de Tenerife a cargo de D. José Gómez Soliño, ex rector de la Universidad de La Laguna y director de la RSEAPT.</p>
<p>Los objetivos de esta visita son promover el conocimiento, la valoración y el disfrute del patrimonio cultural documental y bibliográfico, fomentar el aprendizaje activo y significativo a través del descubrimiento, la experiencia directa y el diálogo con el entorno cultural y contribuir a la formación integral del alumnado mediante el acercamiento crítico y creativo a los espacios de memoria, saber y ciudadanía que representan los archivos y bibliotecas.</p>
</div>
<p>&nbsp;</p>
</div>
</div>
</div>
<div class="Qr7Oae" role="listitem">
<div class="OxAavc" data-required="true" data-input="L9xHkb" data-item-id="1892963801">
<div class="pYfr3c">
<div class="prOLdf">
<div class="g53bl"></div>
</div>
</div>
</div>
</div>
</div>
</div>
</div>
</div>
</div>
</div>
</div>
</div>
</div>
</div>

<p>Dentro de los itinerarios didácticos organizados por la Cátedra Cultural Pedro Bencomo de la Universidad de La Laguna «Las riquezas ocultas que susurran y gritan en La Laguna: Archivos y Bibliotecas» el 19 de diciembre de 2025 a las 10:00 h está programada la visita a la Biblioteca y el Archivo de la Real Sociedad&#8230;</p>

<!-- This site is optimized with the Yoast SEO plugin v21.3 - https://yoast.com/wordpress/plugins/seo/ -->
<title>Itinerario didáctico en la Biblioteca y el Archivo de la Real Sociedad Económica de Amigos del País de Tenerife - ULL - Agenda</title>
<meta name="robots" content="index, follow, max-snippet:-1, max-image-preview:large, max-video-preview:-1" />
<link rel="canonical" href="https://www.ull.es/portal/agenda/evento/itinerario-didactico-en-la-biblioteca-y-el-archivo-de-la-real-sociedad-economica-de-amigos-del-pais-de-tenerife/" />
<meta property="og:locale" content="es_ES" />
<meta property="og:type" content="article" />
<meta property="og:title" content="Itinerario didáctico en la Biblioteca y el Archivo de la Real Sociedad Económica de Amigos del País de Tenerife - ULL - Agenda" />
<meta property="og:description" content="Dentro de los itinerarios didácticos organizados por la Cátedra Cultural Pedro Bencomo de la Universidad de La Laguna «Las riquezas ocultas que susurran y gritan en La Laguna: Archivos y Bibliotecas» el 19 de diciembre de 2025 a las 10:00 h está programada la visita a la Biblioteca y el Archivo de la Real Sociedad..." />
<meta property="og:url" content="https://www.ull.es/portal/agenda/evento/itinerario-didactico-en-la-biblioteca-y-el-archivo-de-la-real-sociedad-economica-de-amigos-del-pais-de-tenerife/" />
<meta property="og:site_name" content="ULL - Agenda" />
<meta property="article:modified_time" content="2025-12-04T09:45:10+00:00" />
<meta property="og:image" content="https://www.ull.es/portal/agenda/wp-content/uploads/sites/12/2025/12/Itinerario-didactico-en-la-Biblioteca-y-el-Archivo-de-la-Real-Sociedad_Banner-eventos.jpg" />
	<meta property="og:image:width" content="750" />
	<meta property="og:image:height" content="370" />
	<meta property="og:image:type" content="image/jpeg" />
<meta name="twitter:card" content="summary_large_image" />
<meta name="twitter:label1" content="Tiempo de lectura" />
	<meta name="twitter:data1" content="1 minuto" />
<script type="application/ld+json" class="yoast-schema-graph">{"@context":"https://schema.org","@graph":[{"@type":"WebPage","@id":"https://www.ull.es/portal/agenda/evento/itinerario-didactico-en-la-biblioteca-y-el-archivo-de-la-real-sociedad-economica-de-amigos-del-pais-de-tenerife/","url":"https://www.ull.es/portal/agenda/evento/itinerario-didactico-en-la-biblioteca-y-el-archivo-de-la-real-sociedad-economica-de-amigos-del-pais-de-tenerife/","name":"Itinerario didáctico en la Biblioteca y el Archivo de la Real Sociedad Económica de Amigos del País de Tenerife - ULL - Agenda","isPartOf":{"@id":"https://www.ull.es/portal/agenda/#website"},"datePublished":"2025-12-03T10:56:44+00:00","dateModified":"2025-12-04T09:45:10+00:00","breadcrumb":{"@id":"https://www.ull.es/portal/agenda/evento/itinerario-didactico-en-la-biblioteca-y-el-archivo-de-la-real-sociedad-economica-de-amigos-del-pais-de-tenerife/#breadcrumb"},"inLanguage":"es","potentialAction":[{"@type":"ReadAction","target":["https://www.ull.es/portal/agenda/evento/itinerario-didactico-en-la-biblioteca-y-el-archivo-de-la-real-sociedad-economica-de-amigos-del-pais-de-tenerife/"]}]},{"@type":"BreadcrumbList","@id":"https://www.ull.es/portal/agenda/evento/itinerario-didactico-en-la-biblioteca-y-el-archivo-de-la-real-sociedad-economica-de-amigos-del-pais-de-tenerife/#breadcrumb","itemListElement":[{"@type":"ListItem","position":1,"name":"Portada","item":"https://www.ull.es/portal/agenda/"},{"@type":"ListItem","position":2,"name":"Itinerario didáctico en la Biblioteca y el Archivo de la Real Sociedad Económica de Amigos del País de Tenerife"}]},{"@type":"WebSite","@id":"https://www.ull.es/portal/agenda/#website","url":"https://www.ull.es/portal/agenda/","name":"ULL - Agenda","description":"","potentialAction":[{"@type":"SearchAction","target":{"@type":"EntryPoint","urlTemplate":"https://www.ull.es/portal/agenda/?s={search_term_string}"},"query-input":"required name=search_term_string"}],"inLanguage":"es"}]}</script>
<!-- / Yoast SEO plugin. -->

Itinerario didáctico en la Biblioteca y el Archivo de la Real Sociedad Económica de Amigos del País de Tenerife - ULL - Agenda

Dentro de los itinerarios didácticos organizados por la Cátedra Cultural Pedro Bencomo de la Universidad de La Laguna «Las riquezas ocultas que susurran y gritan en La Laguna: Archivos y Bibliotecas» el 19 de diciembre de 2025 a las 10:00 h está programada la visita a la Biblioteca y el Archivo de la Real Sociedad...
