{"id":45785,"date":"2025-12-15T09:41:16","date_gmt":"2025-12-15T09:41:16","guid":{"rendered":"https:\/\/www.ull.es\/portal\/agenda\/?post_type=tribe_events&#038;p=45785"},"modified":"2025-12-15T09:41:16","modified_gmt":"2025-12-15T09:41:16","slug":"el-espejo-de-tus-versos-de-la-compania-creacciones","status":"publish","type":"tribe_events","link":"https:\/\/www.ull.es\/portal\/agenda\/evento\/el-espejo-de-tus-versos-de-la-compania-creacciones\/","title":{"rendered":"\u201dEl espejo de tus versos\u201d de la Compa\u00f1\u00eda CreAcciones"},"content":{"rendered":"<p style=\"font-weight: 400;\">La compa\u00f1\u00eda CreAcciones, dirigida por Rafael Pestano Fari\u00f1a y M\u00aa Luz Gonz\u00e1lez Rodr\u00edguez, representa el espect\u00e1culo denominado \u2018El espejo de tus versos\u2019.<\/p>\n<p style=\"font-weight: 400;\">Esta puesta en escena pretende generar la reflexi\u00f3n del individuo y del colectivo respecto a los temas esenciales que definen y discuten la condici\u00f3n humana. Tal como hacen los \u00e1rboles as\u00ed tambi\u00e9n queremos fortalecer las ra\u00edces de nuestro propio ecosistema. Y nuestra convicci\u00f3n es que nuestro ecosistema es prioritariamente cultural. De un modo muy directo y muy simple dig\u00e1moslo as\u00ed: nuestro progreso como especie depende del desarrollo y divulgaci\u00f3n del conocimiento. Eso significa tanto como decir que para mejorar nuestra formaci\u00f3n c\u00edvica debemos intercambiar opiniones con la acci\u00f3n creativa de personas de cualquier \u00e1mbito. Para ello damos voz y luz en esta obra a autoras y autores que nos ofrecieron su propia visi\u00f3n del mundo. Con nuestra propuesta creativa queremos transferir el resultado de nuestras lecturas y de nuestro an\u00e1lisis m\u00e1s all\u00e1 del estricto \u00e1mbito acad\u00e9mico. Pretendemos que nuestras actividades culturales sean inclusivas y se exterioricen al \u00e1mbito social que las fundamenta. Desde nuestra interpretaci\u00f3n- y desde la del p\u00fablico asistente- deseamos generar una fruct\u00edfera conciencia cr\u00edtica.\u00a0Una idea central mueve los proyectos de nuestro colectivo:\u00a0La cultura ha de enriquecer a quien la busca y a quien la apoya.<\/p>\n<p style=\"font-weight: 400;\">Por otra parte, en la preparaci\u00f3n y ejecuci\u00f3n del espect\u00e1culo participa, por un lado, alumnado actual de las especialidades de Humanidades, y, por otro, egresados de las \u00faltimas generaciones. Esta especial convergencia nos permite enriquecer nuestro espect\u00e1culo y nuestro proceso de aprendizaje y ense\u00f1anza. Deseamos que el p\u00fablico destinatario sepa interpretar y apreciar el di\u00e1logo intergeneracional y transcultural que se le ofrece.<\/p>\n<p><a href=\"https:\/\/www.ecoentradas.com\/elegirsesion\/3010\" target=\"_blank\" rel=\"noopener\" target=\"_blank\" rel=\"noopener\">Entradas<\/a>: 10\u20ac general<\/p>\n<p>Para mayores de 16 a\u00f1os.<\/p>\n","protected":false},"excerpt":{"rendered":"<p>La compa\u00f1\u00eda CreAcciones, dirigida por Rafael Pestano Fari\u00f1a y M\u00aa Luz Gonz\u00e1lez Rodr\u00edguez, representa el espect\u00e1culo denominado \u2018El espejo de tus versos\u2019. Esta puesta en escena pretende generar la reflexi\u00f3n del individuo y del colectivo respecto a los temas esenciales que definen y discuten la condici\u00f3n humana. Tal como hacen los \u00e1rboles as\u00ed tambi\u00e9n queremos&#8230;<\/p>\n","protected":false},"author":65,"featured_media":45786,"comment_status":"closed","ping_status":"closed","template":"","tags":[],"tribe_events_cat":[3987,4,343,186,191],"acf":[],"yoast_head":"<!-- This site is optimized with the Yoast SEO plugin v21.3 - https:\/\/yoast.com\/wordpress\/plugins\/seo\/ -->\n<title>\u201dEl espejo de tus versos\u201d de la Compa\u00f1\u00eda CreAcciones - ULL - Agenda<\/title>\n<meta name=\"robots\" content=\"index, follow, max-snippet:-1, max-image-preview:large, max-video-preview:-1\" \/>\n<link rel=\"canonical\" href=\"https:\/\/www.ull.es\/portal\/agenda\/evento\/el-espejo-de-tus-versos-de-la-compania-creacciones\/\" \/>\n<meta property=\"og:locale\" content=\"es_ES\" \/>\n<meta property=\"og:type\" content=\"article\" \/>\n<meta property=\"og:title\" content=\"\u201dEl espejo de tus versos\u201d de la Compa\u00f1\u00eda CreAcciones - ULL - Agenda\" \/>\n<meta property=\"og:description\" content=\"La compa\u00f1\u00eda CreAcciones, dirigida por Rafael Pestano Fari\u00f1a y M\u00aa Luz Gonz\u00e1lez Rodr\u00edguez, representa el espect\u00e1culo denominado \u2018El espejo de tus versos\u2019. Esta puesta en escena pretende generar la reflexi\u00f3n del individuo y del colectivo respecto a los temas esenciales que definen y discuten la condici\u00f3n humana. Tal como hacen los \u00e1rboles as\u00ed tambi\u00e9n queremos...\" \/>\n<meta property=\"og:url\" content=\"https:\/\/www.ull.es\/portal\/agenda\/evento\/el-espejo-de-tus-versos-de-la-compania-creacciones\/\" \/>\n<meta property=\"og:site_name\" content=\"ULL - Agenda\" \/>\n<meta property=\"og:image\" content=\"https:\/\/www.ull.es\/portal\/agenda\/wp-content\/uploads\/sites\/12\/2025\/12\/EL-ESPEJO-DE-TUS-VERSOS-750-x-370-px.jpg\" \/>\n\t<meta property=\"og:image:width\" content=\"750\" \/>\n\t<meta property=\"og:image:height\" content=\"370\" \/>\n\t<meta property=\"og:image:type\" content=\"image\/jpeg\" \/>\n<meta name=\"twitter:card\" content=\"summary_large_image\" \/>\n<meta name=\"twitter:label1\" content=\"Tiempo de lectura\" \/>\n\t<meta name=\"twitter:data1\" content=\"2 minutos\" \/>\n<script type=\"application\/ld+json\" class=\"yoast-schema-graph\">{\"@context\":\"https:\/\/schema.org\",\"@graph\":[{\"@type\":\"WebPage\",\"@id\":\"https:\/\/www.ull.es\/portal\/agenda\/evento\/el-espejo-de-tus-versos-de-la-compania-creacciones\/\",\"url\":\"https:\/\/www.ull.es\/portal\/agenda\/evento\/el-espejo-de-tus-versos-de-la-compania-creacciones\/\",\"name\":\"\u201dEl espejo de tus versos\u201d de la Compa\u00f1\u00eda CreAcciones - ULL - Agenda\",\"isPartOf\":{\"@id\":\"https:\/\/www.ull.es\/portal\/agenda\/#website\"},\"datePublished\":\"2025-12-15T09:41:16+00:00\",\"dateModified\":\"2025-12-15T09:41:16+00:00\",\"breadcrumb\":{\"@id\":\"https:\/\/www.ull.es\/portal\/agenda\/evento\/el-espejo-de-tus-versos-de-la-compania-creacciones\/#breadcrumb\"},\"inLanguage\":\"es\",\"potentialAction\":[{\"@type\":\"ReadAction\",\"target\":[\"https:\/\/www.ull.es\/portal\/agenda\/evento\/el-espejo-de-tus-versos-de-la-compania-creacciones\/\"]}]},{\"@type\":\"BreadcrumbList\",\"@id\":\"https:\/\/www.ull.es\/portal\/agenda\/evento\/el-espejo-de-tus-versos-de-la-compania-creacciones\/#breadcrumb\",\"itemListElement\":[{\"@type\":\"ListItem\",\"position\":1,\"name\":\"Portada\",\"item\":\"https:\/\/www.ull.es\/portal\/agenda\/\"},{\"@type\":\"ListItem\",\"position\":2,\"name\":\"\u201dEl espejo de tus versos\u201d de la Compa\u00f1\u00eda CreAcciones\"}]},{\"@type\":\"WebSite\",\"@id\":\"https:\/\/www.ull.es\/portal\/agenda\/#website\",\"url\":\"https:\/\/www.ull.es\/portal\/agenda\/\",\"name\":\"ULL - Agenda\",\"description\":\"\",\"potentialAction\":[{\"@type\":\"SearchAction\",\"target\":{\"@type\":\"EntryPoint\",\"urlTemplate\":\"https:\/\/www.ull.es\/portal\/agenda\/?s={search_term_string}\"},\"query-input\":\"required name=search_term_string\"}],\"inLanguage\":\"es\"}]}<\/script>\n<!-- \/ Yoast SEO plugin. -->","yoast_head_json":{"title":"\u201dEl espejo de tus versos\u201d de la Compa\u00f1\u00eda CreAcciones - ULL - Agenda","robots":{"index":"index","follow":"follow","max-snippet":"max-snippet:-1","max-image-preview":"max-image-preview:large","max-video-preview":"max-video-preview:-1"},"canonical":"https:\/\/www.ull.es\/portal\/agenda\/evento\/el-espejo-de-tus-versos-de-la-compania-creacciones\/","og_locale":"es_ES","og_type":"article","og_title":"\u201dEl espejo de tus versos\u201d de la Compa\u00f1\u00eda CreAcciones - ULL - Agenda","og_description":"La compa\u00f1\u00eda CreAcciones, dirigida por Rafael Pestano Fari\u00f1a y M\u00aa Luz Gonz\u00e1lez Rodr\u00edguez, representa el espect\u00e1culo denominado \u2018El espejo de tus versos\u2019. Esta puesta en escena pretende generar la reflexi\u00f3n del individuo y del colectivo respecto a los temas esenciales que definen y discuten la condici\u00f3n humana. Tal como hacen los \u00e1rboles as\u00ed tambi\u00e9n queremos...","og_url":"https:\/\/www.ull.es\/portal\/agenda\/evento\/el-espejo-de-tus-versos-de-la-compania-creacciones\/","og_site_name":"ULL - Agenda","og_image":[{"width":750,"height":370,"url":"https:\/\/www.ull.es\/portal\/agenda\/wp-content\/uploads\/sites\/12\/2025\/12\/EL-ESPEJO-DE-TUS-VERSOS-750-x-370-px.jpg","type":"image\/jpeg"}],"twitter_card":"summary_large_image","twitter_misc":{"Tiempo de lectura":"2 minutos"},"schema":{"@context":"https:\/\/schema.org","@graph":[{"@type":"WebPage","@id":"https:\/\/www.ull.es\/portal\/agenda\/evento\/el-espejo-de-tus-versos-de-la-compania-creacciones\/","url":"https:\/\/www.ull.es\/portal\/agenda\/evento\/el-espejo-de-tus-versos-de-la-compania-creacciones\/","name":"\u201dEl espejo de tus versos\u201d de la Compa\u00f1\u00eda CreAcciones - ULL - Agenda","isPartOf":{"@id":"https:\/\/www.ull.es\/portal\/agenda\/#website"},"datePublished":"2025-12-15T09:41:16+00:00","dateModified":"2025-12-15T09:41:16+00:00","breadcrumb":{"@id":"https:\/\/www.ull.es\/portal\/agenda\/evento\/el-espejo-de-tus-versos-de-la-compania-creacciones\/#breadcrumb"},"inLanguage":"es","potentialAction":[{"@type":"ReadAction","target":["https:\/\/www.ull.es\/portal\/agenda\/evento\/el-espejo-de-tus-versos-de-la-compania-creacciones\/"]}]},{"@type":"BreadcrumbList","@id":"https:\/\/www.ull.es\/portal\/agenda\/evento\/el-espejo-de-tus-versos-de-la-compania-creacciones\/#breadcrumb","itemListElement":[{"@type":"ListItem","position":1,"name":"Portada","item":"https:\/\/www.ull.es\/portal\/agenda\/"},{"@type":"ListItem","position":2,"name":"\u201dEl espejo de tus versos\u201d de la Compa\u00f1\u00eda CreAcciones"}]},{"@type":"WebSite","@id":"https:\/\/www.ull.es\/portal\/agenda\/#website","url":"https:\/\/www.ull.es\/portal\/agenda\/","name":"ULL - Agenda","description":"","potentialAction":[{"@type":"SearchAction","target":{"@type":"EntryPoint","urlTemplate":"https:\/\/www.ull.es\/portal\/agenda\/?s={search_term_string}"},"query-input":"required name=search_term_string"}],"inLanguage":"es"}]}},"_links":{"self":[{"href":"https:\/\/www.ull.es\/portal\/agenda\/wp-json\/wp\/v2\/tribe_events\/45785"}],"collection":[{"href":"https:\/\/www.ull.es\/portal\/agenda\/wp-json\/wp\/v2\/tribe_events"}],"about":[{"href":"https:\/\/www.ull.es\/portal\/agenda\/wp-json\/wp\/v2\/types\/tribe_events"}],"author":[{"embeddable":true,"href":"https:\/\/www.ull.es\/portal\/agenda\/wp-json\/wp\/v2\/users\/65"}],"replies":[{"embeddable":true,"href":"https:\/\/www.ull.es\/portal\/agenda\/wp-json\/wp\/v2\/comments?post=45785"}],"version-history":[{"count":1,"href":"https:\/\/www.ull.es\/portal\/agenda\/wp-json\/wp\/v2\/tribe_events\/45785\/revisions"}],"predecessor-version":[{"id":45787,"href":"https:\/\/www.ull.es\/portal\/agenda\/wp-json\/wp\/v2\/tribe_events\/45785\/revisions\/45787"}],"wp:featuredmedia":[{"embeddable":true,"href":"https:\/\/www.ull.es\/portal\/agenda\/wp-json\/wp\/v2\/media\/45786"}],"wp:attachment":[{"href":"https:\/\/www.ull.es\/portal\/agenda\/wp-json\/wp\/v2\/media?parent=45785"}],"wp:term":[{"taxonomy":"post_tag","embeddable":true,"href":"https:\/\/www.ull.es\/portal\/agenda\/wp-json\/wp\/v2\/tags?post=45785"},{"taxonomy":"tribe_events_cat","embeddable":true,"href":"https:\/\/www.ull.es\/portal\/agenda\/wp-json\/wp\/v2\/tribe_events_cat?post=45785"}],"curies":[{"name":"wp","href":"https:\/\/api.w.org\/{rel}","templated":true}]}}

”El espejo de tus versos” de la Compañía CreAcciones

<p style="font-weight: 400;">La compañía CreAcciones, dirigida por Rafael Pestano Fariña y Mª Luz González Rodríguez, representa el espectáculo denominado ‘El espejo de tus versos’.</p>
<p style="font-weight: 400;">Esta puesta en escena pretende generar la reflexión del individuo y del colectivo respecto a los temas esenciales que definen y discuten la condición humana. Tal como hacen los árboles así también queremos fortalecer las raíces de nuestro propio ecosistema. Y nuestra convicción es que nuestro ecosistema es prioritariamente cultural. De un modo muy directo y muy simple digámoslo así: nuestro progreso como especie depende del desarrollo y divulgación del conocimiento. Eso significa tanto como decir que para mejorar nuestra formación cívica debemos intercambiar opiniones con la acción creativa de personas de cualquier ámbito. Para ello damos voz y luz en esta obra a autoras y autores que nos ofrecieron su propia visión del mundo. Con nuestra propuesta creativa queremos transferir el resultado de nuestras lecturas y de nuestro análisis más allá del estricto ámbito académico. Pretendemos que nuestras actividades culturales sean inclusivas y se exterioricen al ámbito social que las fundamenta. Desde nuestra interpretación- y desde la del público asistente- deseamos generar una fructífera conciencia crítica. Una idea central mueve los proyectos de nuestro colectivo: La cultura ha de enriquecer a quien la busca y a quien la apoya.</p>
<p style="font-weight: 400;">Por otra parte, en la preparación y ejecución del espectáculo participa, por un lado, alumnado actual de las especialidades de Humanidades, y, por otro, egresados de las últimas generaciones. Esta especial convergencia nos permite enriquecer nuestro espectáculo y nuestro proceso de aprendizaje y enseñanza. Deseamos que el público destinatario sepa interpretar y apreciar el diálogo intergeneracional y transcultural que se le ofrece.</p>
<p><a href="https://www.ecoentradas.com/elegirsesion/3010" target="_blank" rel="noopener" target="_blank" rel="noopener">Entradas</a>: 10€ general</p>
<p>Para mayores de 16 años.</p>

<p>La compañía CreAcciones, dirigida por Rafael Pestano Fariña y Mª Luz González Rodríguez, representa el espectáculo denominado ‘El espejo de tus versos’. Esta puesta en escena pretende generar la reflexión del individuo y del colectivo respecto a los temas esenciales que definen y discuten la condición humana. Tal como hacen los árboles así también queremos&#8230;</p>

<!-- This site is optimized with the Yoast SEO plugin v21.3 - https://yoast.com/wordpress/plugins/seo/ -->
<title>”El espejo de tus versos” de la Compañía CreAcciones - ULL - Agenda</title>
<meta name="robots" content="index, follow, max-snippet:-1, max-image-preview:large, max-video-preview:-1" />
<link rel="canonical" href="https://www.ull.es/portal/agenda/evento/el-espejo-de-tus-versos-de-la-compania-creacciones/" />
<meta property="og:locale" content="es_ES" />
<meta property="og:type" content="article" />
<meta property="og:title" content="”El espejo de tus versos” de la Compañía CreAcciones - ULL - Agenda" />
<meta property="og:description" content="La compañía CreAcciones, dirigida por Rafael Pestano Fariña y Mª Luz González Rodríguez, representa el espectáculo denominado ‘El espejo de tus versos’. Esta puesta en escena pretende generar la reflexión del individuo y del colectivo respecto a los temas esenciales que definen y discuten la condición humana. Tal como hacen los árboles así también queremos..." />
<meta property="og:url" content="https://www.ull.es/portal/agenda/evento/el-espejo-de-tus-versos-de-la-compania-creacciones/" />
<meta property="og:site_name" content="ULL - Agenda" />
<meta property="og:image" content="https://www.ull.es/portal/agenda/wp-content/uploads/sites/12/2025/12/EL-ESPEJO-DE-TUS-VERSOS-750-x-370-px.jpg" />
	<meta property="og:image:width" content="750" />
	<meta property="og:image:height" content="370" />
	<meta property="og:image:type" content="image/jpeg" />
<meta name="twitter:card" content="summary_large_image" />
<meta name="twitter:label1" content="Tiempo de lectura" />
	<meta name="twitter:data1" content="2 minutos" />
<script type="application/ld+json" class="yoast-schema-graph">{"@context":"https://schema.org","@graph":[{"@type":"WebPage","@id":"https://www.ull.es/portal/agenda/evento/el-espejo-de-tus-versos-de-la-compania-creacciones/","url":"https://www.ull.es/portal/agenda/evento/el-espejo-de-tus-versos-de-la-compania-creacciones/","name":"”El espejo de tus versos” de la Compañía CreAcciones - ULL - Agenda","isPartOf":{"@id":"https://www.ull.es/portal/agenda/#website"},"datePublished":"2025-12-15T09:41:16+00:00","dateModified":"2025-12-15T09:41:16+00:00","breadcrumb":{"@id":"https://www.ull.es/portal/agenda/evento/el-espejo-de-tus-versos-de-la-compania-creacciones/#breadcrumb"},"inLanguage":"es","potentialAction":[{"@type":"ReadAction","target":["https://www.ull.es/portal/agenda/evento/el-espejo-de-tus-versos-de-la-compania-creacciones/"]}]},{"@type":"BreadcrumbList","@id":"https://www.ull.es/portal/agenda/evento/el-espejo-de-tus-versos-de-la-compania-creacciones/#breadcrumb","itemListElement":[{"@type":"ListItem","position":1,"name":"Portada","item":"https://www.ull.es/portal/agenda/"},{"@type":"ListItem","position":2,"name":"”El espejo de tus versos” de la Compañía CreAcciones"}]},{"@type":"WebSite","@id":"https://www.ull.es/portal/agenda/#website","url":"https://www.ull.es/portal/agenda/","name":"ULL - Agenda","description":"","potentialAction":[{"@type":"SearchAction","target":{"@type":"EntryPoint","urlTemplate":"https://www.ull.es/portal/agenda/?s={search_term_string}"},"query-input":"required name=search_term_string"}],"inLanguage":"es"}]}</script>
<!-- / Yoast SEO plugin. -->

”El espejo de tus versos” de la Compañía CreAcciones - ULL - Agenda

La compañía CreAcciones, dirigida por Rafael Pestano Fariña y Mª Luz González Rodríguez, representa el espectáculo denominado ‘El espejo de tus versos’. Esta puesta en escena pretende generar la reflexión del individuo y del colectivo respecto a los temas esenciales que definen y discuten la condición humana. Tal como hacen los árboles así también queremos...
