{"id":45839,"date":"2026-01-08T09:46:35","date_gmt":"2026-01-08T09:46:35","guid":{"rendered":"https:\/\/www.ull.es\/portal\/agenda\/?post_type=tribe_events&#038;p=45839"},"modified":"2026-01-08T09:47:21","modified_gmt":"2026-01-08T09:47:21","slug":"escepticos-en-el-pub-en-tenerife-n-o-125-16-6-quince-anos-de-escepticos-en-el-pub-en-tenerife","status":"publish","type":"tribe_events","link":"https:\/\/www.ull.es\/portal\/agenda\/evento\/escepticos-en-el-pub-en-tenerife-n-o-125-16-6-quince-anos-de-escepticos-en-el-pub-en-tenerife\/","title":{"rendered":"Esc\u00e9pticos en el Pub en Tenerife n.\u00ba 125 (16.6): \u00abQuince a\u00f1os de Esc\u00e9pticos en el Pub en Tenerife\u00bb"},"content":{"rendered":"<p>El Aula Cultural de Divulgaci\u00f3n Cient\u00edfica organiza este seminario que se celebrar\u00e1 en modalidad online el 11 de febrero de 2026 de 21:00 a 22:00 horas.<\/p>\n<p>La conferencia conmemorar\u00e1 los quince a\u00f1os de Esc\u00e9pticos en el Pub en Tenerife.<\/p>\n<p>Esc\u00e9pticos en el Pub es un ciclo de conferencias informales de divulgaci\u00f3n que pretende recuperar la antigua forma de difusi\u00f3n de las investigaciones cient\u00edficas que se hac\u00eda en los bares. Es una actividad que se desarrolla en todo el mundo por parte de instituciones p\u00fablicas y privadas.<\/p>\n<p>En Tenerife lleg\u00f3 en febrero de 2011 por iniciativa de Beatriz Villa Benito, que en ese momento estudiaba la carrera de Medicina en la Universidad de La Laguna. Despu\u00e9s de sus tres primeras ediciones, el ciclo pas\u00f3 a ser organizado desde el Aula Cultural de Divulgaci\u00f3n Cient\u00edfica, a trav\u00e9s de otro de sus miembros, Luis Javier Capote P\u00e9rez.<\/p>\n<p>En estos quince a\u00f1os se han sucedido ciento veinticinco ediciones, estructuradas en temporadas organizadas conforme al a\u00f1o acad\u00e9mico. Actualmente se est\u00e1 llevando a cabo la d\u00e9cimo sexta temporada.<\/p>\n<p>Dirigido a cualquier persona interesada en la divulgaci\u00f3n cient\u00edfica.<\/p>\n<p>Direcci\u00f3n acad\u00e9mica: Luis Javier Capote P\u00e9rez. Profesor Contratado Doctor de Derecho Civil de la Universidad de La Laguna. Co-Director y miembro fundador del Aula Cultural de Divulgaci\u00f3n Cient\u00edfica de la Universidad de La Laguna.<\/p>\n<p>CERTIFICADO DE ASISTENCIA: La Universidad de La Laguna, a trav\u00e9s del Vicerrectorado de Cultura y Extensi\u00f3n Universitaria, emitir\u00e1 un certificado de asistencia a todas aquellas personas que participen en la totalidad de las horas lectivas, previa inscripci\u00f3n en la actividad.<\/p>\n<p>Asistencia gratuita previa inscripci\u00f3n.\u00a0<a href=\"https:\/\/sede.fg.ull.es\/es\/curso\/detalle?code=a26020025&amp;name=escepticos-en-el-pub-en-tenerife-n-125-16-6-quince-a-os-de-escepticos-en-el-pub-en-tenerife&amp;query=%3Fcode%3DA26020025\" target=\"_blank\" rel=\"noopener\" target=\"_blank\" rel=\"noopener\"><strong>Consulta el programa e inscr\u00edbete aqu\u00ed.<\/strong><\/a><\/p>\n<p><strong>Contacto:\u00a0<\/strong><a href=\"mailto:extuni@ull.edu.es\" target=\"_blank\" rel=\"noopener\" target=\"_blank\" rel=\"noopener\"><strong>extuni@ull.es<\/strong><\/a><\/p>\n<p>Coorganizan: Aula Cultural \u00abRadio Campus\u00bb, Asociaci\u00f3n cultural de relaciones internacionales \u00abHacer para el Desarrollo\u00bb y Docencia en Derecho Civil.<\/p>\n<p>Colaboran: C\u00e1tedra Cultural \u00abFrancisco Tom\u00e1s y Valiente\u00bb,\u00a0Pub \u00abS\u00f3crates\u00bb y ARP-Sociedad para el Avance del Pensamiento Cr\u00edtico.<\/p>\n","protected":false},"excerpt":{"rendered":"<p>El Aula Cultural de Divulgaci\u00f3n Cient\u00edfica organiza este seminario que se celebrar\u00e1 en modalidad online el 11 de febrero de 2026 de 21:00 a 22:00 horas. La conferencia conmemorar\u00e1 los quince a\u00f1os de Esc\u00e9pticos en el Pub en Tenerife. Esc\u00e9pticos en el Pub es un ciclo de conferencias informales de divulgaci\u00f3n que pretende recuperar la&#8230;<\/p>\n","protected":false},"author":43,"featured_media":45840,"comment_status":"closed","ping_status":"closed","template":"","tags":[4259,977,3812,3751],"tribe_events_cat":[472,471,4,186],"acf":[],"yoast_head":"<!-- This site is optimized with the Yoast SEO plugin v21.3 - https:\/\/yoast.com\/wordpress\/plugins\/seo\/ -->\n<title>Esc\u00e9pticos en el Pub en Tenerife n.\u00ba 125 (16.6): \u00abQuince a\u00f1os de Esc\u00e9pticos en el Pub en Tenerife\u00bb - ULL - Agenda<\/title>\n<meta name=\"robots\" content=\"index, follow, max-snippet:-1, max-image-preview:large, max-video-preview:-1\" \/>\n<link rel=\"canonical\" href=\"https:\/\/www.ull.es\/portal\/agenda\/evento\/escepticos-en-el-pub-en-tenerife-n-o-125-16-6-quince-anos-de-escepticos-en-el-pub-en-tenerife\/\" \/>\n<meta property=\"og:locale\" content=\"es_ES\" \/>\n<meta property=\"og:type\" content=\"article\" \/>\n<meta property=\"og:title\" content=\"Esc\u00e9pticos en el Pub en Tenerife n.\u00ba 125 (16.6): \u00abQuince a\u00f1os de Esc\u00e9pticos en el Pub en Tenerife\u00bb - ULL - Agenda\" \/>\n<meta property=\"og:description\" content=\"El Aula Cultural de Divulgaci\u00f3n Cient\u00edfica organiza este seminario que se celebrar\u00e1 en modalidad online el 11 de febrero de 2026 de 21:00 a 22:00 horas. La conferencia conmemorar\u00e1 los quince a\u00f1os de Esc\u00e9pticos en el Pub en Tenerife. Esc\u00e9pticos en el Pub es un ciclo de conferencias informales de divulgaci\u00f3n que pretende recuperar la...\" \/>\n<meta property=\"og:url\" content=\"https:\/\/www.ull.es\/portal\/agenda\/evento\/escepticos-en-el-pub-en-tenerife-n-o-125-16-6-quince-anos-de-escepticos-en-el-pub-en-tenerife\/\" \/>\n<meta property=\"og:site_name\" content=\"ULL - Agenda\" \/>\n<meta property=\"article:modified_time\" content=\"2026-01-08T09:47:21+00:00\" \/>\n<meta property=\"og:image\" content=\"https:\/\/www.ull.es\/portal\/agenda\/wp-content\/uploads\/sites\/12\/2026\/01\/BannerPub125.png\" \/>\n\t<meta property=\"og:image:width\" content=\"750\" \/>\n\t<meta property=\"og:image:height\" content=\"370\" \/>\n\t<meta property=\"og:image:type\" content=\"image\/png\" \/>\n<meta name=\"twitter:card\" content=\"summary_large_image\" \/>\n<meta name=\"twitter:label1\" content=\"Tiempo de lectura\" \/>\n\t<meta name=\"twitter:data1\" content=\"2 minutos\" \/>\n<script type=\"application\/ld+json\" class=\"yoast-schema-graph\">{\"@context\":\"https:\/\/schema.org\",\"@graph\":[{\"@type\":\"WebPage\",\"@id\":\"https:\/\/www.ull.es\/portal\/agenda\/evento\/escepticos-en-el-pub-en-tenerife-n-o-125-16-6-quince-anos-de-escepticos-en-el-pub-en-tenerife\/\",\"url\":\"https:\/\/www.ull.es\/portal\/agenda\/evento\/escepticos-en-el-pub-en-tenerife-n-o-125-16-6-quince-anos-de-escepticos-en-el-pub-en-tenerife\/\",\"name\":\"Esc\u00e9pticos en el Pub en Tenerife n.\u00ba 125 (16.6): \u00abQuince a\u00f1os de Esc\u00e9pticos en el Pub en Tenerife\u00bb - ULL - Agenda\",\"isPartOf\":{\"@id\":\"https:\/\/www.ull.es\/portal\/agenda\/#website\"},\"datePublished\":\"2026-01-08T09:46:35+00:00\",\"dateModified\":\"2026-01-08T09:47:21+00:00\",\"breadcrumb\":{\"@id\":\"https:\/\/www.ull.es\/portal\/agenda\/evento\/escepticos-en-el-pub-en-tenerife-n-o-125-16-6-quince-anos-de-escepticos-en-el-pub-en-tenerife\/#breadcrumb\"},\"inLanguage\":\"es\",\"potentialAction\":[{\"@type\":\"ReadAction\",\"target\":[\"https:\/\/www.ull.es\/portal\/agenda\/evento\/escepticos-en-el-pub-en-tenerife-n-o-125-16-6-quince-anos-de-escepticos-en-el-pub-en-tenerife\/\"]}]},{\"@type\":\"BreadcrumbList\",\"@id\":\"https:\/\/www.ull.es\/portal\/agenda\/evento\/escepticos-en-el-pub-en-tenerife-n-o-125-16-6-quince-anos-de-escepticos-en-el-pub-en-tenerife\/#breadcrumb\",\"itemListElement\":[{\"@type\":\"ListItem\",\"position\":1,\"name\":\"Portada\",\"item\":\"https:\/\/www.ull.es\/portal\/agenda\/\"},{\"@type\":\"ListItem\",\"position\":2,\"name\":\"Esc\u00e9pticos en el Pub en Tenerife n.\u00ba 125 (16.6): \u00abQuince a\u00f1os de Esc\u00e9pticos en el Pub en Tenerife\u00bb\"}]},{\"@type\":\"WebSite\",\"@id\":\"https:\/\/www.ull.es\/portal\/agenda\/#website\",\"url\":\"https:\/\/www.ull.es\/portal\/agenda\/\",\"name\":\"ULL - Agenda\",\"description\":\"\",\"potentialAction\":[{\"@type\":\"SearchAction\",\"target\":{\"@type\":\"EntryPoint\",\"urlTemplate\":\"https:\/\/www.ull.es\/portal\/agenda\/?s={search_term_string}\"},\"query-input\":\"required name=search_term_string\"}],\"inLanguage\":\"es\"}]}<\/script>\n<!-- \/ Yoast SEO plugin. -->","yoast_head_json":{"title":"Esc\u00e9pticos en el Pub en Tenerife n.\u00ba 125 (16.6): \u00abQuince a\u00f1os de Esc\u00e9pticos en el Pub en Tenerife\u00bb - ULL - Agenda","robots":{"index":"index","follow":"follow","max-snippet":"max-snippet:-1","max-image-preview":"max-image-preview:large","max-video-preview":"max-video-preview:-1"},"canonical":"https:\/\/www.ull.es\/portal\/agenda\/evento\/escepticos-en-el-pub-en-tenerife-n-o-125-16-6-quince-anos-de-escepticos-en-el-pub-en-tenerife\/","og_locale":"es_ES","og_type":"article","og_title":"Esc\u00e9pticos en el Pub en Tenerife n.\u00ba 125 (16.6): \u00abQuince a\u00f1os de Esc\u00e9pticos en el Pub en Tenerife\u00bb - ULL - Agenda","og_description":"El Aula Cultural de Divulgaci\u00f3n Cient\u00edfica organiza este seminario que se celebrar\u00e1 en modalidad online el 11 de febrero de 2026 de 21:00 a 22:00 horas. La conferencia conmemorar\u00e1 los quince a\u00f1os de Esc\u00e9pticos en el Pub en Tenerife. Esc\u00e9pticos en el Pub es un ciclo de conferencias informales de divulgaci\u00f3n que pretende recuperar la...","og_url":"https:\/\/www.ull.es\/portal\/agenda\/evento\/escepticos-en-el-pub-en-tenerife-n-o-125-16-6-quince-anos-de-escepticos-en-el-pub-en-tenerife\/","og_site_name":"ULL - Agenda","article_modified_time":"2026-01-08T09:47:21+00:00","og_image":[{"width":750,"height":370,"url":"https:\/\/www.ull.es\/portal\/agenda\/wp-content\/uploads\/sites\/12\/2026\/01\/BannerPub125.png","type":"image\/png"}],"twitter_card":"summary_large_image","twitter_misc":{"Tiempo de lectura":"2 minutos"},"schema":{"@context":"https:\/\/schema.org","@graph":[{"@type":"WebPage","@id":"https:\/\/www.ull.es\/portal\/agenda\/evento\/escepticos-en-el-pub-en-tenerife-n-o-125-16-6-quince-anos-de-escepticos-en-el-pub-en-tenerife\/","url":"https:\/\/www.ull.es\/portal\/agenda\/evento\/escepticos-en-el-pub-en-tenerife-n-o-125-16-6-quince-anos-de-escepticos-en-el-pub-en-tenerife\/","name":"Esc\u00e9pticos en el Pub en Tenerife n.\u00ba 125 (16.6): \u00abQuince a\u00f1os de Esc\u00e9pticos en el Pub en Tenerife\u00bb - ULL - Agenda","isPartOf":{"@id":"https:\/\/www.ull.es\/portal\/agenda\/#website"},"datePublished":"2026-01-08T09:46:35+00:00","dateModified":"2026-01-08T09:47:21+00:00","breadcrumb":{"@id":"https:\/\/www.ull.es\/portal\/agenda\/evento\/escepticos-en-el-pub-en-tenerife-n-o-125-16-6-quince-anos-de-escepticos-en-el-pub-en-tenerife\/#breadcrumb"},"inLanguage":"es","potentialAction":[{"@type":"ReadAction","target":["https:\/\/www.ull.es\/portal\/agenda\/evento\/escepticos-en-el-pub-en-tenerife-n-o-125-16-6-quince-anos-de-escepticos-en-el-pub-en-tenerife\/"]}]},{"@type":"BreadcrumbList","@id":"https:\/\/www.ull.es\/portal\/agenda\/evento\/escepticos-en-el-pub-en-tenerife-n-o-125-16-6-quince-anos-de-escepticos-en-el-pub-en-tenerife\/#breadcrumb","itemListElement":[{"@type":"ListItem","position":1,"name":"Portada","item":"https:\/\/www.ull.es\/portal\/agenda\/"},{"@type":"ListItem","position":2,"name":"Esc\u00e9pticos en el Pub en Tenerife n.\u00ba 125 (16.6): \u00abQuince a\u00f1os de Esc\u00e9pticos en el Pub en Tenerife\u00bb"}]},{"@type":"WebSite","@id":"https:\/\/www.ull.es\/portal\/agenda\/#website","url":"https:\/\/www.ull.es\/portal\/agenda\/","name":"ULL - Agenda","description":"","potentialAction":[{"@type":"SearchAction","target":{"@type":"EntryPoint","urlTemplate":"https:\/\/www.ull.es\/portal\/agenda\/?s={search_term_string}"},"query-input":"required name=search_term_string"}],"inLanguage":"es"}]}},"_links":{"self":[{"href":"https:\/\/www.ull.es\/portal\/agenda\/wp-json\/wp\/v2\/tribe_events\/45839"}],"collection":[{"href":"https:\/\/www.ull.es\/portal\/agenda\/wp-json\/wp\/v2\/tribe_events"}],"about":[{"href":"https:\/\/www.ull.es\/portal\/agenda\/wp-json\/wp\/v2\/types\/tribe_events"}],"author":[{"embeddable":true,"href":"https:\/\/www.ull.es\/portal\/agenda\/wp-json\/wp\/v2\/users\/43"}],"replies":[{"embeddable":true,"href":"https:\/\/www.ull.es\/portal\/agenda\/wp-json\/wp\/v2\/comments?post=45839"}],"version-history":[{"count":1,"href":"https:\/\/www.ull.es\/portal\/agenda\/wp-json\/wp\/v2\/tribe_events\/45839\/revisions"}],"predecessor-version":[{"id":45841,"href":"https:\/\/www.ull.es\/portal\/agenda\/wp-json\/wp\/v2\/tribe_events\/45839\/revisions\/45841"}],"wp:featuredmedia":[{"embeddable":true,"href":"https:\/\/www.ull.es\/portal\/agenda\/wp-json\/wp\/v2\/media\/45840"}],"wp:attachment":[{"href":"https:\/\/www.ull.es\/portal\/agenda\/wp-json\/wp\/v2\/media?parent=45839"}],"wp:term":[{"taxonomy":"post_tag","embeddable":true,"href":"https:\/\/www.ull.es\/portal\/agenda\/wp-json\/wp\/v2\/tags?post=45839"},{"taxonomy":"tribe_events_cat","embeddable":true,"href":"https:\/\/www.ull.es\/portal\/agenda\/wp-json\/wp\/v2\/tribe_events_cat?post=45839"}],"curies":[{"name":"wp","href":"https:\/\/api.w.org\/{rel}","templated":true}]}}

Escépticos en el Pub en Tenerife n.º 125 (16.6): «Quince años de Escépticos en el Pub en Tenerife»

<p>El Aula Cultural de Divulgación Científica organiza este seminario que se celebrará en modalidad online el 11 de febrero de 2026 de 21:00 a 22:00 horas.</p>
<p>La conferencia conmemorará los quince años de Escépticos en el Pub en Tenerife.</p>
<p>Escépticos en el Pub es un ciclo de conferencias informales de divulgación que pretende recuperar la antigua forma de difusión de las investigaciones científicas que se hacía en los bares. Es una actividad que se desarrolla en todo el mundo por parte de instituciones públicas y privadas.</p>
<p>En Tenerife llegó en febrero de 2011 por iniciativa de Beatriz Villa Benito, que en ese momento estudiaba la carrera de Medicina en la Universidad de La Laguna. Después de sus tres primeras ediciones, el ciclo pasó a ser organizado desde el Aula Cultural de Divulgación Científica, a través de otro de sus miembros, Luis Javier Capote Pérez.</p>
<p>En estos quince años se han sucedido ciento veinticinco ediciones, estructuradas en temporadas organizadas conforme al año académico. Actualmente se está llevando a cabo la décimo sexta temporada.</p>
<p>Dirigido a cualquier persona interesada en la divulgación científica.</p>
<p>Dirección académica: Luis Javier Capote Pérez. Profesor Contratado Doctor de Derecho Civil de la Universidad de La Laguna. Co-Director y miembro fundador del Aula Cultural de Divulgación Científica de la Universidad de La Laguna.</p>
<p>CERTIFICADO DE ASISTENCIA: La Universidad de La Laguna, a través del Vicerrectorado de Cultura y Extensión Universitaria, emitirá un certificado de asistencia a todas aquellas personas que participen en la totalidad de las horas lectivas, previa inscripción en la actividad.</p>
<p>Asistencia gratuita previa inscripción. <a href="https://sede.fg.ull.es/es/curso/detalle?code=a26020025&amp;name=escepticos-en-el-pub-en-tenerife-n-125-16-6-quince-a-os-de-escepticos-en-el-pub-en-tenerife&amp;query=%3Fcode%3DA26020025" target="_blank" rel="noopener" target="_blank" rel="noopener"><strong>Consulta el programa e inscríbete aquí.</strong></a></p>
<p><strong>Contacto: </strong><a href="mailto:extuni@ull.edu.es" target="_blank" rel="noopener" target="_blank" rel="noopener"><strong>extuni@ull.es</strong></a></p>
<p>Coorganizan: Aula Cultural «Radio Campus», Asociación cultural de relaciones internacionales «Hacer para el Desarrollo» y Docencia en Derecho Civil.</p>
<p>Colaboran: Cátedra Cultural «Francisco Tomás y Valiente», Pub «Sócrates» y ARP-Sociedad para el Avance del Pensamiento Crítico.</p>

<p>El Aula Cultural de Divulgación Científica organiza este seminario que se celebrará en modalidad online el 11 de febrero de 2026 de 21:00 a 22:00 horas. La conferencia conmemorará los quince años de Escépticos en el Pub en Tenerife. Escépticos en el Pub es un ciclo de conferencias informales de divulgación que pretende recuperar la&#8230;</p>

<!-- This site is optimized with the Yoast SEO plugin v21.3 - https://yoast.com/wordpress/plugins/seo/ -->
<title>Escépticos en el Pub en Tenerife n.º 125 (16.6): «Quince años de Escépticos en el Pub en Tenerife» - ULL - Agenda</title>
<meta name="robots" content="index, follow, max-snippet:-1, max-image-preview:large, max-video-preview:-1" />
<link rel="canonical" href="https://www.ull.es/portal/agenda/evento/escepticos-en-el-pub-en-tenerife-n-o-125-16-6-quince-anos-de-escepticos-en-el-pub-en-tenerife/" />
<meta property="og:locale" content="es_ES" />
<meta property="og:type" content="article" />
<meta property="og:title" content="Escépticos en el Pub en Tenerife n.º 125 (16.6): «Quince años de Escépticos en el Pub en Tenerife» - ULL - Agenda" />
<meta property="og:description" content="El Aula Cultural de Divulgación Científica organiza este seminario que se celebrará en modalidad online el 11 de febrero de 2026 de 21:00 a 22:00 horas. La conferencia conmemorará los quince años de Escépticos en el Pub en Tenerife. Escépticos en el Pub es un ciclo de conferencias informales de divulgación que pretende recuperar la..." />
<meta property="og:url" content="https://www.ull.es/portal/agenda/evento/escepticos-en-el-pub-en-tenerife-n-o-125-16-6-quince-anos-de-escepticos-en-el-pub-en-tenerife/" />
<meta property="og:site_name" content="ULL - Agenda" />
<meta property="article:modified_time" content="2026-01-08T09:47:21+00:00" />
<meta property="og:image" content="https://www.ull.es/portal/agenda/wp-content/uploads/sites/12/2026/01/BannerPub125.png" />
	<meta property="og:image:width" content="750" />
	<meta property="og:image:height" content="370" />
	<meta property="og:image:type" content="image/png" />
<meta name="twitter:card" content="summary_large_image" />
<meta name="twitter:label1" content="Tiempo de lectura" />
	<meta name="twitter:data1" content="2 minutos" />
<script type="application/ld+json" class="yoast-schema-graph">{"@context":"https://schema.org","@graph":[{"@type":"WebPage","@id":"https://www.ull.es/portal/agenda/evento/escepticos-en-el-pub-en-tenerife-n-o-125-16-6-quince-anos-de-escepticos-en-el-pub-en-tenerife/","url":"https://www.ull.es/portal/agenda/evento/escepticos-en-el-pub-en-tenerife-n-o-125-16-6-quince-anos-de-escepticos-en-el-pub-en-tenerife/","name":"Escépticos en el Pub en Tenerife n.º 125 (16.6): «Quince años de Escépticos en el Pub en Tenerife» - ULL - Agenda","isPartOf":{"@id":"https://www.ull.es/portal/agenda/#website"},"datePublished":"2026-01-08T09:46:35+00:00","dateModified":"2026-01-08T09:47:21+00:00","breadcrumb":{"@id":"https://www.ull.es/portal/agenda/evento/escepticos-en-el-pub-en-tenerife-n-o-125-16-6-quince-anos-de-escepticos-en-el-pub-en-tenerife/#breadcrumb"},"inLanguage":"es","potentialAction":[{"@type":"ReadAction","target":["https://www.ull.es/portal/agenda/evento/escepticos-en-el-pub-en-tenerife-n-o-125-16-6-quince-anos-de-escepticos-en-el-pub-en-tenerife/"]}]},{"@type":"BreadcrumbList","@id":"https://www.ull.es/portal/agenda/evento/escepticos-en-el-pub-en-tenerife-n-o-125-16-6-quince-anos-de-escepticos-en-el-pub-en-tenerife/#breadcrumb","itemListElement":[{"@type":"ListItem","position":1,"name":"Portada","item":"https://www.ull.es/portal/agenda/"},{"@type":"ListItem","position":2,"name":"Escépticos en el Pub en Tenerife n.º 125 (16.6): «Quince años de Escépticos en el Pub en Tenerife»"}]},{"@type":"WebSite","@id":"https://www.ull.es/portal/agenda/#website","url":"https://www.ull.es/portal/agenda/","name":"ULL - Agenda","description":"","potentialAction":[{"@type":"SearchAction","target":{"@type":"EntryPoint","urlTemplate":"https://www.ull.es/portal/agenda/?s={search_term_string}"},"query-input":"required name=search_term_string"}],"inLanguage":"es"}]}</script>
<!-- / Yoast SEO plugin. -->

Escépticos en el Pub en Tenerife n.º 125 (16.6): «Quince años de Escépticos en el Pub en Tenerife» - ULL - Agenda

El Aula Cultural de Divulgación Científica organiza este seminario que se celebrará en modalidad online el 11 de febrero de 2026 de 21:00 a 22:00 horas. La conferencia conmemorará los quince años de Escépticos en el Pub en Tenerife. Escépticos en el Pub es un ciclo de conferencias informales de divulgación que pretende recuperar la...
