{"id":45925,"date":"2026-01-12T09:27:34","date_gmt":"2026-01-12T09:27:34","guid":{"rendered":"https:\/\/www.ull.es\/portal\/agenda\/?post_type=tribe_events&#038;p=45925"},"modified":"2026-03-06T10:22:46","modified_gmt":"2026-03-06T10:22:46","slug":"x-congreso-internacional-tenerife-noir-de-investigacion-en-el-genero-negro","status":"publish","type":"tribe_events","link":"https:\/\/www.ull.es\/portal\/agenda\/evento\/x-congreso-internacional-tenerife-noir-de-investigacion-en-el-genero-negro\/","title":{"rendered":"X Congreso Internacional Tenerife Noir de Investigaci\u00f3n en el G\u00e9nero Negro"},"content":{"rendered":"<p>La C\u00e1tedra Cultural Antonio Lozano de G\u00e9nero Criminal y el Departamento de Filolog\u00eda Espa\u00f1ola de la Universidad de La Laguna, con la coordinaci\u00f3n de Tenerife Noir y el Festival Atl\u00e1ntico del G\u00e9nero Negro, organizan el X Congreso Internacional Tenerife Noir de Investigaci\u00f3n en el G\u00e9nero Negro para servir de punto de encuentro entre investigadores sobre el g\u00e9nero criminal. Dado su car\u00e1cter abierto e interdisciplinar, el Seminario pretende ser una cita \u00fatil y provechosa para expertos y j\u00f3venes investigadores en novela y cine negro, que interactuar\u00e1n con lectores y escritores.<\/p>\n<p>Este evento se celebrar\u00e1 de forma presencial en el Campus Guajara de la Universidad de La Laguna entre el 4 y el 6 de marzo de 2026. El objetivo de este encuentro consiste en ofrecer nuevas perspectivas de estudio en distintas manifestaciones del g\u00e9nero negro, en especial las literarias y las audiovisuales, y en desarrollar reflexiones que contribuyan al an\u00e1lisis de estas producciones creativas.<\/p>\n<p>Direcci\u00f3n acad\u00e9mica: Javier Rivero Grandoso. Profesor del Departamento de Filolog\u00eda Espa\u00f1ola de la ULL<\/p>\n<p>Secretar\u00eda: Ferm\u00edn Dom\u00ednguez Santana. Profesor del Departamento de Filolog\u00eda Espa\u00f1ola de la ULL<\/p>\n<p>Coordinaci\u00f3n: Alejandro Mart\u00edn Perera, C23CULTURE Consulting&amp;Services.<\/p>\n<p>Para m\u00e1s informaci\u00f3n, pulse este <a href=\"https:\/\/eventos.ull.es\/143472\/detail\/x-congreso-internacional-tenerife-noir-de-investigacion-en-el-genero-negro.html\" target=\"_blank\" rel=\"noopener\">enlace<\/a>.<\/p>\n","protected":false},"excerpt":{"rendered":"<p>La C\u00e1tedra Cultural Antonio Lozano de G\u00e9nero Criminal y el Departamento de Filolog\u00eda Espa\u00f1ola de la Universidad de La Laguna, con la coordinaci\u00f3n de Tenerife Noir y el Festival Atl\u00e1ntico del G\u00e9nero Negro, organizan el X Congreso Internacional Tenerife Noir de Investigaci\u00f3n en el G\u00e9nero Negro para servir de punto de encuentro entre investigadores sobre&#8230;<\/p>\n","protected":false},"author":65,"featured_media":46178,"comment_status":"closed","ping_status":"closed","template":"","tags":[],"tribe_events_cat":[344,3987,4,473,186],"acf":[],"yoast_head":"<!-- This site is optimized with the Yoast SEO plugin v21.3 - https:\/\/yoast.com\/wordpress\/plugins\/seo\/ -->\n<title>X Congreso Internacional Tenerife Noir de Investigaci\u00f3n en el G\u00e9nero Negro - ULL - Agenda<\/title>\n<meta name=\"robots\" content=\"index, follow, max-snippet:-1, max-image-preview:large, max-video-preview:-1\" \/>\n<link rel=\"canonical\" href=\"https:\/\/www.ull.es\/portal\/agenda\/evento\/x-congreso-internacional-tenerife-noir-de-investigacion-en-el-genero-negro\/\" \/>\n<meta property=\"og:locale\" content=\"es_ES\" \/>\n<meta property=\"og:type\" content=\"article\" \/>\n<meta property=\"og:title\" content=\"X Congreso Internacional Tenerife Noir de Investigaci\u00f3n en el G\u00e9nero Negro - ULL - Agenda\" \/>\n<meta property=\"og:description\" content=\"La C\u00e1tedra Cultural Antonio Lozano de G\u00e9nero Criminal y el Departamento de Filolog\u00eda Espa\u00f1ola de la Universidad de La Laguna, con la coordinaci\u00f3n de Tenerife Noir y el Festival Atl\u00e1ntico del G\u00e9nero Negro, organizan el X Congreso Internacional Tenerife Noir de Investigaci\u00f3n en el G\u00e9nero Negro para servir de punto de encuentro entre investigadores sobre...\" \/>\n<meta property=\"og:url\" content=\"https:\/\/www.ull.es\/portal\/agenda\/evento\/x-congreso-internacional-tenerife-noir-de-investigacion-en-el-genero-negro\/\" \/>\n<meta property=\"og:site_name\" content=\"ULL - Agenda\" \/>\n<meta property=\"article:modified_time\" content=\"2026-03-06T10:22:46+00:00\" \/>\n<meta property=\"og:image\" content=\"https:\/\/www.ull.es\/portal\/agenda\/wp-content\/uploads\/sites\/12\/2026\/01\/1-3.png\" \/>\n\t<meta property=\"og:image:width\" content=\"750\" \/>\n\t<meta property=\"og:image:height\" content=\"370\" \/>\n\t<meta property=\"og:image:type\" content=\"image\/png\" \/>\n<meta name=\"twitter:card\" content=\"summary_large_image\" \/>\n<meta name=\"twitter:label1\" content=\"Tiempo de lectura\" \/>\n\t<meta name=\"twitter:data1\" content=\"1 minuto\" \/>\n<script type=\"application\/ld+json\" class=\"yoast-schema-graph\">{\"@context\":\"https:\/\/schema.org\",\"@graph\":[{\"@type\":\"WebPage\",\"@id\":\"https:\/\/www.ull.es\/portal\/agenda\/evento\/x-congreso-internacional-tenerife-noir-de-investigacion-en-el-genero-negro\/\",\"url\":\"https:\/\/www.ull.es\/portal\/agenda\/evento\/x-congreso-internacional-tenerife-noir-de-investigacion-en-el-genero-negro\/\",\"name\":\"X Congreso Internacional Tenerife Noir de Investigaci\u00f3n en el G\u00e9nero Negro - ULL - Agenda\",\"isPartOf\":{\"@id\":\"https:\/\/www.ull.es\/portal\/agenda\/#website\"},\"datePublished\":\"2026-01-12T09:27:34+00:00\",\"dateModified\":\"2026-03-06T10:22:46+00:00\",\"breadcrumb\":{\"@id\":\"https:\/\/www.ull.es\/portal\/agenda\/evento\/x-congreso-internacional-tenerife-noir-de-investigacion-en-el-genero-negro\/#breadcrumb\"},\"inLanguage\":\"es\",\"potentialAction\":[{\"@type\":\"ReadAction\",\"target\":[\"https:\/\/www.ull.es\/portal\/agenda\/evento\/x-congreso-internacional-tenerife-noir-de-investigacion-en-el-genero-negro\/\"]}]},{\"@type\":\"BreadcrumbList\",\"@id\":\"https:\/\/www.ull.es\/portal\/agenda\/evento\/x-congreso-internacional-tenerife-noir-de-investigacion-en-el-genero-negro\/#breadcrumb\",\"itemListElement\":[{\"@type\":\"ListItem\",\"position\":1,\"name\":\"Portada\",\"item\":\"https:\/\/www.ull.es\/portal\/agenda\/\"},{\"@type\":\"ListItem\",\"position\":2,\"name\":\"X Congreso Internacional Tenerife Noir de Investigaci\u00f3n en el G\u00e9nero Negro\"}]},{\"@type\":\"WebSite\",\"@id\":\"https:\/\/www.ull.es\/portal\/agenda\/#website\",\"url\":\"https:\/\/www.ull.es\/portal\/agenda\/\",\"name\":\"ULL - Agenda\",\"description\":\"\",\"potentialAction\":[{\"@type\":\"SearchAction\",\"target\":{\"@type\":\"EntryPoint\",\"urlTemplate\":\"https:\/\/www.ull.es\/portal\/agenda\/?s={search_term_string}\"},\"query-input\":\"required name=search_term_string\"}],\"inLanguage\":\"es\"}]}<\/script>\n<!-- \/ Yoast SEO plugin. -->","yoast_head_json":{"title":"X Congreso Internacional Tenerife Noir de Investigaci\u00f3n en el G\u00e9nero Negro - ULL - Agenda","robots":{"index":"index","follow":"follow","max-snippet":"max-snippet:-1","max-image-preview":"max-image-preview:large","max-video-preview":"max-video-preview:-1"},"canonical":"https:\/\/www.ull.es\/portal\/agenda\/evento\/x-congreso-internacional-tenerife-noir-de-investigacion-en-el-genero-negro\/","og_locale":"es_ES","og_type":"article","og_title":"X Congreso Internacional Tenerife Noir de Investigaci\u00f3n en el G\u00e9nero Negro - ULL - Agenda","og_description":"La C\u00e1tedra Cultural Antonio Lozano de G\u00e9nero Criminal y el Departamento de Filolog\u00eda Espa\u00f1ola de la Universidad de La Laguna, con la coordinaci\u00f3n de Tenerife Noir y el Festival Atl\u00e1ntico del G\u00e9nero Negro, organizan el X Congreso Internacional Tenerife Noir de Investigaci\u00f3n en el G\u00e9nero Negro para servir de punto de encuentro entre investigadores sobre...","og_url":"https:\/\/www.ull.es\/portal\/agenda\/evento\/x-congreso-internacional-tenerife-noir-de-investigacion-en-el-genero-negro\/","og_site_name":"ULL - Agenda","article_modified_time":"2026-03-06T10:22:46+00:00","og_image":[{"width":750,"height":370,"url":"https:\/\/www.ull.es\/portal\/agenda\/wp-content\/uploads\/sites\/12\/2026\/01\/1-3.png","type":"image\/png"}],"twitter_card":"summary_large_image","twitter_misc":{"Tiempo de lectura":"1 minuto"},"schema":{"@context":"https:\/\/schema.org","@graph":[{"@type":"WebPage","@id":"https:\/\/www.ull.es\/portal\/agenda\/evento\/x-congreso-internacional-tenerife-noir-de-investigacion-en-el-genero-negro\/","url":"https:\/\/www.ull.es\/portal\/agenda\/evento\/x-congreso-internacional-tenerife-noir-de-investigacion-en-el-genero-negro\/","name":"X Congreso Internacional Tenerife Noir de Investigaci\u00f3n en el G\u00e9nero Negro - ULL - Agenda","isPartOf":{"@id":"https:\/\/www.ull.es\/portal\/agenda\/#website"},"datePublished":"2026-01-12T09:27:34+00:00","dateModified":"2026-03-06T10:22:46+00:00","breadcrumb":{"@id":"https:\/\/www.ull.es\/portal\/agenda\/evento\/x-congreso-internacional-tenerife-noir-de-investigacion-en-el-genero-negro\/#breadcrumb"},"inLanguage":"es","potentialAction":[{"@type":"ReadAction","target":["https:\/\/www.ull.es\/portal\/agenda\/evento\/x-congreso-internacional-tenerife-noir-de-investigacion-en-el-genero-negro\/"]}]},{"@type":"BreadcrumbList","@id":"https:\/\/www.ull.es\/portal\/agenda\/evento\/x-congreso-internacional-tenerife-noir-de-investigacion-en-el-genero-negro\/#breadcrumb","itemListElement":[{"@type":"ListItem","position":1,"name":"Portada","item":"https:\/\/www.ull.es\/portal\/agenda\/"},{"@type":"ListItem","position":2,"name":"X Congreso Internacional Tenerife Noir de Investigaci\u00f3n en el G\u00e9nero Negro"}]},{"@type":"WebSite","@id":"https:\/\/www.ull.es\/portal\/agenda\/#website","url":"https:\/\/www.ull.es\/portal\/agenda\/","name":"ULL - Agenda","description":"","potentialAction":[{"@type":"SearchAction","target":{"@type":"EntryPoint","urlTemplate":"https:\/\/www.ull.es\/portal\/agenda\/?s={search_term_string}"},"query-input":"required name=search_term_string"}],"inLanguage":"es"}]}},"_links":{"self":[{"href":"https:\/\/www.ull.es\/portal\/agenda\/wp-json\/wp\/v2\/tribe_events\/45925"}],"collection":[{"href":"https:\/\/www.ull.es\/portal\/agenda\/wp-json\/wp\/v2\/tribe_events"}],"about":[{"href":"https:\/\/www.ull.es\/portal\/agenda\/wp-json\/wp\/v2\/types\/tribe_events"}],"author":[{"embeddable":true,"href":"https:\/\/www.ull.es\/portal\/agenda\/wp-json\/wp\/v2\/users\/65"}],"replies":[{"embeddable":true,"href":"https:\/\/www.ull.es\/portal\/agenda\/wp-json\/wp\/v2\/comments?post=45925"}],"version-history":[{"count":1,"href":"https:\/\/www.ull.es\/portal\/agenda\/wp-json\/wp\/v2\/tribe_events\/45925\/revisions"}],"predecessor-version":[{"id":45926,"href":"https:\/\/www.ull.es\/portal\/agenda\/wp-json\/wp\/v2\/tribe_events\/45925\/revisions\/45926"}],"wp:featuredmedia":[{"embeddable":true,"href":"https:\/\/www.ull.es\/portal\/agenda\/wp-json\/wp\/v2\/media\/46178"}],"wp:attachment":[{"href":"https:\/\/www.ull.es\/portal\/agenda\/wp-json\/wp\/v2\/media?parent=45925"}],"wp:term":[{"taxonomy":"post_tag","embeddable":true,"href":"https:\/\/www.ull.es\/portal\/agenda\/wp-json\/wp\/v2\/tags?post=45925"},{"taxonomy":"tribe_events_cat","embeddable":true,"href":"https:\/\/www.ull.es\/portal\/agenda\/wp-json\/wp\/v2\/tribe_events_cat?post=45925"}],"curies":[{"name":"wp","href":"https:\/\/api.w.org\/{rel}","templated":true}]}}

X Congreso Internacional Tenerife Noir de Investigación en el Género Negro

<p>La Cátedra Cultural Antonio Lozano de Género Criminal y el Departamento de Filología Española de la Universidad de La Laguna, con la coordinación de Tenerife Noir y el Festival Atlántico del Género Negro, organizan el X Congreso Internacional Tenerife Noir de Investigación en el Género Negro para servir de punto de encuentro entre investigadores sobre el género criminal. Dado su carácter abierto e interdisciplinar, el Seminario pretende ser una cita útil y provechosa para expertos y jóvenes investigadores en novela y cine negro, que interactuarán con lectores y escritores.</p>
<p>Este evento se celebrará de forma presencial en el Campus Guajara de la Universidad de La Laguna entre el 4 y el 6 de marzo de 2026. El objetivo de este encuentro consiste en ofrecer nuevas perspectivas de estudio en distintas manifestaciones del género negro, en especial las literarias y las audiovisuales, y en desarrollar reflexiones que contribuyan al análisis de estas producciones creativas.</p>
<p>Dirección académica: Javier Rivero Grandoso. Profesor del Departamento de Filología Española de la ULL</p>
<p>Secretaría: Fermín Domínguez Santana. Profesor del Departamento de Filología Española de la ULL</p>
<p>Coordinación: Alejandro Martín Perera, C23CULTURE Consulting&amp;Services.</p>
<p>Para más información, pulse este <a href="https://eventos.ull.es/143472/detail/x-congreso-internacional-tenerife-noir-de-investigacion-en-el-genero-negro.html" target="_blank" rel="noopener">enlace</a>.</p>

<p>La Cátedra Cultural Antonio Lozano de Género Criminal y el Departamento de Filología Española de la Universidad de La Laguna, con la coordinación de Tenerife Noir y el Festival Atlántico del Género Negro, organizan el X Congreso Internacional Tenerife Noir de Investigación en el Género Negro para servir de punto de encuentro entre investigadores sobre&#8230;</p>

<!-- This site is optimized with the Yoast SEO plugin v21.3 - https://yoast.com/wordpress/plugins/seo/ -->
<title>X Congreso Internacional Tenerife Noir de Investigación en el Género Negro - ULL - Agenda</title>
<meta name="robots" content="index, follow, max-snippet:-1, max-image-preview:large, max-video-preview:-1" />
<link rel="canonical" href="https://www.ull.es/portal/agenda/evento/x-congreso-internacional-tenerife-noir-de-investigacion-en-el-genero-negro/" />
<meta property="og:locale" content="es_ES" />
<meta property="og:type" content="article" />
<meta property="og:title" content="X Congreso Internacional Tenerife Noir de Investigación en el Género Negro - ULL - Agenda" />
<meta property="og:description" content="La Cátedra Cultural Antonio Lozano de Género Criminal y el Departamento de Filología Española de la Universidad de La Laguna, con la coordinación de Tenerife Noir y el Festival Atlántico del Género Negro, organizan el X Congreso Internacional Tenerife Noir de Investigación en el Género Negro para servir de punto de encuentro entre investigadores sobre..." />
<meta property="og:url" content="https://www.ull.es/portal/agenda/evento/x-congreso-internacional-tenerife-noir-de-investigacion-en-el-genero-negro/" />
<meta property="og:site_name" content="ULL - Agenda" />
<meta property="article:modified_time" content="2026-03-06T10:22:46+00:00" />
<meta property="og:image" content="https://www.ull.es/portal/agenda/wp-content/uploads/sites/12/2026/01/1-3.png" />
	<meta property="og:image:width" content="750" />
	<meta property="og:image:height" content="370" />
	<meta property="og:image:type" content="image/png" />
<meta name="twitter:card" content="summary_large_image" />
<meta name="twitter:label1" content="Tiempo de lectura" />
	<meta name="twitter:data1" content="1 minuto" />
<script type="application/ld+json" class="yoast-schema-graph">{"@context":"https://schema.org","@graph":[{"@type":"WebPage","@id":"https://www.ull.es/portal/agenda/evento/x-congreso-internacional-tenerife-noir-de-investigacion-en-el-genero-negro/","url":"https://www.ull.es/portal/agenda/evento/x-congreso-internacional-tenerife-noir-de-investigacion-en-el-genero-negro/","name":"X Congreso Internacional Tenerife Noir de Investigación en el Género Negro - ULL - Agenda","isPartOf":{"@id":"https://www.ull.es/portal/agenda/#website"},"datePublished":"2026-01-12T09:27:34+00:00","dateModified":"2026-03-06T10:22:46+00:00","breadcrumb":{"@id":"https://www.ull.es/portal/agenda/evento/x-congreso-internacional-tenerife-noir-de-investigacion-en-el-genero-negro/#breadcrumb"},"inLanguage":"es","potentialAction":[{"@type":"ReadAction","target":["https://www.ull.es/portal/agenda/evento/x-congreso-internacional-tenerife-noir-de-investigacion-en-el-genero-negro/"]}]},{"@type":"BreadcrumbList","@id":"https://www.ull.es/portal/agenda/evento/x-congreso-internacional-tenerife-noir-de-investigacion-en-el-genero-negro/#breadcrumb","itemListElement":[{"@type":"ListItem","position":1,"name":"Portada","item":"https://www.ull.es/portal/agenda/"},{"@type":"ListItem","position":2,"name":"X Congreso Internacional Tenerife Noir de Investigación en el Género Negro"}]},{"@type":"WebSite","@id":"https://www.ull.es/portal/agenda/#website","url":"https://www.ull.es/portal/agenda/","name":"ULL - Agenda","description":"","potentialAction":[{"@type":"SearchAction","target":{"@type":"EntryPoint","urlTemplate":"https://www.ull.es/portal/agenda/?s={search_term_string}"},"query-input":"required name=search_term_string"}],"inLanguage":"es"}]}</script>
<!-- / Yoast SEO plugin. -->

X Congreso Internacional Tenerife Noir de Investigación en el Género Negro - ULL - Agenda

La Cátedra Cultural Antonio Lozano de Género Criminal y el Departamento de Filología Española de la Universidad de La Laguna, con la coordinación de Tenerife Noir y el Festival Atlántico del Género Negro, organizan el X Congreso Internacional Tenerife Noir de Investigación en el Género Negro para servir de punto de encuentro entre investigadores sobre...
