{"id":45967,"date":"2026-01-14T11:47:12","date_gmt":"2026-01-14T11:47:12","guid":{"rendered":"https:\/\/www.ull.es\/portal\/agenda\/?post_type=tribe_events&#038;p=45967"},"modified":"2026-01-19T08:54:56","modified_gmt":"2026-01-19T08:54:56","slug":"rurallab-canarias-design-thinking-y-tecnologias-emergentes-aplicadas-a-la-resolucion-de-retos-rurales","status":"publish","type":"tribe_events","link":"https:\/\/www.ull.es\/portal\/agenda\/evento\/rurallab-canarias-design-thinking-y-tecnologias-emergentes-aplicadas-a-la-resolucion-de-retos-rurales\/","title":{"rendered":"RuralLab Canarias: Design Thinking y tecnolog\u00edas emergentes aplicadas a la resoluci\u00f3n de retos rurales"},"content":{"rendered":"<p>La C\u00e1tedra Fundaci\u00f3n DISA de J\u00f3venes Emprendedores con la colaboraci\u00f3n de Pueblos Remotos S.L., organizan esta actividad en el marco el proyecto \u00abRURALLAB CANARIAS\u00bb que se celebrar\u00e1 en modalidad presencial entre el 5 de febrero y 18 de abril de 2026 en el Espacio Co-working del Campus de Anchieta.<\/p>\n<p>RuralLab es un programa formativo en formato \u00ablaboratorio\u00bb, con un fuerte componente presencial, que se enmarca en el proyecto \u00abRURALLAB CANARIAS: Iniciativa universitaria para la innovaci\u00f3n rural en el contexto de la Agenda Canaria 2030\u00bb. Este proyecto se desarrolla en el marco del Convenio de cooperaci\u00f3n entre la Administraci\u00f3n P\u00fablica de la Comunidad Aut\u00f3noma de Canarias, a trav\u00e9s de la Viceconsejer\u00eda de Presidencia, y la Fundaci\u00f3n General de la Universidad de La Laguna, para la ejecuci\u00f3n del programa \u00abCompromiso de la Universidad de La Laguna con la Agenda Canaria 2030 (2025-2026)\u00bb. Asimismo, cuenta con la colaboraci\u00f3n de la C\u00e1tedra Fundaci\u00f3n DISA de J\u00f3venes Emprendedores de la Universidad de La Laguna y el apoyo de Pueblos Remotos S.L.<\/p>\n<p>El curso est\u00e1 dirigido principalmente al alumnado de Grado, Postgrado y doctorado de la Universidad de La Laguna, as\u00ed como al p\u00fablico en general.<\/p>\n<p>Direcci\u00f3n acad\u00e9mica: Jos\u00e9 Francisco G\u00f3mez Gonz\u00e1lez, Profesor Titular, Departamento de Ingenier\u00eda Industrial de la Universidad de La Laguna.<\/p>\n<p><strong>CERTIFICADO DE ASISTENCIA, APTITUD Y RECONOCIMIENTO POR CR\u00c9DITO ECTS<\/strong><\/p>\n<p>La Universidad de La Laguna, a trav\u00e9s del Vicerrectorado de Cultura y Extensi\u00f3n Universitaria, emitir\u00e1 un certificado de asistencia a todas aquellas personas que asistan a un m\u00ednimo del 80% de las horas lectivas presenciales. Asimismo, aquellas personas que superen el trabajo aut\u00f3nomo del alumnado, recibir\u00e1n un certificado de asistencia y aprovechamiento, reconocible a su vez por un cr\u00e9dito ECTS.<\/p>\n<p>Asistencia gratuita previa inscripci\u00f3n.\u00a0<a href=\"https:\/\/sede.fg.ull.es\/es\/curso\/detalle?code=a26020037&amp;name=rurallab-canarias-design-thinking-y-tecnologias-emergentes-aplicadas-a-la-resolucion-de-retos-rurales&amp;query=%3Fcode%3DA26020037\" target=\"_blank\" rel=\"noopener\" target=\"_blank\" rel=\"noopener\"><strong>Consulta el programa e inscr\u00edbete aqu\u00ed.<\/strong><\/a><\/p>\n<p><span style=\"color: #ff0000\"><strong>\u00a1PLAZAS AGOTADAS!<\/strong><\/span><\/p>\n<p><strong>Contacto:\u00a0<\/strong><a href=\"mailto:extuni@ull.edu.es\" target=\"_blank\" rel=\"noopener\" target=\"_blank\" rel=\"noopener\"><strong>extuni@ull.es<\/strong><\/a><\/p>\n","protected":false},"excerpt":{"rendered":"<p>La C\u00e1tedra Fundaci\u00f3n DISA de J\u00f3venes Emprendedores con la colaboraci\u00f3n de Pueblos Remotos S.L., organizan esta actividad en el marco el proyecto \u00abRURALLAB CANARIAS\u00bb que se celebrar\u00e1 en modalidad presencial entre el 5 de febrero y 18 de abril de 2026 en el Espacio Co-working del Campus de Anchieta. RuralLab es un programa formativo en&#8230;<\/p>\n","protected":false},"author":43,"featured_media":45968,"comment_status":"closed","ping_status":"closed","template":"","tags":[4259,977,3812,4984,3751],"tribe_events_cat":[472,2654,3165,4,186],"acf":[],"yoast_head":"<!-- This site is optimized with the Yoast SEO plugin v21.3 - https:\/\/yoast.com\/wordpress\/plugins\/seo\/ -->\n<title>RuralLab Canarias: Design Thinking y tecnolog\u00edas emergentes aplicadas a la resoluci\u00f3n de retos rurales - ULL - Agenda<\/title>\n<meta name=\"robots\" content=\"index, follow, max-snippet:-1, max-image-preview:large, max-video-preview:-1\" \/>\n<link rel=\"canonical\" href=\"https:\/\/www.ull.es\/portal\/agenda\/evento\/rurallab-canarias-design-thinking-y-tecnologias-emergentes-aplicadas-a-la-resolucion-de-retos-rurales\/\" \/>\n<meta property=\"og:locale\" content=\"es_ES\" \/>\n<meta property=\"og:type\" content=\"article\" \/>\n<meta property=\"og:title\" content=\"RuralLab Canarias: Design Thinking y tecnolog\u00edas emergentes aplicadas a la resoluci\u00f3n de retos rurales - ULL - Agenda\" \/>\n<meta property=\"og:description\" content=\"La C\u00e1tedra Fundaci\u00f3n DISA de J\u00f3venes Emprendedores con la colaboraci\u00f3n de Pueblos Remotos S.L., organizan esta actividad en el marco el proyecto \u00abRURALLAB CANARIAS\u00bb que se celebrar\u00e1 en modalidad presencial entre el 5 de febrero y 18 de abril de 2026 en el Espacio Co-working del Campus de Anchieta. RuralLab es un programa formativo en...\" \/>\n<meta property=\"og:url\" content=\"https:\/\/www.ull.es\/portal\/agenda\/evento\/rurallab-canarias-design-thinking-y-tecnologias-emergentes-aplicadas-a-la-resolucion-de-retos-rurales\/\" \/>\n<meta property=\"og:site_name\" content=\"ULL - Agenda\" \/>\n<meta property=\"article:modified_time\" content=\"2026-01-19T08:54:56+00:00\" \/>\n<meta property=\"og:image\" content=\"https:\/\/www.ull.es\/portal\/agenda\/wp-content\/uploads\/sites\/12\/2026\/01\/BannerRuralLab.jpg\" \/>\n\t<meta property=\"og:image:width\" content=\"750\" \/>\n\t<meta property=\"og:image:height\" content=\"370\" \/>\n\t<meta property=\"og:image:type\" content=\"image\/jpeg\" \/>\n<meta name=\"twitter:card\" content=\"summary_large_image\" \/>\n<meta name=\"twitter:label1\" content=\"Tiempo de lectura\" \/>\n\t<meta name=\"twitter:data1\" content=\"2 minutos\" \/>\n<script type=\"application\/ld+json\" class=\"yoast-schema-graph\">{\"@context\":\"https:\/\/schema.org\",\"@graph\":[{\"@type\":\"WebPage\",\"@id\":\"https:\/\/www.ull.es\/portal\/agenda\/evento\/rurallab-canarias-design-thinking-y-tecnologias-emergentes-aplicadas-a-la-resolucion-de-retos-rurales\/\",\"url\":\"https:\/\/www.ull.es\/portal\/agenda\/evento\/rurallab-canarias-design-thinking-y-tecnologias-emergentes-aplicadas-a-la-resolucion-de-retos-rurales\/\",\"name\":\"RuralLab Canarias: Design Thinking y tecnolog\u00edas emergentes aplicadas a la resoluci\u00f3n de retos rurales - ULL - Agenda\",\"isPartOf\":{\"@id\":\"https:\/\/www.ull.es\/portal\/agenda\/#website\"},\"datePublished\":\"2026-01-14T11:47:12+00:00\",\"dateModified\":\"2026-01-19T08:54:56+00:00\",\"breadcrumb\":{\"@id\":\"https:\/\/www.ull.es\/portal\/agenda\/evento\/rurallab-canarias-design-thinking-y-tecnologias-emergentes-aplicadas-a-la-resolucion-de-retos-rurales\/#breadcrumb\"},\"inLanguage\":\"es\",\"potentialAction\":[{\"@type\":\"ReadAction\",\"target\":[\"https:\/\/www.ull.es\/portal\/agenda\/evento\/rurallab-canarias-design-thinking-y-tecnologias-emergentes-aplicadas-a-la-resolucion-de-retos-rurales\/\"]}]},{\"@type\":\"BreadcrumbList\",\"@id\":\"https:\/\/www.ull.es\/portal\/agenda\/evento\/rurallab-canarias-design-thinking-y-tecnologias-emergentes-aplicadas-a-la-resolucion-de-retos-rurales\/#breadcrumb\",\"itemListElement\":[{\"@type\":\"ListItem\",\"position\":1,\"name\":\"Portada\",\"item\":\"https:\/\/www.ull.es\/portal\/agenda\/\"},{\"@type\":\"ListItem\",\"position\":2,\"name\":\"RuralLab Canarias: Design Thinking y tecnolog\u00edas emergentes aplicadas a la resoluci\u00f3n de retos rurales\"}]},{\"@type\":\"WebSite\",\"@id\":\"https:\/\/www.ull.es\/portal\/agenda\/#website\",\"url\":\"https:\/\/www.ull.es\/portal\/agenda\/\",\"name\":\"ULL - Agenda\",\"description\":\"\",\"potentialAction\":[{\"@type\":\"SearchAction\",\"target\":{\"@type\":\"EntryPoint\",\"urlTemplate\":\"https:\/\/www.ull.es\/portal\/agenda\/?s={search_term_string}\"},\"query-input\":\"required name=search_term_string\"}],\"inLanguage\":\"es\"}]}<\/script>\n<!-- \/ Yoast SEO plugin. -->","yoast_head_json":{"title":"RuralLab Canarias: Design Thinking y tecnolog\u00edas emergentes aplicadas a la resoluci\u00f3n de retos rurales - ULL - Agenda","robots":{"index":"index","follow":"follow","max-snippet":"max-snippet:-1","max-image-preview":"max-image-preview:large","max-video-preview":"max-video-preview:-1"},"canonical":"https:\/\/www.ull.es\/portal\/agenda\/evento\/rurallab-canarias-design-thinking-y-tecnologias-emergentes-aplicadas-a-la-resolucion-de-retos-rurales\/","og_locale":"es_ES","og_type":"article","og_title":"RuralLab Canarias: Design Thinking y tecnolog\u00edas emergentes aplicadas a la resoluci\u00f3n de retos rurales - ULL - Agenda","og_description":"La C\u00e1tedra Fundaci\u00f3n DISA de J\u00f3venes Emprendedores con la colaboraci\u00f3n de Pueblos Remotos S.L., organizan esta actividad en el marco el proyecto \u00abRURALLAB CANARIAS\u00bb que se celebrar\u00e1 en modalidad presencial entre el 5 de febrero y 18 de abril de 2026 en el Espacio Co-working del Campus de Anchieta. RuralLab es un programa formativo en...","og_url":"https:\/\/www.ull.es\/portal\/agenda\/evento\/rurallab-canarias-design-thinking-y-tecnologias-emergentes-aplicadas-a-la-resolucion-de-retos-rurales\/","og_site_name":"ULL - Agenda","article_modified_time":"2026-01-19T08:54:56+00:00","og_image":[{"width":750,"height":370,"url":"https:\/\/www.ull.es\/portal\/agenda\/wp-content\/uploads\/sites\/12\/2026\/01\/BannerRuralLab.jpg","type":"image\/jpeg"}],"twitter_card":"summary_large_image","twitter_misc":{"Tiempo de lectura":"2 minutos"},"schema":{"@context":"https:\/\/schema.org","@graph":[{"@type":"WebPage","@id":"https:\/\/www.ull.es\/portal\/agenda\/evento\/rurallab-canarias-design-thinking-y-tecnologias-emergentes-aplicadas-a-la-resolucion-de-retos-rurales\/","url":"https:\/\/www.ull.es\/portal\/agenda\/evento\/rurallab-canarias-design-thinking-y-tecnologias-emergentes-aplicadas-a-la-resolucion-de-retos-rurales\/","name":"RuralLab Canarias: Design Thinking y tecnolog\u00edas emergentes aplicadas a la resoluci\u00f3n de retos rurales - ULL - Agenda","isPartOf":{"@id":"https:\/\/www.ull.es\/portal\/agenda\/#website"},"datePublished":"2026-01-14T11:47:12+00:00","dateModified":"2026-01-19T08:54:56+00:00","breadcrumb":{"@id":"https:\/\/www.ull.es\/portal\/agenda\/evento\/rurallab-canarias-design-thinking-y-tecnologias-emergentes-aplicadas-a-la-resolucion-de-retos-rurales\/#breadcrumb"},"inLanguage":"es","potentialAction":[{"@type":"ReadAction","target":["https:\/\/www.ull.es\/portal\/agenda\/evento\/rurallab-canarias-design-thinking-y-tecnologias-emergentes-aplicadas-a-la-resolucion-de-retos-rurales\/"]}]},{"@type":"BreadcrumbList","@id":"https:\/\/www.ull.es\/portal\/agenda\/evento\/rurallab-canarias-design-thinking-y-tecnologias-emergentes-aplicadas-a-la-resolucion-de-retos-rurales\/#breadcrumb","itemListElement":[{"@type":"ListItem","position":1,"name":"Portada","item":"https:\/\/www.ull.es\/portal\/agenda\/"},{"@type":"ListItem","position":2,"name":"RuralLab Canarias: Design Thinking y tecnolog\u00edas emergentes aplicadas a la resoluci\u00f3n de retos rurales"}]},{"@type":"WebSite","@id":"https:\/\/www.ull.es\/portal\/agenda\/#website","url":"https:\/\/www.ull.es\/portal\/agenda\/","name":"ULL - Agenda","description":"","potentialAction":[{"@type":"SearchAction","target":{"@type":"EntryPoint","urlTemplate":"https:\/\/www.ull.es\/portal\/agenda\/?s={search_term_string}"},"query-input":"required name=search_term_string"}],"inLanguage":"es"}]}},"_links":{"self":[{"href":"https:\/\/www.ull.es\/portal\/agenda\/wp-json\/wp\/v2\/tribe_events\/45967"}],"collection":[{"href":"https:\/\/www.ull.es\/portal\/agenda\/wp-json\/wp\/v2\/tribe_events"}],"about":[{"href":"https:\/\/www.ull.es\/portal\/agenda\/wp-json\/wp\/v2\/types\/tribe_events"}],"author":[{"embeddable":true,"href":"https:\/\/www.ull.es\/portal\/agenda\/wp-json\/wp\/v2\/users\/43"}],"replies":[{"embeddable":true,"href":"https:\/\/www.ull.es\/portal\/agenda\/wp-json\/wp\/v2\/comments?post=45967"}],"version-history":[{"count":4,"href":"https:\/\/www.ull.es\/portal\/agenda\/wp-json\/wp\/v2\/tribe_events\/45967\/revisions"}],"predecessor-version":[{"id":46016,"href":"https:\/\/www.ull.es\/portal\/agenda\/wp-json\/wp\/v2\/tribe_events\/45967\/revisions\/46016"}],"wp:featuredmedia":[{"embeddable":true,"href":"https:\/\/www.ull.es\/portal\/agenda\/wp-json\/wp\/v2\/media\/45968"}],"wp:attachment":[{"href":"https:\/\/www.ull.es\/portal\/agenda\/wp-json\/wp\/v2\/media?parent=45967"}],"wp:term":[{"taxonomy":"post_tag","embeddable":true,"href":"https:\/\/www.ull.es\/portal\/agenda\/wp-json\/wp\/v2\/tags?post=45967"},{"taxonomy":"tribe_events_cat","embeddable":true,"href":"https:\/\/www.ull.es\/portal\/agenda\/wp-json\/wp\/v2\/tribe_events_cat?post=45967"}],"curies":[{"name":"wp","href":"https:\/\/api.w.org\/{rel}","templated":true}]}}

RuralLab Canarias: Design Thinking y tecnologías emergentes aplicadas a la resolución de retos rurales

<p>La Cátedra Fundación DISA de Jóvenes Emprendedores con la colaboración de Pueblos Remotos S.L., organizan esta actividad en el marco el proyecto «RURALLAB CANARIAS» que se celebrará en modalidad presencial entre el 5 de febrero y 18 de abril de 2026 en el Espacio Co-working del Campus de Anchieta.</p>
<p>RuralLab es un programa formativo en formato «laboratorio», con un fuerte componente presencial, que se enmarca en el proyecto «RURALLAB CANARIAS: Iniciativa universitaria para la innovación rural en el contexto de la Agenda Canaria 2030». Este proyecto se desarrolla en el marco del Convenio de cooperación entre la Administración Pública de la Comunidad Autónoma de Canarias, a través de la Viceconsejería de Presidencia, y la Fundación General de la Universidad de La Laguna, para la ejecución del programa «Compromiso de la Universidad de La Laguna con la Agenda Canaria 2030 (2025-2026)». Asimismo, cuenta con la colaboración de la Cátedra Fundación DISA de Jóvenes Emprendedores de la Universidad de La Laguna y el apoyo de Pueblos Remotos S.L.</p>
<p>El curso está dirigido principalmente al alumnado de Grado, Postgrado y doctorado de la Universidad de La Laguna, así como al público en general.</p>
<p>Dirección académica: José Francisco Gómez González, Profesor Titular, Departamento de Ingeniería Industrial de la Universidad de La Laguna.</p>
<p><strong>CERTIFICADO DE ASISTENCIA, APTITUD Y RECONOCIMIENTO POR CRÉDITO ECTS</strong></p>
<p>La Universidad de La Laguna, a través del Vicerrectorado de Cultura y Extensión Universitaria, emitirá un certificado de asistencia a todas aquellas personas que asistan a un mínimo del 80% de las horas lectivas presenciales. Asimismo, aquellas personas que superen el trabajo autónomo del alumnado, recibirán un certificado de asistencia y aprovechamiento, reconocible a su vez por un crédito ECTS.</p>
<p>Asistencia gratuita previa inscripción. <a href="https://sede.fg.ull.es/es/curso/detalle?code=a26020037&amp;name=rurallab-canarias-design-thinking-y-tecnologias-emergentes-aplicadas-a-la-resolucion-de-retos-rurales&amp;query=%3Fcode%3DA26020037" target="_blank" rel="noopener" target="_blank" rel="noopener"><strong>Consulta el programa e inscríbete aquí.</strong></a></p>
<p><span style="color: #ff0000"><strong>¡PLAZAS AGOTADAS!</strong></span></p>
<p><strong>Contacto: </strong><a href="mailto:extuni@ull.edu.es" target="_blank" rel="noopener" target="_blank" rel="noopener"><strong>extuni@ull.es</strong></a></p>

<p>La Cátedra Fundación DISA de Jóvenes Emprendedores con la colaboración de Pueblos Remotos S.L., organizan esta actividad en el marco el proyecto «RURALLAB CANARIAS» que se celebrará en modalidad presencial entre el 5 de febrero y 18 de abril de 2026 en el Espacio Co-working del Campus de Anchieta. RuralLab es un programa formativo en&#8230;</p>

<!-- This site is optimized with the Yoast SEO plugin v21.3 - https://yoast.com/wordpress/plugins/seo/ -->
<title>RuralLab Canarias: Design Thinking y tecnologías emergentes aplicadas a la resolución de retos rurales - ULL - Agenda</title>
<meta name="robots" content="index, follow, max-snippet:-1, max-image-preview:large, max-video-preview:-1" />
<link rel="canonical" href="https://www.ull.es/portal/agenda/evento/rurallab-canarias-design-thinking-y-tecnologias-emergentes-aplicadas-a-la-resolucion-de-retos-rurales/" />
<meta property="og:locale" content="es_ES" />
<meta property="og:type" content="article" />
<meta property="og:title" content="RuralLab Canarias: Design Thinking y tecnologías emergentes aplicadas a la resolución de retos rurales - ULL - Agenda" />
<meta property="og:description" content="La Cátedra Fundación DISA de Jóvenes Emprendedores con la colaboración de Pueblos Remotos S.L., organizan esta actividad en el marco el proyecto «RURALLAB CANARIAS» que se celebrará en modalidad presencial entre el 5 de febrero y 18 de abril de 2026 en el Espacio Co-working del Campus de Anchieta. RuralLab es un programa formativo en..." />
<meta property="og:url" content="https://www.ull.es/portal/agenda/evento/rurallab-canarias-design-thinking-y-tecnologias-emergentes-aplicadas-a-la-resolucion-de-retos-rurales/" />
<meta property="og:site_name" content="ULL - Agenda" />
<meta property="article:modified_time" content="2026-01-19T08:54:56+00:00" />
<meta property="og:image" content="https://www.ull.es/portal/agenda/wp-content/uploads/sites/12/2026/01/BannerRuralLab.jpg" />
	<meta property="og:image:width" content="750" />
	<meta property="og:image:height" content="370" />
	<meta property="og:image:type" content="image/jpeg" />
<meta name="twitter:card" content="summary_large_image" />
<meta name="twitter:label1" content="Tiempo de lectura" />
	<meta name="twitter:data1" content="2 minutos" />
<script type="application/ld+json" class="yoast-schema-graph">{"@context":"https://schema.org","@graph":[{"@type":"WebPage","@id":"https://www.ull.es/portal/agenda/evento/rurallab-canarias-design-thinking-y-tecnologias-emergentes-aplicadas-a-la-resolucion-de-retos-rurales/","url":"https://www.ull.es/portal/agenda/evento/rurallab-canarias-design-thinking-y-tecnologias-emergentes-aplicadas-a-la-resolucion-de-retos-rurales/","name":"RuralLab Canarias: Design Thinking y tecnologías emergentes aplicadas a la resolución de retos rurales - ULL - Agenda","isPartOf":{"@id":"https://www.ull.es/portal/agenda/#website"},"datePublished":"2026-01-14T11:47:12+00:00","dateModified":"2026-01-19T08:54:56+00:00","breadcrumb":{"@id":"https://www.ull.es/portal/agenda/evento/rurallab-canarias-design-thinking-y-tecnologias-emergentes-aplicadas-a-la-resolucion-de-retos-rurales/#breadcrumb"},"inLanguage":"es","potentialAction":[{"@type":"ReadAction","target":["https://www.ull.es/portal/agenda/evento/rurallab-canarias-design-thinking-y-tecnologias-emergentes-aplicadas-a-la-resolucion-de-retos-rurales/"]}]},{"@type":"BreadcrumbList","@id":"https://www.ull.es/portal/agenda/evento/rurallab-canarias-design-thinking-y-tecnologias-emergentes-aplicadas-a-la-resolucion-de-retos-rurales/#breadcrumb","itemListElement":[{"@type":"ListItem","position":1,"name":"Portada","item":"https://www.ull.es/portal/agenda/"},{"@type":"ListItem","position":2,"name":"RuralLab Canarias: Design Thinking y tecnologías emergentes aplicadas a la resolución de retos rurales"}]},{"@type":"WebSite","@id":"https://www.ull.es/portal/agenda/#website","url":"https://www.ull.es/portal/agenda/","name":"ULL - Agenda","description":"","potentialAction":[{"@type":"SearchAction","target":{"@type":"EntryPoint","urlTemplate":"https://www.ull.es/portal/agenda/?s={search_term_string}"},"query-input":"required name=search_term_string"}],"inLanguage":"es"}]}</script>
<!-- / Yoast SEO plugin. -->

RuralLab Canarias: Design Thinking y tecnologías emergentes aplicadas a la resolución de retos rurales - ULL - Agenda

La Cátedra Fundación DISA de Jóvenes Emprendedores con la colaboración de Pueblos Remotos S.L., organizan esta actividad en el marco el proyecto «RURALLAB CANARIAS» que se celebrará en modalidad presencial entre el 5 de febrero y 18 de abril de 2026 en el Espacio Co-working del Campus de Anchieta. RuralLab es un programa formativo en...
