{"id":46141,"date":"2026-01-20T09:50:25","date_gmt":"2026-01-20T09:50:25","guid":{"rendered":"https:\/\/www.ull.es\/portal\/agenda\/?post_type=tribe_events&#038;p=46141"},"modified":"2026-01-22T10:31:05","modified_gmt":"2026-01-22T10:31:05","slug":"las-riquezas-ocultas-que-susurran-y-gritan-en-la-laguna-archivos-y-bibliotecas-la-biblioteca-del-cabildo-catedral-la-la-laguna","status":"publish","type":"tribe_events","link":"https:\/\/www.ull.es\/portal\/agenda\/evento\/las-riquezas-ocultas-que-susurran-y-gritan-en-la-laguna-archivos-y-bibliotecas-la-biblioteca-del-cabildo-catedral-la-la-laguna\/","title":{"rendered":"Las riquezas ocultas que susurran y gritan en La Laguna: Archivos y Bibliotecas. La Biblioteca del Cabildo Catedral"},"content":{"rendered":"<p>La C\u00e1tedra Cultural Pedro Bencomo de la Universidad de La Laguna ha organizado diversas visitas did\u00e1cticas a Archivos y Bibliotecas de La Laguna. En concreto, el 30 de enero de 2026 a las 10:00 se llevar\u00e1 a cabo la visita al Cabildo Catedral , memoria del pasado diocesano. La visita guiada a la Biblioteca del Cabildo Catedral, estar\u00e1 a cargo del Dr. D. Miguel \u00c1ngel Navarro, Bibliotecario del Cabildo y Responsable de Patrimonio de la Di\u00f3cesis.<\/p>\n<p>Los objetivos generales de estas visitas son:<\/p>\n<ol>\n<li>Promover el conocimiento, la valoraci\u00f3n y el disfrute del patrimonio cultural documental y bibliogr\u00e1fico de la ciudad de San Crist\u00f3bal de La Laguna, declarada Patrimonio de la Humanidad.<\/li>\n<li>Fomentar el aprendizaje activo y significativo en personas adultas mayores a trav\u00e9s del descubrimiento, la experiencia directa y el di\u00e1logo con el entorno cultural.<\/li>\n<li>Contribuir a la formaci\u00f3n integral del alumnado de la EUAM mediante el acercamiento cr\u00edtico y creativo a los espacios de memoria, saber y ciudadan\u00eda que representan los archivos y bibliotecas.<\/li>\n<\/ol>\n","protected":false},"excerpt":{"rendered":"<p>La C\u00e1tedra Cultural Pedro Bencomo de la Universidad de La Laguna ha organizado diversas visitas did\u00e1cticas a Archivos y Bibliotecas de La Laguna. En concreto, el 30 de enero de 2026 a las 10:00 se llevar\u00e1 a cabo la visita al Cabildo Catedral , memoria del pasado diocesano. La visita guiada a la Biblioteca del&#8230;<\/p>\n","protected":false},"author":65,"featured_media":46207,"comment_status":"closed","ping_status":"closed","template":"","tags":[],"tribe_events_cat":[344,3987,4],"acf":[],"yoast_head":"<!-- This site is optimized with the Yoast SEO plugin v21.3 - https:\/\/yoast.com\/wordpress\/plugins\/seo\/ -->\n<title>Las riquezas ocultas que susurran y gritan en La Laguna: Archivos y Bibliotecas. La Biblioteca del Cabildo Catedral - ULL - Agenda<\/title>\n<meta name=\"robots\" content=\"index, follow, max-snippet:-1, max-image-preview:large, max-video-preview:-1\" \/>\n<link rel=\"canonical\" href=\"https:\/\/www.ull.es\/portal\/agenda\/evento\/las-riquezas-ocultas-que-susurran-y-gritan-en-la-laguna-archivos-y-bibliotecas-la-biblioteca-del-cabildo-catedral-la-la-laguna\/\" \/>\n<meta property=\"og:locale\" content=\"es_ES\" \/>\n<meta property=\"og:type\" content=\"article\" \/>\n<meta property=\"og:title\" content=\"Las riquezas ocultas que susurran y gritan en La Laguna: Archivos y Bibliotecas. La Biblioteca del Cabildo Catedral - ULL - Agenda\" \/>\n<meta property=\"og:description\" content=\"La C\u00e1tedra Cultural Pedro Bencomo de la Universidad de La Laguna ha organizado diversas visitas did\u00e1cticas a Archivos y Bibliotecas de La Laguna. En concreto, el 30 de enero de 2026 a las 10:00 se llevar\u00e1 a cabo la visita al Cabildo Catedral , memoria del pasado diocesano. La visita guiada a la Biblioteca del...\" \/>\n<meta property=\"og:url\" content=\"https:\/\/www.ull.es\/portal\/agenda\/evento\/las-riquezas-ocultas-que-susurran-y-gritan-en-la-laguna-archivos-y-bibliotecas-la-biblioteca-del-cabildo-catedral-la-la-laguna\/\" \/>\n<meta property=\"og:site_name\" content=\"ULL - Agenda\" \/>\n<meta property=\"article:modified_time\" content=\"2026-01-22T10:31:05+00:00\" \/>\n<meta property=\"og:image\" content=\"https:\/\/www.ull.es\/portal\/agenda\/wp-content\/uploads\/sites\/12\/2026\/01\/banner-eventos-14.jpg\" \/>\n\t<meta property=\"og:image:width\" content=\"750\" \/>\n\t<meta property=\"og:image:height\" content=\"370\" \/>\n\t<meta property=\"og:image:type\" content=\"image\/jpeg\" \/>\n<meta name=\"twitter:card\" content=\"summary_large_image\" \/>\n<meta name=\"twitter:label1\" content=\"Tiempo de lectura\" \/>\n\t<meta name=\"twitter:data1\" content=\"1 minuto\" \/>\n<script type=\"application\/ld+json\" class=\"yoast-schema-graph\">{\"@context\":\"https:\/\/schema.org\",\"@graph\":[{\"@type\":\"WebPage\",\"@id\":\"https:\/\/www.ull.es\/portal\/agenda\/evento\/las-riquezas-ocultas-que-susurran-y-gritan-en-la-laguna-archivos-y-bibliotecas-la-biblioteca-del-cabildo-catedral-la-la-laguna\/\",\"url\":\"https:\/\/www.ull.es\/portal\/agenda\/evento\/las-riquezas-ocultas-que-susurran-y-gritan-en-la-laguna-archivos-y-bibliotecas-la-biblioteca-del-cabildo-catedral-la-la-laguna\/\",\"name\":\"Las riquezas ocultas que susurran y gritan en La Laguna: Archivos y Bibliotecas. La Biblioteca del Cabildo Catedral - ULL - Agenda\",\"isPartOf\":{\"@id\":\"https:\/\/www.ull.es\/portal\/agenda\/#website\"},\"datePublished\":\"2026-01-20T09:50:25+00:00\",\"dateModified\":\"2026-01-22T10:31:05+00:00\",\"breadcrumb\":{\"@id\":\"https:\/\/www.ull.es\/portal\/agenda\/evento\/las-riquezas-ocultas-que-susurran-y-gritan-en-la-laguna-archivos-y-bibliotecas-la-biblioteca-del-cabildo-catedral-la-la-laguna\/#breadcrumb\"},\"inLanguage\":\"es\",\"potentialAction\":[{\"@type\":\"ReadAction\",\"target\":[\"https:\/\/www.ull.es\/portal\/agenda\/evento\/las-riquezas-ocultas-que-susurran-y-gritan-en-la-laguna-archivos-y-bibliotecas-la-biblioteca-del-cabildo-catedral-la-la-laguna\/\"]}]},{\"@type\":\"BreadcrumbList\",\"@id\":\"https:\/\/www.ull.es\/portal\/agenda\/evento\/las-riquezas-ocultas-que-susurran-y-gritan-en-la-laguna-archivos-y-bibliotecas-la-biblioteca-del-cabildo-catedral-la-la-laguna\/#breadcrumb\",\"itemListElement\":[{\"@type\":\"ListItem\",\"position\":1,\"name\":\"Portada\",\"item\":\"https:\/\/www.ull.es\/portal\/agenda\/\"},{\"@type\":\"ListItem\",\"position\":2,\"name\":\"Las riquezas ocultas que susurran y gritan en La Laguna: Archivos y Bibliotecas. La Biblioteca del Cabildo Catedral\"}]},{\"@type\":\"WebSite\",\"@id\":\"https:\/\/www.ull.es\/portal\/agenda\/#website\",\"url\":\"https:\/\/www.ull.es\/portal\/agenda\/\",\"name\":\"ULL - Agenda\",\"description\":\"\",\"potentialAction\":[{\"@type\":\"SearchAction\",\"target\":{\"@type\":\"EntryPoint\",\"urlTemplate\":\"https:\/\/www.ull.es\/portal\/agenda\/?s={search_term_string}\"},\"query-input\":\"required name=search_term_string\"}],\"inLanguage\":\"es\"}]}<\/script>\n<!-- \/ Yoast SEO plugin. -->","yoast_head_json":{"title":"Las riquezas ocultas que susurran y gritan en La Laguna: Archivos y Bibliotecas. La Biblioteca del Cabildo Catedral - ULL - Agenda","robots":{"index":"index","follow":"follow","max-snippet":"max-snippet:-1","max-image-preview":"max-image-preview:large","max-video-preview":"max-video-preview:-1"},"canonical":"https:\/\/www.ull.es\/portal\/agenda\/evento\/las-riquezas-ocultas-que-susurran-y-gritan-en-la-laguna-archivos-y-bibliotecas-la-biblioteca-del-cabildo-catedral-la-la-laguna\/","og_locale":"es_ES","og_type":"article","og_title":"Las riquezas ocultas que susurran y gritan en La Laguna: Archivos y Bibliotecas. La Biblioteca del Cabildo Catedral - ULL - Agenda","og_description":"La C\u00e1tedra Cultural Pedro Bencomo de la Universidad de La Laguna ha organizado diversas visitas did\u00e1cticas a Archivos y Bibliotecas de La Laguna. En concreto, el 30 de enero de 2026 a las 10:00 se llevar\u00e1 a cabo la visita al Cabildo Catedral , memoria del pasado diocesano. La visita guiada a la Biblioteca del...","og_url":"https:\/\/www.ull.es\/portal\/agenda\/evento\/las-riquezas-ocultas-que-susurran-y-gritan-en-la-laguna-archivos-y-bibliotecas-la-biblioteca-del-cabildo-catedral-la-la-laguna\/","og_site_name":"ULL - Agenda","article_modified_time":"2026-01-22T10:31:05+00:00","og_image":[{"width":750,"height":370,"url":"https:\/\/www.ull.es\/portal\/agenda\/wp-content\/uploads\/sites\/12\/2026\/01\/banner-eventos-14.jpg","type":"image\/jpeg"}],"twitter_card":"summary_large_image","twitter_misc":{"Tiempo de lectura":"1 minuto"},"schema":{"@context":"https:\/\/schema.org","@graph":[{"@type":"WebPage","@id":"https:\/\/www.ull.es\/portal\/agenda\/evento\/las-riquezas-ocultas-que-susurran-y-gritan-en-la-laguna-archivos-y-bibliotecas-la-biblioteca-del-cabildo-catedral-la-la-laguna\/","url":"https:\/\/www.ull.es\/portal\/agenda\/evento\/las-riquezas-ocultas-que-susurran-y-gritan-en-la-laguna-archivos-y-bibliotecas-la-biblioteca-del-cabildo-catedral-la-la-laguna\/","name":"Las riquezas ocultas que susurran y gritan en La Laguna: Archivos y Bibliotecas. La Biblioteca del Cabildo Catedral - ULL - Agenda","isPartOf":{"@id":"https:\/\/www.ull.es\/portal\/agenda\/#website"},"datePublished":"2026-01-20T09:50:25+00:00","dateModified":"2026-01-22T10:31:05+00:00","breadcrumb":{"@id":"https:\/\/www.ull.es\/portal\/agenda\/evento\/las-riquezas-ocultas-que-susurran-y-gritan-en-la-laguna-archivos-y-bibliotecas-la-biblioteca-del-cabildo-catedral-la-la-laguna\/#breadcrumb"},"inLanguage":"es","potentialAction":[{"@type":"ReadAction","target":["https:\/\/www.ull.es\/portal\/agenda\/evento\/las-riquezas-ocultas-que-susurran-y-gritan-en-la-laguna-archivos-y-bibliotecas-la-biblioteca-del-cabildo-catedral-la-la-laguna\/"]}]},{"@type":"BreadcrumbList","@id":"https:\/\/www.ull.es\/portal\/agenda\/evento\/las-riquezas-ocultas-que-susurran-y-gritan-en-la-laguna-archivos-y-bibliotecas-la-biblioteca-del-cabildo-catedral-la-la-laguna\/#breadcrumb","itemListElement":[{"@type":"ListItem","position":1,"name":"Portada","item":"https:\/\/www.ull.es\/portal\/agenda\/"},{"@type":"ListItem","position":2,"name":"Las riquezas ocultas que susurran y gritan en La Laguna: Archivos y Bibliotecas. La Biblioteca del Cabildo Catedral"}]},{"@type":"WebSite","@id":"https:\/\/www.ull.es\/portal\/agenda\/#website","url":"https:\/\/www.ull.es\/portal\/agenda\/","name":"ULL - Agenda","description":"","potentialAction":[{"@type":"SearchAction","target":{"@type":"EntryPoint","urlTemplate":"https:\/\/www.ull.es\/portal\/agenda\/?s={search_term_string}"},"query-input":"required name=search_term_string"}],"inLanguage":"es"}]}},"_links":{"self":[{"href":"https:\/\/www.ull.es\/portal\/agenda\/wp-json\/wp\/v2\/tribe_events\/46141"}],"collection":[{"href":"https:\/\/www.ull.es\/portal\/agenda\/wp-json\/wp\/v2\/tribe_events"}],"about":[{"href":"https:\/\/www.ull.es\/portal\/agenda\/wp-json\/wp\/v2\/types\/tribe_events"}],"author":[{"embeddable":true,"href":"https:\/\/www.ull.es\/portal\/agenda\/wp-json\/wp\/v2\/users\/65"}],"replies":[{"embeddable":true,"href":"https:\/\/www.ull.es\/portal\/agenda\/wp-json\/wp\/v2\/comments?post=46141"}],"version-history":[{"count":3,"href":"https:\/\/www.ull.es\/portal\/agenda\/wp-json\/wp\/v2\/tribe_events\/46141\/revisions"}],"predecessor-version":[{"id":46205,"href":"https:\/\/www.ull.es\/portal\/agenda\/wp-json\/wp\/v2\/tribe_events\/46141\/revisions\/46205"}],"wp:featuredmedia":[{"embeddable":true,"href":"https:\/\/www.ull.es\/portal\/agenda\/wp-json\/wp\/v2\/media\/46207"}],"wp:attachment":[{"href":"https:\/\/www.ull.es\/portal\/agenda\/wp-json\/wp\/v2\/media?parent=46141"}],"wp:term":[{"taxonomy":"post_tag","embeddable":true,"href":"https:\/\/www.ull.es\/portal\/agenda\/wp-json\/wp\/v2\/tags?post=46141"},{"taxonomy":"tribe_events_cat","embeddable":true,"href":"https:\/\/www.ull.es\/portal\/agenda\/wp-json\/wp\/v2\/tribe_events_cat?post=46141"}],"curies":[{"name":"wp","href":"https:\/\/api.w.org\/{rel}","templated":true}]}}

<p>La Cátedra Cultural Pedro Bencomo de la Universidad de La Laguna ha organizado diversas visitas didácticas a Archivos y Bibliotecas de La Laguna. En concreto, el 30 de enero de 2026 a las 10:00 se llevará a cabo la visita al Cabildo Catedral , memoria del pasado diocesano. La visita guiada a la Biblioteca del Cabildo Catedral, estará a cargo del Dr. D. Miguel Ángel Navarro, Bibliotecario del Cabildo y Responsable de Patrimonio de la Diócesis.</p>
<p>Los objetivos generales de estas visitas son:</p>
<ol>
<li>Promover el conocimiento, la valoración y el disfrute del patrimonio cultural documental y bibliográfico de la ciudad de San Cristóbal de La Laguna, declarada Patrimonio de la Humanidad.</li>
<li>Fomentar el aprendizaje activo y significativo en personas adultas mayores a través del descubrimiento, la experiencia directa y el diálogo con el entorno cultural.</li>
<li>Contribuir a la formación integral del alumnado de la EUAM mediante el acercamiento crítico y creativo a los espacios de memoria, saber y ciudadanía que representan los archivos y bibliotecas.</li>
</ol>

<p>La Cátedra Cultural Pedro Bencomo de la Universidad de La Laguna ha organizado diversas visitas didácticas a Archivos y Bibliotecas de La Laguna. En concreto, el 30 de enero de 2026 a las 10:00 se llevará a cabo la visita al Cabildo Catedral , memoria del pasado diocesano. La visita guiada a la Biblioteca del&#8230;</p>

<!-- This site is optimized with the Yoast SEO plugin v21.3 - https://yoast.com/wordpress/plugins/seo/ -->
<title>Las riquezas ocultas que susurran y gritan en La Laguna: Archivos y Bibliotecas. La Biblioteca del Cabildo Catedral - ULL - Agenda</title>
<meta name="robots" content="index, follow, max-snippet:-1, max-image-preview:large, max-video-preview:-1" />
<link rel="canonical" href="https://www.ull.es/portal/agenda/evento/las-riquezas-ocultas-que-susurran-y-gritan-en-la-laguna-archivos-y-bibliotecas-la-biblioteca-del-cabildo-catedral-la-la-laguna/" />
<meta property="og:locale" content="es_ES" />
<meta property="og:type" content="article" />
<meta property="og:title" content="Las riquezas ocultas que susurran y gritan en La Laguna: Archivos y Bibliotecas. La Biblioteca del Cabildo Catedral - ULL - Agenda" />
<meta property="og:description" content="La Cátedra Cultural Pedro Bencomo de la Universidad de La Laguna ha organizado diversas visitas didácticas a Archivos y Bibliotecas de La Laguna. En concreto, el 30 de enero de 2026 a las 10:00 se llevará a cabo la visita al Cabildo Catedral , memoria del pasado diocesano. La visita guiada a la Biblioteca del..." />
<meta property="og:url" content="https://www.ull.es/portal/agenda/evento/las-riquezas-ocultas-que-susurran-y-gritan-en-la-laguna-archivos-y-bibliotecas-la-biblioteca-del-cabildo-catedral-la-la-laguna/" />
<meta property="og:site_name" content="ULL - Agenda" />
<meta property="article:modified_time" content="2026-01-22T10:31:05+00:00" />
<meta property="og:image" content="https://www.ull.es/portal/agenda/wp-content/uploads/sites/12/2026/01/banner-eventos-14.jpg" />
	<meta property="og:image:width" content="750" />
	<meta property="og:image:height" content="370" />
	<meta property="og:image:type" content="image/jpeg" />
<meta name="twitter:card" content="summary_large_image" />
<meta name="twitter:label1" content="Tiempo de lectura" />
	<meta name="twitter:data1" content="1 minuto" />
<script type="application/ld+json" class="yoast-schema-graph">{"@context":"https://schema.org","@graph":[{"@type":"WebPage","@id":"https://www.ull.es/portal/agenda/evento/las-riquezas-ocultas-que-susurran-y-gritan-en-la-laguna-archivos-y-bibliotecas-la-biblioteca-del-cabildo-catedral-la-la-laguna/","url":"https://www.ull.es/portal/agenda/evento/las-riquezas-ocultas-que-susurran-y-gritan-en-la-laguna-archivos-y-bibliotecas-la-biblioteca-del-cabildo-catedral-la-la-laguna/","name":"Las riquezas ocultas que susurran y gritan en La Laguna: Archivos y Bibliotecas. La Biblioteca del Cabildo Catedral - ULL - Agenda","isPartOf":{"@id":"https://www.ull.es/portal/agenda/#website"},"datePublished":"2026-01-20T09:50:25+00:00","dateModified":"2026-01-22T10:31:05+00:00","breadcrumb":{"@id":"https://www.ull.es/portal/agenda/evento/las-riquezas-ocultas-que-susurran-y-gritan-en-la-laguna-archivos-y-bibliotecas-la-biblioteca-del-cabildo-catedral-la-la-laguna/#breadcrumb"},"inLanguage":"es","potentialAction":[{"@type":"ReadAction","target":["https://www.ull.es/portal/agenda/evento/las-riquezas-ocultas-que-susurran-y-gritan-en-la-laguna-archivos-y-bibliotecas-la-biblioteca-del-cabildo-catedral-la-la-laguna/"]}]},{"@type":"BreadcrumbList","@id":"https://www.ull.es/portal/agenda/evento/las-riquezas-ocultas-que-susurran-y-gritan-en-la-laguna-archivos-y-bibliotecas-la-biblioteca-del-cabildo-catedral-la-la-laguna/#breadcrumb","itemListElement":[{"@type":"ListItem","position":1,"name":"Portada","item":"https://www.ull.es/portal/agenda/"},{"@type":"ListItem","position":2,"name":"Las riquezas ocultas que susurran y gritan en La Laguna: Archivos y Bibliotecas. La Biblioteca del Cabildo Catedral"}]},{"@type":"WebSite","@id":"https://www.ull.es/portal/agenda/#website","url":"https://www.ull.es/portal/agenda/","name":"ULL - Agenda","description":"","potentialAction":[{"@type":"SearchAction","target":{"@type":"EntryPoint","urlTemplate":"https://www.ull.es/portal/agenda/?s={search_term_string}"},"query-input":"required name=search_term_string"}],"inLanguage":"es"}]}</script>
<!-- / Yoast SEO plugin. -->

La Cátedra Cultural Pedro Bencomo de la Universidad de La Laguna ha organizado diversas visitas didácticas a Archivos y Bibliotecas de La Laguna. En concreto, el 30 de enero de 2026 a las 10:00 se llevará a cabo la visita al Cabildo Catedral , memoria del pasado diocesano. La visita guiada a la Biblioteca del...
