{"id":46144,"date":"2026-01-20T10:07:19","date_gmt":"2026-01-20T10:07:19","guid":{"rendered":"https:\/\/www.ull.es\/portal\/agenda\/?post_type=tribe_events&#038;p=46144"},"modified":"2026-02-27T10:42:29","modified_gmt":"2026-02-27T10:42:29","slug":"adopcion-infancia-y-familias-retos-compartidos-jornada-en-homenaje-a-la-profesora-dra-beatriz-triana-perez","status":"publish","type":"tribe_events","link":"https:\/\/www.ull.es\/portal\/agenda\/evento\/adopcion-infancia-y-familias-retos-compartidos-jornada-en-homenaje-a-la-profesora-dra-beatriz-triana-perez\/","title":{"rendered":"Adopci\u00f3n, Infancia y Familias: retos compartidos. Jornada en homenaje a la Profesora Dra. Beatriz Triana P\u00e9rez"},"content":{"rendered":"<p>La C\u00e1tedra Institucional Infancia y Adolescencia organiza esta jornada en homenaje a la Profesora Dra. Beatriz Triana P\u00e9rez, que se celebrar\u00e1 en el Sal\u00f3n de Actos de la Facultad de Ciencias Sociales y de la Comunicaci\u00f3n el 27 de febrero de 2026, en horario de 15:15 a 20:00 horas.<\/p>\n<p>Objetivos:<br \/>\n\u25cf Favorecer la reflexi\u00f3n interdisciplinar sobre la adopci\u00f3n como instituci\u00f3n jur\u00eddica, familiar y social.<br \/>\n\u25cf Analizar los retos actuales de la adopci\u00f3n en Espa\u00f1a y en el \u00e1mbito internacional, incluyendo la protecci\u00f3n del inter\u00e9s superior de la persona menor de edad.<br \/>\n\u25cf Promover la sensibilizaci\u00f3n social acerca de la adopci\u00f3n como medida de protecci\u00f3n de la infancia.<br \/>\n\u25cf Generar un espacio de encuentro entre personas expertas y familias adoptivas, fomentando el intercambio de experiencias y buenas pr\u00e1cticas.<\/p>\n<p>La jornada est\u00e1 dirigida al alumnado y profesorado universitario, profesionales con inter\u00e9s, familias adoptivas, as\u00ed como personas que se ofrecen a la adopci\u00f3n.<\/p>\n<p>Direcci\u00f3n acad\u00e9mica: Sonia Plasencia Carrillo. Profesora Ayudante Doctora de Psicolog\u00eda Evolutiva y de la Educaci\u00f3n de la Universidad de La Laguna.<\/p>\n<p>CERTIFICADO DE ASISTENCIA: La Universidad de La Laguna, a trav\u00e9s del Vicerrectorado de Cultura y Extensi\u00f3n Universitaria, emitir\u00e1 un certificado de asistencia a todas aquellas personas que participen, previa inscripci\u00f3n en la actividad.<\/p>\n<p>Asistencia gratuita previa inscripci\u00f3n.\u00a0<a href=\"https:\/\/sede.fg.ull.es\/es\/curso\/detalle?code=a26020039&amp;name=adopcion-infancia-y-familias-retos-compartidos-jornada-en-homenaje-a-la-profesora-dra-beatriz-triana-perez&amp;query=%3Fcode%3DA26020039\" target=\"_blank\" rel=\"noopener\" target=\"_blank\" rel=\"noopener\"><strong><u>Inscr\u00edbete aqu\u00ed.<\/u><\/strong><\/a><\/p>\n<p><span style=\"color: #ff0000\"><strong>\u00a1PLAZAS AGOTADAS!<\/strong><\/span><\/p>\n<p><strong>Contacto:\u00a0<\/strong><a href=\"mailto:extuni@ull.edu.es\" target=\"_blank\" rel=\"noopener\" target=\"_blank\" rel=\"noopener\"><strong>extuni@ull.es<\/strong><\/a><\/p>\n<p>Con la participaci\u00f3n de los grupos de investigaci\u00f3n \u201cFamilia y desarrollo humano\u201d, \u00abProtecci\u00f3n Infantil\u00bb y \u201cDerecho, persona y familia\u201d.<\/p>\n<p>Colaboran: Facultad de Psicolog\u00eda de la Universidad de La Laguna y Direcci\u00f3n General de Protecci\u00f3n a la Infancia y las Familias del Gobierno de Canarias.<\/p>\n","protected":false},"excerpt":{"rendered":"<p>La C\u00e1tedra Institucional Infancia y Adolescencia organiza esta jornada en homenaje a la Profesora Dra. Beatriz Triana P\u00e9rez, que se celebrar\u00e1 en el Sal\u00f3n de Actos de la Facultad de Ciencias Sociales y de la Comunicaci\u00f3n el 27 de febrero de 2026, en horario de 15:15 a 20:00 horas. Objetivos: \u25cf Favorecer la reflexi\u00f3n interdisciplinar&#8230;<\/p>\n","protected":false},"author":43,"featured_media":46145,"comment_status":"closed","ping_status":"closed","template":"","tags":[4259,977,3812,3751],"tribe_events_cat":[472,4930,3165,4,186],"acf":[],"yoast_head":"<!-- This site is optimized with the Yoast SEO plugin v21.3 - https:\/\/yoast.com\/wordpress\/plugins\/seo\/ -->\n<title>Adopci\u00f3n, Infancia y Familias: retos compartidos. Jornada en homenaje a la Profesora Dra. Beatriz Triana P\u00e9rez - ULL - Agenda<\/title>\n<meta name=\"robots\" content=\"index, follow, max-snippet:-1, max-image-preview:large, max-video-preview:-1\" \/>\n<link rel=\"canonical\" href=\"https:\/\/www.ull.es\/portal\/agenda\/evento\/adopcion-infancia-y-familias-retos-compartidos-jornada-en-homenaje-a-la-profesora-dra-beatriz-triana-perez\/\" \/>\n<meta property=\"og:locale\" content=\"es_ES\" \/>\n<meta property=\"og:type\" content=\"article\" \/>\n<meta property=\"og:title\" content=\"Adopci\u00f3n, Infancia y Familias: retos compartidos. Jornada en homenaje a la Profesora Dra. Beatriz Triana P\u00e9rez - ULL - Agenda\" \/>\n<meta property=\"og:description\" content=\"La C\u00e1tedra Institucional Infancia y Adolescencia organiza esta jornada en homenaje a la Profesora Dra. Beatriz Triana P\u00e9rez, que se celebrar\u00e1 en el Sal\u00f3n de Actos de la Facultad de Ciencias Sociales y de la Comunicaci\u00f3n el 27 de febrero de 2026, en horario de 15:15 a 20:00 horas. Objetivos: \u25cf Favorecer la reflexi\u00f3n interdisciplinar...\" \/>\n<meta property=\"og:url\" content=\"https:\/\/www.ull.es\/portal\/agenda\/evento\/adopcion-infancia-y-familias-retos-compartidos-jornada-en-homenaje-a-la-profesora-dra-beatriz-triana-perez\/\" \/>\n<meta property=\"og:site_name\" content=\"ULL - Agenda\" \/>\n<meta property=\"article:modified_time\" content=\"2026-02-27T10:42:29+00:00\" \/>\n<meta property=\"og:image\" content=\"https:\/\/www.ull.es\/portal\/agenda\/wp-content\/uploads\/sites\/12\/2026\/01\/BannerInfancia.jpg\" \/>\n\t<meta property=\"og:image:width\" content=\"750\" \/>\n\t<meta property=\"og:image:height\" content=\"370\" \/>\n\t<meta property=\"og:image:type\" content=\"image\/jpeg\" \/>\n<meta name=\"twitter:card\" content=\"summary_large_image\" \/>\n<meta name=\"twitter:label1\" content=\"Tiempo de lectura\" \/>\n\t<meta name=\"twitter:data1\" content=\"2 minutos\" \/>\n<script type=\"application\/ld+json\" class=\"yoast-schema-graph\">{\"@context\":\"https:\/\/schema.org\",\"@graph\":[{\"@type\":\"WebPage\",\"@id\":\"https:\/\/www.ull.es\/portal\/agenda\/evento\/adopcion-infancia-y-familias-retos-compartidos-jornada-en-homenaje-a-la-profesora-dra-beatriz-triana-perez\/\",\"url\":\"https:\/\/www.ull.es\/portal\/agenda\/evento\/adopcion-infancia-y-familias-retos-compartidos-jornada-en-homenaje-a-la-profesora-dra-beatriz-triana-perez\/\",\"name\":\"Adopci\u00f3n, Infancia y Familias: retos compartidos. Jornada en homenaje a la Profesora Dra. Beatriz Triana P\u00e9rez - ULL - Agenda\",\"isPartOf\":{\"@id\":\"https:\/\/www.ull.es\/portal\/agenda\/#website\"},\"datePublished\":\"2026-01-20T10:07:19+00:00\",\"dateModified\":\"2026-02-27T10:42:29+00:00\",\"breadcrumb\":{\"@id\":\"https:\/\/www.ull.es\/portal\/agenda\/evento\/adopcion-infancia-y-familias-retos-compartidos-jornada-en-homenaje-a-la-profesora-dra-beatriz-triana-perez\/#breadcrumb\"},\"inLanguage\":\"es\",\"potentialAction\":[{\"@type\":\"ReadAction\",\"target\":[\"https:\/\/www.ull.es\/portal\/agenda\/evento\/adopcion-infancia-y-familias-retos-compartidos-jornada-en-homenaje-a-la-profesora-dra-beatriz-triana-perez\/\"]}]},{\"@type\":\"BreadcrumbList\",\"@id\":\"https:\/\/www.ull.es\/portal\/agenda\/evento\/adopcion-infancia-y-familias-retos-compartidos-jornada-en-homenaje-a-la-profesora-dra-beatriz-triana-perez\/#breadcrumb\",\"itemListElement\":[{\"@type\":\"ListItem\",\"position\":1,\"name\":\"Portada\",\"item\":\"https:\/\/www.ull.es\/portal\/agenda\/\"},{\"@type\":\"ListItem\",\"position\":2,\"name\":\"Adopci\u00f3n, Infancia y Familias: retos compartidos. Jornada en homenaje a la Profesora Dra. Beatriz Triana P\u00e9rez\"}]},{\"@type\":\"WebSite\",\"@id\":\"https:\/\/www.ull.es\/portal\/agenda\/#website\",\"url\":\"https:\/\/www.ull.es\/portal\/agenda\/\",\"name\":\"ULL - Agenda\",\"description\":\"\",\"potentialAction\":[{\"@type\":\"SearchAction\",\"target\":{\"@type\":\"EntryPoint\",\"urlTemplate\":\"https:\/\/www.ull.es\/portal\/agenda\/?s={search_term_string}\"},\"query-input\":\"required name=search_term_string\"}],\"inLanguage\":\"es\"}]}<\/script>\n<!-- \/ Yoast SEO plugin. -->","yoast_head_json":{"title":"Adopci\u00f3n, Infancia y Familias: retos compartidos. Jornada en homenaje a la Profesora Dra. Beatriz Triana P\u00e9rez - ULL - Agenda","robots":{"index":"index","follow":"follow","max-snippet":"max-snippet:-1","max-image-preview":"max-image-preview:large","max-video-preview":"max-video-preview:-1"},"canonical":"https:\/\/www.ull.es\/portal\/agenda\/evento\/adopcion-infancia-y-familias-retos-compartidos-jornada-en-homenaje-a-la-profesora-dra-beatriz-triana-perez\/","og_locale":"es_ES","og_type":"article","og_title":"Adopci\u00f3n, Infancia y Familias: retos compartidos. Jornada en homenaje a la Profesora Dra. Beatriz Triana P\u00e9rez - ULL - Agenda","og_description":"La C\u00e1tedra Institucional Infancia y Adolescencia organiza esta jornada en homenaje a la Profesora Dra. Beatriz Triana P\u00e9rez, que se celebrar\u00e1 en el Sal\u00f3n de Actos de la Facultad de Ciencias Sociales y de la Comunicaci\u00f3n el 27 de febrero de 2026, en horario de 15:15 a 20:00 horas. Objetivos: \u25cf Favorecer la reflexi\u00f3n interdisciplinar...","og_url":"https:\/\/www.ull.es\/portal\/agenda\/evento\/adopcion-infancia-y-familias-retos-compartidos-jornada-en-homenaje-a-la-profesora-dra-beatriz-triana-perez\/","og_site_name":"ULL - Agenda","article_modified_time":"2026-02-27T10:42:29+00:00","og_image":[{"width":750,"height":370,"url":"https:\/\/www.ull.es\/portal\/agenda\/wp-content\/uploads\/sites\/12\/2026\/01\/BannerInfancia.jpg","type":"image\/jpeg"}],"twitter_card":"summary_large_image","twitter_misc":{"Tiempo de lectura":"2 minutos"},"schema":{"@context":"https:\/\/schema.org","@graph":[{"@type":"WebPage","@id":"https:\/\/www.ull.es\/portal\/agenda\/evento\/adopcion-infancia-y-familias-retos-compartidos-jornada-en-homenaje-a-la-profesora-dra-beatriz-triana-perez\/","url":"https:\/\/www.ull.es\/portal\/agenda\/evento\/adopcion-infancia-y-familias-retos-compartidos-jornada-en-homenaje-a-la-profesora-dra-beatriz-triana-perez\/","name":"Adopci\u00f3n, Infancia y Familias: retos compartidos. Jornada en homenaje a la Profesora Dra. Beatriz Triana P\u00e9rez - ULL - Agenda","isPartOf":{"@id":"https:\/\/www.ull.es\/portal\/agenda\/#website"},"datePublished":"2026-01-20T10:07:19+00:00","dateModified":"2026-02-27T10:42:29+00:00","breadcrumb":{"@id":"https:\/\/www.ull.es\/portal\/agenda\/evento\/adopcion-infancia-y-familias-retos-compartidos-jornada-en-homenaje-a-la-profesora-dra-beatriz-triana-perez\/#breadcrumb"},"inLanguage":"es","potentialAction":[{"@type":"ReadAction","target":["https:\/\/www.ull.es\/portal\/agenda\/evento\/adopcion-infancia-y-familias-retos-compartidos-jornada-en-homenaje-a-la-profesora-dra-beatriz-triana-perez\/"]}]},{"@type":"BreadcrumbList","@id":"https:\/\/www.ull.es\/portal\/agenda\/evento\/adopcion-infancia-y-familias-retos-compartidos-jornada-en-homenaje-a-la-profesora-dra-beatriz-triana-perez\/#breadcrumb","itemListElement":[{"@type":"ListItem","position":1,"name":"Portada","item":"https:\/\/www.ull.es\/portal\/agenda\/"},{"@type":"ListItem","position":2,"name":"Adopci\u00f3n, Infancia y Familias: retos compartidos. Jornada en homenaje a la Profesora Dra. Beatriz Triana P\u00e9rez"}]},{"@type":"WebSite","@id":"https:\/\/www.ull.es\/portal\/agenda\/#website","url":"https:\/\/www.ull.es\/portal\/agenda\/","name":"ULL - Agenda","description":"","potentialAction":[{"@type":"SearchAction","target":{"@type":"EntryPoint","urlTemplate":"https:\/\/www.ull.es\/portal\/agenda\/?s={search_term_string}"},"query-input":"required name=search_term_string"}],"inLanguage":"es"}]}},"_links":{"self":[{"href":"https:\/\/www.ull.es\/portal\/agenda\/wp-json\/wp\/v2\/tribe_events\/46144"}],"collection":[{"href":"https:\/\/www.ull.es\/portal\/agenda\/wp-json\/wp\/v2\/tribe_events"}],"about":[{"href":"https:\/\/www.ull.es\/portal\/agenda\/wp-json\/wp\/v2\/types\/tribe_events"}],"author":[{"embeddable":true,"href":"https:\/\/www.ull.es\/portal\/agenda\/wp-json\/wp\/v2\/users\/43"}],"replies":[{"embeddable":true,"href":"https:\/\/www.ull.es\/portal\/agenda\/wp-json\/wp\/v2\/comments?post=46144"}],"version-history":[{"count":3,"href":"https:\/\/www.ull.es\/portal\/agenda\/wp-json\/wp\/v2\/tribe_events\/46144\/revisions"}],"predecessor-version":[{"id":46644,"href":"https:\/\/www.ull.es\/portal\/agenda\/wp-json\/wp\/v2\/tribe_events\/46144\/revisions\/46644"}],"wp:featuredmedia":[{"embeddable":true,"href":"https:\/\/www.ull.es\/portal\/agenda\/wp-json\/wp\/v2\/media\/46145"}],"wp:attachment":[{"href":"https:\/\/www.ull.es\/portal\/agenda\/wp-json\/wp\/v2\/media?parent=46144"}],"wp:term":[{"taxonomy":"post_tag","embeddable":true,"href":"https:\/\/www.ull.es\/portal\/agenda\/wp-json\/wp\/v2\/tags?post=46144"},{"taxonomy":"tribe_events_cat","embeddable":true,"href":"https:\/\/www.ull.es\/portal\/agenda\/wp-json\/wp\/v2\/tribe_events_cat?post=46144"}],"curies":[{"name":"wp","href":"https:\/\/api.w.org\/{rel}","templated":true}]}}

Adopción, Infancia y Familias: retos compartidos. Jornada en homenaje a la Profesora Dra. Beatriz Triana Pérez

<p>La Cátedra Institucional Infancia y Adolescencia organiza esta jornada en homenaje a la Profesora Dra. Beatriz Triana Pérez, que se celebrará en el Salón de Actos de la Facultad de Ciencias Sociales y de la Comunicación el 27 de febrero de 2026, en horario de 15:15 a 20:00 horas.</p>
<p>Objetivos:<br />
● Favorecer la reflexión interdisciplinar sobre la adopción como institución jurídica, familiar y social.<br />
● Analizar los retos actuales de la adopción en España y en el ámbito internacional, incluyendo la protección del interés superior de la persona menor de edad.<br />
● Promover la sensibilización social acerca de la adopción como medida de protección de la infancia.<br />
● Generar un espacio de encuentro entre personas expertas y familias adoptivas, fomentando el intercambio de experiencias y buenas prácticas.</p>
<p>La jornada está dirigida al alumnado y profesorado universitario, profesionales con interés, familias adoptivas, así como personas que se ofrecen a la adopción.</p>
<p>Dirección académica: Sonia Plasencia Carrillo. Profesora Ayudante Doctora de Psicología Evolutiva y de la Educación de la Universidad de La Laguna.</p>
<p>CERTIFICADO DE ASISTENCIA: La Universidad de La Laguna, a través del Vicerrectorado de Cultura y Extensión Universitaria, emitirá un certificado de asistencia a todas aquellas personas que participen, previa inscripción en la actividad.</p>
<p>Asistencia gratuita previa inscripción. <a href="https://sede.fg.ull.es/es/curso/detalle?code=a26020039&amp;name=adopcion-infancia-y-familias-retos-compartidos-jornada-en-homenaje-a-la-profesora-dra-beatriz-triana-perez&amp;query=%3Fcode%3DA26020039" target="_blank" rel="noopener" target="_blank" rel="noopener"><strong><u>Inscríbete aquí.</u></strong></a></p>
<p><span style="color: #ff0000"><strong>¡PLAZAS AGOTADAS!</strong></span></p>
<p><strong>Contacto: </strong><a href="mailto:extuni@ull.edu.es" target="_blank" rel="noopener" target="_blank" rel="noopener"><strong>extuni@ull.es</strong></a></p>
<p>Con la participación de los grupos de investigación “Familia y desarrollo humano”, «Protección Infantil» y “Derecho, persona y familia”.</p>
<p>Colaboran: Facultad de Psicología de la Universidad de La Laguna y Dirección General de Protección a la Infancia y las Familias del Gobierno de Canarias.</p>

<p>La Cátedra Institucional Infancia y Adolescencia organiza esta jornada en homenaje a la Profesora Dra. Beatriz Triana Pérez, que se celebrará en el Salón de Actos de la Facultad de Ciencias Sociales y de la Comunicación el 27 de febrero de 2026, en horario de 15:15 a 20:00 horas. Objetivos: ● Favorecer la reflexión interdisciplinar&#8230;</p>

<!-- This site is optimized with the Yoast SEO plugin v21.3 - https://yoast.com/wordpress/plugins/seo/ -->
<title>Adopción, Infancia y Familias: retos compartidos. Jornada en homenaje a la Profesora Dra. Beatriz Triana Pérez - ULL - Agenda</title>
<meta name="robots" content="index, follow, max-snippet:-1, max-image-preview:large, max-video-preview:-1" />
<link rel="canonical" href="https://www.ull.es/portal/agenda/evento/adopcion-infancia-y-familias-retos-compartidos-jornada-en-homenaje-a-la-profesora-dra-beatriz-triana-perez/" />
<meta property="og:locale" content="es_ES" />
<meta property="og:type" content="article" />
<meta property="og:title" content="Adopción, Infancia y Familias: retos compartidos. Jornada en homenaje a la Profesora Dra. Beatriz Triana Pérez - ULL - Agenda" />
<meta property="og:description" content="La Cátedra Institucional Infancia y Adolescencia organiza esta jornada en homenaje a la Profesora Dra. Beatriz Triana Pérez, que se celebrará en el Salón de Actos de la Facultad de Ciencias Sociales y de la Comunicación el 27 de febrero de 2026, en horario de 15:15 a 20:00 horas. Objetivos: ● Favorecer la reflexión interdisciplinar..." />
<meta property="og:url" content="https://www.ull.es/portal/agenda/evento/adopcion-infancia-y-familias-retos-compartidos-jornada-en-homenaje-a-la-profesora-dra-beatriz-triana-perez/" />
<meta property="og:site_name" content="ULL - Agenda" />
<meta property="article:modified_time" content="2026-02-27T10:42:29+00:00" />
<meta property="og:image" content="https://www.ull.es/portal/agenda/wp-content/uploads/sites/12/2026/01/BannerInfancia.jpg" />
	<meta property="og:image:width" content="750" />
	<meta property="og:image:height" content="370" />
	<meta property="og:image:type" content="image/jpeg" />
<meta name="twitter:card" content="summary_large_image" />
<meta name="twitter:label1" content="Tiempo de lectura" />
	<meta name="twitter:data1" content="2 minutos" />
<script type="application/ld+json" class="yoast-schema-graph">{"@context":"https://schema.org","@graph":[{"@type":"WebPage","@id":"https://www.ull.es/portal/agenda/evento/adopcion-infancia-y-familias-retos-compartidos-jornada-en-homenaje-a-la-profesora-dra-beatriz-triana-perez/","url":"https://www.ull.es/portal/agenda/evento/adopcion-infancia-y-familias-retos-compartidos-jornada-en-homenaje-a-la-profesora-dra-beatriz-triana-perez/","name":"Adopción, Infancia y Familias: retos compartidos. Jornada en homenaje a la Profesora Dra. Beatriz Triana Pérez - ULL - Agenda","isPartOf":{"@id":"https://www.ull.es/portal/agenda/#website"},"datePublished":"2026-01-20T10:07:19+00:00","dateModified":"2026-02-27T10:42:29+00:00","breadcrumb":{"@id":"https://www.ull.es/portal/agenda/evento/adopcion-infancia-y-familias-retos-compartidos-jornada-en-homenaje-a-la-profesora-dra-beatriz-triana-perez/#breadcrumb"},"inLanguage":"es","potentialAction":[{"@type":"ReadAction","target":["https://www.ull.es/portal/agenda/evento/adopcion-infancia-y-familias-retos-compartidos-jornada-en-homenaje-a-la-profesora-dra-beatriz-triana-perez/"]}]},{"@type":"BreadcrumbList","@id":"https://www.ull.es/portal/agenda/evento/adopcion-infancia-y-familias-retos-compartidos-jornada-en-homenaje-a-la-profesora-dra-beatriz-triana-perez/#breadcrumb","itemListElement":[{"@type":"ListItem","position":1,"name":"Portada","item":"https://www.ull.es/portal/agenda/"},{"@type":"ListItem","position":2,"name":"Adopción, Infancia y Familias: retos compartidos. Jornada en homenaje a la Profesora Dra. Beatriz Triana Pérez"}]},{"@type":"WebSite","@id":"https://www.ull.es/portal/agenda/#website","url":"https://www.ull.es/portal/agenda/","name":"ULL - Agenda","description":"","potentialAction":[{"@type":"SearchAction","target":{"@type":"EntryPoint","urlTemplate":"https://www.ull.es/portal/agenda/?s={search_term_string}"},"query-input":"required name=search_term_string"}],"inLanguage":"es"}]}</script>
<!-- / Yoast SEO plugin. -->

Adopción, Infancia y Familias: retos compartidos. Jornada en homenaje a la Profesora Dra. Beatriz Triana Pérez - ULL - Agenda

La Cátedra Institucional Infancia y Adolescencia organiza esta jornada en homenaje a la Profesora Dra. Beatriz Triana Pérez, que se celebrará en el Salón de Actos de la Facultad de Ciencias Sociales y de la Comunicación el 27 de febrero de 2026, en horario de 15:15 a 20:00 horas. Objetivos: ● Favorecer la reflexión interdisciplinar...
