{"id":46154,"date":"2026-01-20T12:03:28","date_gmt":"2026-01-20T12:03:28","guid":{"rendered":"https:\/\/www.ull.es\/portal\/agenda\/?post_type=tribe_events&#038;p=46154"},"modified":"2026-01-20T12:03:28","modified_gmt":"2026-01-20T12:03:28","slug":"seminario-democracy-under-pressure-democratic-backsliding-and-the-rule-of-law-in-todays-europe","status":"publish","type":"tribe_events","link":"https:\/\/www.ull.es\/portal\/agenda\/evento\/seminario-democracy-under-pressure-democratic-backsliding-and-the-rule-of-law-in-todays-europe\/","title":{"rendered":"Seminario \u00abDemocracy Under Pressure: Democratic Backsliding and the Rule of Law in Today\u2019s Europe\u00bb"},"content":{"rendered":"<p>La\u00a0 C\u00e1tedra Cultural \u00abFrancisco Tom\u00e1s y Valiente\u00bb y la Facultad de Derecho organizan este seminario que se celebrar\u00e1 en la Sala de Juntas de la citada Facultad el 28 de enero de 2026 de 12:30 a 14:30 horas.<\/p>\n<p>El seminario examina el retroceso democr\u00e1tico en la Uni\u00f3n Europea a trav\u00e9s de un an\u00e1lisis de la crisis del Estado de Derecho en Polonia y Hungr\u00eda. Se centra en c\u00f3mo gradualmente, los cambios institucionales, especialmente en el poder judicial, los tribunales constitucionales, la regulaci\u00f3n de los medios de comunicaci\u00f3n y la gesti\u00f3n de la migraci\u00f3n, han socavado las salvaguardias democr\u00e1ticas b\u00e1sicas, al tiempo que se mantienen formalmente dentro del lenguaje de la ley.<\/p>\n<p>El seminario explora la respuesta de la UE al retroceso democr\u00e1tico, con especial atenci\u00f3n al art\u00edculo 7 del Tratado de la Uni\u00f3n Europea. Eval\u00faa cr\u00edticamente ambos las etapas del procedimiento, sus limitaciones pol\u00edticas y su limitada eficacia, tomando las lecciones extra\u00eddas de la iniciaci\u00f3n y eventual conclusi\u00f3n del procedimiento contra Polonia en 2024, en contraste con el caso prolongado y sin resolver de Hungr\u00eda. Decisiones clave del Tribunal de Justicia de la Uni\u00f3n Europea sobre la independencia judicial,<\/p>\n<p>Se examinan tambi\u00e9n los reg\u00edmenes disciplinarios de los jueces y la primac\u00eda del Derecho comunitario.<\/p>\n<p>Se analizan los estados de emergencia, las restricciones a los periodistas, los retrocesos y la reciente suspensi\u00f3n de los derechos de asilo, lo que pone de relieve las tensiones entre las narrativas de seguridad nacional y constitucionales, europeas e internacionales<\/p>\n<p>Combinando el an\u00e1lisis jur\u00eddico con el contexto pol\u00edtico, el seminario invita a los reflexionar sobre los l\u00edmites de los mecanismos de aplicaci\u00f3n de la UE y considerar si la Uni\u00f3n puede proteger eficazmente la democracia y el Estado de Derecho en una era de superposici\u00f3n de las crisis constitucionales, migratorias y geopol\u00edticas.<\/p>\n<p>Direcci\u00f3n acad\u00e9mica: Luis Javier Capote P\u00e9rez. Profesor Contratado Doctor de Derecho Civil de la Universidad de La Laguna.<\/p>\n<p>CERTIFICADO DE ASISTENCIA: La Universidad de La Laguna, a trav\u00e9s del Vicerrectorado de Cultura y Extensi\u00f3n Universitaria, emitir\u00e1 un certificado de asistencia a todas aquellas personas que participen, previa inscripci\u00f3n en la actividad.<\/p>\n<p>Asistencia gratuita previa inscripci\u00f3n.\u00a0<a href=\"https:\/\/sede.fg.ull.es\/es\/curso\/detalle?code=a26020041&amp;name=seminario-democracy-under-pressure-democratic-backsliding-and-the-rule-of-law-in-today-s-europe&amp;query=%3Fcode%3DA26020041\" target=\"_blank\" rel=\"noopener\" target=\"_blank\" rel=\"noopener\"><strong>Consulta el programa e inscr\u00edbete aqu\u00ed.<\/strong><\/a><\/p>\n<p><strong>Contacto:\u00a0<\/strong><a href=\"mailto:extuni@ull.edu.es\" target=\"_blank\" rel=\"noopener\" target=\"_blank\" rel=\"noopener\"><strong>extuni@ull.es<\/strong><\/a><\/p>\n<p>Colabora: Aula Cultural \u00abRadio Campus\u00bb.<\/p>\n","protected":false},"excerpt":{"rendered":"<p>La\u00a0 C\u00e1tedra Cultural \u00abFrancisco Tom\u00e1s y Valiente\u00bb y la Facultad de Derecho organizan este seminario que se celebrar\u00e1 en la Sala de Juntas de la citada Facultad el 28 de enero de 2026 de 12:30 a 14:30 horas. El seminario examina el retroceso democr\u00e1tico en la Uni\u00f3n Europea a trav\u00e9s de un an\u00e1lisis de la&#8230;<\/p>\n","protected":false},"author":43,"featured_media":46155,"comment_status":"closed","ping_status":"closed","template":"","tags":[4259,977,3812,3751],"tribe_events_cat":[472,471,4,865,186],"acf":[],"yoast_head":"<!-- This site is optimized with the Yoast SEO plugin v21.3 - https:\/\/yoast.com\/wordpress\/plugins\/seo\/ -->\n<title>Seminario \u00abDemocracy Under Pressure: Democratic Backsliding and the Rule of Law in Today\u2019s Europe\u00bb - ULL - Agenda<\/title>\n<meta name=\"robots\" content=\"index, follow, max-snippet:-1, max-image-preview:large, max-video-preview:-1\" \/>\n<link rel=\"canonical\" href=\"https:\/\/www.ull.es\/portal\/agenda\/evento\/seminario-democracy-under-pressure-democratic-backsliding-and-the-rule-of-law-in-todays-europe\/\" \/>\n<meta property=\"og:locale\" content=\"es_ES\" \/>\n<meta property=\"og:type\" content=\"article\" \/>\n<meta property=\"og:title\" content=\"Seminario \u00abDemocracy Under Pressure: Democratic Backsliding and the Rule of Law in Today\u2019s Europe\u00bb - ULL - Agenda\" \/>\n<meta property=\"og:description\" content=\"La\u00a0 C\u00e1tedra Cultural \u00abFrancisco Tom\u00e1s y Valiente\u00bb y la Facultad de Derecho organizan este seminario que se celebrar\u00e1 en la Sala de Juntas de la citada Facultad el 28 de enero de 2026 de 12:30 a 14:30 horas. El seminario examina el retroceso democr\u00e1tico en la Uni\u00f3n Europea a trav\u00e9s de un an\u00e1lisis de la...\" \/>\n<meta property=\"og:url\" content=\"https:\/\/www.ull.es\/portal\/agenda\/evento\/seminario-democracy-under-pressure-democratic-backsliding-and-the-rule-of-law-in-todays-europe\/\" \/>\n<meta property=\"og:site_name\" content=\"ULL - Agenda\" \/>\n<meta property=\"og:image\" content=\"https:\/\/www.ull.es\/portal\/agenda\/wp-content\/uploads\/sites\/12\/2026\/01\/2-1.png\" \/>\n\t<meta property=\"og:image:width\" content=\"750\" \/>\n\t<meta property=\"og:image:height\" content=\"370\" \/>\n\t<meta property=\"og:image:type\" content=\"image\/png\" \/>\n<meta name=\"twitter:card\" content=\"summary_large_image\" \/>\n<meta name=\"twitter:label1\" content=\"Tiempo de lectura\" \/>\n\t<meta name=\"twitter:data1\" content=\"2 minutos\" \/>\n<script type=\"application\/ld+json\" class=\"yoast-schema-graph\">{\"@context\":\"https:\/\/schema.org\",\"@graph\":[{\"@type\":\"WebPage\",\"@id\":\"https:\/\/www.ull.es\/portal\/agenda\/evento\/seminario-democracy-under-pressure-democratic-backsliding-and-the-rule-of-law-in-todays-europe\/\",\"url\":\"https:\/\/www.ull.es\/portal\/agenda\/evento\/seminario-democracy-under-pressure-democratic-backsliding-and-the-rule-of-law-in-todays-europe\/\",\"name\":\"Seminario \u00abDemocracy Under Pressure: Democratic Backsliding and the Rule of Law in Today\u2019s Europe\u00bb - ULL - Agenda\",\"isPartOf\":{\"@id\":\"https:\/\/www.ull.es\/portal\/agenda\/#website\"},\"datePublished\":\"2026-01-20T12:03:28+00:00\",\"dateModified\":\"2026-01-20T12:03:28+00:00\",\"breadcrumb\":{\"@id\":\"https:\/\/www.ull.es\/portal\/agenda\/evento\/seminario-democracy-under-pressure-democratic-backsliding-and-the-rule-of-law-in-todays-europe\/#breadcrumb\"},\"inLanguage\":\"es\",\"potentialAction\":[{\"@type\":\"ReadAction\",\"target\":[\"https:\/\/www.ull.es\/portal\/agenda\/evento\/seminario-democracy-under-pressure-democratic-backsliding-and-the-rule-of-law-in-todays-europe\/\"]}]},{\"@type\":\"BreadcrumbList\",\"@id\":\"https:\/\/www.ull.es\/portal\/agenda\/evento\/seminario-democracy-under-pressure-democratic-backsliding-and-the-rule-of-law-in-todays-europe\/#breadcrumb\",\"itemListElement\":[{\"@type\":\"ListItem\",\"position\":1,\"name\":\"Portada\",\"item\":\"https:\/\/www.ull.es\/portal\/agenda\/\"},{\"@type\":\"ListItem\",\"position\":2,\"name\":\"Seminario \u00abDemocracy Under Pressure: Democratic Backsliding and the Rule of Law in Today\u2019s Europe\u00bb\"}]},{\"@type\":\"WebSite\",\"@id\":\"https:\/\/www.ull.es\/portal\/agenda\/#website\",\"url\":\"https:\/\/www.ull.es\/portal\/agenda\/\",\"name\":\"ULL - Agenda\",\"description\":\"\",\"potentialAction\":[{\"@type\":\"SearchAction\",\"target\":{\"@type\":\"EntryPoint\",\"urlTemplate\":\"https:\/\/www.ull.es\/portal\/agenda\/?s={search_term_string}\"},\"query-input\":\"required name=search_term_string\"}],\"inLanguage\":\"es\"}]}<\/script>\n<!-- \/ Yoast SEO plugin. -->","yoast_head_json":{"title":"Seminario \u00abDemocracy Under Pressure: Democratic Backsliding and the Rule of Law in Today\u2019s Europe\u00bb - ULL - Agenda","robots":{"index":"index","follow":"follow","max-snippet":"max-snippet:-1","max-image-preview":"max-image-preview:large","max-video-preview":"max-video-preview:-1"},"canonical":"https:\/\/www.ull.es\/portal\/agenda\/evento\/seminario-democracy-under-pressure-democratic-backsliding-and-the-rule-of-law-in-todays-europe\/","og_locale":"es_ES","og_type":"article","og_title":"Seminario \u00abDemocracy Under Pressure: Democratic Backsliding and the Rule of Law in Today\u2019s Europe\u00bb - ULL - Agenda","og_description":"La\u00a0 C\u00e1tedra Cultural \u00abFrancisco Tom\u00e1s y Valiente\u00bb y la Facultad de Derecho organizan este seminario que se celebrar\u00e1 en la Sala de Juntas de la citada Facultad el 28 de enero de 2026 de 12:30 a 14:30 horas. El seminario examina el retroceso democr\u00e1tico en la Uni\u00f3n Europea a trav\u00e9s de un an\u00e1lisis de la...","og_url":"https:\/\/www.ull.es\/portal\/agenda\/evento\/seminario-democracy-under-pressure-democratic-backsliding-and-the-rule-of-law-in-todays-europe\/","og_site_name":"ULL - Agenda","og_image":[{"width":750,"height":370,"url":"https:\/\/www.ull.es\/portal\/agenda\/wp-content\/uploads\/sites\/12\/2026\/01\/2-1.png","type":"image\/png"}],"twitter_card":"summary_large_image","twitter_misc":{"Tiempo de lectura":"2 minutos"},"schema":{"@context":"https:\/\/schema.org","@graph":[{"@type":"WebPage","@id":"https:\/\/www.ull.es\/portal\/agenda\/evento\/seminario-democracy-under-pressure-democratic-backsliding-and-the-rule-of-law-in-todays-europe\/","url":"https:\/\/www.ull.es\/portal\/agenda\/evento\/seminario-democracy-under-pressure-democratic-backsliding-and-the-rule-of-law-in-todays-europe\/","name":"Seminario \u00abDemocracy Under Pressure: Democratic Backsliding and the Rule of Law in Today\u2019s Europe\u00bb - ULL - Agenda","isPartOf":{"@id":"https:\/\/www.ull.es\/portal\/agenda\/#website"},"datePublished":"2026-01-20T12:03:28+00:00","dateModified":"2026-01-20T12:03:28+00:00","breadcrumb":{"@id":"https:\/\/www.ull.es\/portal\/agenda\/evento\/seminario-democracy-under-pressure-democratic-backsliding-and-the-rule-of-law-in-todays-europe\/#breadcrumb"},"inLanguage":"es","potentialAction":[{"@type":"ReadAction","target":["https:\/\/www.ull.es\/portal\/agenda\/evento\/seminario-democracy-under-pressure-democratic-backsliding-and-the-rule-of-law-in-todays-europe\/"]}]},{"@type":"BreadcrumbList","@id":"https:\/\/www.ull.es\/portal\/agenda\/evento\/seminario-democracy-under-pressure-democratic-backsliding-and-the-rule-of-law-in-todays-europe\/#breadcrumb","itemListElement":[{"@type":"ListItem","position":1,"name":"Portada","item":"https:\/\/www.ull.es\/portal\/agenda\/"},{"@type":"ListItem","position":2,"name":"Seminario \u00abDemocracy Under Pressure: Democratic Backsliding and the Rule of Law in Today\u2019s Europe\u00bb"}]},{"@type":"WebSite","@id":"https:\/\/www.ull.es\/portal\/agenda\/#website","url":"https:\/\/www.ull.es\/portal\/agenda\/","name":"ULL - Agenda","description":"","potentialAction":[{"@type":"SearchAction","target":{"@type":"EntryPoint","urlTemplate":"https:\/\/www.ull.es\/portal\/agenda\/?s={search_term_string}"},"query-input":"required name=search_term_string"}],"inLanguage":"es"}]}},"_links":{"self":[{"href":"https:\/\/www.ull.es\/portal\/agenda\/wp-json\/wp\/v2\/tribe_events\/46154"}],"collection":[{"href":"https:\/\/www.ull.es\/portal\/agenda\/wp-json\/wp\/v2\/tribe_events"}],"about":[{"href":"https:\/\/www.ull.es\/portal\/agenda\/wp-json\/wp\/v2\/types\/tribe_events"}],"author":[{"embeddable":true,"href":"https:\/\/www.ull.es\/portal\/agenda\/wp-json\/wp\/v2\/users\/43"}],"replies":[{"embeddable":true,"href":"https:\/\/www.ull.es\/portal\/agenda\/wp-json\/wp\/v2\/comments?post=46154"}],"version-history":[{"count":1,"href":"https:\/\/www.ull.es\/portal\/agenda\/wp-json\/wp\/v2\/tribe_events\/46154\/revisions"}],"predecessor-version":[{"id":46156,"href":"https:\/\/www.ull.es\/portal\/agenda\/wp-json\/wp\/v2\/tribe_events\/46154\/revisions\/46156"}],"wp:featuredmedia":[{"embeddable":true,"href":"https:\/\/www.ull.es\/portal\/agenda\/wp-json\/wp\/v2\/media\/46155"}],"wp:attachment":[{"href":"https:\/\/www.ull.es\/portal\/agenda\/wp-json\/wp\/v2\/media?parent=46154"}],"wp:term":[{"taxonomy":"post_tag","embeddable":true,"href":"https:\/\/www.ull.es\/portal\/agenda\/wp-json\/wp\/v2\/tags?post=46154"},{"taxonomy":"tribe_events_cat","embeddable":true,"href":"https:\/\/www.ull.es\/portal\/agenda\/wp-json\/wp\/v2\/tribe_events_cat?post=46154"}],"curies":[{"name":"wp","href":"https:\/\/api.w.org\/{rel}","templated":true}]}}

<p>La  Cátedra Cultural «Francisco Tomás y Valiente» y la Facultad de Derecho organizan este seminario que se celebrará en la Sala de Juntas de la citada Facultad el 28 de enero de 2026 de 12:30 a 14:30 horas.</p>
<p>El seminario examina el retroceso democrático en la Unión Europea a través de un análisis de la crisis del Estado de Derecho en Polonia y Hungría. Se centra en cómo gradualmente, los cambios institucionales, especialmente en el poder judicial, los tribunales constitucionales, la regulación de los medios de comunicación y la gestión de la migración, han socavado las salvaguardias democráticas básicas, al tiempo que se mantienen formalmente dentro del lenguaje de la ley.</p>
<p>El seminario explora la respuesta de la UE al retroceso democrático, con especial atención al artículo 7 del Tratado de la Unión Europea. Evalúa críticamente ambos las etapas del procedimiento, sus limitaciones políticas y su limitada eficacia, tomando las lecciones extraídas de la iniciación y eventual conclusión del procedimiento contra Polonia en 2024, en contraste con el caso prolongado y sin resolver de Hungría. Decisiones clave del Tribunal de Justicia de la Unión Europea sobre la independencia judicial,</p>
<p>Se examinan también los regímenes disciplinarios de los jueces y la primacía del Derecho comunitario.</p>
<p>Se analizan los estados de emergencia, las restricciones a los periodistas, los retrocesos y la reciente suspensión de los derechos de asilo, lo que pone de relieve las tensiones entre las narrativas de seguridad nacional y constitucionales, europeas e internacionales</p>
<p>Combinando el análisis jurídico con el contexto político, el seminario invita a los reflexionar sobre los límites de los mecanismos de aplicación de la UE y considerar si la Unión puede proteger eficazmente la democracia y el Estado de Derecho en una era de superposición de las crisis constitucionales, migratorias y geopolíticas.</p>
<p>Dirección académica: Luis Javier Capote Pérez. Profesor Contratado Doctor de Derecho Civil de la Universidad de La Laguna.</p>
<p>CERTIFICADO DE ASISTENCIA: La Universidad de La Laguna, a través del Vicerrectorado de Cultura y Extensión Universitaria, emitirá un certificado de asistencia a todas aquellas personas que participen, previa inscripción en la actividad.</p>
<p>Asistencia gratuita previa inscripción. <a href="https://sede.fg.ull.es/es/curso/detalle?code=a26020041&amp;name=seminario-democracy-under-pressure-democratic-backsliding-and-the-rule-of-law-in-today-s-europe&amp;query=%3Fcode%3DA26020041" target="_blank" rel="noopener" target="_blank" rel="noopener"><strong>Consulta el programa e inscríbete aquí.</strong></a></p>
<p><strong>Contacto: </strong><a href="mailto:extuni@ull.edu.es" target="_blank" rel="noopener" target="_blank" rel="noopener"><strong>extuni@ull.es</strong></a></p>
<p>Colabora: Aula Cultural «Radio Campus».</p>

<p>La  Cátedra Cultural «Francisco Tomás y Valiente» y la Facultad de Derecho organizan este seminario que se celebrará en la Sala de Juntas de la citada Facultad el 28 de enero de 2026 de 12:30 a 14:30 horas. El seminario examina el retroceso democrático en la Unión Europea a través de un análisis de la&#8230;</p>

<!-- This site is optimized with the Yoast SEO plugin v21.3 - https://yoast.com/wordpress/plugins/seo/ -->
<title>Seminario «Democracy Under Pressure: Democratic Backsliding and the Rule of Law in Today’s Europe» - ULL - Agenda</title>
<meta name="robots" content="index, follow, max-snippet:-1, max-image-preview:large, max-video-preview:-1" />
<link rel="canonical" href="https://www.ull.es/portal/agenda/evento/seminario-democracy-under-pressure-democratic-backsliding-and-the-rule-of-law-in-todays-europe/" />
<meta property="og:locale" content="es_ES" />
<meta property="og:type" content="article" />
<meta property="og:title" content="Seminario «Democracy Under Pressure: Democratic Backsliding and the Rule of Law in Today’s Europe» - ULL - Agenda" />
<meta property="og:description" content="La  Cátedra Cultural «Francisco Tomás y Valiente» y la Facultad de Derecho organizan este seminario que se celebrará en la Sala de Juntas de la citada Facultad el 28 de enero de 2026 de 12:30 a 14:30 horas. El seminario examina el retroceso democrático en la Unión Europea a través de un análisis de la..." />
<meta property="og:url" content="https://www.ull.es/portal/agenda/evento/seminario-democracy-under-pressure-democratic-backsliding-and-the-rule-of-law-in-todays-europe/" />
<meta property="og:site_name" content="ULL - Agenda" />
<meta property="og:image" content="https://www.ull.es/portal/agenda/wp-content/uploads/sites/12/2026/01/2-1.png" />
	<meta property="og:image:width" content="750" />
	<meta property="og:image:height" content="370" />
	<meta property="og:image:type" content="image/png" />
<meta name="twitter:card" content="summary_large_image" />
<meta name="twitter:label1" content="Tiempo de lectura" />
	<meta name="twitter:data1" content="2 minutos" />
<script type="application/ld+json" class="yoast-schema-graph">{"@context":"https://schema.org","@graph":[{"@type":"WebPage","@id":"https://www.ull.es/portal/agenda/evento/seminario-democracy-under-pressure-democratic-backsliding-and-the-rule-of-law-in-todays-europe/","url":"https://www.ull.es/portal/agenda/evento/seminario-democracy-under-pressure-democratic-backsliding-and-the-rule-of-law-in-todays-europe/","name":"Seminario «Democracy Under Pressure: Democratic Backsliding and the Rule of Law in Today’s Europe» - ULL - Agenda","isPartOf":{"@id":"https://www.ull.es/portal/agenda/#website"},"datePublished":"2026-01-20T12:03:28+00:00","dateModified":"2026-01-20T12:03:28+00:00","breadcrumb":{"@id":"https://www.ull.es/portal/agenda/evento/seminario-democracy-under-pressure-democratic-backsliding-and-the-rule-of-law-in-todays-europe/#breadcrumb"},"inLanguage":"es","potentialAction":[{"@type":"ReadAction","target":["https://www.ull.es/portal/agenda/evento/seminario-democracy-under-pressure-democratic-backsliding-and-the-rule-of-law-in-todays-europe/"]}]},{"@type":"BreadcrumbList","@id":"https://www.ull.es/portal/agenda/evento/seminario-democracy-under-pressure-democratic-backsliding-and-the-rule-of-law-in-todays-europe/#breadcrumb","itemListElement":[{"@type":"ListItem","position":1,"name":"Portada","item":"https://www.ull.es/portal/agenda/"},{"@type":"ListItem","position":2,"name":"Seminario «Democracy Under Pressure: Democratic Backsliding and the Rule of Law in Today’s Europe»"}]},{"@type":"WebSite","@id":"https://www.ull.es/portal/agenda/#website","url":"https://www.ull.es/portal/agenda/","name":"ULL - Agenda","description":"","potentialAction":[{"@type":"SearchAction","target":{"@type":"EntryPoint","urlTemplate":"https://www.ull.es/portal/agenda/?s={search_term_string}"},"query-input":"required name=search_term_string"}],"inLanguage":"es"}]}</script>
<!-- / Yoast SEO plugin. -->

La  Cátedra Cultural «Francisco Tomás y Valiente» y la Facultad de Derecho organizan este seminario que se celebrará en la Sala de Juntas de la citada Facultad el 28 de enero de 2026 de 12:30 a 14:30 horas. El seminario examina el retroceso democrático en la Unión Europea a través de un análisis de la...
