{"id":46261,"date":"2026-01-27T11:27:05","date_gmt":"2026-01-27T11:27:05","guid":{"rendered":"https:\/\/www.ull.es\/portal\/agenda\/?post_type=tribe_events&#038;p=46261"},"modified":"2026-01-27T11:27:05","modified_gmt":"2026-01-27T11:27:05","slug":"jornada-fem-met-metodologias-feministas-y-justicia-epistemica-investigacion-educacion-y-accion-comunitaria","status":"publish","type":"tribe_events","link":"https:\/\/www.ull.es\/portal\/agenda\/evento\/jornada-fem-met-metodologias-feministas-y-justicia-epistemica-investigacion-educacion-y-accion-comunitaria\/","title":{"rendered":"Jornada FEM-MET. Metodolog\u00edas feministas y justicia epist\u00e9mica: Investigaci\u00f3n, educaci\u00f3n y acci\u00f3n comunitaria"},"content":{"rendered":"<p>FEM-MET. Metodolog\u00edas feministas y justicia epist\u00e9mica es una jornada acad\u00e9mica organizada por el Laboratorio de Innovaci\u00f3n Social de la Universidad de La Laguna (LabINS ULL), en colaboraci\u00f3n con los departamentos de Historia y Filosof\u00eda de la Ciencia, la Educaci\u00f3n y el Lenguaje y de Did\u00e1ctica e Investigaci\u00f3n Educativa de la Universidad de La Laguna.<br \/>\nEl encuentro propone un espacio de reflexi\u00f3n cr\u00edtica sobre c\u00f3mo producimos conocimiento en los \u00e1mbitos de la investigaci\u00f3n, la educaci\u00f3n y la acci\u00f3n comunitaria, desde perspectivas feministas e interseccionales. A lo largo de la jornada se abordar\u00e1n cuestiones clave como el poder en los procesos de investigaci\u00f3n, la reflexividad, la justicia epist\u00e9mica, el uso de datos y la co-producci\u00f3n del conocimiento con comunidades y entidades del tercer sector.<br \/>\nEl programa contar\u00e1 con ponencias de profesorado de la ULL y de la Universit\u00e0 di Bologna, as\u00ed como con un conversatorio con organizaciones sociales, orientado a pensar colectivamente los retos \u00e9ticos y pol\u00edticos de investigar en colaboraci\u00f3n.<\/p>\n<p><strong>Programa<\/strong><\/p>\n<p>9:30 \u2013 10:00 h. Apertura y bienvenida<\/p>\n<ul>\n<li>Esperanza Ceballos Vanas. Investigadora Instituto Universitario de Estudio de las Mujeres, Universidad de La Laguna<\/li>\n<li>M\u00f3nica Dios Rodr\u00edguez. Profesora de la Universidad de La Laguna. Directora LabINS<\/li>\n<\/ul>\n<p>10:00 \u2013 11:30h.Ponencias 1 y 2<\/p>\n<ul>\n<li>Annachiara Del Prete. \u00abDesde d\u00f3nde conocemos. Poder, reflexividad y justicia epist\u00e9mica en la investigaci\u00f3n feminista\u00bb<\/li>\n<li>Elia Arfini. \u00abHacer la otra pregunta. La interseccionalidad como metodolog\u00eda feminista\u00bb<\/li>\n<\/ul>\n<p>11:30 \u2013 12:00 h. Pausa caf\u00e9<\/p>\n<p>12:00 \u2013 12:45 h. Ponencia 3<\/p>\n<ul>\n<li>Francesca Tosi. Lo que se mide es lo que cuenta. Datos, poder y perspectivas feministas en la investigaci\u00f3n social cuantitativa<\/li>\n<\/ul>\n<p>13:00 \u2013 13:30 h. Cierre de la sesi\u00f3n matutina<\/p>\n<p>16:00 \u2013 18:30 h. Conversatorio: co-producci\u00f3n del conocimiento en di\u00e1logo con el tercer sector<br \/>\nParticipan:<\/p>\n<ul>\n<li>Natalia Oldano, Mosaico Acci\u00f3n Social y Red de Acci\u00f3n e Investigaci\u00f3n Social (RAIS).<\/li>\n<li>Jos\u00e9 Antonio D\u00edez, C\u00e1ritas Diocesana de Tenerife.<\/li>\n<li>M\u00f3nica Est\u00e9vez Afonso M\u00e9dicos del Mundo.<\/li>\n<li>Laura Galdona Fuente, Pro-vivienda<\/li>\n<li>Rioko Fontabon, Activista y docente expertx en educaci\u00f3n antirracista y queer<\/li>\n<li>Francesca Tosi, Universidad de Bologna<\/li>\n<li>Elia Arfini, Universidad de Bologna<\/li>\n<\/ul>\n<p><a href=\"https:\/\/drive.google.com\/file\/d\/11dcvQDonxTAuMx0XjRlzoeqTZfu-8E8o\/view?usp=sharing\" target=\"_blank\" rel=\"noopener\" target=\"_blank\" rel=\"noopener\">Cartel<\/a><\/p>\n<p><a href=\"https:\/\/bit.ly\/metodologiasfeministas\" target=\"_blank\" rel=\"noopener\">Inscripci\u00f3n<\/a><\/p>\n","protected":false},"excerpt":{"rendered":"<p>FEM-MET. Metodolog\u00edas feministas y justicia epist\u00e9mica es una jornada acad\u00e9mica organizada por el Laboratorio de Innovaci\u00f3n Social de la Universidad de La Laguna (LabINS ULL), en colaboraci\u00f3n con los departamentos de Historia y Filosof\u00eda de la Ciencia, la Educaci\u00f3n y el Lenguaje y de Did\u00e1ctica e Investigaci\u00f3n Educativa de la Universidad de La Laguna. El&#8230;<\/p>\n","protected":false},"author":65,"featured_media":46262,"comment_status":"closed","ping_status":"closed","template":"","tags":[],"tribe_events_cat":[4,367,815,985,524,3682,186,191],"acf":[],"yoast_head":"<!-- This site is optimized with the Yoast SEO plugin v21.3 - https:\/\/yoast.com\/wordpress\/plugins\/seo\/ -->\n<title>Jornada FEM-MET. Metodolog\u00edas feministas y justicia epist\u00e9mica: Investigaci\u00f3n, educaci\u00f3n y acci\u00f3n comunitaria - ULL - Agenda<\/title>\n<meta name=\"robots\" content=\"index, follow, max-snippet:-1, max-image-preview:large, max-video-preview:-1\" \/>\n<link rel=\"canonical\" href=\"https:\/\/www.ull.es\/portal\/agenda\/evento\/jornada-fem-met-metodologias-feministas-y-justicia-epistemica-investigacion-educacion-y-accion-comunitaria\/\" \/>\n<meta property=\"og:locale\" content=\"es_ES\" \/>\n<meta property=\"og:type\" content=\"article\" \/>\n<meta property=\"og:title\" content=\"Jornada FEM-MET. Metodolog\u00edas feministas y justicia epist\u00e9mica: Investigaci\u00f3n, educaci\u00f3n y acci\u00f3n comunitaria - ULL - Agenda\" \/>\n<meta property=\"og:description\" content=\"FEM-MET. Metodolog\u00edas feministas y justicia epist\u00e9mica es una jornada acad\u00e9mica organizada por el Laboratorio de Innovaci\u00f3n Social de la Universidad de La Laguna (LabINS ULL), en colaboraci\u00f3n con los departamentos de Historia y Filosof\u00eda de la Ciencia, la Educaci\u00f3n y el Lenguaje y de Did\u00e1ctica e Investigaci\u00f3n Educativa de la Universidad de La Laguna. El...\" \/>\n<meta property=\"og:url\" content=\"https:\/\/www.ull.es\/portal\/agenda\/evento\/jornada-fem-met-metodologias-feministas-y-justicia-epistemica-investigacion-educacion-y-accion-comunitaria\/\" \/>\n<meta property=\"og:site_name\" content=\"ULL - Agenda\" \/>\n<meta property=\"og:image\" content=\"https:\/\/www.ull.es\/portal\/agenda\/wp-content\/uploads\/sites\/12\/2026\/01\/EventoULL_Met-Fem-750x370px-Paula-Sosa-Nunez.png\" \/>\n\t<meta property=\"og:image:width\" content=\"750\" \/>\n\t<meta property=\"og:image:height\" content=\"370\" \/>\n\t<meta property=\"og:image:type\" content=\"image\/png\" \/>\n<meta name=\"twitter:card\" content=\"summary_large_image\" \/>\n<meta name=\"twitter:label1\" content=\"Tiempo de lectura\" \/>\n\t<meta name=\"twitter:data1\" content=\"2 minutos\" \/>\n<script type=\"application\/ld+json\" class=\"yoast-schema-graph\">{\"@context\":\"https:\/\/schema.org\",\"@graph\":[{\"@type\":\"WebPage\",\"@id\":\"https:\/\/www.ull.es\/portal\/agenda\/evento\/jornada-fem-met-metodologias-feministas-y-justicia-epistemica-investigacion-educacion-y-accion-comunitaria\/\",\"url\":\"https:\/\/www.ull.es\/portal\/agenda\/evento\/jornada-fem-met-metodologias-feministas-y-justicia-epistemica-investigacion-educacion-y-accion-comunitaria\/\",\"name\":\"Jornada FEM-MET. Metodolog\u00edas feministas y justicia epist\u00e9mica: Investigaci\u00f3n, educaci\u00f3n y acci\u00f3n comunitaria - ULL - Agenda\",\"isPartOf\":{\"@id\":\"https:\/\/www.ull.es\/portal\/agenda\/#website\"},\"datePublished\":\"2026-01-27T11:27:05+00:00\",\"dateModified\":\"2026-01-27T11:27:05+00:00\",\"breadcrumb\":{\"@id\":\"https:\/\/www.ull.es\/portal\/agenda\/evento\/jornada-fem-met-metodologias-feministas-y-justicia-epistemica-investigacion-educacion-y-accion-comunitaria\/#breadcrumb\"},\"inLanguage\":\"es\",\"potentialAction\":[{\"@type\":\"ReadAction\",\"target\":[\"https:\/\/www.ull.es\/portal\/agenda\/evento\/jornada-fem-met-metodologias-feministas-y-justicia-epistemica-investigacion-educacion-y-accion-comunitaria\/\"]}]},{\"@type\":\"BreadcrumbList\",\"@id\":\"https:\/\/www.ull.es\/portal\/agenda\/evento\/jornada-fem-met-metodologias-feministas-y-justicia-epistemica-investigacion-educacion-y-accion-comunitaria\/#breadcrumb\",\"itemListElement\":[{\"@type\":\"ListItem\",\"position\":1,\"name\":\"Portada\",\"item\":\"https:\/\/www.ull.es\/portal\/agenda\/\"},{\"@type\":\"ListItem\",\"position\":2,\"name\":\"Jornada FEM-MET. Metodolog\u00edas feministas y justicia epist\u00e9mica: Investigaci\u00f3n, educaci\u00f3n y acci\u00f3n comunitaria\"}]},{\"@type\":\"WebSite\",\"@id\":\"https:\/\/www.ull.es\/portal\/agenda\/#website\",\"url\":\"https:\/\/www.ull.es\/portal\/agenda\/\",\"name\":\"ULL - Agenda\",\"description\":\"\",\"potentialAction\":[{\"@type\":\"SearchAction\",\"target\":{\"@type\":\"EntryPoint\",\"urlTemplate\":\"https:\/\/www.ull.es\/portal\/agenda\/?s={search_term_string}\"},\"query-input\":\"required name=search_term_string\"}],\"inLanguage\":\"es\"}]}<\/script>\n<!-- \/ Yoast SEO plugin. -->","yoast_head_json":{"title":"Jornada FEM-MET. Metodolog\u00edas feministas y justicia epist\u00e9mica: Investigaci\u00f3n, educaci\u00f3n y acci\u00f3n comunitaria - ULL - Agenda","robots":{"index":"index","follow":"follow","max-snippet":"max-snippet:-1","max-image-preview":"max-image-preview:large","max-video-preview":"max-video-preview:-1"},"canonical":"https:\/\/www.ull.es\/portal\/agenda\/evento\/jornada-fem-met-metodologias-feministas-y-justicia-epistemica-investigacion-educacion-y-accion-comunitaria\/","og_locale":"es_ES","og_type":"article","og_title":"Jornada FEM-MET. Metodolog\u00edas feministas y justicia epist\u00e9mica: Investigaci\u00f3n, educaci\u00f3n y acci\u00f3n comunitaria - ULL - Agenda","og_description":"FEM-MET. Metodolog\u00edas feministas y justicia epist\u00e9mica es una jornada acad\u00e9mica organizada por el Laboratorio de Innovaci\u00f3n Social de la Universidad de La Laguna (LabINS ULL), en colaboraci\u00f3n con los departamentos de Historia y Filosof\u00eda de la Ciencia, la Educaci\u00f3n y el Lenguaje y de Did\u00e1ctica e Investigaci\u00f3n Educativa de la Universidad de La Laguna. El...","og_url":"https:\/\/www.ull.es\/portal\/agenda\/evento\/jornada-fem-met-metodologias-feministas-y-justicia-epistemica-investigacion-educacion-y-accion-comunitaria\/","og_site_name":"ULL - Agenda","og_image":[{"width":750,"height":370,"url":"https:\/\/www.ull.es\/portal\/agenda\/wp-content\/uploads\/sites\/12\/2026\/01\/EventoULL_Met-Fem-750x370px-Paula-Sosa-Nunez.png","type":"image\/png"}],"twitter_card":"summary_large_image","twitter_misc":{"Tiempo de lectura":"2 minutos"},"schema":{"@context":"https:\/\/schema.org","@graph":[{"@type":"WebPage","@id":"https:\/\/www.ull.es\/portal\/agenda\/evento\/jornada-fem-met-metodologias-feministas-y-justicia-epistemica-investigacion-educacion-y-accion-comunitaria\/","url":"https:\/\/www.ull.es\/portal\/agenda\/evento\/jornada-fem-met-metodologias-feministas-y-justicia-epistemica-investigacion-educacion-y-accion-comunitaria\/","name":"Jornada FEM-MET. Metodolog\u00edas feministas y justicia epist\u00e9mica: Investigaci\u00f3n, educaci\u00f3n y acci\u00f3n comunitaria - ULL - Agenda","isPartOf":{"@id":"https:\/\/www.ull.es\/portal\/agenda\/#website"},"datePublished":"2026-01-27T11:27:05+00:00","dateModified":"2026-01-27T11:27:05+00:00","breadcrumb":{"@id":"https:\/\/www.ull.es\/portal\/agenda\/evento\/jornada-fem-met-metodologias-feministas-y-justicia-epistemica-investigacion-educacion-y-accion-comunitaria\/#breadcrumb"},"inLanguage":"es","potentialAction":[{"@type":"ReadAction","target":["https:\/\/www.ull.es\/portal\/agenda\/evento\/jornada-fem-met-metodologias-feministas-y-justicia-epistemica-investigacion-educacion-y-accion-comunitaria\/"]}]},{"@type":"BreadcrumbList","@id":"https:\/\/www.ull.es\/portal\/agenda\/evento\/jornada-fem-met-metodologias-feministas-y-justicia-epistemica-investigacion-educacion-y-accion-comunitaria\/#breadcrumb","itemListElement":[{"@type":"ListItem","position":1,"name":"Portada","item":"https:\/\/www.ull.es\/portal\/agenda\/"},{"@type":"ListItem","position":2,"name":"Jornada FEM-MET. Metodolog\u00edas feministas y justicia epist\u00e9mica: Investigaci\u00f3n, educaci\u00f3n y acci\u00f3n comunitaria"}]},{"@type":"WebSite","@id":"https:\/\/www.ull.es\/portal\/agenda\/#website","url":"https:\/\/www.ull.es\/portal\/agenda\/","name":"ULL - Agenda","description":"","potentialAction":[{"@type":"SearchAction","target":{"@type":"EntryPoint","urlTemplate":"https:\/\/www.ull.es\/portal\/agenda\/?s={search_term_string}"},"query-input":"required name=search_term_string"}],"inLanguage":"es"}]}},"_links":{"self":[{"href":"https:\/\/www.ull.es\/portal\/agenda\/wp-json\/wp\/v2\/tribe_events\/46261"}],"collection":[{"href":"https:\/\/www.ull.es\/portal\/agenda\/wp-json\/wp\/v2\/tribe_events"}],"about":[{"href":"https:\/\/www.ull.es\/portal\/agenda\/wp-json\/wp\/v2\/types\/tribe_events"}],"author":[{"embeddable":true,"href":"https:\/\/www.ull.es\/portal\/agenda\/wp-json\/wp\/v2\/users\/65"}],"replies":[{"embeddable":true,"href":"https:\/\/www.ull.es\/portal\/agenda\/wp-json\/wp\/v2\/comments?post=46261"}],"version-history":[{"count":1,"href":"https:\/\/www.ull.es\/portal\/agenda\/wp-json\/wp\/v2\/tribe_events\/46261\/revisions"}],"predecessor-version":[{"id":46263,"href":"https:\/\/www.ull.es\/portal\/agenda\/wp-json\/wp\/v2\/tribe_events\/46261\/revisions\/46263"}],"wp:featuredmedia":[{"embeddable":true,"href":"https:\/\/www.ull.es\/portal\/agenda\/wp-json\/wp\/v2\/media\/46262"}],"wp:attachment":[{"href":"https:\/\/www.ull.es\/portal\/agenda\/wp-json\/wp\/v2\/media?parent=46261"}],"wp:term":[{"taxonomy":"post_tag","embeddable":true,"href":"https:\/\/www.ull.es\/portal\/agenda\/wp-json\/wp\/v2\/tags?post=46261"},{"taxonomy":"tribe_events_cat","embeddable":true,"href":"https:\/\/www.ull.es\/portal\/agenda\/wp-json\/wp\/v2\/tribe_events_cat?post=46261"}],"curies":[{"name":"wp","href":"https:\/\/api.w.org\/{rel}","templated":true}]}}

Jornada FEM-MET. Metodologías feministas y justicia epistémica: Investigación, educación y acción comunitaria

<p>FEM-MET. Metodologías feministas y justicia epistémica es una jornada académica organizada por el Laboratorio de Innovación Social de la Universidad de La Laguna (LabINS ULL), en colaboración con los departamentos de Historia y Filosofía de la Ciencia, la Educación y el Lenguaje y de Didáctica e Investigación Educativa de la Universidad de La Laguna.<br />
El encuentro propone un espacio de reflexión crítica sobre cómo producimos conocimiento en los ámbitos de la investigación, la educación y la acción comunitaria, desde perspectivas feministas e interseccionales. A lo largo de la jornada se abordarán cuestiones clave como el poder en los procesos de investigación, la reflexividad, la justicia epistémica, el uso de datos y la co-producción del conocimiento con comunidades y entidades del tercer sector.<br />
El programa contará con ponencias de profesorado de la ULL y de la Università di Bologna, así como con un conversatorio con organizaciones sociales, orientado a pensar colectivamente los retos éticos y políticos de investigar en colaboración.</p>
<p><strong>Programa</strong></p>
<p>9:30 – 10:00 h. Apertura y bienvenida</p>
<ul>
<li>Esperanza Ceballos Vanas. Investigadora Instituto Universitario de Estudio de las Mujeres, Universidad de La Laguna</li>
<li>Mónica Dios Rodríguez. Profesora de la Universidad de La Laguna. Directora LabINS</li>
</ul>
<p>10:00 – 11:30h.Ponencias 1 y 2</p>
<ul>
<li>Annachiara Del Prete. «Desde dónde conocemos. Poder, reflexividad y justicia epistémica en la investigación feminista»</li>
<li>Elia Arfini. «Hacer la otra pregunta. La interseccionalidad como metodología feminista»</li>
</ul>
<p>11:30 – 12:00 h. Pausa café</p>
<p>12:00 – 12:45 h. Ponencia 3</p>
<ul>
<li>Francesca Tosi. Lo que se mide es lo que cuenta. Datos, poder y perspectivas feministas en la investigación social cuantitativa</li>
</ul>
<p>13:00 – 13:30 h. Cierre de la sesión matutina</p>
<p>16:00 – 18:30 h. Conversatorio: co-producción del conocimiento en diálogo con el tercer sector<br />
Participan:</p>
<ul>
<li>Natalia Oldano, Mosaico Acción Social y Red de Acción e Investigación Social (RAIS).</li>
<li>José Antonio Díez, Cáritas Diocesana de Tenerife.</li>
<li>Mónica Estévez Afonso Médicos del Mundo.</li>
<li>Laura Galdona Fuente, Pro-vivienda</li>
<li>Rioko Fontabon, Activista y docente expertx en educación antirracista y queer</li>
<li>Francesca Tosi, Universidad de Bologna</li>
<li>Elia Arfini, Universidad de Bologna</li>
</ul>
<p><a href="https://drive.google.com/file/d/11dcvQDonxTAuMx0XjRlzoeqTZfu-8E8o/view?usp=sharing" target="_blank" rel="noopener" target="_blank" rel="noopener">Cartel</a></p>
<p><a href="https://bit.ly/metodologiasfeministas" target="_blank" rel="noopener">Inscripción</a></p>

<p>FEM-MET. Metodologías feministas y justicia epistémica es una jornada académica organizada por el Laboratorio de Innovación Social de la Universidad de La Laguna (LabINS ULL), en colaboración con los departamentos de Historia y Filosofía de la Ciencia, la Educación y el Lenguaje y de Didáctica e Investigación Educativa de la Universidad de La Laguna. El&#8230;</p>

<!-- This site is optimized with the Yoast SEO plugin v21.3 - https://yoast.com/wordpress/plugins/seo/ -->
<title>Jornada FEM-MET. Metodologías feministas y justicia epistémica: Investigación, educación y acción comunitaria - ULL - Agenda</title>
<meta name="robots" content="index, follow, max-snippet:-1, max-image-preview:large, max-video-preview:-1" />
<link rel="canonical" href="https://www.ull.es/portal/agenda/evento/jornada-fem-met-metodologias-feministas-y-justicia-epistemica-investigacion-educacion-y-accion-comunitaria/" />
<meta property="og:locale" content="es_ES" />
<meta property="og:type" content="article" />
<meta property="og:title" content="Jornada FEM-MET. Metodologías feministas y justicia epistémica: Investigación, educación y acción comunitaria - ULL - Agenda" />
<meta property="og:description" content="FEM-MET. Metodologías feministas y justicia epistémica es una jornada académica organizada por el Laboratorio de Innovación Social de la Universidad de La Laguna (LabINS ULL), en colaboración con los departamentos de Historia y Filosofía de la Ciencia, la Educación y el Lenguaje y de Didáctica e Investigación Educativa de la Universidad de La Laguna. El..." />
<meta property="og:url" content="https://www.ull.es/portal/agenda/evento/jornada-fem-met-metodologias-feministas-y-justicia-epistemica-investigacion-educacion-y-accion-comunitaria/" />
<meta property="og:site_name" content="ULL - Agenda" />
<meta property="og:image" content="https://www.ull.es/portal/agenda/wp-content/uploads/sites/12/2026/01/EventoULL_Met-Fem-750x370px-Paula-Sosa-Nunez.png" />
	<meta property="og:image:width" content="750" />
	<meta property="og:image:height" content="370" />
	<meta property="og:image:type" content="image/png" />
<meta name="twitter:card" content="summary_large_image" />
<meta name="twitter:label1" content="Tiempo de lectura" />
	<meta name="twitter:data1" content="2 minutos" />
<script type="application/ld+json" class="yoast-schema-graph">{"@context":"https://schema.org","@graph":[{"@type":"WebPage","@id":"https://www.ull.es/portal/agenda/evento/jornada-fem-met-metodologias-feministas-y-justicia-epistemica-investigacion-educacion-y-accion-comunitaria/","url":"https://www.ull.es/portal/agenda/evento/jornada-fem-met-metodologias-feministas-y-justicia-epistemica-investigacion-educacion-y-accion-comunitaria/","name":"Jornada FEM-MET. Metodologías feministas y justicia epistémica: Investigación, educación y acción comunitaria - ULL - Agenda","isPartOf":{"@id":"https://www.ull.es/portal/agenda/#website"},"datePublished":"2026-01-27T11:27:05+00:00","dateModified":"2026-01-27T11:27:05+00:00","breadcrumb":{"@id":"https://www.ull.es/portal/agenda/evento/jornada-fem-met-metodologias-feministas-y-justicia-epistemica-investigacion-educacion-y-accion-comunitaria/#breadcrumb"},"inLanguage":"es","potentialAction":[{"@type":"ReadAction","target":["https://www.ull.es/portal/agenda/evento/jornada-fem-met-metodologias-feministas-y-justicia-epistemica-investigacion-educacion-y-accion-comunitaria/"]}]},{"@type":"BreadcrumbList","@id":"https://www.ull.es/portal/agenda/evento/jornada-fem-met-metodologias-feministas-y-justicia-epistemica-investigacion-educacion-y-accion-comunitaria/#breadcrumb","itemListElement":[{"@type":"ListItem","position":1,"name":"Portada","item":"https://www.ull.es/portal/agenda/"},{"@type":"ListItem","position":2,"name":"Jornada FEM-MET. Metodologías feministas y justicia epistémica: Investigación, educación y acción comunitaria"}]},{"@type":"WebSite","@id":"https://www.ull.es/portal/agenda/#website","url":"https://www.ull.es/portal/agenda/","name":"ULL - Agenda","description":"","potentialAction":[{"@type":"SearchAction","target":{"@type":"EntryPoint","urlTemplate":"https://www.ull.es/portal/agenda/?s={search_term_string}"},"query-input":"required name=search_term_string"}],"inLanguage":"es"}]}</script>
<!-- / Yoast SEO plugin. -->

Jornada FEM-MET. Metodologías feministas y justicia epistémica: Investigación, educación y acción comunitaria - ULL - Agenda

FEM-MET. Metodologías feministas y justicia epistémica es una jornada académica organizada por el Laboratorio de Innovación Social de la Universidad de La Laguna (LabINS ULL), en colaboración con los departamentos de Historia y Filosofía de la Ciencia, la Educación y el Lenguaje y de Didáctica e Investigación Educativa de la Universidad de La Laguna. El...
