{"id":46387,"date":"2026-02-04T11:28:51","date_gmt":"2026-02-04T11:28:51","guid":{"rendered":"https:\/\/www.ull.es\/portal\/agenda\/?post_type=tribe_events&#038;p=46387"},"modified":"2026-04-29T11:49:33","modified_gmt":"2026-04-29T11:49:33","slug":"ii-curso-de-iniciacion-a-la-lengua-y-la-cultura-de-polonia","status":"publish","type":"tribe_events","link":"https:\/\/www.ull.es\/portal\/agenda\/evento\/ii-curso-de-iniciacion-a-la-lengua-y-la-cultura-de-polonia\/","title":{"rendered":"II Curso de Iniciaci\u00f3n a la Lengua y la Cultura de Polonia"},"content":{"rendered":"<p>La C\u00e1tedra Cultural \u00abFrancisco Tom\u00e1s y Valiente\u00bb, la Asociaci\u00f3n cultural de estudios internacionales \u00abHacer para el desarrollo\u00bb y Docencia en Derecho Civil organizan este curso que se impartir\u00e1 en modalidad online los d\u00edas 5, 7, 13, 14, 19 y 21 de octubre de 2026, en horario de 11:30 a 13:30 horas.<\/p>\n<p>El curso se compone de seis sesiones de dos horas de duraci\u00f3n, impartidas en lengua inglesa y en la que de una forma participativa se introducir\u00e1 al alumnado en algunos aspectos b\u00e1sicos de Polonia y de la lengua y cultura polacas.<\/p>\n<p>Dirigido a cualquier persona interesada en la lengua y la cultura polacas y, especialmente, a quienes deseen llevar a cabo una estancia de movilidad en una instituci\u00f3n acad\u00e9mica de dicho pa\u00eds.<\/p>\n<p>Docente: Tatiana Emilia Leonhardt. Graduada en Derecho por la Universidad de Varsovia.<\/p>\n<p>Direcci\u00f3n acad\u00e9mica: Luis Javier Capote P\u00e9rez. Profesor Contratado Doctor Tipo I de Derecho Civil, Departamento de Disciplinas Jur\u00eddicas B\u00e1sicas de la Universidad de La Laguna.<\/p>\n<p><a href=\"https:\/\/sede.fg.ull.es\/es\/curso\/detalle?code=a26020052&amp;name=ii-curso-de-iniciacion-a-la-lengua-y-la-cultura-de-polonia&amp;query=%3Fcode%3DA26020052\" target=\"_blank\" rel=\"noopener\" target=\"_blank\" rel=\"noopener\"><strong><u>Consulta el programa e inscr\u00edbete aqu\u00ed.<\/u><\/strong><\/a><\/p>\n<p>CERTIFICADO DE ASISTENCIA: La Universidad de La Laguna, a trav\u00e9s del Vicerrectorado de Cultura y Extensi\u00f3n Universitaria, emitir\u00e1 un certificado de asistencia a todas aquellas personas que participen en un m\u00ednimo del 80% de las horas lectivas, previa inscripci\u00f3n en la actividad.<\/p>\n<p><strong>Contacto: 922 319 616 \/ 922 319 626 \u2013\u00a0<\/strong><a href=\"mailto:extuni@ull.edu.es\" target=\"_blank\" rel=\"noopener\" target=\"_blank\" rel=\"noopener\"><strong>extuni@ull.es<\/strong><\/a><\/p>\n","protected":false},"excerpt":{"rendered":"<p>La C\u00e1tedra Cultural \u00abFrancisco Tom\u00e1s y Valiente\u00bb, la Asociaci\u00f3n cultural de estudios internacionales \u00abHacer para el desarrollo\u00bb y Docencia en Derecho Civil organizan este curso que se impartir\u00e1 en modalidad online los d\u00edas 5, 7, 13, 14, 19 y 21 de octubre de 2026, en horario de 11:30 a 13:30 horas. El curso se compone&#8230;<\/p>\n","protected":false},"author":43,"featured_media":47968,"comment_status":"closed","ping_status":"closed","template":"","tags":[4259,977,127,3812,1684,3751],"tribe_events_cat":[472,471,4,186],"acf":[],"yoast_head":"<!-- This site is optimized with the Yoast SEO plugin v21.3 - https:\/\/yoast.com\/wordpress\/plugins\/seo\/ -->\n<title>II Curso de Iniciaci\u00f3n a la Lengua y la Cultura de Polonia - ULL - Agenda<\/title>\n<meta name=\"robots\" content=\"index, follow, max-snippet:-1, max-image-preview:large, max-video-preview:-1\" \/>\n<link rel=\"canonical\" href=\"https:\/\/www.ull.es\/portal\/agenda\/evento\/ii-curso-de-iniciacion-a-la-lengua-y-la-cultura-de-polonia\/\" \/>\n<meta property=\"og:locale\" content=\"es_ES\" \/>\n<meta property=\"og:type\" content=\"article\" \/>\n<meta property=\"og:title\" content=\"II Curso de Iniciaci\u00f3n a la Lengua y la Cultura de Polonia - ULL - Agenda\" \/>\n<meta property=\"og:description\" content=\"La C\u00e1tedra Cultural \u00abFrancisco Tom\u00e1s y Valiente\u00bb, la Asociaci\u00f3n cultural de estudios internacionales \u00abHacer para el desarrollo\u00bb y Docencia en Derecho Civil organizan este curso que se impartir\u00e1 en modalidad online los d\u00edas 5, 7, 13, 14, 19 y 21 de octubre de 2026, en horario de 11:30 a 13:30 horas. El curso se compone...\" \/>\n<meta property=\"og:url\" content=\"https:\/\/www.ull.es\/portal\/agenda\/evento\/ii-curso-de-iniciacion-a-la-lengua-y-la-cultura-de-polonia\/\" \/>\n<meta property=\"og:site_name\" content=\"ULL - Agenda\" \/>\n<meta property=\"article:modified_time\" content=\"2026-04-29T11:49:33+00:00\" \/>\n<meta property=\"og:image\" content=\"https:\/\/www.ull.es\/portal\/agenda\/wp-content\/uploads\/sites\/12\/2026\/02\/Polonia.jpg\" \/>\n\t<meta property=\"og:image:width\" content=\"750\" \/>\n\t<meta property=\"og:image:height\" content=\"370\" \/>\n\t<meta property=\"og:image:type\" content=\"image\/jpeg\" \/>\n<meta name=\"twitter:card\" content=\"summary_large_image\" \/>\n<meta name=\"twitter:label1\" content=\"Tiempo de lectura\" \/>\n\t<meta name=\"twitter:data1\" content=\"1 minuto\" \/>\n<script type=\"application\/ld+json\" class=\"yoast-schema-graph\">{\"@context\":\"https:\/\/schema.org\",\"@graph\":[{\"@type\":\"WebPage\",\"@id\":\"https:\/\/www.ull.es\/portal\/agenda\/evento\/ii-curso-de-iniciacion-a-la-lengua-y-la-cultura-de-polonia\/\",\"url\":\"https:\/\/www.ull.es\/portal\/agenda\/evento\/ii-curso-de-iniciacion-a-la-lengua-y-la-cultura-de-polonia\/\",\"name\":\"II Curso de Iniciaci\u00f3n a la Lengua y la Cultura de Polonia - ULL - Agenda\",\"isPartOf\":{\"@id\":\"https:\/\/www.ull.es\/portal\/agenda\/#website\"},\"datePublished\":\"2026-02-04T11:28:51+00:00\",\"dateModified\":\"2026-04-29T11:49:33+00:00\",\"breadcrumb\":{\"@id\":\"https:\/\/www.ull.es\/portal\/agenda\/evento\/ii-curso-de-iniciacion-a-la-lengua-y-la-cultura-de-polonia\/#breadcrumb\"},\"inLanguage\":\"es\",\"potentialAction\":[{\"@type\":\"ReadAction\",\"target\":[\"https:\/\/www.ull.es\/portal\/agenda\/evento\/ii-curso-de-iniciacion-a-la-lengua-y-la-cultura-de-polonia\/\"]}]},{\"@type\":\"BreadcrumbList\",\"@id\":\"https:\/\/www.ull.es\/portal\/agenda\/evento\/ii-curso-de-iniciacion-a-la-lengua-y-la-cultura-de-polonia\/#breadcrumb\",\"itemListElement\":[{\"@type\":\"ListItem\",\"position\":1,\"name\":\"Portada\",\"item\":\"https:\/\/www.ull.es\/portal\/agenda\/\"},{\"@type\":\"ListItem\",\"position\":2,\"name\":\"II Curso de Iniciaci\u00f3n a la Lengua y la Cultura de Polonia\"}]},{\"@type\":\"WebSite\",\"@id\":\"https:\/\/www.ull.es\/portal\/agenda\/#website\",\"url\":\"https:\/\/www.ull.es\/portal\/agenda\/\",\"name\":\"ULL - Agenda\",\"description\":\"\",\"potentialAction\":[{\"@type\":\"SearchAction\",\"target\":{\"@type\":\"EntryPoint\",\"urlTemplate\":\"https:\/\/www.ull.es\/portal\/agenda\/?s={search_term_string}\"},\"query-input\":\"required name=search_term_string\"}],\"inLanguage\":\"es\"}]}<\/script>\n<!-- \/ Yoast SEO plugin. -->","yoast_head_json":{"title":"II Curso de Iniciaci\u00f3n a la Lengua y la Cultura de Polonia - ULL - Agenda","robots":{"index":"index","follow":"follow","max-snippet":"max-snippet:-1","max-image-preview":"max-image-preview:large","max-video-preview":"max-video-preview:-1"},"canonical":"https:\/\/www.ull.es\/portal\/agenda\/evento\/ii-curso-de-iniciacion-a-la-lengua-y-la-cultura-de-polonia\/","og_locale":"es_ES","og_type":"article","og_title":"II Curso de Iniciaci\u00f3n a la Lengua y la Cultura de Polonia - ULL - Agenda","og_description":"La C\u00e1tedra Cultural \u00abFrancisco Tom\u00e1s y Valiente\u00bb, la Asociaci\u00f3n cultural de estudios internacionales \u00abHacer para el desarrollo\u00bb y Docencia en Derecho Civil organizan este curso que se impartir\u00e1 en modalidad online los d\u00edas 5, 7, 13, 14, 19 y 21 de octubre de 2026, en horario de 11:30 a 13:30 horas. El curso se compone...","og_url":"https:\/\/www.ull.es\/portal\/agenda\/evento\/ii-curso-de-iniciacion-a-la-lengua-y-la-cultura-de-polonia\/","og_site_name":"ULL - Agenda","article_modified_time":"2026-04-29T11:49:33+00:00","og_image":[{"width":750,"height":370,"url":"https:\/\/www.ull.es\/portal\/agenda\/wp-content\/uploads\/sites\/12\/2026\/02\/Polonia.jpg","type":"image\/jpeg"}],"twitter_card":"summary_large_image","twitter_misc":{"Tiempo de lectura":"1 minuto"},"schema":{"@context":"https:\/\/schema.org","@graph":[{"@type":"WebPage","@id":"https:\/\/www.ull.es\/portal\/agenda\/evento\/ii-curso-de-iniciacion-a-la-lengua-y-la-cultura-de-polonia\/","url":"https:\/\/www.ull.es\/portal\/agenda\/evento\/ii-curso-de-iniciacion-a-la-lengua-y-la-cultura-de-polonia\/","name":"II Curso de Iniciaci\u00f3n a la Lengua y la Cultura de Polonia - ULL - Agenda","isPartOf":{"@id":"https:\/\/www.ull.es\/portal\/agenda\/#website"},"datePublished":"2026-02-04T11:28:51+00:00","dateModified":"2026-04-29T11:49:33+00:00","breadcrumb":{"@id":"https:\/\/www.ull.es\/portal\/agenda\/evento\/ii-curso-de-iniciacion-a-la-lengua-y-la-cultura-de-polonia\/#breadcrumb"},"inLanguage":"es","potentialAction":[{"@type":"ReadAction","target":["https:\/\/www.ull.es\/portal\/agenda\/evento\/ii-curso-de-iniciacion-a-la-lengua-y-la-cultura-de-polonia\/"]}]},{"@type":"BreadcrumbList","@id":"https:\/\/www.ull.es\/portal\/agenda\/evento\/ii-curso-de-iniciacion-a-la-lengua-y-la-cultura-de-polonia\/#breadcrumb","itemListElement":[{"@type":"ListItem","position":1,"name":"Portada","item":"https:\/\/www.ull.es\/portal\/agenda\/"},{"@type":"ListItem","position":2,"name":"II Curso de Iniciaci\u00f3n a la Lengua y la Cultura de Polonia"}]},{"@type":"WebSite","@id":"https:\/\/www.ull.es\/portal\/agenda\/#website","url":"https:\/\/www.ull.es\/portal\/agenda\/","name":"ULL - Agenda","description":"","potentialAction":[{"@type":"SearchAction","target":{"@type":"EntryPoint","urlTemplate":"https:\/\/www.ull.es\/portal\/agenda\/?s={search_term_string}"},"query-input":"required name=search_term_string"}],"inLanguage":"es"}]}},"_links":{"self":[{"href":"https:\/\/www.ull.es\/portal\/agenda\/wp-json\/wp\/v2\/tribe_events\/46387"}],"collection":[{"href":"https:\/\/www.ull.es\/portal\/agenda\/wp-json\/wp\/v2\/tribe_events"}],"about":[{"href":"https:\/\/www.ull.es\/portal\/agenda\/wp-json\/wp\/v2\/types\/tribe_events"}],"author":[{"embeddable":true,"href":"https:\/\/www.ull.es\/portal\/agenda\/wp-json\/wp\/v2\/users\/43"}],"replies":[{"embeddable":true,"href":"https:\/\/www.ull.es\/portal\/agenda\/wp-json\/wp\/v2\/comments?post=46387"}],"version-history":[{"count":5,"href":"https:\/\/www.ull.es\/portal\/agenda\/wp-json\/wp\/v2\/tribe_events\/46387\/revisions"}],"predecessor-version":[{"id":47969,"href":"https:\/\/www.ull.es\/portal\/agenda\/wp-json\/wp\/v2\/tribe_events\/46387\/revisions\/47969"}],"wp:featuredmedia":[{"embeddable":true,"href":"https:\/\/www.ull.es\/portal\/agenda\/wp-json\/wp\/v2\/media\/47968"}],"wp:attachment":[{"href":"https:\/\/www.ull.es\/portal\/agenda\/wp-json\/wp\/v2\/media?parent=46387"}],"wp:term":[{"taxonomy":"post_tag","embeddable":true,"href":"https:\/\/www.ull.es\/portal\/agenda\/wp-json\/wp\/v2\/tags?post=46387"},{"taxonomy":"tribe_events_cat","embeddable":true,"href":"https:\/\/www.ull.es\/portal\/agenda\/wp-json\/wp\/v2\/tribe_events_cat?post=46387"}],"curies":[{"name":"wp","href":"https:\/\/api.w.org\/{rel}","templated":true}]}}

II Curso de Iniciación a la Lengua y la Cultura de Polonia

<p>La Cátedra Cultural «Francisco Tomás y Valiente», la Asociación cultural de estudios internacionales «Hacer para el desarrollo» y Docencia en Derecho Civil organizan este curso que se impartirá en modalidad online los días 5, 7, 13, 14, 19 y 21 de octubre de 2026, en horario de 11:30 a 13:30 horas.</p>
<p>El curso se compone de seis sesiones de dos horas de duración, impartidas en lengua inglesa y en la que de una forma participativa se introducirá al alumnado en algunos aspectos básicos de Polonia y de la lengua y cultura polacas.</p>
<p>Dirigido a cualquier persona interesada en la lengua y la cultura polacas y, especialmente, a quienes deseen llevar a cabo una estancia de movilidad en una institución académica de dicho país.</p>
<p>Docente: Tatiana Emilia Leonhardt. Graduada en Derecho por la Universidad de Varsovia.</p>
<p>Dirección académica: Luis Javier Capote Pérez. Profesor Contratado Doctor Tipo I de Derecho Civil, Departamento de Disciplinas Jurídicas Básicas de la Universidad de La Laguna.</p>
<p><a href="https://sede.fg.ull.es/es/curso/detalle?code=a26020052&amp;name=ii-curso-de-iniciacion-a-la-lengua-y-la-cultura-de-polonia&amp;query=%3Fcode%3DA26020052" target="_blank" rel="noopener" target="_blank" rel="noopener"><strong><u>Consulta el programa e inscríbete aquí.</u></strong></a></p>
<p>CERTIFICADO DE ASISTENCIA: La Universidad de La Laguna, a través del Vicerrectorado de Cultura y Extensión Universitaria, emitirá un certificado de asistencia a todas aquellas personas que participen en un mínimo del 80% de las horas lectivas, previa inscripción en la actividad.</p>
<p><strong>Contacto: 922 319 616 / 922 319 626 – </strong><a href="mailto:extuni@ull.edu.es" target="_blank" rel="noopener" target="_blank" rel="noopener"><strong>extuni@ull.es</strong></a></p>

<p>La Cátedra Cultural «Francisco Tomás y Valiente», la Asociación cultural de estudios internacionales «Hacer para el desarrollo» y Docencia en Derecho Civil organizan este curso que se impartirá en modalidad online los días 5, 7, 13, 14, 19 y 21 de octubre de 2026, en horario de 11:30 a 13:30 horas. El curso se compone&#8230;</p>

<!-- This site is optimized with the Yoast SEO plugin v21.3 - https://yoast.com/wordpress/plugins/seo/ -->
<title>II Curso de Iniciación a la Lengua y la Cultura de Polonia - ULL - Agenda</title>
<meta name="robots" content="index, follow, max-snippet:-1, max-image-preview:large, max-video-preview:-1" />
<link rel="canonical" href="https://www.ull.es/portal/agenda/evento/ii-curso-de-iniciacion-a-la-lengua-y-la-cultura-de-polonia/" />
<meta property="og:locale" content="es_ES" />
<meta property="og:type" content="article" />
<meta property="og:title" content="II Curso de Iniciación a la Lengua y la Cultura de Polonia - ULL - Agenda" />
<meta property="og:description" content="La Cátedra Cultural «Francisco Tomás y Valiente», la Asociación cultural de estudios internacionales «Hacer para el desarrollo» y Docencia en Derecho Civil organizan este curso que se impartirá en modalidad online los días 5, 7, 13, 14, 19 y 21 de octubre de 2026, en horario de 11:30 a 13:30 horas. El curso se compone..." />
<meta property="og:url" content="https://www.ull.es/portal/agenda/evento/ii-curso-de-iniciacion-a-la-lengua-y-la-cultura-de-polonia/" />
<meta property="og:site_name" content="ULL - Agenda" />
<meta property="article:modified_time" content="2026-04-29T11:49:33+00:00" />
<meta property="og:image" content="https://www.ull.es/portal/agenda/wp-content/uploads/sites/12/2026/02/Polonia.jpg" />
	<meta property="og:image:width" content="750" />
	<meta property="og:image:height" content="370" />
	<meta property="og:image:type" content="image/jpeg" />
<meta name="twitter:card" content="summary_large_image" />
<meta name="twitter:label1" content="Tiempo de lectura" />
	<meta name="twitter:data1" content="1 minuto" />
<script type="application/ld+json" class="yoast-schema-graph">{"@context":"https://schema.org","@graph":[{"@type":"WebPage","@id":"https://www.ull.es/portal/agenda/evento/ii-curso-de-iniciacion-a-la-lengua-y-la-cultura-de-polonia/","url":"https://www.ull.es/portal/agenda/evento/ii-curso-de-iniciacion-a-la-lengua-y-la-cultura-de-polonia/","name":"II Curso de Iniciación a la Lengua y la Cultura de Polonia - ULL - Agenda","isPartOf":{"@id":"https://www.ull.es/portal/agenda/#website"},"datePublished":"2026-02-04T11:28:51+00:00","dateModified":"2026-04-29T11:49:33+00:00","breadcrumb":{"@id":"https://www.ull.es/portal/agenda/evento/ii-curso-de-iniciacion-a-la-lengua-y-la-cultura-de-polonia/#breadcrumb"},"inLanguage":"es","potentialAction":[{"@type":"ReadAction","target":["https://www.ull.es/portal/agenda/evento/ii-curso-de-iniciacion-a-la-lengua-y-la-cultura-de-polonia/"]}]},{"@type":"BreadcrumbList","@id":"https://www.ull.es/portal/agenda/evento/ii-curso-de-iniciacion-a-la-lengua-y-la-cultura-de-polonia/#breadcrumb","itemListElement":[{"@type":"ListItem","position":1,"name":"Portada","item":"https://www.ull.es/portal/agenda/"},{"@type":"ListItem","position":2,"name":"II Curso de Iniciación a la Lengua y la Cultura de Polonia"}]},{"@type":"WebSite","@id":"https://www.ull.es/portal/agenda/#website","url":"https://www.ull.es/portal/agenda/","name":"ULL - Agenda","description":"","potentialAction":[{"@type":"SearchAction","target":{"@type":"EntryPoint","urlTemplate":"https://www.ull.es/portal/agenda/?s={search_term_string}"},"query-input":"required name=search_term_string"}],"inLanguage":"es"}]}</script>
<!-- / Yoast SEO plugin. -->

II Curso de Iniciación a la Lengua y la Cultura de Polonia - ULL - Agenda

La Cátedra Cultural «Francisco Tomás y Valiente», la Asociación cultural de estudios internacionales «Hacer para el desarrollo» y Docencia en Derecho Civil organizan este curso que se impartirá en modalidad online los días 5, 7, 13, 14, 19 y 21 de octubre de 2026, en horario de 11:30 a 13:30 horas. El curso se compone...
