{"id":46494,"date":"2026-02-13T11:12:42","date_gmt":"2026-02-13T11:12:42","guid":{"rendered":"https:\/\/www.ull.es\/portal\/agenda\/?post_type=tribe_events&#038;p=46494"},"modified":"2026-02-24T12:53:22","modified_gmt":"2026-02-24T12:53:22","slug":"jornada-la-economia-social-como-herramienta-de-desarrollo-local-en-los-ayuntamientos-de-canarias","status":"publish","type":"tribe_events","link":"https:\/\/www.ull.es\/portal\/agenda\/evento\/jornada-la-economia-social-como-herramienta-de-desarrollo-local-en-los-ayuntamientos-de-canarias\/","title":{"rendered":"Jornada: La Econom\u00eda Social como herramienta de desarrollo local en Los Ayuntamientos de Canarias"},"content":{"rendered":"<p>La C\u00e1tedra Cajasiete de Econom\u00eda Social y Cooperativa (CESCO) organiza esta jornada que se celebrar\u00e1 en el Sal\u00f3n de Grados de la Facultad de Econom\u00eda, Empresa y Turismo el 27 de febrero de 2026, en horario de 12:00 a 14:00 horas.<\/p>\n<p>Esta jornada tiene como finalidad presentar p\u00fablicamente el proyecto en su fase inicial de desarrollo, compartir el enfoque metodol\u00f3gico adoptado y avanzar algunos resultados provisionales del trabajo de campo ya realizado, poniendo en valor la importancia de la econom\u00eda social como instrumento estrat\u00e9gico para el desarrollo local desde el \u00e1mbito municipal.<\/p>\n<p>El encuentro se concibe como un espacio de reflexi\u00f3n y di\u00e1logo entre el \u00e1mbito acad\u00e9mico, las administraciones p\u00fablicas locales y los agentes vinculados a la econom\u00eda social.<\/p>\n<p>Asimismo, la jornada responde a la voluntad expresa del equipo investigador de dar a conocer el proyecto a la sociedad canaria, fomentar la transferencia de conocimiento y contribuir a la generaci\u00f3n de pol\u00edticas p\u00fablicas m\u00e1s eficaces, adaptadas a la realidad territorial y social de cada municipio.<\/p>\n<p>Objetivos de la jornada:<br \/>\n\u25cf Presentar el proyecto de investigaci\u00f3n, su marco te\u00f3rico y alcance territorial.<br \/>\n\u25cf Resumir la metodolog\u00eda utilizada para la elaboraci\u00f3n de pol\u00edticas p\u00fablicas dirigidas a la administraci\u00f3n local.<br \/>\n\u25cf Exponer los primeros resultados en el an\u00e1lisis de los municipios participantes en el proyecto.<br \/>\n\u25cf Favorecer el intercambio de experiencias y buenas pr\u00e1cticas entre ayuntamientos, entidades de econom\u00eda social y comunidad universitaria.<br \/>\n\u25cf Reforzar la visibilidad de la econom\u00eda social como eje estrat\u00e9gico en las pol\u00edticas p\u00fablicas locales de Canarias.<\/p>\n<p>Direcci\u00f3n acad\u00e9mica: C\u00e1ndido Rom\u00e1n Cervantes, Profesor Titular de Universidad, Departamento de Direcci\u00f3n de Empresas e Historia Econ\u00f3mica. Director de la C\u00e1tedra Cajasiete de Econom\u00eda Social y Colaborativa de la Universidad de La Laguna.<\/p>\n<p>CERTIFICADO DE ASISTENCIA: La Universidad de La Laguna, a trav\u00e9s del Vicerrectorado de Cultura y Extensi\u00f3n Universitaria, emitir\u00e1 un certificado de asistencia a todas aquellas personas que participen, previa inscripci\u00f3n en la actividad.<\/p>\n<p>Asistencia gratuita previa inscripci\u00f3n.\u00a0<a href=\"https:\/\/sede.fg.ull.es\/es\/curso\/detalle?code=a26020058&amp;name=jornada-la-economia-social-como-herramienta-de-desarrollo-local-en-los-ayuntamientos-de-canarias&amp;query=%3Fcode%3DA26020058\" target=\"_blank\" rel=\"noopener\" target=\"_blank\" rel=\"noopener\"><strong><u>Inscr\u00edbete aqu\u00ed.<\/u><\/strong><\/a><\/p>\n<p><strong>Contacto:\u00a0<\/strong><a href=\"mailto:extuni@ull.edu.es\" target=\"_blank\" rel=\"noopener\" target=\"_blank\" rel=\"noopener\"><strong>extuni@ull.es<\/strong><\/a><\/p>\n","protected":false},"excerpt":{"rendered":"<p>La C\u00e1tedra Cajasiete de Econom\u00eda Social y Cooperativa (CESCO) organiza esta jornada que se celebrar\u00e1 en el Sal\u00f3n de Grados de la Facultad de Econom\u00eda, Empresa y Turismo el 27 de febrero de 2026, en horario de 12:00 a 14:00 horas. Esta jornada tiene como finalidad presentar p\u00fablicamente el proyecto en su fase inicial de&#8230;<\/p>\n","protected":false},"author":43,"featured_media":46496,"comment_status":"closed","ping_status":"closed","template":"","tags":[4259,977,3439,835,3812,3751],"tribe_events_cat":[472,3165,4,186],"acf":[],"yoast_head":"<!-- This site is optimized with the Yoast SEO plugin v21.3 - https:\/\/yoast.com\/wordpress\/plugins\/seo\/ -->\n<title>Jornada: La Econom\u00eda Social como herramienta de desarrollo local en Los Ayuntamientos de Canarias - ULL - Agenda<\/title>\n<meta name=\"robots\" content=\"index, follow, max-snippet:-1, max-image-preview:large, max-video-preview:-1\" \/>\n<link rel=\"canonical\" href=\"https:\/\/www.ull.es\/portal\/agenda\/evento\/jornada-la-economia-social-como-herramienta-de-desarrollo-local-en-los-ayuntamientos-de-canarias\/\" \/>\n<meta property=\"og:locale\" content=\"es_ES\" \/>\n<meta property=\"og:type\" content=\"article\" \/>\n<meta property=\"og:title\" content=\"Jornada: La Econom\u00eda Social como herramienta de desarrollo local en Los Ayuntamientos de Canarias - ULL - Agenda\" \/>\n<meta property=\"og:description\" content=\"La C\u00e1tedra Cajasiete de Econom\u00eda Social y Cooperativa (CESCO) organiza esta jornada que se celebrar\u00e1 en el Sal\u00f3n de Grados de la Facultad de Econom\u00eda, Empresa y Turismo el 27 de febrero de 2026, en horario de 12:00 a 14:00 horas. Esta jornada tiene como finalidad presentar p\u00fablicamente el proyecto en su fase inicial de...\" \/>\n<meta property=\"og:url\" content=\"https:\/\/www.ull.es\/portal\/agenda\/evento\/jornada-la-economia-social-como-herramienta-de-desarrollo-local-en-los-ayuntamientos-de-canarias\/\" \/>\n<meta property=\"og:site_name\" content=\"ULL - Agenda\" \/>\n<meta property=\"article:modified_time\" content=\"2026-02-24T12:53:22+00:00\" \/>\n<meta property=\"og:image\" content=\"https:\/\/www.ull.es\/portal\/agenda\/wp-content\/uploads\/sites\/12\/2026\/02\/BannerJornada.jpg\" \/>\n\t<meta property=\"og:image:width\" content=\"750\" \/>\n\t<meta property=\"og:image:height\" content=\"370\" \/>\n\t<meta property=\"og:image:type\" content=\"image\/jpeg\" \/>\n<meta name=\"twitter:card\" content=\"summary_large_image\" \/>\n<meta name=\"twitter:label1\" content=\"Tiempo de lectura\" \/>\n\t<meta name=\"twitter:data1\" content=\"2 minutos\" \/>\n<script type=\"application\/ld+json\" class=\"yoast-schema-graph\">{\"@context\":\"https:\/\/schema.org\",\"@graph\":[{\"@type\":\"WebPage\",\"@id\":\"https:\/\/www.ull.es\/portal\/agenda\/evento\/jornada-la-economia-social-como-herramienta-de-desarrollo-local-en-los-ayuntamientos-de-canarias\/\",\"url\":\"https:\/\/www.ull.es\/portal\/agenda\/evento\/jornada-la-economia-social-como-herramienta-de-desarrollo-local-en-los-ayuntamientos-de-canarias\/\",\"name\":\"Jornada: La Econom\u00eda Social como herramienta de desarrollo local en Los Ayuntamientos de Canarias - ULL - Agenda\",\"isPartOf\":{\"@id\":\"https:\/\/www.ull.es\/portal\/agenda\/#website\"},\"datePublished\":\"2026-02-13T11:12:42+00:00\",\"dateModified\":\"2026-02-24T12:53:22+00:00\",\"breadcrumb\":{\"@id\":\"https:\/\/www.ull.es\/portal\/agenda\/evento\/jornada-la-economia-social-como-herramienta-de-desarrollo-local-en-los-ayuntamientos-de-canarias\/#breadcrumb\"},\"inLanguage\":\"es\",\"potentialAction\":[{\"@type\":\"ReadAction\",\"target\":[\"https:\/\/www.ull.es\/portal\/agenda\/evento\/jornada-la-economia-social-como-herramienta-de-desarrollo-local-en-los-ayuntamientos-de-canarias\/\"]}]},{\"@type\":\"BreadcrumbList\",\"@id\":\"https:\/\/www.ull.es\/portal\/agenda\/evento\/jornada-la-economia-social-como-herramienta-de-desarrollo-local-en-los-ayuntamientos-de-canarias\/#breadcrumb\",\"itemListElement\":[{\"@type\":\"ListItem\",\"position\":1,\"name\":\"Portada\",\"item\":\"https:\/\/www.ull.es\/portal\/agenda\/\"},{\"@type\":\"ListItem\",\"position\":2,\"name\":\"Jornada: La Econom\u00eda Social como herramienta de desarrollo local en Los Ayuntamientos de Canarias\"}]},{\"@type\":\"WebSite\",\"@id\":\"https:\/\/www.ull.es\/portal\/agenda\/#website\",\"url\":\"https:\/\/www.ull.es\/portal\/agenda\/\",\"name\":\"ULL - Agenda\",\"description\":\"\",\"potentialAction\":[{\"@type\":\"SearchAction\",\"target\":{\"@type\":\"EntryPoint\",\"urlTemplate\":\"https:\/\/www.ull.es\/portal\/agenda\/?s={search_term_string}\"},\"query-input\":\"required name=search_term_string\"}],\"inLanguage\":\"es\"}]}<\/script>\n<!-- \/ Yoast SEO plugin. -->","yoast_head_json":{"title":"Jornada: La Econom\u00eda Social como herramienta de desarrollo local en Los Ayuntamientos de Canarias - ULL - Agenda","robots":{"index":"index","follow":"follow","max-snippet":"max-snippet:-1","max-image-preview":"max-image-preview:large","max-video-preview":"max-video-preview:-1"},"canonical":"https:\/\/www.ull.es\/portal\/agenda\/evento\/jornada-la-economia-social-como-herramienta-de-desarrollo-local-en-los-ayuntamientos-de-canarias\/","og_locale":"es_ES","og_type":"article","og_title":"Jornada: La Econom\u00eda Social como herramienta de desarrollo local en Los Ayuntamientos de Canarias - ULL - Agenda","og_description":"La C\u00e1tedra Cajasiete de Econom\u00eda Social y Cooperativa (CESCO) organiza esta jornada que se celebrar\u00e1 en el Sal\u00f3n de Grados de la Facultad de Econom\u00eda, Empresa y Turismo el 27 de febrero de 2026, en horario de 12:00 a 14:00 horas. Esta jornada tiene como finalidad presentar p\u00fablicamente el proyecto en su fase inicial de...","og_url":"https:\/\/www.ull.es\/portal\/agenda\/evento\/jornada-la-economia-social-como-herramienta-de-desarrollo-local-en-los-ayuntamientos-de-canarias\/","og_site_name":"ULL - Agenda","article_modified_time":"2026-02-24T12:53:22+00:00","og_image":[{"width":750,"height":370,"url":"https:\/\/www.ull.es\/portal\/agenda\/wp-content\/uploads\/sites\/12\/2026\/02\/BannerJornada.jpg","type":"image\/jpeg"}],"twitter_card":"summary_large_image","twitter_misc":{"Tiempo de lectura":"2 minutos"},"schema":{"@context":"https:\/\/schema.org","@graph":[{"@type":"WebPage","@id":"https:\/\/www.ull.es\/portal\/agenda\/evento\/jornada-la-economia-social-como-herramienta-de-desarrollo-local-en-los-ayuntamientos-de-canarias\/","url":"https:\/\/www.ull.es\/portal\/agenda\/evento\/jornada-la-economia-social-como-herramienta-de-desarrollo-local-en-los-ayuntamientos-de-canarias\/","name":"Jornada: La Econom\u00eda Social como herramienta de desarrollo local en Los Ayuntamientos de Canarias - ULL - Agenda","isPartOf":{"@id":"https:\/\/www.ull.es\/portal\/agenda\/#website"},"datePublished":"2026-02-13T11:12:42+00:00","dateModified":"2026-02-24T12:53:22+00:00","breadcrumb":{"@id":"https:\/\/www.ull.es\/portal\/agenda\/evento\/jornada-la-economia-social-como-herramienta-de-desarrollo-local-en-los-ayuntamientos-de-canarias\/#breadcrumb"},"inLanguage":"es","potentialAction":[{"@type":"ReadAction","target":["https:\/\/www.ull.es\/portal\/agenda\/evento\/jornada-la-economia-social-como-herramienta-de-desarrollo-local-en-los-ayuntamientos-de-canarias\/"]}]},{"@type":"BreadcrumbList","@id":"https:\/\/www.ull.es\/portal\/agenda\/evento\/jornada-la-economia-social-como-herramienta-de-desarrollo-local-en-los-ayuntamientos-de-canarias\/#breadcrumb","itemListElement":[{"@type":"ListItem","position":1,"name":"Portada","item":"https:\/\/www.ull.es\/portal\/agenda\/"},{"@type":"ListItem","position":2,"name":"Jornada: La Econom\u00eda Social como herramienta de desarrollo local en Los Ayuntamientos de Canarias"}]},{"@type":"WebSite","@id":"https:\/\/www.ull.es\/portal\/agenda\/#website","url":"https:\/\/www.ull.es\/portal\/agenda\/","name":"ULL - Agenda","description":"","potentialAction":[{"@type":"SearchAction","target":{"@type":"EntryPoint","urlTemplate":"https:\/\/www.ull.es\/portal\/agenda\/?s={search_term_string}"},"query-input":"required name=search_term_string"}],"inLanguage":"es"}]}},"_links":{"self":[{"href":"https:\/\/www.ull.es\/portal\/agenda\/wp-json\/wp\/v2\/tribe_events\/46494"}],"collection":[{"href":"https:\/\/www.ull.es\/portal\/agenda\/wp-json\/wp\/v2\/tribe_events"}],"about":[{"href":"https:\/\/www.ull.es\/portal\/agenda\/wp-json\/wp\/v2\/types\/tribe_events"}],"author":[{"embeddable":true,"href":"https:\/\/www.ull.es\/portal\/agenda\/wp-json\/wp\/v2\/users\/43"}],"replies":[{"embeddable":true,"href":"https:\/\/www.ull.es\/portal\/agenda\/wp-json\/wp\/v2\/comments?post=46494"}],"version-history":[{"count":2,"href":"https:\/\/www.ull.es\/portal\/agenda\/wp-json\/wp\/v2\/tribe_events\/46494\/revisions"}],"predecessor-version":[{"id":46569,"href":"https:\/\/www.ull.es\/portal\/agenda\/wp-json\/wp\/v2\/tribe_events\/46494\/revisions\/46569"}],"wp:featuredmedia":[{"embeddable":true,"href":"https:\/\/www.ull.es\/portal\/agenda\/wp-json\/wp\/v2\/media\/46496"}],"wp:attachment":[{"href":"https:\/\/www.ull.es\/portal\/agenda\/wp-json\/wp\/v2\/media?parent=46494"}],"wp:term":[{"taxonomy":"post_tag","embeddable":true,"href":"https:\/\/www.ull.es\/portal\/agenda\/wp-json\/wp\/v2\/tags?post=46494"},{"taxonomy":"tribe_events_cat","embeddable":true,"href":"https:\/\/www.ull.es\/portal\/agenda\/wp-json\/wp\/v2\/tribe_events_cat?post=46494"}],"curies":[{"name":"wp","href":"https:\/\/api.w.org\/{rel}","templated":true}]}}

Jornada: La Economía Social como herramienta de desarrollo local en Los Ayuntamientos de Canarias

<p>La Cátedra Cajasiete de Economía Social y Cooperativa (CESCO) organiza esta jornada que se celebrará en el Salón de Grados de la Facultad de Economía, Empresa y Turismo el 27 de febrero de 2026, en horario de 12:00 a 14:00 horas.</p>
<p>Esta jornada tiene como finalidad presentar públicamente el proyecto en su fase inicial de desarrollo, compartir el enfoque metodológico adoptado y avanzar algunos resultados provisionales del trabajo de campo ya realizado, poniendo en valor la importancia de la economía social como instrumento estratégico para el desarrollo local desde el ámbito municipal.</p>
<p>El encuentro se concibe como un espacio de reflexión y diálogo entre el ámbito académico, las administraciones públicas locales y los agentes vinculados a la economía social.</p>
<p>Asimismo, la jornada responde a la voluntad expresa del equipo investigador de dar a conocer el proyecto a la sociedad canaria, fomentar la transferencia de conocimiento y contribuir a la generación de políticas públicas más eficaces, adaptadas a la realidad territorial y social de cada municipio.</p>
<p>Objetivos de la jornada:<br />
● Presentar el proyecto de investigación, su marco teórico y alcance territorial.<br />
● Resumir la metodología utilizada para la elaboración de políticas públicas dirigidas a la administración local.<br />
● Exponer los primeros resultados en el análisis de los municipios participantes en el proyecto.<br />
● Favorecer el intercambio de experiencias y buenas prácticas entre ayuntamientos, entidades de economía social y comunidad universitaria.<br />
● Reforzar la visibilidad de la economía social como eje estratégico en las políticas públicas locales de Canarias.</p>
<p>Dirección académica: Cándido Román Cervantes, Profesor Titular de Universidad, Departamento de Dirección de Empresas e Historia Económica. Director de la Cátedra Cajasiete de Economía Social y Colaborativa de la Universidad de La Laguna.</p>
<p>CERTIFICADO DE ASISTENCIA: La Universidad de La Laguna, a través del Vicerrectorado de Cultura y Extensión Universitaria, emitirá un certificado de asistencia a todas aquellas personas que participen, previa inscripción en la actividad.</p>
<p>Asistencia gratuita previa inscripción. <a href="https://sede.fg.ull.es/es/curso/detalle?code=a26020058&amp;name=jornada-la-economia-social-como-herramienta-de-desarrollo-local-en-los-ayuntamientos-de-canarias&amp;query=%3Fcode%3DA26020058" target="_blank" rel="noopener" target="_blank" rel="noopener"><strong><u>Inscríbete aquí.</u></strong></a></p>
<p><strong>Contacto: </strong><a href="mailto:extuni@ull.edu.es" target="_blank" rel="noopener" target="_blank" rel="noopener"><strong>extuni@ull.es</strong></a></p>

<p>La Cátedra Cajasiete de Economía Social y Cooperativa (CESCO) organiza esta jornada que se celebrará en el Salón de Grados de la Facultad de Economía, Empresa y Turismo el 27 de febrero de 2026, en horario de 12:00 a 14:00 horas. Esta jornada tiene como finalidad presentar públicamente el proyecto en su fase inicial de&#8230;</p>

<!-- This site is optimized with the Yoast SEO plugin v21.3 - https://yoast.com/wordpress/plugins/seo/ -->
<title>Jornada: La Economía Social como herramienta de desarrollo local en Los Ayuntamientos de Canarias - ULL - Agenda</title>
<meta name="robots" content="index, follow, max-snippet:-1, max-image-preview:large, max-video-preview:-1" />
<link rel="canonical" href="https://www.ull.es/portal/agenda/evento/jornada-la-economia-social-como-herramienta-de-desarrollo-local-en-los-ayuntamientos-de-canarias/" />
<meta property="og:locale" content="es_ES" />
<meta property="og:type" content="article" />
<meta property="og:title" content="Jornada: La Economía Social como herramienta de desarrollo local en Los Ayuntamientos de Canarias - ULL - Agenda" />
<meta property="og:description" content="La Cátedra Cajasiete de Economía Social y Cooperativa (CESCO) organiza esta jornada que se celebrará en el Salón de Grados de la Facultad de Economía, Empresa y Turismo el 27 de febrero de 2026, en horario de 12:00 a 14:00 horas. Esta jornada tiene como finalidad presentar públicamente el proyecto en su fase inicial de..." />
<meta property="og:url" content="https://www.ull.es/portal/agenda/evento/jornada-la-economia-social-como-herramienta-de-desarrollo-local-en-los-ayuntamientos-de-canarias/" />
<meta property="og:site_name" content="ULL - Agenda" />
<meta property="article:modified_time" content="2026-02-24T12:53:22+00:00" />
<meta property="og:image" content="https://www.ull.es/portal/agenda/wp-content/uploads/sites/12/2026/02/BannerJornada.jpg" />
	<meta property="og:image:width" content="750" />
	<meta property="og:image:height" content="370" />
	<meta property="og:image:type" content="image/jpeg" />
<meta name="twitter:card" content="summary_large_image" />
<meta name="twitter:label1" content="Tiempo de lectura" />
	<meta name="twitter:data1" content="2 minutos" />
<script type="application/ld+json" class="yoast-schema-graph">{"@context":"https://schema.org","@graph":[{"@type":"WebPage","@id":"https://www.ull.es/portal/agenda/evento/jornada-la-economia-social-como-herramienta-de-desarrollo-local-en-los-ayuntamientos-de-canarias/","url":"https://www.ull.es/portal/agenda/evento/jornada-la-economia-social-como-herramienta-de-desarrollo-local-en-los-ayuntamientos-de-canarias/","name":"Jornada: La Economía Social como herramienta de desarrollo local en Los Ayuntamientos de Canarias - ULL - Agenda","isPartOf":{"@id":"https://www.ull.es/portal/agenda/#website"},"datePublished":"2026-02-13T11:12:42+00:00","dateModified":"2026-02-24T12:53:22+00:00","breadcrumb":{"@id":"https://www.ull.es/portal/agenda/evento/jornada-la-economia-social-como-herramienta-de-desarrollo-local-en-los-ayuntamientos-de-canarias/#breadcrumb"},"inLanguage":"es","potentialAction":[{"@type":"ReadAction","target":["https://www.ull.es/portal/agenda/evento/jornada-la-economia-social-como-herramienta-de-desarrollo-local-en-los-ayuntamientos-de-canarias/"]}]},{"@type":"BreadcrumbList","@id":"https://www.ull.es/portal/agenda/evento/jornada-la-economia-social-como-herramienta-de-desarrollo-local-en-los-ayuntamientos-de-canarias/#breadcrumb","itemListElement":[{"@type":"ListItem","position":1,"name":"Portada","item":"https://www.ull.es/portal/agenda/"},{"@type":"ListItem","position":2,"name":"Jornada: La Economía Social como herramienta de desarrollo local en Los Ayuntamientos de Canarias"}]},{"@type":"WebSite","@id":"https://www.ull.es/portal/agenda/#website","url":"https://www.ull.es/portal/agenda/","name":"ULL - Agenda","description":"","potentialAction":[{"@type":"SearchAction","target":{"@type":"EntryPoint","urlTemplate":"https://www.ull.es/portal/agenda/?s={search_term_string}"},"query-input":"required name=search_term_string"}],"inLanguage":"es"}]}</script>
<!-- / Yoast SEO plugin. -->

Jornada: La Economía Social como herramienta de desarrollo local en Los Ayuntamientos de Canarias - ULL - Agenda

La Cátedra Cajasiete de Economía Social y Cooperativa (CESCO) organiza esta jornada que se celebrará en el Salón de Grados de la Facultad de Economía, Empresa y Turismo el 27 de febrero de 2026, en horario de 12:00 a 14:00 horas. Esta jornada tiene como finalidad presentar públicamente el proyecto en su fase inicial de...
