{"id":46554,"date":"2026-02-23T14:45:09","date_gmt":"2026-02-23T14:45:09","guid":{"rendered":"https:\/\/www.ull.es\/portal\/agenda\/?post_type=tribe_events&#038;p=46554"},"modified":"2026-02-26T10:28:20","modified_gmt":"2026-02-26T10:28:20","slug":"taller-de-fuerza-4","status":"publish","type":"tribe_events","link":"https:\/\/www.ull.es\/portal\/agenda\/evento\/taller-de-fuerza-4\/","title":{"rendered":"Taller de Fuerza"},"content":{"rendered":"<p>El Servicio de Deportes organiza el \u201cTaller de Fuerza\u201d, impartido por los monitores Guillermo Maldonado de Diego, T\u00e9cnico Superior en Ense\u00f1anza y Actividades Socio-deportivas y estudiante del Grado en Ciencias de la Actividad F\u00edsica y del Deporte, y Fabio Fajardo Vera, T\u00e9cnico Superior en Acondicionamiento F\u00edsico.<\/p>\n<p>El taller se desarrollar\u00e1 en la sala de fitness y cardio de las instalaciones del Servicio de Deportes de la ULL el s\u00e1bado 7 de marzo de 2026, de 10:00 a 13:00h.<\/p>\n<p>El taller tendr\u00e1 un car\u00e1cter te\u00f3rico-pr\u00e1ctico, explicando los beneficios del trabajo de la fuerza, dando indicaciones pr\u00e1cticas para la correcta ejecuci\u00f3n de los ejercicios b\u00e1sicos m\u00e1s utilizados en la sala de fitness y cardio, transferibles a la vida diaria y al deporte. Se reforzar\u00e1n los principios b\u00e1sicos de la metodolog\u00eda del entrenamiento a tener presentes (individualizaci\u00f3n, progresi\u00f3n\u2026), as\u00ed como se resolver\u00e1n dudas al respecto.<\/p>\n<p>Las personas inscritas llevar\u00e1n ropa deportiva c\u00f3moda y transpirable y una toalla.<\/p>\n<p>El precio establecido es de 3\u20ac para alumnado, 4\u20ac para PAS y PDI y 5\u20ac para personas asociadas a ALUMNI-ULL.<\/p>\n<p><a href=\"https:\/\/www.ull.es\/servicios\/deportes\/app-deportes\/\" target=\"_blank\" rel=\"noopener\">Inscripci\u00f3n y pago<\/a>: plazas limitadas, otorg\u00e1ndose por orden de inscripci\u00f3n), hasta el 6 de marzo de 2026 a la 13:00h o hasta agotar plazas. La denominaci\u00f3n del taller en la aplicaci\u00f3n inform\u00e1tica es \u201cTaller de Fuerza.7 marzo.10:00-13:00h\u201d.<\/p>\n<p>Las personas que no obtengan plaza, podr\u00e1n inscribirse en lista de espera (apartado \u201calta en lista de espera de clases\u201d), para tenerlas presentes en caso de bajas, y si fuera viable la realizaci\u00f3n de un segundo taller en otra fecha y horario.<\/p>\n<p>Para cualquier aspecto a tener presente para una mejor atenci\u00f3n, sugerencia o duda, dirigirse al correo activisd@ull.edu.es, o llamar al 922319900\/04.<\/p>\n","protected":false},"excerpt":{"rendered":"<p>El Servicio de Deportes organiza el \u201cTaller de Fuerza\u201d, impartido por los monitores Guillermo Maldonado de Diego, T\u00e9cnico Superior en Ense\u00f1anza y Actividades Socio-deportivas y estudiante del Grado en Ciencias de la Actividad F\u00edsica y del Deporte, y Fabio Fajardo Vera, T\u00e9cnico Superior en Acondicionamiento F\u00edsico. El taller se desarrollar\u00e1 en la sala de fitness&#8230;<\/p>\n","protected":false},"author":117,"featured_media":46610,"comment_status":"closed","ping_status":"closed","template":"","tags":[],"tribe_events_cat":[4,186,1626],"acf":[],"yoast_head":"<!-- This site is optimized with the Yoast SEO plugin v21.3 - https:\/\/yoast.com\/wordpress\/plugins\/seo\/ -->\n<title>Taller de Fuerza - ULL - Agenda<\/title>\n<meta name=\"robots\" content=\"index, follow, max-snippet:-1, max-image-preview:large, max-video-preview:-1\" \/>\n<link rel=\"canonical\" href=\"https:\/\/www.ull.es\/portal\/agenda\/evento\/taller-de-fuerza-4\/\" \/>\n<meta property=\"og:locale\" content=\"es_ES\" \/>\n<meta property=\"og:type\" content=\"article\" \/>\n<meta property=\"og:title\" content=\"Taller de Fuerza - ULL - Agenda\" \/>\n<meta property=\"og:description\" content=\"El Servicio de Deportes organiza el \u201cTaller de Fuerza\u201d, impartido por los monitores Guillermo Maldonado de Diego, T\u00e9cnico Superior en Ense\u00f1anza y Actividades Socio-deportivas y estudiante del Grado en Ciencias de la Actividad F\u00edsica y del Deporte, y Fabio Fajardo Vera, T\u00e9cnico Superior en Acondicionamiento F\u00edsico. El taller se desarrollar\u00e1 en la sala de fitness...\" \/>\n<meta property=\"og:url\" content=\"https:\/\/www.ull.es\/portal\/agenda\/evento\/taller-de-fuerza-4\/\" \/>\n<meta property=\"og:site_name\" content=\"ULL - Agenda\" \/>\n<meta property=\"article:modified_time\" content=\"2026-02-26T10:28:20+00:00\" \/>\n<meta property=\"og:image\" content=\"https:\/\/www.ull.es\/portal\/agenda\/wp-content\/uploads\/sites\/12\/2026\/02\/banner-eventos-18.jpg\" \/>\n\t<meta property=\"og:image:width\" content=\"750\" \/>\n\t<meta property=\"og:image:height\" content=\"370\" \/>\n\t<meta property=\"og:image:type\" content=\"image\/jpeg\" \/>\n<meta name=\"twitter:card\" content=\"summary_large_image\" \/>\n<meta name=\"twitter:label1\" content=\"Tiempo de lectura\" \/>\n\t<meta name=\"twitter:data1\" content=\"2 minutos\" \/>\n<script type=\"application\/ld+json\" class=\"yoast-schema-graph\">{\"@context\":\"https:\/\/schema.org\",\"@graph\":[{\"@type\":\"WebPage\",\"@id\":\"https:\/\/www.ull.es\/portal\/agenda\/evento\/taller-de-fuerza-4\/\",\"url\":\"https:\/\/www.ull.es\/portal\/agenda\/evento\/taller-de-fuerza-4\/\",\"name\":\"Taller de Fuerza - ULL - Agenda\",\"isPartOf\":{\"@id\":\"https:\/\/www.ull.es\/portal\/agenda\/#website\"},\"datePublished\":\"2026-02-23T14:45:09+00:00\",\"dateModified\":\"2026-02-26T10:28:20+00:00\",\"breadcrumb\":{\"@id\":\"https:\/\/www.ull.es\/portal\/agenda\/evento\/taller-de-fuerza-4\/#breadcrumb\"},\"inLanguage\":\"es\",\"potentialAction\":[{\"@type\":\"ReadAction\",\"target\":[\"https:\/\/www.ull.es\/portal\/agenda\/evento\/taller-de-fuerza-4\/\"]}]},{\"@type\":\"BreadcrumbList\",\"@id\":\"https:\/\/www.ull.es\/portal\/agenda\/evento\/taller-de-fuerza-4\/#breadcrumb\",\"itemListElement\":[{\"@type\":\"ListItem\",\"position\":1,\"name\":\"Portada\",\"item\":\"https:\/\/www.ull.es\/portal\/agenda\/\"},{\"@type\":\"ListItem\",\"position\":2,\"name\":\"Taller de Fuerza\"}]},{\"@type\":\"WebSite\",\"@id\":\"https:\/\/www.ull.es\/portal\/agenda\/#website\",\"url\":\"https:\/\/www.ull.es\/portal\/agenda\/\",\"name\":\"ULL - Agenda\",\"description\":\"\",\"potentialAction\":[{\"@type\":\"SearchAction\",\"target\":{\"@type\":\"EntryPoint\",\"urlTemplate\":\"https:\/\/www.ull.es\/portal\/agenda\/?s={search_term_string}\"},\"query-input\":\"required name=search_term_string\"}],\"inLanguage\":\"es\"}]}<\/script>\n<!-- \/ Yoast SEO plugin. -->","yoast_head_json":{"title":"Taller de Fuerza - ULL - Agenda","robots":{"index":"index","follow":"follow","max-snippet":"max-snippet:-1","max-image-preview":"max-image-preview:large","max-video-preview":"max-video-preview:-1"},"canonical":"https:\/\/www.ull.es\/portal\/agenda\/evento\/taller-de-fuerza-4\/","og_locale":"es_ES","og_type":"article","og_title":"Taller de Fuerza - ULL - Agenda","og_description":"El Servicio de Deportes organiza el \u201cTaller de Fuerza\u201d, impartido por los monitores Guillermo Maldonado de Diego, T\u00e9cnico Superior en Ense\u00f1anza y Actividades Socio-deportivas y estudiante del Grado en Ciencias de la Actividad F\u00edsica y del Deporte, y Fabio Fajardo Vera, T\u00e9cnico Superior en Acondicionamiento F\u00edsico. El taller se desarrollar\u00e1 en la sala de fitness...","og_url":"https:\/\/www.ull.es\/portal\/agenda\/evento\/taller-de-fuerza-4\/","og_site_name":"ULL - Agenda","article_modified_time":"2026-02-26T10:28:20+00:00","og_image":[{"width":750,"height":370,"url":"https:\/\/www.ull.es\/portal\/agenda\/wp-content\/uploads\/sites\/12\/2026\/02\/banner-eventos-18.jpg","type":"image\/jpeg"}],"twitter_card":"summary_large_image","twitter_misc":{"Tiempo de lectura":"2 minutos"},"schema":{"@context":"https:\/\/schema.org","@graph":[{"@type":"WebPage","@id":"https:\/\/www.ull.es\/portal\/agenda\/evento\/taller-de-fuerza-4\/","url":"https:\/\/www.ull.es\/portal\/agenda\/evento\/taller-de-fuerza-4\/","name":"Taller de Fuerza - ULL - Agenda","isPartOf":{"@id":"https:\/\/www.ull.es\/portal\/agenda\/#website"},"datePublished":"2026-02-23T14:45:09+00:00","dateModified":"2026-02-26T10:28:20+00:00","breadcrumb":{"@id":"https:\/\/www.ull.es\/portal\/agenda\/evento\/taller-de-fuerza-4\/#breadcrumb"},"inLanguage":"es","potentialAction":[{"@type":"ReadAction","target":["https:\/\/www.ull.es\/portal\/agenda\/evento\/taller-de-fuerza-4\/"]}]},{"@type":"BreadcrumbList","@id":"https:\/\/www.ull.es\/portal\/agenda\/evento\/taller-de-fuerza-4\/#breadcrumb","itemListElement":[{"@type":"ListItem","position":1,"name":"Portada","item":"https:\/\/www.ull.es\/portal\/agenda\/"},{"@type":"ListItem","position":2,"name":"Taller de Fuerza"}]},{"@type":"WebSite","@id":"https:\/\/www.ull.es\/portal\/agenda\/#website","url":"https:\/\/www.ull.es\/portal\/agenda\/","name":"ULL - Agenda","description":"","potentialAction":[{"@type":"SearchAction","target":{"@type":"EntryPoint","urlTemplate":"https:\/\/www.ull.es\/portal\/agenda\/?s={search_term_string}"},"query-input":"required name=search_term_string"}],"inLanguage":"es"}]}},"_links":{"self":[{"href":"https:\/\/www.ull.es\/portal\/agenda\/wp-json\/wp\/v2\/tribe_events\/46554"}],"collection":[{"href":"https:\/\/www.ull.es\/portal\/agenda\/wp-json\/wp\/v2\/tribe_events"}],"about":[{"href":"https:\/\/www.ull.es\/portal\/agenda\/wp-json\/wp\/v2\/types\/tribe_events"}],"author":[{"embeddable":true,"href":"https:\/\/www.ull.es\/portal\/agenda\/wp-json\/wp\/v2\/users\/117"}],"replies":[{"embeddable":true,"href":"https:\/\/www.ull.es\/portal\/agenda\/wp-json\/wp\/v2\/comments?post=46554"}],"version-history":[{"count":1,"href":"https:\/\/www.ull.es\/portal\/agenda\/wp-json\/wp\/v2\/tribe_events\/46554\/revisions"}],"predecessor-version":[{"id":46555,"href":"https:\/\/www.ull.es\/portal\/agenda\/wp-json\/wp\/v2\/tribe_events\/46554\/revisions\/46555"}],"wp:featuredmedia":[{"embeddable":true,"href":"https:\/\/www.ull.es\/portal\/agenda\/wp-json\/wp\/v2\/media\/46610"}],"wp:attachment":[{"href":"https:\/\/www.ull.es\/portal\/agenda\/wp-json\/wp\/v2\/media?parent=46554"}],"wp:term":[{"taxonomy":"post_tag","embeddable":true,"href":"https:\/\/www.ull.es\/portal\/agenda\/wp-json\/wp\/v2\/tags?post=46554"},{"taxonomy":"tribe_events_cat","embeddable":true,"href":"https:\/\/www.ull.es\/portal\/agenda\/wp-json\/wp\/v2\/tribe_events_cat?post=46554"}],"curies":[{"name":"wp","href":"https:\/\/api.w.org\/{rel}","templated":true}]}}

<p>El Servicio de Deportes organiza el “Taller de Fuerza”, impartido por los monitores Guillermo Maldonado de Diego, Técnico Superior en Enseñanza y Actividades Socio-deportivas y estudiante del Grado en Ciencias de la Actividad Física y del Deporte, y Fabio Fajardo Vera, Técnico Superior en Acondicionamiento Físico.</p>
<p>El taller se desarrollará en la sala de fitness y cardio de las instalaciones del Servicio de Deportes de la ULL el sábado 7 de marzo de 2026, de 10:00 a 13:00h.</p>
<p>El taller tendrá un carácter teórico-práctico, explicando los beneficios del trabajo de la fuerza, dando indicaciones prácticas para la correcta ejecución de los ejercicios básicos más utilizados en la sala de fitness y cardio, transferibles a la vida diaria y al deporte. Se reforzarán los principios básicos de la metodología del entrenamiento a tener presentes (individualización, progresión…), así como se resolverán dudas al respecto.</p>
<p>Las personas inscritas llevarán ropa deportiva cómoda y transpirable y una toalla.</p>
<p>El precio establecido es de 3€ para alumnado, 4€ para PAS y PDI y 5€ para personas asociadas a ALUMNI-ULL.</p>
<p><a href="https://www.ull.es/servicios/deportes/app-deportes/" target="_blank" rel="noopener">Inscripción y pago</a>: plazas limitadas, otorgándose por orden de inscripción), hasta el 6 de marzo de 2026 a la 13:00h o hasta agotar plazas. La denominación del taller en la aplicación informática es “Taller de Fuerza.7 marzo.10:00-13:00h”.</p>
<p>Las personas que no obtengan plaza, podrán inscribirse en lista de espera (apartado “alta en lista de espera de clases”), para tenerlas presentes en caso de bajas, y si fuera viable la realización de un segundo taller en otra fecha y horario.</p>
<p>Para cualquier aspecto a tener presente para una mejor atención, sugerencia o duda, dirigirse al correo activisd@ull.edu.es, o llamar al 922319900/04.</p>

<p>El Servicio de Deportes organiza el “Taller de Fuerza”, impartido por los monitores Guillermo Maldonado de Diego, Técnico Superior en Enseñanza y Actividades Socio-deportivas y estudiante del Grado en Ciencias de la Actividad Física y del Deporte, y Fabio Fajardo Vera, Técnico Superior en Acondicionamiento Físico. El taller se desarrollará en la sala de fitness&#8230;</p>

<!-- This site is optimized with the Yoast SEO plugin v21.3 - https://yoast.com/wordpress/plugins/seo/ -->
<title>Taller de Fuerza - ULL - Agenda</title>
<meta name="robots" content="index, follow, max-snippet:-1, max-image-preview:large, max-video-preview:-1" />
<link rel="canonical" href="https://www.ull.es/portal/agenda/evento/taller-de-fuerza-4/" />
<meta property="og:locale" content="es_ES" />
<meta property="og:type" content="article" />
<meta property="og:title" content="Taller de Fuerza - ULL - Agenda" />
<meta property="og:description" content="El Servicio de Deportes organiza el “Taller de Fuerza”, impartido por los monitores Guillermo Maldonado de Diego, Técnico Superior en Enseñanza y Actividades Socio-deportivas y estudiante del Grado en Ciencias de la Actividad Física y del Deporte, y Fabio Fajardo Vera, Técnico Superior en Acondicionamiento Físico. El taller se desarrollará en la sala de fitness..." />
<meta property="og:url" content="https://www.ull.es/portal/agenda/evento/taller-de-fuerza-4/" />
<meta property="og:site_name" content="ULL - Agenda" />
<meta property="article:modified_time" content="2026-02-26T10:28:20+00:00" />
<meta property="og:image" content="https://www.ull.es/portal/agenda/wp-content/uploads/sites/12/2026/02/banner-eventos-18.jpg" />
	<meta property="og:image:width" content="750" />
	<meta property="og:image:height" content="370" />
	<meta property="og:image:type" content="image/jpeg" />
<meta name="twitter:card" content="summary_large_image" />
<meta name="twitter:label1" content="Tiempo de lectura" />
	<meta name="twitter:data1" content="2 minutos" />
<script type="application/ld+json" class="yoast-schema-graph">{"@context":"https://schema.org","@graph":[{"@type":"WebPage","@id":"https://www.ull.es/portal/agenda/evento/taller-de-fuerza-4/","url":"https://www.ull.es/portal/agenda/evento/taller-de-fuerza-4/","name":"Taller de Fuerza - ULL - Agenda","isPartOf":{"@id":"https://www.ull.es/portal/agenda/#website"},"datePublished":"2026-02-23T14:45:09+00:00","dateModified":"2026-02-26T10:28:20+00:00","breadcrumb":{"@id":"https://www.ull.es/portal/agenda/evento/taller-de-fuerza-4/#breadcrumb"},"inLanguage":"es","potentialAction":[{"@type":"ReadAction","target":["https://www.ull.es/portal/agenda/evento/taller-de-fuerza-4/"]}]},{"@type":"BreadcrumbList","@id":"https://www.ull.es/portal/agenda/evento/taller-de-fuerza-4/#breadcrumb","itemListElement":[{"@type":"ListItem","position":1,"name":"Portada","item":"https://www.ull.es/portal/agenda/"},{"@type":"ListItem","position":2,"name":"Taller de Fuerza"}]},{"@type":"WebSite","@id":"https://www.ull.es/portal/agenda/#website","url":"https://www.ull.es/portal/agenda/","name":"ULL - Agenda","description":"","potentialAction":[{"@type":"SearchAction","target":{"@type":"EntryPoint","urlTemplate":"https://www.ull.es/portal/agenda/?s={search_term_string}"},"query-input":"required name=search_term_string"}],"inLanguage":"es"}]}</script>
<!-- / Yoast SEO plugin. -->

El Servicio de Deportes organiza el “Taller de Fuerza”, impartido por los monitores Guillermo Maldonado de Diego, Técnico Superior en Enseñanza y Actividades Socio-deportivas y estudiante del Grado en Ciencias de la Actividad Física y del Deporte, y Fabio Fajardo Vera, Técnico Superior en Acondicionamiento Físico. El taller se desarrollará en la sala de fitness...
