{"id":46969,"date":"2026-03-13T11:22:54","date_gmt":"2026-03-13T11:22:54","guid":{"rendered":"https:\/\/www.ull.es\/portal\/agenda\/?post_type=tribe_events&#038;p=46969"},"modified":"2026-03-13T14:23:43","modified_gmt":"2026-03-13T14:23:43","slug":"coefis-xviii-congreso-de-estudiantes-de-fisica","status":"publish","type":"tribe_events","link":"https:\/\/www.ull.es\/portal\/agenda\/evento\/coefis-xviii-congreso-de-estudiantes-de-fisica\/","title":{"rendered":"Coefis XVIII: Congreso de Estudiantes de F\u00edsica"},"content":{"rendered":"<p>El Congreso de Estudiantes de F\u00edsica (COEFIS), que tendr\u00e1 lugar el 9 y 10 de abril de 2026 en el edificio de F\u00edsica y Matem\u00e1ticas, perteneciente a la Facultad de Ciencias de la Universidad de La Laguna, es una iniciativa propuesta y organizada exclusivamente por estudiantes del Grado de F\u00edsica, destinada a aquellas personas (pertenecientes o no al \u00e1mbito universitario) que sientan curiosidad e inter\u00e9s por la F\u00edsica y quieran ampliar su formaci\u00f3n cient\u00edfica y encontrar nuevas oportunidades en el \u00e1mbito laboral y acad\u00e9mico.<\/p>\n<p>El COEFIS fue creado por y para estudiantes como un evento en el cual ofrecer la oportunidad a los estudiantes de grado, m\u00e1ster y doctorado de asistir a las conferencias de los distintos cient\u00edficos e investigadores invitados, nacionales e internacionales, as\u00ed como de sus compa\u00f1eros y compa\u00f1eras que tambi\u00e9n se animan a ofrecer sus propias ponencias. Su organizaci\u00f3n la componen alumnos y alumnas del grado que coordinan la actividad con apoyo del profesorado, el equipo decanal y el Instituto de Astrof\u00edsica de Canarias.<\/p>\n<p>El COEFIS persigue un objetivo general: crear un entorno en el que el estudiante pueda conocer, aprender e interactuar con los distintos participantes para crecer como persona y como futuro<br \/>\nprofesional. Este objetivo trae consigo la posibilidad de que, no solo los estudiantes del Grado de F\u00edsica, sino tambi\u00e9n cualquier otro estudiante (universitario y no universitario) o persona externa al mundo acad\u00e9mico, pueda disfrutar de un entorno en el que la investigaci\u00f3n y la innovaci\u00f3n est\u00e9 en boca de todos.<\/p>\n<p>Para formalizar la inscripci\u00f3n y ver las bases de participaci\u00f3n, fechas l\u00edmite, etc. se ruega acceder a\u00a0<a href=\"https:\/\/www.ull.es\/portal\/coefis\/participa\/\" target=\"_blank\" rel=\"noopener\" target=\"_blank\" rel=\"noopener\">este enlace<\/a>.<\/p>\n<p>Para m\u00e1s informaci\u00f3n, pulse este\u00a0<a href=\"https:\/\/www.ull.es\/portal\/coefis\/\" target=\"_blank\" rel=\"noopener\" target=\"_blank\" rel=\"noopener\">enlace<\/a>.<\/p>\n<p><a href=\"https:\/\/drive.google.com\/file\/d\/1PdA9cnvafwR3vWviYvybWNkGy4UMcdy6\/view?usp=sharing\" target=\"_blank\" rel=\"noopener\">Programa<\/a><\/p>\n","protected":false},"excerpt":{"rendered":"<p>El Congreso de Estudiantes de F\u00edsica (COEFIS), que tendr\u00e1 lugar el 9 y 10 de abril de 2026 en el edificio de F\u00edsica y Matem\u00e1ticas, perteneciente a la Facultad de Ciencias de la Universidad de La Laguna, es una iniciativa propuesta y organizada exclusivamente por estudiantes del Grado de F\u00edsica, destinada a aquellas personas (pertenecientes&#8230;<\/p>\n","protected":false},"author":65,"featured_media":46984,"comment_status":"closed","ping_status":"closed","template":"","tags":[],"tribe_events_cat":[4,972,186,191],"acf":[],"yoast_head":"<!-- This site is optimized with the Yoast SEO plugin v21.3 - https:\/\/yoast.com\/wordpress\/plugins\/seo\/ -->\n<title>Coefis XVIII: Congreso de Estudiantes de F\u00edsica - ULL - Agenda<\/title>\n<meta name=\"robots\" content=\"index, follow, max-snippet:-1, max-image-preview:large, max-video-preview:-1\" \/>\n<link rel=\"canonical\" href=\"https:\/\/www.ull.es\/portal\/agenda\/evento\/coefis-xviii-congreso-de-estudiantes-de-fisica\/\" \/>\n<meta property=\"og:locale\" content=\"es_ES\" \/>\n<meta property=\"og:type\" content=\"article\" \/>\n<meta property=\"og:title\" content=\"Coefis XVIII: Congreso de Estudiantes de F\u00edsica - ULL - Agenda\" \/>\n<meta property=\"og:description\" content=\"El Congreso de Estudiantes de F\u00edsica (COEFIS), que tendr\u00e1 lugar el 9 y 10 de abril de 2026 en el edificio de F\u00edsica y Matem\u00e1ticas, perteneciente a la Facultad de Ciencias de la Universidad de La Laguna, es una iniciativa propuesta y organizada exclusivamente por estudiantes del Grado de F\u00edsica, destinada a aquellas personas (pertenecientes...\" \/>\n<meta property=\"og:url\" content=\"https:\/\/www.ull.es\/portal\/agenda\/evento\/coefis-xviii-congreso-de-estudiantes-de-fisica\/\" \/>\n<meta property=\"og:site_name\" content=\"ULL - Agenda\" \/>\n<meta property=\"article:modified_time\" content=\"2026-03-13T14:23:43+00:00\" \/>\n<meta property=\"og:image\" content=\"https:\/\/www.ull.es\/portal\/agenda\/wp-content\/uploads\/sites\/12\/2026\/03\/COEFIS-XVIII-Congreso-de-Estudiantes-de-Fisica-de-la-Universidad-de-La-Laguna__Banner-eventos.jpg\" \/>\n\t<meta property=\"og:image:width\" content=\"750\" \/>\n\t<meta property=\"og:image:height\" content=\"370\" \/>\n\t<meta property=\"og:image:type\" content=\"image\/jpeg\" \/>\n<meta name=\"twitter:card\" content=\"summary_large_image\" \/>\n<meta name=\"twitter:label1\" content=\"Tiempo de lectura\" \/>\n\t<meta name=\"twitter:data1\" content=\"2 minutos\" \/>\n<script type=\"application\/ld+json\" class=\"yoast-schema-graph\">{\"@context\":\"https:\/\/schema.org\",\"@graph\":[{\"@type\":\"WebPage\",\"@id\":\"https:\/\/www.ull.es\/portal\/agenda\/evento\/coefis-xviii-congreso-de-estudiantes-de-fisica\/\",\"url\":\"https:\/\/www.ull.es\/portal\/agenda\/evento\/coefis-xviii-congreso-de-estudiantes-de-fisica\/\",\"name\":\"Coefis XVIII: Congreso de Estudiantes de F\u00edsica - ULL - Agenda\",\"isPartOf\":{\"@id\":\"https:\/\/www.ull.es\/portal\/agenda\/#website\"},\"datePublished\":\"2026-03-13T11:22:54+00:00\",\"dateModified\":\"2026-03-13T14:23:43+00:00\",\"breadcrumb\":{\"@id\":\"https:\/\/www.ull.es\/portal\/agenda\/evento\/coefis-xviii-congreso-de-estudiantes-de-fisica\/#breadcrumb\"},\"inLanguage\":\"es\",\"potentialAction\":[{\"@type\":\"ReadAction\",\"target\":[\"https:\/\/www.ull.es\/portal\/agenda\/evento\/coefis-xviii-congreso-de-estudiantes-de-fisica\/\"]}]},{\"@type\":\"BreadcrumbList\",\"@id\":\"https:\/\/www.ull.es\/portal\/agenda\/evento\/coefis-xviii-congreso-de-estudiantes-de-fisica\/#breadcrumb\",\"itemListElement\":[{\"@type\":\"ListItem\",\"position\":1,\"name\":\"Portada\",\"item\":\"https:\/\/www.ull.es\/portal\/agenda\/\"},{\"@type\":\"ListItem\",\"position\":2,\"name\":\"Coefis XVIII: Congreso de Estudiantes de F\u00edsica\"}]},{\"@type\":\"WebSite\",\"@id\":\"https:\/\/www.ull.es\/portal\/agenda\/#website\",\"url\":\"https:\/\/www.ull.es\/portal\/agenda\/\",\"name\":\"ULL - Agenda\",\"description\":\"\",\"potentialAction\":[{\"@type\":\"SearchAction\",\"target\":{\"@type\":\"EntryPoint\",\"urlTemplate\":\"https:\/\/www.ull.es\/portal\/agenda\/?s={search_term_string}\"},\"query-input\":\"required name=search_term_string\"}],\"inLanguage\":\"es\"}]}<\/script>\n<!-- \/ Yoast SEO plugin. -->","yoast_head_json":{"title":"Coefis XVIII: Congreso de Estudiantes de F\u00edsica - ULL - Agenda","robots":{"index":"index","follow":"follow","max-snippet":"max-snippet:-1","max-image-preview":"max-image-preview:large","max-video-preview":"max-video-preview:-1"},"canonical":"https:\/\/www.ull.es\/portal\/agenda\/evento\/coefis-xviii-congreso-de-estudiantes-de-fisica\/","og_locale":"es_ES","og_type":"article","og_title":"Coefis XVIII: Congreso de Estudiantes de F\u00edsica - ULL - Agenda","og_description":"El Congreso de Estudiantes de F\u00edsica (COEFIS), que tendr\u00e1 lugar el 9 y 10 de abril de 2026 en el edificio de F\u00edsica y Matem\u00e1ticas, perteneciente a la Facultad de Ciencias de la Universidad de La Laguna, es una iniciativa propuesta y organizada exclusivamente por estudiantes del Grado de F\u00edsica, destinada a aquellas personas (pertenecientes...","og_url":"https:\/\/www.ull.es\/portal\/agenda\/evento\/coefis-xviii-congreso-de-estudiantes-de-fisica\/","og_site_name":"ULL - Agenda","article_modified_time":"2026-03-13T14:23:43+00:00","og_image":[{"width":750,"height":370,"url":"https:\/\/www.ull.es\/portal\/agenda\/wp-content\/uploads\/sites\/12\/2026\/03\/COEFIS-XVIII-Congreso-de-Estudiantes-de-Fisica-de-la-Universidad-de-La-Laguna__Banner-eventos.jpg","type":"image\/jpeg"}],"twitter_card":"summary_large_image","twitter_misc":{"Tiempo de lectura":"2 minutos"},"schema":{"@context":"https:\/\/schema.org","@graph":[{"@type":"WebPage","@id":"https:\/\/www.ull.es\/portal\/agenda\/evento\/coefis-xviii-congreso-de-estudiantes-de-fisica\/","url":"https:\/\/www.ull.es\/portal\/agenda\/evento\/coefis-xviii-congreso-de-estudiantes-de-fisica\/","name":"Coefis XVIII: Congreso de Estudiantes de F\u00edsica - ULL - Agenda","isPartOf":{"@id":"https:\/\/www.ull.es\/portal\/agenda\/#website"},"datePublished":"2026-03-13T11:22:54+00:00","dateModified":"2026-03-13T14:23:43+00:00","breadcrumb":{"@id":"https:\/\/www.ull.es\/portal\/agenda\/evento\/coefis-xviii-congreso-de-estudiantes-de-fisica\/#breadcrumb"},"inLanguage":"es","potentialAction":[{"@type":"ReadAction","target":["https:\/\/www.ull.es\/portal\/agenda\/evento\/coefis-xviii-congreso-de-estudiantes-de-fisica\/"]}]},{"@type":"BreadcrumbList","@id":"https:\/\/www.ull.es\/portal\/agenda\/evento\/coefis-xviii-congreso-de-estudiantes-de-fisica\/#breadcrumb","itemListElement":[{"@type":"ListItem","position":1,"name":"Portada","item":"https:\/\/www.ull.es\/portal\/agenda\/"},{"@type":"ListItem","position":2,"name":"Coefis XVIII: Congreso de Estudiantes de F\u00edsica"}]},{"@type":"WebSite","@id":"https:\/\/www.ull.es\/portal\/agenda\/#website","url":"https:\/\/www.ull.es\/portal\/agenda\/","name":"ULL - Agenda","description":"","potentialAction":[{"@type":"SearchAction","target":{"@type":"EntryPoint","urlTemplate":"https:\/\/www.ull.es\/portal\/agenda\/?s={search_term_string}"},"query-input":"required name=search_term_string"}],"inLanguage":"es"}]}},"_links":{"self":[{"href":"https:\/\/www.ull.es\/portal\/agenda\/wp-json\/wp\/v2\/tribe_events\/46969"}],"collection":[{"href":"https:\/\/www.ull.es\/portal\/agenda\/wp-json\/wp\/v2\/tribe_events"}],"about":[{"href":"https:\/\/www.ull.es\/portal\/agenda\/wp-json\/wp\/v2\/types\/tribe_events"}],"author":[{"embeddable":true,"href":"https:\/\/www.ull.es\/portal\/agenda\/wp-json\/wp\/v2\/users\/65"}],"replies":[{"embeddable":true,"href":"https:\/\/www.ull.es\/portal\/agenda\/wp-json\/wp\/v2\/comments?post=46969"}],"version-history":[{"count":5,"href":"https:\/\/www.ull.es\/portal\/agenda\/wp-json\/wp\/v2\/tribe_events\/46969\/revisions"}],"predecessor-version":[{"id":46974,"href":"https:\/\/www.ull.es\/portal\/agenda\/wp-json\/wp\/v2\/tribe_events\/46969\/revisions\/46974"}],"wp:featuredmedia":[{"embeddable":true,"href":"https:\/\/www.ull.es\/portal\/agenda\/wp-json\/wp\/v2\/media\/46984"}],"wp:attachment":[{"href":"https:\/\/www.ull.es\/portal\/agenda\/wp-json\/wp\/v2\/media?parent=46969"}],"wp:term":[{"taxonomy":"post_tag","embeddable":true,"href":"https:\/\/www.ull.es\/portal\/agenda\/wp-json\/wp\/v2\/tags?post=46969"},{"taxonomy":"tribe_events_cat","embeddable":true,"href":"https:\/\/www.ull.es\/portal\/agenda\/wp-json\/wp\/v2\/tribe_events_cat?post=46969"}],"curies":[{"name":"wp","href":"https:\/\/api.w.org\/{rel}","templated":true}]}}

Coefis XVIII: Congreso de Estudiantes de Física

<p>El Congreso de Estudiantes de Física (COEFIS), que tendrá lugar el 9 y 10 de abril de 2026 en el edificio de Física y Matemáticas, perteneciente a la Facultad de Ciencias de la Universidad de La Laguna, es una iniciativa propuesta y organizada exclusivamente por estudiantes del Grado de Física, destinada a aquellas personas (pertenecientes o no al ámbito universitario) que sientan curiosidad e interés por la Física y quieran ampliar su formación científica y encontrar nuevas oportunidades en el ámbito laboral y académico.</p>
<p>El COEFIS fue creado por y para estudiantes como un evento en el cual ofrecer la oportunidad a los estudiantes de grado, máster y doctorado de asistir a las conferencias de los distintos científicos e investigadores invitados, nacionales e internacionales, así como de sus compañeros y compañeras que también se animan a ofrecer sus propias ponencias. Su organización la componen alumnos y alumnas del grado que coordinan la actividad con apoyo del profesorado, el equipo decanal y el Instituto de Astrofísica de Canarias.</p>
<p>El COEFIS persigue un objetivo general: crear un entorno en el que el estudiante pueda conocer, aprender e interactuar con los distintos participantes para crecer como persona y como futuro<br />
profesional. Este objetivo trae consigo la posibilidad de que, no solo los estudiantes del Grado de Física, sino también cualquier otro estudiante (universitario y no universitario) o persona externa al mundo académico, pueda disfrutar de un entorno en el que la investigación y la innovación esté en boca de todos.</p>
<p>Para formalizar la inscripción y ver las bases de participación, fechas límite, etc. se ruega acceder a <a href="https://www.ull.es/portal/coefis/participa/" target="_blank" rel="noopener" target="_blank" rel="noopener">este enlace</a>.</p>
<p>Para más información, pulse este <a href="https://www.ull.es/portal/coefis/" target="_blank" rel="noopener" target="_blank" rel="noopener">enlace</a>.</p>
<p><a href="https://drive.google.com/file/d/1PdA9cnvafwR3vWviYvybWNkGy4UMcdy6/view?usp=sharing" target="_blank" rel="noopener">Programa</a></p>

<p>El Congreso de Estudiantes de Física (COEFIS), que tendrá lugar el 9 y 10 de abril de 2026 en el edificio de Física y Matemáticas, perteneciente a la Facultad de Ciencias de la Universidad de La Laguna, es una iniciativa propuesta y organizada exclusivamente por estudiantes del Grado de Física, destinada a aquellas personas (pertenecientes&#8230;</p>

<!-- This site is optimized with the Yoast SEO plugin v21.3 - https://yoast.com/wordpress/plugins/seo/ -->
<title>Coefis XVIII: Congreso de Estudiantes de Física - ULL - Agenda</title>
<meta name="robots" content="index, follow, max-snippet:-1, max-image-preview:large, max-video-preview:-1" />
<link rel="canonical" href="https://www.ull.es/portal/agenda/evento/coefis-xviii-congreso-de-estudiantes-de-fisica/" />
<meta property="og:locale" content="es_ES" />
<meta property="og:type" content="article" />
<meta property="og:title" content="Coefis XVIII: Congreso de Estudiantes de Física - ULL - Agenda" />
<meta property="og:description" content="El Congreso de Estudiantes de Física (COEFIS), que tendrá lugar el 9 y 10 de abril de 2026 en el edificio de Física y Matemáticas, perteneciente a la Facultad de Ciencias de la Universidad de La Laguna, es una iniciativa propuesta y organizada exclusivamente por estudiantes del Grado de Física, destinada a aquellas personas (pertenecientes..." />
<meta property="og:url" content="https://www.ull.es/portal/agenda/evento/coefis-xviii-congreso-de-estudiantes-de-fisica/" />
<meta property="og:site_name" content="ULL - Agenda" />
<meta property="article:modified_time" content="2026-03-13T14:23:43+00:00" />
<meta property="og:image" content="https://www.ull.es/portal/agenda/wp-content/uploads/sites/12/2026/03/COEFIS-XVIII-Congreso-de-Estudiantes-de-Fisica-de-la-Universidad-de-La-Laguna__Banner-eventos.jpg" />
	<meta property="og:image:width" content="750" />
	<meta property="og:image:height" content="370" />
	<meta property="og:image:type" content="image/jpeg" />
<meta name="twitter:card" content="summary_large_image" />
<meta name="twitter:label1" content="Tiempo de lectura" />
	<meta name="twitter:data1" content="2 minutos" />
<script type="application/ld+json" class="yoast-schema-graph">{"@context":"https://schema.org","@graph":[{"@type":"WebPage","@id":"https://www.ull.es/portal/agenda/evento/coefis-xviii-congreso-de-estudiantes-de-fisica/","url":"https://www.ull.es/portal/agenda/evento/coefis-xviii-congreso-de-estudiantes-de-fisica/","name":"Coefis XVIII: Congreso de Estudiantes de Física - ULL - Agenda","isPartOf":{"@id":"https://www.ull.es/portal/agenda/#website"},"datePublished":"2026-03-13T11:22:54+00:00","dateModified":"2026-03-13T14:23:43+00:00","breadcrumb":{"@id":"https://www.ull.es/portal/agenda/evento/coefis-xviii-congreso-de-estudiantes-de-fisica/#breadcrumb"},"inLanguage":"es","potentialAction":[{"@type":"ReadAction","target":["https://www.ull.es/portal/agenda/evento/coefis-xviii-congreso-de-estudiantes-de-fisica/"]}]},{"@type":"BreadcrumbList","@id":"https://www.ull.es/portal/agenda/evento/coefis-xviii-congreso-de-estudiantes-de-fisica/#breadcrumb","itemListElement":[{"@type":"ListItem","position":1,"name":"Portada","item":"https://www.ull.es/portal/agenda/"},{"@type":"ListItem","position":2,"name":"Coefis XVIII: Congreso de Estudiantes de Física"}]},{"@type":"WebSite","@id":"https://www.ull.es/portal/agenda/#website","url":"https://www.ull.es/portal/agenda/","name":"ULL - Agenda","description":"","potentialAction":[{"@type":"SearchAction","target":{"@type":"EntryPoint","urlTemplate":"https://www.ull.es/portal/agenda/?s={search_term_string}"},"query-input":"required name=search_term_string"}],"inLanguage":"es"}]}</script>
<!-- / Yoast SEO plugin. -->

Coefis XVIII: Congreso de Estudiantes de Física - ULL - Agenda

El Congreso de Estudiantes de Física (COEFIS), que tendrá lugar el 9 y 10 de abril de 2026 en el edificio de Física y Matemáticas, perteneciente a la Facultad de Ciencias de la Universidad de La Laguna, es una iniciativa propuesta y organizada exclusivamente por estudiantes del Grado de Física, destinada a aquellas personas (pertenecientes...
