{"id":47860,"date":"2026-04-22T07:37:43","date_gmt":"2026-04-22T07:37:43","guid":{"rendered":"https:\/\/www.ull.es\/portal\/agenda\/?post_type=tribe_events&#038;p=47860"},"modified":"2026-04-27T11:52:30","modified_gmt":"2026-04-27T11:52:30","slug":"xxxi-congreso-internacional-dialogo-fe-cultura","status":"publish","type":"tribe_events","link":"https:\/\/www.ull.es\/portal\/agenda\/evento\/xxxi-congreso-internacional-dialogo-fe-cultura\/","title":{"rendered":"XXXI Congreso Internacional Dialogo Fe y Cultura"},"content":{"rendered":"<p>Se trata de un congreso divulgativo que promueve el di\u00e1logo entre la fe y la cultura, lo que viene a ser objetivo espec\u00edfico de la C\u00e1tedra Cultural Pedro Bencomo. En la figura del primer rector de la Universidad de La Laguna y de\u00e1n de la Catedral de la laguna, D. Pedro Bencomo, se quiere subrayar la importancia de este di\u00e1logo. Las c\u00e1tedras culturales se establecen como foros de debate y reflexi\u00f3n, trascendente, plural y contempor\u00e1nea. Como cada a\u00f1o, en 2026 esta C\u00e1tedra pretende seguir colaborando en parte de la organizaci\u00f3n de este Congreso organizado por el Instituto Superior de Teolog\u00eda de las Islas Canarias.<\/p>\n<p>Para m\u00e1s informaci\u00f3n, pulse este <a href=\"https:\/\/sites.google.com\/cettenerife.org\/xxxi-dialogo-fe-cultura\/inicio\" target=\"_blank\" rel=\"noopener\">enlace<\/a>.<\/p>\n<p>&nbsp;<\/p>\n","protected":false},"excerpt":{"rendered":"<p>Se trata de un congreso divulgativo que promueve el di\u00e1logo entre la fe y la cultura, lo que viene a ser objetivo espec\u00edfico de la C\u00e1tedra Cultural Pedro Bencomo. En la figura del primer rector de la Universidad de La Laguna y de\u00e1n de la Catedral de la laguna, D. Pedro Bencomo, se quiere subrayar&#8230;<\/p>\n","protected":false},"author":117,"featured_media":47928,"comment_status":"closed","ping_status":"closed","template":"","tags":[],"tribe_events_cat":[344,3987,4],"acf":[],"yoast_head":"<!-- This site is optimized with the Yoast SEO plugin v21.3 - https:\/\/yoast.com\/wordpress\/plugins\/seo\/ -->\n<title>XXXI Congreso Internacional Dialogo Fe y Cultura - ULL - Agenda<\/title>\n<meta name=\"robots\" content=\"index, follow, max-snippet:-1, max-image-preview:large, max-video-preview:-1\" \/>\n<link rel=\"canonical\" href=\"https:\/\/www.ull.es\/portal\/agenda\/evento\/xxxi-congreso-internacional-dialogo-fe-cultura\/\" \/>\n<meta property=\"og:locale\" content=\"es_ES\" \/>\n<meta property=\"og:type\" content=\"article\" \/>\n<meta property=\"og:title\" content=\"XXXI Congreso Internacional Dialogo Fe y Cultura - ULL - Agenda\" \/>\n<meta property=\"og:description\" content=\"Se trata de un congreso divulgativo que promueve el di\u00e1logo entre la fe y la cultura, lo que viene a ser objetivo espec\u00edfico de la C\u00e1tedra Cultural Pedro Bencomo. En la figura del primer rector de la Universidad de La Laguna y de\u00e1n de la Catedral de la laguna, D. Pedro Bencomo, se quiere subrayar...\" \/>\n<meta property=\"og:url\" content=\"https:\/\/www.ull.es\/portal\/agenda\/evento\/xxxi-congreso-internacional-dialogo-fe-cultura\/\" \/>\n<meta property=\"og:site_name\" content=\"ULL - Agenda\" \/>\n<meta property=\"article:modified_time\" content=\"2026-04-27T11:52:30+00:00\" \/>\n<meta property=\"og:image\" content=\"https:\/\/www.ull.es\/portal\/agenda\/wp-content\/uploads\/sites\/12\/2026\/04\/banner-eventos-66.jpg\" \/>\n\t<meta property=\"og:image:width\" content=\"750\" \/>\n\t<meta property=\"og:image:height\" content=\"370\" \/>\n\t<meta property=\"og:image:type\" content=\"image\/jpeg\" \/>\n<meta name=\"twitter:card\" content=\"summary_large_image\" \/>\n<meta name=\"twitter:label1\" content=\"Tiempo de lectura\" \/>\n\t<meta name=\"twitter:data1\" content=\"1 minuto\" \/>\n<script type=\"application\/ld+json\" class=\"yoast-schema-graph\">{\"@context\":\"https:\/\/schema.org\",\"@graph\":[{\"@type\":\"WebPage\",\"@id\":\"https:\/\/www.ull.es\/portal\/agenda\/evento\/xxxi-congreso-internacional-dialogo-fe-cultura\/\",\"url\":\"https:\/\/www.ull.es\/portal\/agenda\/evento\/xxxi-congreso-internacional-dialogo-fe-cultura\/\",\"name\":\"XXXI Congreso Internacional Dialogo Fe y Cultura - ULL - Agenda\",\"isPartOf\":{\"@id\":\"https:\/\/www.ull.es\/portal\/agenda\/#website\"},\"datePublished\":\"2026-04-22T07:37:43+00:00\",\"dateModified\":\"2026-04-27T11:52:30+00:00\",\"breadcrumb\":{\"@id\":\"https:\/\/www.ull.es\/portal\/agenda\/evento\/xxxi-congreso-internacional-dialogo-fe-cultura\/#breadcrumb\"},\"inLanguage\":\"es\",\"potentialAction\":[{\"@type\":\"ReadAction\",\"target\":[\"https:\/\/www.ull.es\/portal\/agenda\/evento\/xxxi-congreso-internacional-dialogo-fe-cultura\/\"]}]},{\"@type\":\"BreadcrumbList\",\"@id\":\"https:\/\/www.ull.es\/portal\/agenda\/evento\/xxxi-congreso-internacional-dialogo-fe-cultura\/#breadcrumb\",\"itemListElement\":[{\"@type\":\"ListItem\",\"position\":1,\"name\":\"Portada\",\"item\":\"https:\/\/www.ull.es\/portal\/agenda\/\"},{\"@type\":\"ListItem\",\"position\":2,\"name\":\"XXXI Congreso Internacional Dialogo Fe y Cultura\"}]},{\"@type\":\"WebSite\",\"@id\":\"https:\/\/www.ull.es\/portal\/agenda\/#website\",\"url\":\"https:\/\/www.ull.es\/portal\/agenda\/\",\"name\":\"ULL - Agenda\",\"description\":\"\",\"potentialAction\":[{\"@type\":\"SearchAction\",\"target\":{\"@type\":\"EntryPoint\",\"urlTemplate\":\"https:\/\/www.ull.es\/portal\/agenda\/?s={search_term_string}\"},\"query-input\":\"required name=search_term_string\"}],\"inLanguage\":\"es\"}]}<\/script>\n<!-- \/ Yoast SEO plugin. -->","yoast_head_json":{"title":"XXXI Congreso Internacional Dialogo Fe y Cultura - ULL - Agenda","robots":{"index":"index","follow":"follow","max-snippet":"max-snippet:-1","max-image-preview":"max-image-preview:large","max-video-preview":"max-video-preview:-1"},"canonical":"https:\/\/www.ull.es\/portal\/agenda\/evento\/xxxi-congreso-internacional-dialogo-fe-cultura\/","og_locale":"es_ES","og_type":"article","og_title":"XXXI Congreso Internacional Dialogo Fe y Cultura - ULL - Agenda","og_description":"Se trata de un congreso divulgativo que promueve el di\u00e1logo entre la fe y la cultura, lo que viene a ser objetivo espec\u00edfico de la C\u00e1tedra Cultural Pedro Bencomo. En la figura del primer rector de la Universidad de La Laguna y de\u00e1n de la Catedral de la laguna, D. Pedro Bencomo, se quiere subrayar...","og_url":"https:\/\/www.ull.es\/portal\/agenda\/evento\/xxxi-congreso-internacional-dialogo-fe-cultura\/","og_site_name":"ULL - Agenda","article_modified_time":"2026-04-27T11:52:30+00:00","og_image":[{"width":750,"height":370,"url":"https:\/\/www.ull.es\/portal\/agenda\/wp-content\/uploads\/sites\/12\/2026\/04\/banner-eventos-66.jpg","type":"image\/jpeg"}],"twitter_card":"summary_large_image","twitter_misc":{"Tiempo de lectura":"1 minuto"},"schema":{"@context":"https:\/\/schema.org","@graph":[{"@type":"WebPage","@id":"https:\/\/www.ull.es\/portal\/agenda\/evento\/xxxi-congreso-internacional-dialogo-fe-cultura\/","url":"https:\/\/www.ull.es\/portal\/agenda\/evento\/xxxi-congreso-internacional-dialogo-fe-cultura\/","name":"XXXI Congreso Internacional Dialogo Fe y Cultura - ULL - Agenda","isPartOf":{"@id":"https:\/\/www.ull.es\/portal\/agenda\/#website"},"datePublished":"2026-04-22T07:37:43+00:00","dateModified":"2026-04-27T11:52:30+00:00","breadcrumb":{"@id":"https:\/\/www.ull.es\/portal\/agenda\/evento\/xxxi-congreso-internacional-dialogo-fe-cultura\/#breadcrumb"},"inLanguage":"es","potentialAction":[{"@type":"ReadAction","target":["https:\/\/www.ull.es\/portal\/agenda\/evento\/xxxi-congreso-internacional-dialogo-fe-cultura\/"]}]},{"@type":"BreadcrumbList","@id":"https:\/\/www.ull.es\/portal\/agenda\/evento\/xxxi-congreso-internacional-dialogo-fe-cultura\/#breadcrumb","itemListElement":[{"@type":"ListItem","position":1,"name":"Portada","item":"https:\/\/www.ull.es\/portal\/agenda\/"},{"@type":"ListItem","position":2,"name":"XXXI Congreso Internacional Dialogo Fe y Cultura"}]},{"@type":"WebSite","@id":"https:\/\/www.ull.es\/portal\/agenda\/#website","url":"https:\/\/www.ull.es\/portal\/agenda\/","name":"ULL - Agenda","description":"","potentialAction":[{"@type":"SearchAction","target":{"@type":"EntryPoint","urlTemplate":"https:\/\/www.ull.es\/portal\/agenda\/?s={search_term_string}"},"query-input":"required name=search_term_string"}],"inLanguage":"es"}]}},"_links":{"self":[{"href":"https:\/\/www.ull.es\/portal\/agenda\/wp-json\/wp\/v2\/tribe_events\/47860"}],"collection":[{"href":"https:\/\/www.ull.es\/portal\/agenda\/wp-json\/wp\/v2\/tribe_events"}],"about":[{"href":"https:\/\/www.ull.es\/portal\/agenda\/wp-json\/wp\/v2\/types\/tribe_events"}],"author":[{"embeddable":true,"href":"https:\/\/www.ull.es\/portal\/agenda\/wp-json\/wp\/v2\/users\/117"}],"replies":[{"embeddable":true,"href":"https:\/\/www.ull.es\/portal\/agenda\/wp-json\/wp\/v2\/comments?post=47860"}],"version-history":[{"count":4,"href":"https:\/\/www.ull.es\/portal\/agenda\/wp-json\/wp\/v2\/tribe_events\/47860\/revisions"}],"predecessor-version":[{"id":47938,"href":"https:\/\/www.ull.es\/portal\/agenda\/wp-json\/wp\/v2\/tribe_events\/47860\/revisions\/47938"}],"wp:featuredmedia":[{"embeddable":true,"href":"https:\/\/www.ull.es\/portal\/agenda\/wp-json\/wp\/v2\/media\/47928"}],"wp:attachment":[{"href":"https:\/\/www.ull.es\/portal\/agenda\/wp-json\/wp\/v2\/media?parent=47860"}],"wp:term":[{"taxonomy":"post_tag","embeddable":true,"href":"https:\/\/www.ull.es\/portal\/agenda\/wp-json\/wp\/v2\/tags?post=47860"},{"taxonomy":"tribe_events_cat","embeddable":true,"href":"https:\/\/www.ull.es\/portal\/agenda\/wp-json\/wp\/v2\/tribe_events_cat?post=47860"}],"curies":[{"name":"wp","href":"https:\/\/api.w.org\/{rel}","templated":true}]}}

<p>Se trata de un congreso divulgativo que promueve el diálogo entre la fe y la cultura, lo que viene a ser objetivo específico de la Cátedra Cultural Pedro Bencomo. En la figura del primer rector de la Universidad de La Laguna y deán de la Catedral de la laguna, D. Pedro Bencomo, se quiere subrayar la importancia de este diálogo. Las cátedras culturales se establecen como foros de debate y reflexión, trascendente, plural y contemporánea. Como cada año, en 2026 esta Cátedra pretende seguir colaborando en parte de la organización de este Congreso organizado por el Instituto Superior de Teología de las Islas Canarias.</p>
<p>Para más información, pulse este <a href="https://sites.google.com/cettenerife.org/xxxi-dialogo-fe-cultura/inicio" target="_blank" rel="noopener">enlace</a>.</p>
<p>&nbsp;</p>

<p>Se trata de un congreso divulgativo que promueve el diálogo entre la fe y la cultura, lo que viene a ser objetivo específico de la Cátedra Cultural Pedro Bencomo. En la figura del primer rector de la Universidad de La Laguna y deán de la Catedral de la laguna, D. Pedro Bencomo, se quiere subrayar&#8230;</p>

<!-- This site is optimized with the Yoast SEO plugin v21.3 - https://yoast.com/wordpress/plugins/seo/ -->
<title>XXXI Congreso Internacional Dialogo Fe y Cultura - ULL - Agenda</title>
<meta name="robots" content="index, follow, max-snippet:-1, max-image-preview:large, max-video-preview:-1" />
<link rel="canonical" href="https://www.ull.es/portal/agenda/evento/xxxi-congreso-internacional-dialogo-fe-cultura/" />
<meta property="og:locale" content="es_ES" />
<meta property="og:type" content="article" />
<meta property="og:title" content="XXXI Congreso Internacional Dialogo Fe y Cultura - ULL - Agenda" />
<meta property="og:description" content="Se trata de un congreso divulgativo que promueve el diálogo entre la fe y la cultura, lo que viene a ser objetivo específico de la Cátedra Cultural Pedro Bencomo. En la figura del primer rector de la Universidad de La Laguna y deán de la Catedral de la laguna, D. Pedro Bencomo, se quiere subrayar..." />
<meta property="og:url" content="https://www.ull.es/portal/agenda/evento/xxxi-congreso-internacional-dialogo-fe-cultura/" />
<meta property="og:site_name" content="ULL - Agenda" />
<meta property="article:modified_time" content="2026-04-27T11:52:30+00:00" />
<meta property="og:image" content="https://www.ull.es/portal/agenda/wp-content/uploads/sites/12/2026/04/banner-eventos-66.jpg" />
	<meta property="og:image:width" content="750" />
	<meta property="og:image:height" content="370" />
	<meta property="og:image:type" content="image/jpeg" />
<meta name="twitter:card" content="summary_large_image" />
<meta name="twitter:label1" content="Tiempo de lectura" />
	<meta name="twitter:data1" content="1 minuto" />
<script type="application/ld+json" class="yoast-schema-graph">{"@context":"https://schema.org","@graph":[{"@type":"WebPage","@id":"https://www.ull.es/portal/agenda/evento/xxxi-congreso-internacional-dialogo-fe-cultura/","url":"https://www.ull.es/portal/agenda/evento/xxxi-congreso-internacional-dialogo-fe-cultura/","name":"XXXI Congreso Internacional Dialogo Fe y Cultura - ULL - Agenda","isPartOf":{"@id":"https://www.ull.es/portal/agenda/#website"},"datePublished":"2026-04-22T07:37:43+00:00","dateModified":"2026-04-27T11:52:30+00:00","breadcrumb":{"@id":"https://www.ull.es/portal/agenda/evento/xxxi-congreso-internacional-dialogo-fe-cultura/#breadcrumb"},"inLanguage":"es","potentialAction":[{"@type":"ReadAction","target":["https://www.ull.es/portal/agenda/evento/xxxi-congreso-internacional-dialogo-fe-cultura/"]}]},{"@type":"BreadcrumbList","@id":"https://www.ull.es/portal/agenda/evento/xxxi-congreso-internacional-dialogo-fe-cultura/#breadcrumb","itemListElement":[{"@type":"ListItem","position":1,"name":"Portada","item":"https://www.ull.es/portal/agenda/"},{"@type":"ListItem","position":2,"name":"XXXI Congreso Internacional Dialogo Fe y Cultura"}]},{"@type":"WebSite","@id":"https://www.ull.es/portal/agenda/#website","url":"https://www.ull.es/portal/agenda/","name":"ULL - Agenda","description":"","potentialAction":[{"@type":"SearchAction","target":{"@type":"EntryPoint","urlTemplate":"https://www.ull.es/portal/agenda/?s={search_term_string}"},"query-input":"required name=search_term_string"}],"inLanguage":"es"}]}</script>
<!-- / Yoast SEO plugin. -->

Se trata de un congreso divulgativo que promueve el diálogo entre la fe y la cultura, lo que viene a ser objetivo específico de la Cátedra Cultural Pedro Bencomo. En la figura del primer rector de la Universidad de La Laguna y deán de la Catedral de la laguna, D. Pedro Bencomo, se quiere subrayar...
