{"id":47896,"date":"2026-04-24T08:35:28","date_gmt":"2026-04-24T08:35:28","guid":{"rendered":"https:\/\/www.ull.es\/portal\/agenda\/?post_type=tribe_events&#038;p=47896"},"modified":"2026-04-24T08:35:59","modified_gmt":"2026-04-24T08:35:59","slug":"conversatorio-sobre-la-igualdad-en-el-trabajo-para-las-identidades-trans","status":"publish","type":"tribe_events","link":"https:\/\/www.ull.es\/portal\/agenda\/evento\/conversatorio-sobre-la-igualdad-en-el-trabajo-para-las-identidades-trans\/","title":{"rendered":"Conversatorio sobre la igualdad en el trabajo para las identidades trans"},"content":{"rendered":"<div><\/div>\n<div>\n<div>\n<div><\/div>\n<\/div>\n<div><span style=\"font-family: arial narrow, sans-serif;\">El evento busca crear un espacio de an\u00e1lisis en el que reflexionar sobre los retos que afrontan las personas trans en el acceso y transcurso de su vida laboral. Surge como un objetivo de la campa\u00f1a \u00abContrata Diversidad\u00bb, creada por parte del alumnado del Grado en Periodismo de la ULL, en colaboraci\u00f3n con la Asociaci\u00f3n LGBTIQA+ Diversas Canarias para concienciar sobre la inclusi\u00f3n de las personas trans en el \u00e1mbito laboral. A trav\u00e9s del di\u00e1logo se buscar\u00e1\u00a0abordar las decisiones que deben tomar las empresas para garantizar un ambiente laboral seguro e inclusivo. Fomentaremos el di\u00e1logo desde diferentes perspectivas abordadas por los siguientes ponentes: el activista trans de la Asociaci\u00f3n Libertrans, Yelko Fern\u00e1ndez, la Profesora de Derecho del Trabajo y de la Seguridad Social, Laura Casanova, la sindicalista de la Uni\u00f3n General de Trabajadoras, Bego\u00f1a Barras y la activista de Diversas y coordinadora del Grupo Laboral de la Federaci\u00f3n Estatal LGTBI+, Meritxell Salazar.<br \/>\n<\/span><\/div>\n<div>\n<div><span style=\"font-family: arial narrow, sans-serif;\"><br \/>\n<b>Organizan<\/b>: Aula Cultural de Diversidad LGBTIQ+ de la ULL, Contrata Diversidad y Asociaci\u00f3n LGBTIQA* Diversas Canarias.\u00a0<\/span><\/div>\n<div><span style=\"font-family: arial narrow, sans-serif;\"><b>Colabora<\/b>: Facultad de Derecho de la ULL.<\/span><\/div>\n<\/div>\n<\/div>\n","protected":false},"excerpt":{"rendered":"<p>El evento busca crear un espacio de an\u00e1lisis en el que reflexionar sobre los retos que afrontan las personas trans en el acceso y transcurso de su vida laboral. Surge como un objetivo de la campa\u00f1a \u00abContrata Diversidad\u00bb, creada por parte del alumnado del Grado en Periodismo de la ULL, en colaboraci\u00f3n con la Asociaci\u00f3n&#8230;<\/p>\n","protected":false},"author":117,"featured_media":47897,"comment_status":"closed","ping_status":"closed","template":"","tags":[],"tribe_events_cat":[344,4,848,865,186,191],"acf":[],"yoast_head":"<!-- This site is optimized with the Yoast SEO plugin v21.3 - https:\/\/yoast.com\/wordpress\/plugins\/seo\/ -->\n<title>Conversatorio sobre la igualdad en el trabajo para las identidades trans - ULL - Agenda<\/title>\n<meta name=\"robots\" content=\"index, follow, max-snippet:-1, max-image-preview:large, max-video-preview:-1\" \/>\n<link rel=\"canonical\" href=\"https:\/\/www.ull.es\/portal\/agenda\/evento\/conversatorio-sobre-la-igualdad-en-el-trabajo-para-las-identidades-trans\/\" \/>\n<meta property=\"og:locale\" content=\"es_ES\" \/>\n<meta property=\"og:type\" content=\"article\" \/>\n<meta property=\"og:title\" content=\"Conversatorio sobre la igualdad en el trabajo para las identidades trans - ULL - Agenda\" \/>\n<meta property=\"og:description\" content=\"El evento busca crear un espacio de an\u00e1lisis en el que reflexionar sobre los retos que afrontan las personas trans en el acceso y transcurso de su vida laboral. Surge como un objetivo de la campa\u00f1a \u00abContrata Diversidad\u00bb, creada por parte del alumnado del Grado en Periodismo de la ULL, en colaboraci\u00f3n con la Asociaci\u00f3n...\" \/>\n<meta property=\"og:url\" content=\"https:\/\/www.ull.es\/portal\/agenda\/evento\/conversatorio-sobre-la-igualdad-en-el-trabajo-para-las-identidades-trans\/\" \/>\n<meta property=\"og:site_name\" content=\"ULL - Agenda\" \/>\n<meta property=\"article:modified_time\" content=\"2026-04-24T08:35:59+00:00\" \/>\n<meta property=\"og:image\" content=\"https:\/\/www.ull.es\/portal\/agenda\/wp-content\/uploads\/sites\/12\/2026\/04\/CARTEL-1920-x-1080-px.jpg\" \/>\n\t<meta property=\"og:image:width\" content=\"1920\" \/>\n\t<meta property=\"og:image:height\" content=\"1002\" \/>\n\t<meta property=\"og:image:type\" content=\"image\/jpeg\" \/>\n<meta name=\"twitter:card\" content=\"summary_large_image\" \/>\n<meta name=\"twitter:label1\" content=\"Tiempo de lectura\" \/>\n\t<meta name=\"twitter:data1\" content=\"1 minuto\" \/>\n<script type=\"application\/ld+json\" class=\"yoast-schema-graph\">{\"@context\":\"https:\/\/schema.org\",\"@graph\":[{\"@type\":\"WebPage\",\"@id\":\"https:\/\/www.ull.es\/portal\/agenda\/evento\/conversatorio-sobre-la-igualdad-en-el-trabajo-para-las-identidades-trans\/\",\"url\":\"https:\/\/www.ull.es\/portal\/agenda\/evento\/conversatorio-sobre-la-igualdad-en-el-trabajo-para-las-identidades-trans\/\",\"name\":\"Conversatorio sobre la igualdad en el trabajo para las identidades trans - ULL - Agenda\",\"isPartOf\":{\"@id\":\"https:\/\/www.ull.es\/portal\/agenda\/#website\"},\"datePublished\":\"2026-04-24T08:35:28+00:00\",\"dateModified\":\"2026-04-24T08:35:59+00:00\",\"breadcrumb\":{\"@id\":\"https:\/\/www.ull.es\/portal\/agenda\/evento\/conversatorio-sobre-la-igualdad-en-el-trabajo-para-las-identidades-trans\/#breadcrumb\"},\"inLanguage\":\"es\",\"potentialAction\":[{\"@type\":\"ReadAction\",\"target\":[\"https:\/\/www.ull.es\/portal\/agenda\/evento\/conversatorio-sobre-la-igualdad-en-el-trabajo-para-las-identidades-trans\/\"]}]},{\"@type\":\"BreadcrumbList\",\"@id\":\"https:\/\/www.ull.es\/portal\/agenda\/evento\/conversatorio-sobre-la-igualdad-en-el-trabajo-para-las-identidades-trans\/#breadcrumb\",\"itemListElement\":[{\"@type\":\"ListItem\",\"position\":1,\"name\":\"Portada\",\"item\":\"https:\/\/www.ull.es\/portal\/agenda\/\"},{\"@type\":\"ListItem\",\"position\":2,\"name\":\"Conversatorio sobre la igualdad en el trabajo para las identidades trans\"}]},{\"@type\":\"WebSite\",\"@id\":\"https:\/\/www.ull.es\/portal\/agenda\/#website\",\"url\":\"https:\/\/www.ull.es\/portal\/agenda\/\",\"name\":\"ULL - Agenda\",\"description\":\"\",\"potentialAction\":[{\"@type\":\"SearchAction\",\"target\":{\"@type\":\"EntryPoint\",\"urlTemplate\":\"https:\/\/www.ull.es\/portal\/agenda\/?s={search_term_string}\"},\"query-input\":\"required name=search_term_string\"}],\"inLanguage\":\"es\"}]}<\/script>\n<!-- \/ Yoast SEO plugin. -->","yoast_head_json":{"title":"Conversatorio sobre la igualdad en el trabajo para las identidades trans - ULL - Agenda","robots":{"index":"index","follow":"follow","max-snippet":"max-snippet:-1","max-image-preview":"max-image-preview:large","max-video-preview":"max-video-preview:-1"},"canonical":"https:\/\/www.ull.es\/portal\/agenda\/evento\/conversatorio-sobre-la-igualdad-en-el-trabajo-para-las-identidades-trans\/","og_locale":"es_ES","og_type":"article","og_title":"Conversatorio sobre la igualdad en el trabajo para las identidades trans - ULL - Agenda","og_description":"El evento busca crear un espacio de an\u00e1lisis en el que reflexionar sobre los retos que afrontan las personas trans en el acceso y transcurso de su vida laboral. Surge como un objetivo de la campa\u00f1a \u00abContrata Diversidad\u00bb, creada por parte del alumnado del Grado en Periodismo de la ULL, en colaboraci\u00f3n con la Asociaci\u00f3n...","og_url":"https:\/\/www.ull.es\/portal\/agenda\/evento\/conversatorio-sobre-la-igualdad-en-el-trabajo-para-las-identidades-trans\/","og_site_name":"ULL - Agenda","article_modified_time":"2026-04-24T08:35:59+00:00","og_image":[{"width":1920,"height":1002,"url":"https:\/\/www.ull.es\/portal\/agenda\/wp-content\/uploads\/sites\/12\/2026\/04\/CARTEL-1920-x-1080-px.jpg","type":"image\/jpeg"}],"twitter_card":"summary_large_image","twitter_misc":{"Tiempo de lectura":"1 minuto"},"schema":{"@context":"https:\/\/schema.org","@graph":[{"@type":"WebPage","@id":"https:\/\/www.ull.es\/portal\/agenda\/evento\/conversatorio-sobre-la-igualdad-en-el-trabajo-para-las-identidades-trans\/","url":"https:\/\/www.ull.es\/portal\/agenda\/evento\/conversatorio-sobre-la-igualdad-en-el-trabajo-para-las-identidades-trans\/","name":"Conversatorio sobre la igualdad en el trabajo para las identidades trans - ULL - Agenda","isPartOf":{"@id":"https:\/\/www.ull.es\/portal\/agenda\/#website"},"datePublished":"2026-04-24T08:35:28+00:00","dateModified":"2026-04-24T08:35:59+00:00","breadcrumb":{"@id":"https:\/\/www.ull.es\/portal\/agenda\/evento\/conversatorio-sobre-la-igualdad-en-el-trabajo-para-las-identidades-trans\/#breadcrumb"},"inLanguage":"es","potentialAction":[{"@type":"ReadAction","target":["https:\/\/www.ull.es\/portal\/agenda\/evento\/conversatorio-sobre-la-igualdad-en-el-trabajo-para-las-identidades-trans\/"]}]},{"@type":"BreadcrumbList","@id":"https:\/\/www.ull.es\/portal\/agenda\/evento\/conversatorio-sobre-la-igualdad-en-el-trabajo-para-las-identidades-trans\/#breadcrumb","itemListElement":[{"@type":"ListItem","position":1,"name":"Portada","item":"https:\/\/www.ull.es\/portal\/agenda\/"},{"@type":"ListItem","position":2,"name":"Conversatorio sobre la igualdad en el trabajo para las identidades trans"}]},{"@type":"WebSite","@id":"https:\/\/www.ull.es\/portal\/agenda\/#website","url":"https:\/\/www.ull.es\/portal\/agenda\/","name":"ULL - Agenda","description":"","potentialAction":[{"@type":"SearchAction","target":{"@type":"EntryPoint","urlTemplate":"https:\/\/www.ull.es\/portal\/agenda\/?s={search_term_string}"},"query-input":"required name=search_term_string"}],"inLanguage":"es"}]}},"_links":{"self":[{"href":"https:\/\/www.ull.es\/portal\/agenda\/wp-json\/wp\/v2\/tribe_events\/47896"}],"collection":[{"href":"https:\/\/www.ull.es\/portal\/agenda\/wp-json\/wp\/v2\/tribe_events"}],"about":[{"href":"https:\/\/www.ull.es\/portal\/agenda\/wp-json\/wp\/v2\/types\/tribe_events"}],"author":[{"embeddable":true,"href":"https:\/\/www.ull.es\/portal\/agenda\/wp-json\/wp\/v2\/users\/117"}],"replies":[{"embeddable":true,"href":"https:\/\/www.ull.es\/portal\/agenda\/wp-json\/wp\/v2\/comments?post=47896"}],"version-history":[{"count":1,"href":"https:\/\/www.ull.es\/portal\/agenda\/wp-json\/wp\/v2\/tribe_events\/47896\/revisions"}],"predecessor-version":[{"id":47898,"href":"https:\/\/www.ull.es\/portal\/agenda\/wp-json\/wp\/v2\/tribe_events\/47896\/revisions\/47898"}],"wp:featuredmedia":[{"embeddable":true,"href":"https:\/\/www.ull.es\/portal\/agenda\/wp-json\/wp\/v2\/media\/47897"}],"wp:attachment":[{"href":"https:\/\/www.ull.es\/portal\/agenda\/wp-json\/wp\/v2\/media?parent=47896"}],"wp:term":[{"taxonomy":"post_tag","embeddable":true,"href":"https:\/\/www.ull.es\/portal\/agenda\/wp-json\/wp\/v2\/tags?post=47896"},{"taxonomy":"tribe_events_cat","embeddable":true,"href":"https:\/\/www.ull.es\/portal\/agenda\/wp-json\/wp\/v2\/tribe_events_cat?post=47896"}],"curies":[{"name":"wp","href":"https:\/\/api.w.org\/{rel}","templated":true}]}}

<div></div>
<div>
<div>
<div></div>
</div>
<div><span style="font-family: arial narrow, sans-serif;">El evento busca crear un espacio de análisis en el que reflexionar sobre los retos que afrontan las personas trans en el acceso y transcurso de su vida laboral. Surge como un objetivo de la campaña «Contrata Diversidad», creada por parte del alumnado del Grado en Periodismo de la ULL, en colaboración con la Asociación LGBTIQA+ Diversas Canarias para concienciar sobre la inclusión de las personas trans en el ámbito laboral. A través del diálogo se buscará abordar las decisiones que deben tomar las empresas para garantizar un ambiente laboral seguro e inclusivo. Fomentaremos el diálogo desde diferentes perspectivas abordadas por los siguientes ponentes: el activista trans de la Asociación Libertrans, Yelko Fernández, la Profesora de Derecho del Trabajo y de la Seguridad Social, Laura Casanova, la sindicalista de la Unión General de Trabajadoras, Begoña Barras y la activista de Diversas y coordinadora del Grupo Laboral de la Federación Estatal LGTBI+, Meritxell Salazar.<br />
</span></div>
<div>
<div><span style="font-family: arial narrow, sans-serif;"><br />
<b>Organizan</b>: Aula Cultural de Diversidad LGBTIQ+ de la ULL, Contrata Diversidad y Asociación LGBTIQA* Diversas Canarias. </span></div>
<div><span style="font-family: arial narrow, sans-serif;"><b>Colabora</b>: Facultad de Derecho de la ULL.</span></div>
</div>
</div>

<p>El evento busca crear un espacio de análisis en el que reflexionar sobre los retos que afrontan las personas trans en el acceso y transcurso de su vida laboral. Surge como un objetivo de la campaña «Contrata Diversidad», creada por parte del alumnado del Grado en Periodismo de la ULL, en colaboración con la Asociación&#8230;</p>

<!-- This site is optimized with the Yoast SEO plugin v21.3 - https://yoast.com/wordpress/plugins/seo/ -->
<title>Conversatorio sobre la igualdad en el trabajo para las identidades trans - ULL - Agenda</title>
<meta name="robots" content="index, follow, max-snippet:-1, max-image-preview:large, max-video-preview:-1" />
<link rel="canonical" href="https://www.ull.es/portal/agenda/evento/conversatorio-sobre-la-igualdad-en-el-trabajo-para-las-identidades-trans/" />
<meta property="og:locale" content="es_ES" />
<meta property="og:type" content="article" />
<meta property="og:title" content="Conversatorio sobre la igualdad en el trabajo para las identidades trans - ULL - Agenda" />
<meta property="og:description" content="El evento busca crear un espacio de análisis en el que reflexionar sobre los retos que afrontan las personas trans en el acceso y transcurso de su vida laboral. Surge como un objetivo de la campaña «Contrata Diversidad», creada por parte del alumnado del Grado en Periodismo de la ULL, en colaboración con la Asociación..." />
<meta property="og:url" content="https://www.ull.es/portal/agenda/evento/conversatorio-sobre-la-igualdad-en-el-trabajo-para-las-identidades-trans/" />
<meta property="og:site_name" content="ULL - Agenda" />
<meta property="article:modified_time" content="2026-04-24T08:35:59+00:00" />
<meta property="og:image" content="https://www.ull.es/portal/agenda/wp-content/uploads/sites/12/2026/04/CARTEL-1920-x-1080-px.jpg" />
	<meta property="og:image:width" content="1920" />
	<meta property="og:image:height" content="1002" />
	<meta property="og:image:type" content="image/jpeg" />
<meta name="twitter:card" content="summary_large_image" />
<meta name="twitter:label1" content="Tiempo de lectura" />
	<meta name="twitter:data1" content="1 minuto" />
<script type="application/ld+json" class="yoast-schema-graph">{"@context":"https://schema.org","@graph":[{"@type":"WebPage","@id":"https://www.ull.es/portal/agenda/evento/conversatorio-sobre-la-igualdad-en-el-trabajo-para-las-identidades-trans/","url":"https://www.ull.es/portal/agenda/evento/conversatorio-sobre-la-igualdad-en-el-trabajo-para-las-identidades-trans/","name":"Conversatorio sobre la igualdad en el trabajo para las identidades trans - ULL - Agenda","isPartOf":{"@id":"https://www.ull.es/portal/agenda/#website"},"datePublished":"2026-04-24T08:35:28+00:00","dateModified":"2026-04-24T08:35:59+00:00","breadcrumb":{"@id":"https://www.ull.es/portal/agenda/evento/conversatorio-sobre-la-igualdad-en-el-trabajo-para-las-identidades-trans/#breadcrumb"},"inLanguage":"es","potentialAction":[{"@type":"ReadAction","target":["https://www.ull.es/portal/agenda/evento/conversatorio-sobre-la-igualdad-en-el-trabajo-para-las-identidades-trans/"]}]},{"@type":"BreadcrumbList","@id":"https://www.ull.es/portal/agenda/evento/conversatorio-sobre-la-igualdad-en-el-trabajo-para-las-identidades-trans/#breadcrumb","itemListElement":[{"@type":"ListItem","position":1,"name":"Portada","item":"https://www.ull.es/portal/agenda/"},{"@type":"ListItem","position":2,"name":"Conversatorio sobre la igualdad en el trabajo para las identidades trans"}]},{"@type":"WebSite","@id":"https://www.ull.es/portal/agenda/#website","url":"https://www.ull.es/portal/agenda/","name":"ULL - Agenda","description":"","potentialAction":[{"@type":"SearchAction","target":{"@type":"EntryPoint","urlTemplate":"https://www.ull.es/portal/agenda/?s={search_term_string}"},"query-input":"required name=search_term_string"}],"inLanguage":"es"}]}</script>
<!-- / Yoast SEO plugin. -->

El evento busca crear un espacio de análisis en el que reflexionar sobre los retos que afrontan las personas trans en el acceso y transcurso de su vida laboral. Surge como un objetivo de la campaña «Contrata Diversidad», creada por parte del alumnado del Grado en Periodismo de la ULL, en colaboración con la Asociación...
