{"id":47949,"date":"2026-04-28T11:24:35","date_gmt":"2026-04-28T11:24:35","guid":{"rendered":"https:\/\/www.ull.es\/portal\/agenda\/?post_type=tribe_events&#038;p=47949"},"modified":"2026-04-30T13:40:00","modified_gmt":"2026-04-30T13:40:00","slug":"acto-de-reconocimiento-al-personal-jubilado-de-la-universidad-de-la-laguna","status":"publish","type":"tribe_events","link":"https:\/\/www.ull.es\/portal\/agenda\/evento\/acto-de-reconocimiento-al-personal-jubilado-de-la-universidad-de-la-laguna\/","title":{"rendered":"Acto de reconocimiento al personal jubilado de la Universidad de La Laguna"},"content":{"rendered":"<p>El d\u00eda 14 de mayo, a las 18:00 horas en el Aula Magna Blas Cabrera del Edificio de F\u00edsica y Matem\u00e1ticas, tendr\u00e1 lugar el Acto de Homenaje al personal jubilado de la Universidad de La Laguna.<\/p>\n<p>Esta instituci\u00f3n acad\u00e9mcia celebra este acto para reconocer la labor y dedicaci\u00f3n de esa parte de nuestro personal que, tras a\u00f1os de dedicaci\u00f3n, finalizaron el a\u00f1o pasado su trayectoria profesional\u00a0 para iniciar su periodo de jubilaci\u00f3n.<\/p>\n<p>El \u00e9xito de las instituciones, su eficacia y su potencial para cumplir sus objetivos, est\u00e1n \u00edntimamente relacionados con sus recursos humanos. Por ello, con esta ceremonia esta Universidad desea agradecer a estas personas todo el tiempo que han prestado para lograr que el centro siga siendo un referente educativo, cient\u00edfico y social de Canarias.<\/p>\n","protected":false},"excerpt":{"rendered":"<p>El d\u00eda 14 de mayo, a las 18:00 horas en el Aula Magna Blas Cabrera del Edificio de F\u00edsica y Matem\u00e1ticas, tendr\u00e1 lugar el Acto de Homenaje al personal jubilado de la Universidad de La Laguna. Esta instituci\u00f3n acad\u00e9mcia celebra este acto para reconocer la labor y dedicaci\u00f3n de esa parte de nuestro personal que,&#8230;<\/p>\n","protected":false},"author":117,"featured_media":48025,"comment_status":"closed","ping_status":"closed","template":"","tags":[],"tribe_events_cat":[],"acf":[],"yoast_head":"<!-- This site is optimized with the Yoast SEO plugin v21.3 - https:\/\/yoast.com\/wordpress\/plugins\/seo\/ -->\n<title>Acto de reconocimiento al personal jubilado de la Universidad de La Laguna - ULL - Agenda<\/title>\n<meta name=\"robots\" content=\"index, follow, max-snippet:-1, max-image-preview:large, max-video-preview:-1\" \/>\n<link rel=\"canonical\" href=\"https:\/\/www.ull.es\/portal\/agenda\/evento\/acto-de-reconocimiento-al-personal-jubilado-de-la-universidad-de-la-laguna\/\" \/>\n<meta property=\"og:locale\" content=\"es_ES\" \/>\n<meta property=\"og:type\" content=\"article\" \/>\n<meta property=\"og:title\" content=\"Acto de reconocimiento al personal jubilado de la Universidad de La Laguna - ULL - Agenda\" \/>\n<meta property=\"og:description\" content=\"El d\u00eda 14 de mayo, a las 18:00 horas en el Aula Magna Blas Cabrera del Edificio de F\u00edsica y Matem\u00e1ticas, tendr\u00e1 lugar el Acto de Homenaje al personal jubilado de la Universidad de La Laguna. Esta instituci\u00f3n acad\u00e9mcia celebra este acto para reconocer la labor y dedicaci\u00f3n de esa parte de nuestro personal que,...\" \/>\n<meta property=\"og:url\" content=\"https:\/\/www.ull.es\/portal\/agenda\/evento\/acto-de-reconocimiento-al-personal-jubilado-de-la-universidad-de-la-laguna\/\" \/>\n<meta property=\"og:site_name\" content=\"ULL - Agenda\" \/>\n<meta property=\"article:modified_time\" content=\"2026-04-30T13:40:00+00:00\" \/>\n<meta property=\"og:image\" content=\"https:\/\/www.ull.es\/portal\/agenda\/wp-content\/uploads\/sites\/12\/2026\/04\/banner-eventos-3.png\" \/>\n\t<meta property=\"og:image:width\" content=\"750\" \/>\n\t<meta property=\"og:image:height\" content=\"370\" \/>\n\t<meta property=\"og:image:type\" content=\"image\/png\" \/>\n<meta name=\"twitter:card\" content=\"summary_large_image\" \/>\n<meta name=\"twitter:label1\" content=\"Tiempo de lectura\" \/>\n\t<meta name=\"twitter:data1\" content=\"1 minuto\" \/>\n<script type=\"application\/ld+json\" class=\"yoast-schema-graph\">{\"@context\":\"https:\/\/schema.org\",\"@graph\":[{\"@type\":\"WebPage\",\"@id\":\"https:\/\/www.ull.es\/portal\/agenda\/evento\/acto-de-reconocimiento-al-personal-jubilado-de-la-universidad-de-la-laguna\/\",\"url\":\"https:\/\/www.ull.es\/portal\/agenda\/evento\/acto-de-reconocimiento-al-personal-jubilado-de-la-universidad-de-la-laguna\/\",\"name\":\"Acto de reconocimiento al personal jubilado de la Universidad de La Laguna - ULL - Agenda\",\"isPartOf\":{\"@id\":\"https:\/\/www.ull.es\/portal\/agenda\/#website\"},\"datePublished\":\"2026-04-28T11:24:35+00:00\",\"dateModified\":\"2026-04-30T13:40:00+00:00\",\"breadcrumb\":{\"@id\":\"https:\/\/www.ull.es\/portal\/agenda\/evento\/acto-de-reconocimiento-al-personal-jubilado-de-la-universidad-de-la-laguna\/#breadcrumb\"},\"inLanguage\":\"es\",\"potentialAction\":[{\"@type\":\"ReadAction\",\"target\":[\"https:\/\/www.ull.es\/portal\/agenda\/evento\/acto-de-reconocimiento-al-personal-jubilado-de-la-universidad-de-la-laguna\/\"]}]},{\"@type\":\"BreadcrumbList\",\"@id\":\"https:\/\/www.ull.es\/portal\/agenda\/evento\/acto-de-reconocimiento-al-personal-jubilado-de-la-universidad-de-la-laguna\/#breadcrumb\",\"itemListElement\":[{\"@type\":\"ListItem\",\"position\":1,\"name\":\"Portada\",\"item\":\"https:\/\/www.ull.es\/portal\/agenda\/\"},{\"@type\":\"ListItem\",\"position\":2,\"name\":\"Acto de reconocimiento al personal jubilado de la Universidad de La Laguna\"}]},{\"@type\":\"WebSite\",\"@id\":\"https:\/\/www.ull.es\/portal\/agenda\/#website\",\"url\":\"https:\/\/www.ull.es\/portal\/agenda\/\",\"name\":\"ULL - Agenda\",\"description\":\"\",\"potentialAction\":[{\"@type\":\"SearchAction\",\"target\":{\"@type\":\"EntryPoint\",\"urlTemplate\":\"https:\/\/www.ull.es\/portal\/agenda\/?s={search_term_string}\"},\"query-input\":\"required name=search_term_string\"}],\"inLanguage\":\"es\"}]}<\/script>\n<!-- \/ Yoast SEO plugin. -->","yoast_head_json":{"title":"Acto de reconocimiento al personal jubilado de la Universidad de La Laguna - ULL - Agenda","robots":{"index":"index","follow":"follow","max-snippet":"max-snippet:-1","max-image-preview":"max-image-preview:large","max-video-preview":"max-video-preview:-1"},"canonical":"https:\/\/www.ull.es\/portal\/agenda\/evento\/acto-de-reconocimiento-al-personal-jubilado-de-la-universidad-de-la-laguna\/","og_locale":"es_ES","og_type":"article","og_title":"Acto de reconocimiento al personal jubilado de la Universidad de La Laguna - ULL - Agenda","og_description":"El d\u00eda 14 de mayo, a las 18:00 horas en el Aula Magna Blas Cabrera del Edificio de F\u00edsica y Matem\u00e1ticas, tendr\u00e1 lugar el Acto de Homenaje al personal jubilado de la Universidad de La Laguna. Esta instituci\u00f3n acad\u00e9mcia celebra este acto para reconocer la labor y dedicaci\u00f3n de esa parte de nuestro personal que,...","og_url":"https:\/\/www.ull.es\/portal\/agenda\/evento\/acto-de-reconocimiento-al-personal-jubilado-de-la-universidad-de-la-laguna\/","og_site_name":"ULL - Agenda","article_modified_time":"2026-04-30T13:40:00+00:00","og_image":[{"width":750,"height":370,"url":"https:\/\/www.ull.es\/portal\/agenda\/wp-content\/uploads\/sites\/12\/2026\/04\/banner-eventos-3.png","type":"image\/png"}],"twitter_card":"summary_large_image","twitter_misc":{"Tiempo de lectura":"1 minuto"},"schema":{"@context":"https:\/\/schema.org","@graph":[{"@type":"WebPage","@id":"https:\/\/www.ull.es\/portal\/agenda\/evento\/acto-de-reconocimiento-al-personal-jubilado-de-la-universidad-de-la-laguna\/","url":"https:\/\/www.ull.es\/portal\/agenda\/evento\/acto-de-reconocimiento-al-personal-jubilado-de-la-universidad-de-la-laguna\/","name":"Acto de reconocimiento al personal jubilado de la Universidad de La Laguna - ULL - Agenda","isPartOf":{"@id":"https:\/\/www.ull.es\/portal\/agenda\/#website"},"datePublished":"2026-04-28T11:24:35+00:00","dateModified":"2026-04-30T13:40:00+00:00","breadcrumb":{"@id":"https:\/\/www.ull.es\/portal\/agenda\/evento\/acto-de-reconocimiento-al-personal-jubilado-de-la-universidad-de-la-laguna\/#breadcrumb"},"inLanguage":"es","potentialAction":[{"@type":"ReadAction","target":["https:\/\/www.ull.es\/portal\/agenda\/evento\/acto-de-reconocimiento-al-personal-jubilado-de-la-universidad-de-la-laguna\/"]}]},{"@type":"BreadcrumbList","@id":"https:\/\/www.ull.es\/portal\/agenda\/evento\/acto-de-reconocimiento-al-personal-jubilado-de-la-universidad-de-la-laguna\/#breadcrumb","itemListElement":[{"@type":"ListItem","position":1,"name":"Portada","item":"https:\/\/www.ull.es\/portal\/agenda\/"},{"@type":"ListItem","position":2,"name":"Acto de reconocimiento al personal jubilado de la Universidad de La Laguna"}]},{"@type":"WebSite","@id":"https:\/\/www.ull.es\/portal\/agenda\/#website","url":"https:\/\/www.ull.es\/portal\/agenda\/","name":"ULL - Agenda","description":"","potentialAction":[{"@type":"SearchAction","target":{"@type":"EntryPoint","urlTemplate":"https:\/\/www.ull.es\/portal\/agenda\/?s={search_term_string}"},"query-input":"required name=search_term_string"}],"inLanguage":"es"}]}},"_links":{"self":[{"href":"https:\/\/www.ull.es\/portal\/agenda\/wp-json\/wp\/v2\/tribe_events\/47949"}],"collection":[{"href":"https:\/\/www.ull.es\/portal\/agenda\/wp-json\/wp\/v2\/tribe_events"}],"about":[{"href":"https:\/\/www.ull.es\/portal\/agenda\/wp-json\/wp\/v2\/types\/tribe_events"}],"author":[{"embeddable":true,"href":"https:\/\/www.ull.es\/portal\/agenda\/wp-json\/wp\/v2\/users\/117"}],"replies":[{"embeddable":true,"href":"https:\/\/www.ull.es\/portal\/agenda\/wp-json\/wp\/v2\/comments?post=47949"}],"version-history":[{"count":3,"href":"https:\/\/www.ull.es\/portal\/agenda\/wp-json\/wp\/v2\/tribe_events\/47949\/revisions"}],"predecessor-version":[{"id":47952,"href":"https:\/\/www.ull.es\/portal\/agenda\/wp-json\/wp\/v2\/tribe_events\/47949\/revisions\/47952"}],"wp:featuredmedia":[{"embeddable":true,"href":"https:\/\/www.ull.es\/portal\/agenda\/wp-json\/wp\/v2\/media\/48025"}],"wp:attachment":[{"href":"https:\/\/www.ull.es\/portal\/agenda\/wp-json\/wp\/v2\/media?parent=47949"}],"wp:term":[{"taxonomy":"post_tag","embeddable":true,"href":"https:\/\/www.ull.es\/portal\/agenda\/wp-json\/wp\/v2\/tags?post=47949"},{"taxonomy":"tribe_events_cat","embeddable":true,"href":"https:\/\/www.ull.es\/portal\/agenda\/wp-json\/wp\/v2\/tribe_events_cat?post=47949"}],"curies":[{"name":"wp","href":"https:\/\/api.w.org\/{rel}","templated":true}]}}

<p>El día 14 de mayo, a las 18:00 horas en el Aula Magna Blas Cabrera del Edificio de Física y Matemáticas, tendrá lugar el Acto de Homenaje al personal jubilado de la Universidad de La Laguna.</p>
<p>Esta institución académcia celebra este acto para reconocer la labor y dedicación de esa parte de nuestro personal que, tras años de dedicación, finalizaron el año pasado su trayectoria profesional  para iniciar su periodo de jubilación.</p>
<p>El éxito de las instituciones, su eficacia y su potencial para cumplir sus objetivos, están íntimamente relacionados con sus recursos humanos. Por ello, con esta ceremonia esta Universidad desea agradecer a estas personas todo el tiempo que han prestado para lograr que el centro siga siendo un referente educativo, científico y social de Canarias.</p>

<p>El día 14 de mayo, a las 18:00 horas en el Aula Magna Blas Cabrera del Edificio de Física y Matemáticas, tendrá lugar el Acto de Homenaje al personal jubilado de la Universidad de La Laguna. Esta institución académcia celebra este acto para reconocer la labor y dedicación de esa parte de nuestro personal que,&#8230;</p>

<!-- This site is optimized with the Yoast SEO plugin v21.3 - https://yoast.com/wordpress/plugins/seo/ -->
<title>Acto de reconocimiento al personal jubilado de la Universidad de La Laguna - ULL - Agenda</title>
<meta name="robots" content="index, follow, max-snippet:-1, max-image-preview:large, max-video-preview:-1" />
<link rel="canonical" href="https://www.ull.es/portal/agenda/evento/acto-de-reconocimiento-al-personal-jubilado-de-la-universidad-de-la-laguna/" />
<meta property="og:locale" content="es_ES" />
<meta property="og:type" content="article" />
<meta property="og:title" content="Acto de reconocimiento al personal jubilado de la Universidad de La Laguna - ULL - Agenda" />
<meta property="og:description" content="El día 14 de mayo, a las 18:00 horas en el Aula Magna Blas Cabrera del Edificio de Física y Matemáticas, tendrá lugar el Acto de Homenaje al personal jubilado de la Universidad de La Laguna. Esta institución académcia celebra este acto para reconocer la labor y dedicación de esa parte de nuestro personal que,..." />
<meta property="og:url" content="https://www.ull.es/portal/agenda/evento/acto-de-reconocimiento-al-personal-jubilado-de-la-universidad-de-la-laguna/" />
<meta property="og:site_name" content="ULL - Agenda" />
<meta property="article:modified_time" content="2026-04-30T13:40:00+00:00" />
<meta property="og:image" content="https://www.ull.es/portal/agenda/wp-content/uploads/sites/12/2026/04/banner-eventos-3.png" />
	<meta property="og:image:width" content="750" />
	<meta property="og:image:height" content="370" />
	<meta property="og:image:type" content="image/png" />
<meta name="twitter:card" content="summary_large_image" />
<meta name="twitter:label1" content="Tiempo de lectura" />
	<meta name="twitter:data1" content="1 minuto" />
<script type="application/ld+json" class="yoast-schema-graph">{"@context":"https://schema.org","@graph":[{"@type":"WebPage","@id":"https://www.ull.es/portal/agenda/evento/acto-de-reconocimiento-al-personal-jubilado-de-la-universidad-de-la-laguna/","url":"https://www.ull.es/portal/agenda/evento/acto-de-reconocimiento-al-personal-jubilado-de-la-universidad-de-la-laguna/","name":"Acto de reconocimiento al personal jubilado de la Universidad de La Laguna - ULL - Agenda","isPartOf":{"@id":"https://www.ull.es/portal/agenda/#website"},"datePublished":"2026-04-28T11:24:35+00:00","dateModified":"2026-04-30T13:40:00+00:00","breadcrumb":{"@id":"https://www.ull.es/portal/agenda/evento/acto-de-reconocimiento-al-personal-jubilado-de-la-universidad-de-la-laguna/#breadcrumb"},"inLanguage":"es","potentialAction":[{"@type":"ReadAction","target":["https://www.ull.es/portal/agenda/evento/acto-de-reconocimiento-al-personal-jubilado-de-la-universidad-de-la-laguna/"]}]},{"@type":"BreadcrumbList","@id":"https://www.ull.es/portal/agenda/evento/acto-de-reconocimiento-al-personal-jubilado-de-la-universidad-de-la-laguna/#breadcrumb","itemListElement":[{"@type":"ListItem","position":1,"name":"Portada","item":"https://www.ull.es/portal/agenda/"},{"@type":"ListItem","position":2,"name":"Acto de reconocimiento al personal jubilado de la Universidad de La Laguna"}]},{"@type":"WebSite","@id":"https://www.ull.es/portal/agenda/#website","url":"https://www.ull.es/portal/agenda/","name":"ULL - Agenda","description":"","potentialAction":[{"@type":"SearchAction","target":{"@type":"EntryPoint","urlTemplate":"https://www.ull.es/portal/agenda/?s={search_term_string}"},"query-input":"required name=search_term_string"}],"inLanguage":"es"}]}</script>
<!-- / Yoast SEO plugin. -->

El día 14 de mayo, a las 18:00 horas en el Aula Magna Blas Cabrera del Edificio de Física y Matemáticas, tendrá lugar el Acto de Homenaje al personal jubilado de la Universidad de La Laguna. Esta institución académcia celebra este acto para reconocer la labor y dedicación de esa parte de nuestro personal que,...
