{"id":47954,"date":"2026-04-28T11:39:20","date_gmt":"2026-04-28T11:39:20","guid":{"rendered":"https:\/\/www.ull.es\/portal\/agenda\/?post_type=tribe_events&#038;p=47954"},"modified":"2026-04-30T12:48:59","modified_gmt":"2026-04-30T12:48:59","slug":"presentacion-del-programa-talentum","status":"publish","type":"tribe_events","link":"https:\/\/www.ull.es\/portal\/agenda\/evento\/presentacion-del-programa-talentum\/","title":{"rendered":"Presentaci\u00f3n del Programa Talentum"},"content":{"rendered":"<div>El Programa Talentum est\u00e1 financiado por el Cabildo Insular de Tenerife y ejecutado por la Universidad de La Laguna con el objetivo general de orientar la investigaci\u00f3n, la innovaci\u00f3n y la transferencia de conocimiento hacia el tejido empresarial.<\/p>\n<p>Para ello se divide en dos l\u00edneas de actuaci\u00f3n: Talentum Transferencia, en la cual investigadores contratados\u00a0a trav\u00e9s del programa desarrollan proyectos en colaboraci\u00f3n con empresas locales; y Talentum Investigaci\u00f3n Aplicada \u00abAntonio Gonz\u00e1lez\u00bb, con iniciativas elaboradas en el seno de cada uno de los institutos de investigaci\u00f3n de la Universidad de La Laguna con similar orientaci\u00f3n\u00a0aplicada.<\/p>\n<p>Durante\u00a0este acto ser\u00e1n presentados\u00a0los diferentes proyectos surgidos a partir de este programa y participar\u00e1n todas las entidades implicadas en su puesta en\u00a0marcha y desarrollo.<\/p><\/div>\n","protected":false},"excerpt":{"rendered":"<p>El Programa Talentum est\u00e1 financiado por el Cabildo Insular de Tenerife y ejecutado por la Universidad de La Laguna con el objetivo general de orientar la investigaci\u00f3n, la innovaci\u00f3n y la transferencia de conocimiento hacia el tejido empresarial. Para ello se divide en dos l\u00edneas de actuaci\u00f3n: Talentum Transferencia, en la cual investigadores contratados\u00a0a trav\u00e9s&#8230;<\/p>\n","protected":false},"author":117,"featured_media":48012,"comment_status":"closed","ping_status":"closed","template":"","tags":[],"tribe_events_cat":[4,5,191],"acf":[],"yoast_head":"<!-- This site is optimized with the Yoast SEO plugin v21.3 - https:\/\/yoast.com\/wordpress\/plugins\/seo\/ -->\n<title>Presentaci\u00f3n del Programa Talentum - ULL - Agenda<\/title>\n<meta name=\"robots\" content=\"index, follow, max-snippet:-1, max-image-preview:large, max-video-preview:-1\" \/>\n<link rel=\"canonical\" href=\"https:\/\/www.ull.es\/portal\/agenda\/evento\/presentacion-del-programa-talentum\/\" \/>\n<meta property=\"og:locale\" content=\"es_ES\" \/>\n<meta property=\"og:type\" content=\"article\" \/>\n<meta property=\"og:title\" content=\"Presentaci\u00f3n del Programa Talentum - ULL - Agenda\" \/>\n<meta property=\"og:description\" content=\"El Programa Talentum est\u00e1 financiado por el Cabildo Insular de Tenerife y ejecutado por la Universidad de La Laguna con el objetivo general de orientar la investigaci\u00f3n, la innovaci\u00f3n y la transferencia de conocimiento hacia el tejido empresarial. Para ello se divide en dos l\u00edneas de actuaci\u00f3n: Talentum Transferencia, en la cual investigadores contratados\u00a0a trav\u00e9s...\" \/>\n<meta property=\"og:url\" content=\"https:\/\/www.ull.es\/portal\/agenda\/evento\/presentacion-del-programa-talentum\/\" \/>\n<meta property=\"og:site_name\" content=\"ULL - Agenda\" \/>\n<meta property=\"article:modified_time\" content=\"2026-04-30T12:48:59+00:00\" \/>\n<meta property=\"og:image\" content=\"https:\/\/www.ull.es\/portal\/agenda\/wp-content\/uploads\/sites\/12\/2026\/04\/banner-eventos-1.jpg\" \/>\n\t<meta property=\"og:image:width\" content=\"750\" \/>\n\t<meta property=\"og:image:height\" content=\"370\" \/>\n\t<meta property=\"og:image:type\" content=\"image\/jpeg\" \/>\n<meta name=\"twitter:card\" content=\"summary_large_image\" \/>\n<meta name=\"twitter:label1\" content=\"Tiempo de lectura\" \/>\n\t<meta name=\"twitter:data1\" content=\"1 minuto\" \/>\n<script type=\"application\/ld+json\" class=\"yoast-schema-graph\">{\"@context\":\"https:\/\/schema.org\",\"@graph\":[{\"@type\":\"WebPage\",\"@id\":\"https:\/\/www.ull.es\/portal\/agenda\/evento\/presentacion-del-programa-talentum\/\",\"url\":\"https:\/\/www.ull.es\/portal\/agenda\/evento\/presentacion-del-programa-talentum\/\",\"name\":\"Presentaci\u00f3n del Programa Talentum - ULL - Agenda\",\"isPartOf\":{\"@id\":\"https:\/\/www.ull.es\/portal\/agenda\/#website\"},\"datePublished\":\"2026-04-28T11:39:20+00:00\",\"dateModified\":\"2026-04-30T12:48:59+00:00\",\"breadcrumb\":{\"@id\":\"https:\/\/www.ull.es\/portal\/agenda\/evento\/presentacion-del-programa-talentum\/#breadcrumb\"},\"inLanguage\":\"es\",\"potentialAction\":[{\"@type\":\"ReadAction\",\"target\":[\"https:\/\/www.ull.es\/portal\/agenda\/evento\/presentacion-del-programa-talentum\/\"]}]},{\"@type\":\"BreadcrumbList\",\"@id\":\"https:\/\/www.ull.es\/portal\/agenda\/evento\/presentacion-del-programa-talentum\/#breadcrumb\",\"itemListElement\":[{\"@type\":\"ListItem\",\"position\":1,\"name\":\"Portada\",\"item\":\"https:\/\/www.ull.es\/portal\/agenda\/\"},{\"@type\":\"ListItem\",\"position\":2,\"name\":\"Presentaci\u00f3n del Programa Talentum\"}]},{\"@type\":\"WebSite\",\"@id\":\"https:\/\/www.ull.es\/portal\/agenda\/#website\",\"url\":\"https:\/\/www.ull.es\/portal\/agenda\/\",\"name\":\"ULL - Agenda\",\"description\":\"\",\"potentialAction\":[{\"@type\":\"SearchAction\",\"target\":{\"@type\":\"EntryPoint\",\"urlTemplate\":\"https:\/\/www.ull.es\/portal\/agenda\/?s={search_term_string}\"},\"query-input\":\"required name=search_term_string\"}],\"inLanguage\":\"es\"}]}<\/script>\n<!-- \/ Yoast SEO plugin. -->","yoast_head_json":{"title":"Presentaci\u00f3n del Programa Talentum - ULL - Agenda","robots":{"index":"index","follow":"follow","max-snippet":"max-snippet:-1","max-image-preview":"max-image-preview:large","max-video-preview":"max-video-preview:-1"},"canonical":"https:\/\/www.ull.es\/portal\/agenda\/evento\/presentacion-del-programa-talentum\/","og_locale":"es_ES","og_type":"article","og_title":"Presentaci\u00f3n del Programa Talentum - ULL - Agenda","og_description":"El Programa Talentum est\u00e1 financiado por el Cabildo Insular de Tenerife y ejecutado por la Universidad de La Laguna con el objetivo general de orientar la investigaci\u00f3n, la innovaci\u00f3n y la transferencia de conocimiento hacia el tejido empresarial. Para ello se divide en dos l\u00edneas de actuaci\u00f3n: Talentum Transferencia, en la cual investigadores contratados\u00a0a trav\u00e9s...","og_url":"https:\/\/www.ull.es\/portal\/agenda\/evento\/presentacion-del-programa-talentum\/","og_site_name":"ULL - Agenda","article_modified_time":"2026-04-30T12:48:59+00:00","og_image":[{"width":750,"height":370,"url":"https:\/\/www.ull.es\/portal\/agenda\/wp-content\/uploads\/sites\/12\/2026\/04\/banner-eventos-1.jpg","type":"image\/jpeg"}],"twitter_card":"summary_large_image","twitter_misc":{"Tiempo de lectura":"1 minuto"},"schema":{"@context":"https:\/\/schema.org","@graph":[{"@type":"WebPage","@id":"https:\/\/www.ull.es\/portal\/agenda\/evento\/presentacion-del-programa-talentum\/","url":"https:\/\/www.ull.es\/portal\/agenda\/evento\/presentacion-del-programa-talentum\/","name":"Presentaci\u00f3n del Programa Talentum - ULL - Agenda","isPartOf":{"@id":"https:\/\/www.ull.es\/portal\/agenda\/#website"},"datePublished":"2026-04-28T11:39:20+00:00","dateModified":"2026-04-30T12:48:59+00:00","breadcrumb":{"@id":"https:\/\/www.ull.es\/portal\/agenda\/evento\/presentacion-del-programa-talentum\/#breadcrumb"},"inLanguage":"es","potentialAction":[{"@type":"ReadAction","target":["https:\/\/www.ull.es\/portal\/agenda\/evento\/presentacion-del-programa-talentum\/"]}]},{"@type":"BreadcrumbList","@id":"https:\/\/www.ull.es\/portal\/agenda\/evento\/presentacion-del-programa-talentum\/#breadcrumb","itemListElement":[{"@type":"ListItem","position":1,"name":"Portada","item":"https:\/\/www.ull.es\/portal\/agenda\/"},{"@type":"ListItem","position":2,"name":"Presentaci\u00f3n del Programa Talentum"}]},{"@type":"WebSite","@id":"https:\/\/www.ull.es\/portal\/agenda\/#website","url":"https:\/\/www.ull.es\/portal\/agenda\/","name":"ULL - Agenda","description":"","potentialAction":[{"@type":"SearchAction","target":{"@type":"EntryPoint","urlTemplate":"https:\/\/www.ull.es\/portal\/agenda\/?s={search_term_string}"},"query-input":"required name=search_term_string"}],"inLanguage":"es"}]}},"_links":{"self":[{"href":"https:\/\/www.ull.es\/portal\/agenda\/wp-json\/wp\/v2\/tribe_events\/47954"}],"collection":[{"href":"https:\/\/www.ull.es\/portal\/agenda\/wp-json\/wp\/v2\/tribe_events"}],"about":[{"href":"https:\/\/www.ull.es\/portal\/agenda\/wp-json\/wp\/v2\/types\/tribe_events"}],"author":[{"embeddable":true,"href":"https:\/\/www.ull.es\/portal\/agenda\/wp-json\/wp\/v2\/users\/117"}],"replies":[{"embeddable":true,"href":"https:\/\/www.ull.es\/portal\/agenda\/wp-json\/wp\/v2\/comments?post=47954"}],"version-history":[{"count":2,"href":"https:\/\/www.ull.es\/portal\/agenda\/wp-json\/wp\/v2\/tribe_events\/47954\/revisions"}],"predecessor-version":[{"id":48013,"href":"https:\/\/www.ull.es\/portal\/agenda\/wp-json\/wp\/v2\/tribe_events\/47954\/revisions\/48013"}],"wp:featuredmedia":[{"embeddable":true,"href":"https:\/\/www.ull.es\/portal\/agenda\/wp-json\/wp\/v2\/media\/48012"}],"wp:attachment":[{"href":"https:\/\/www.ull.es\/portal\/agenda\/wp-json\/wp\/v2\/media?parent=47954"}],"wp:term":[{"taxonomy":"post_tag","embeddable":true,"href":"https:\/\/www.ull.es\/portal\/agenda\/wp-json\/wp\/v2\/tags?post=47954"},{"taxonomy":"tribe_events_cat","embeddable":true,"href":"https:\/\/www.ull.es\/portal\/agenda\/wp-json\/wp\/v2\/tribe_events_cat?post=47954"}],"curies":[{"name":"wp","href":"https:\/\/api.w.org\/{rel}","templated":true}]}}

Presentación del Programa Talentum

<div>El Programa Talentum está financiado por el Cabildo Insular de Tenerife y ejecutado por la Universidad de La Laguna con el objetivo general de orientar la investigación, la innovación y la transferencia de conocimiento hacia el tejido empresarial.</p>
<p>Para ello se divide en dos líneas de actuación: Talentum Transferencia, en la cual investigadores contratados a través del programa desarrollan proyectos en colaboración con empresas locales; y Talentum Investigación Aplicada «Antonio González», con iniciativas elaboradas en el seno de cada uno de los institutos de investigación de la Universidad de La Laguna con similar orientación aplicada.</p>
<p>Durante este acto serán presentados los diferentes proyectos surgidos a partir de este programa y participarán todas las entidades implicadas en su puesta en marcha y desarrollo.</p></div>

<p>El Programa Talentum está financiado por el Cabildo Insular de Tenerife y ejecutado por la Universidad de La Laguna con el objetivo general de orientar la investigación, la innovación y la transferencia de conocimiento hacia el tejido empresarial. Para ello se divide en dos líneas de actuación: Talentum Transferencia, en la cual investigadores contratados a través&#8230;</p>

<!-- This site is optimized with the Yoast SEO plugin v21.3 - https://yoast.com/wordpress/plugins/seo/ -->
<title>Presentación del Programa Talentum - ULL - Agenda</title>
<meta name="robots" content="index, follow, max-snippet:-1, max-image-preview:large, max-video-preview:-1" />
<link rel="canonical" href="https://www.ull.es/portal/agenda/evento/presentacion-del-programa-talentum/" />
<meta property="og:locale" content="es_ES" />
<meta property="og:type" content="article" />
<meta property="og:title" content="Presentación del Programa Talentum - ULL - Agenda" />
<meta property="og:description" content="El Programa Talentum está financiado por el Cabildo Insular de Tenerife y ejecutado por la Universidad de La Laguna con el objetivo general de orientar la investigación, la innovación y la transferencia de conocimiento hacia el tejido empresarial. Para ello se divide en dos líneas de actuación: Talentum Transferencia, en la cual investigadores contratados a través..." />
<meta property="og:url" content="https://www.ull.es/portal/agenda/evento/presentacion-del-programa-talentum/" />
<meta property="og:site_name" content="ULL - Agenda" />
<meta property="article:modified_time" content="2026-04-30T12:48:59+00:00" />
<meta property="og:image" content="https://www.ull.es/portal/agenda/wp-content/uploads/sites/12/2026/04/banner-eventos-1.jpg" />
	<meta property="og:image:width" content="750" />
	<meta property="og:image:height" content="370" />
	<meta property="og:image:type" content="image/jpeg" />
<meta name="twitter:card" content="summary_large_image" />
<meta name="twitter:label1" content="Tiempo de lectura" />
	<meta name="twitter:data1" content="1 minuto" />
<script type="application/ld+json" class="yoast-schema-graph">{"@context":"https://schema.org","@graph":[{"@type":"WebPage","@id":"https://www.ull.es/portal/agenda/evento/presentacion-del-programa-talentum/","url":"https://www.ull.es/portal/agenda/evento/presentacion-del-programa-talentum/","name":"Presentación del Programa Talentum - ULL - Agenda","isPartOf":{"@id":"https://www.ull.es/portal/agenda/#website"},"datePublished":"2026-04-28T11:39:20+00:00","dateModified":"2026-04-30T12:48:59+00:00","breadcrumb":{"@id":"https://www.ull.es/portal/agenda/evento/presentacion-del-programa-talentum/#breadcrumb"},"inLanguage":"es","potentialAction":[{"@type":"ReadAction","target":["https://www.ull.es/portal/agenda/evento/presentacion-del-programa-talentum/"]}]},{"@type":"BreadcrumbList","@id":"https://www.ull.es/portal/agenda/evento/presentacion-del-programa-talentum/#breadcrumb","itemListElement":[{"@type":"ListItem","position":1,"name":"Portada","item":"https://www.ull.es/portal/agenda/"},{"@type":"ListItem","position":2,"name":"Presentación del Programa Talentum"}]},{"@type":"WebSite","@id":"https://www.ull.es/portal/agenda/#website","url":"https://www.ull.es/portal/agenda/","name":"ULL - Agenda","description":"","potentialAction":[{"@type":"SearchAction","target":{"@type":"EntryPoint","urlTemplate":"https://www.ull.es/portal/agenda/?s={search_term_string}"},"query-input":"required name=search_term_string"}],"inLanguage":"es"}]}</script>
<!-- / Yoast SEO plugin. -->

Presentación del Programa Talentum - ULL - Agenda

El Programa Talentum está financiado por el Cabildo Insular de Tenerife y ejecutado por la Universidad de La Laguna con el objetivo general de orientar la investigación, la innovación y la transferencia de conocimiento hacia el tejido empresarial. Para ello se divide en dos líneas de actuación: Talentum Transferencia, en la cual investigadores contratados a través...
