{"id":47959,"date":"2026-04-29T09:48:50","date_gmt":"2026-04-29T09:48:50","guid":{"rendered":"https:\/\/www.ull.es\/portal\/agenda\/?post_type=tribe_events&#038;p=47959"},"modified":"2026-04-29T09:48:50","modified_gmt":"2026-04-29T09:48:50","slug":"planificacion-turistica-sostenible-de-la-medicion-a-la-transformacion-de-los-destinos","status":"publish","type":"tribe_events","link":"https:\/\/www.ull.es\/portal\/agenda\/evento\/planificacion-turistica-sostenible-de-la-medicion-a-la-transformacion-de-los-destinos\/","title":{"rendered":"Planificaci\u00f3n tur\u00edstica sostenible: de la medici\u00f3n a la transformaci\u00f3n de los destinos"},"content":{"rendered":"<p>La Facultad de Econom\u00eda, Empresa y Turismo, en el marco de\u00a0<em>CONECTA CAMPUS GUAJARA,<\/em> organiza este evento que se celebrar\u00e1 en el aula E2.2 de esta Facultad el viernes 5 de mayo de 2026, en horario de 12:45 a 13:45 horas.<\/p>\n<p>Con el desarrollo de esta actividad se pretende mostrar al alumnado y asistentes en general, la metodolog\u00eda en relaci\u00f3n a aquellas herramientas fundamentales para medir, gestionar y evaluar la actividad tur\u00edstica en un destino que busque la sostenibilidad de triple dimensi\u00f3n.<\/p>\n<p>Dirigido al alumnado, profesorado y personas interesadas en la tem\u00e1tica.<\/p>\n<p>Ponente: David Gonz\u00e1lez Medina: Docente (Venia docendi) en el Departamento de Geograf\u00eda Humana de la Universidad de La Laguna.<\/p>\n<p>Coordinaci\u00f3n acad\u00e9mica: Jos\u00e9 Juan Cano Delgado. Profesor de Geograf\u00eda Humana de la Universidad de La Laguna.<\/p>\n<p>CERTIFICADO DE ASISTENCIA: La Universidad de La Laguna, a trav\u00e9s del Vicerrectorado de Cultura y Extensi\u00f3n Universitaria, emitir\u00e1 un certificado de asistencia a todas aquellas personas que participen, previa inscripci\u00f3n en la actividad.<\/p>\n<p>Asistencia gratuita previa inscripci\u00f3n.\u00a0<a href=\"https:\/\/sede.fg.ull.es\/es\/curso\/detalle?code=a26020170&amp;name=planificacion-turistica-sostenible-de-la-medicion-a-la-transformacion-de-los-destinos&amp;query=%3Fcode%3DA26020170\" target=\"_blank\" rel=\"noopener\" target=\"_blank\" rel=\"noopener\"><strong><u>Inscr\u00edbete aqu\u00ed.<\/u><\/strong><\/a><\/p>\n<p><strong>Contacto:\u00a0<\/strong><a href=\"mailto:extuni@ull.edu.es\" target=\"_blank\" rel=\"noopener\" target=\"_blank\" rel=\"noopener\"><strong>extuni@ull.es<\/strong><\/a><\/p>\n","protected":false},"excerpt":{"rendered":"<p>La Facultad de Econom\u00eda, Empresa y Turismo, en el marco de\u00a0CONECTA CAMPUS GUAJARA, organiza este evento que se celebrar\u00e1 en el aula E2.2 de esta Facultad el viernes 5 de mayo de 2026, en horario de 12:45 a 13:45 horas. Con el desarrollo de esta actividad se pretende mostrar al alumnado y asistentes en general,&#8230;<\/p>\n","protected":false},"author":43,"featured_media":47960,"comment_status":"closed","ping_status":"closed","template":"","tags":[4259,4977,977,3812,3751,4165],"tribe_events_cat":[472,4,937,186],"acf":[],"yoast_head":"<!-- This site is optimized with the Yoast SEO plugin v21.3 - https:\/\/yoast.com\/wordpress\/plugins\/seo\/ -->\n<title>Planificaci\u00f3n tur\u00edstica sostenible: de la medici\u00f3n a la transformaci\u00f3n de los destinos - ULL - Agenda<\/title>\n<meta name=\"robots\" content=\"index, follow, max-snippet:-1, max-image-preview:large, max-video-preview:-1\" \/>\n<link rel=\"canonical\" href=\"https:\/\/www.ull.es\/portal\/agenda\/evento\/planificacion-turistica-sostenible-de-la-medicion-a-la-transformacion-de-los-destinos\/\" \/>\n<meta property=\"og:locale\" content=\"es_ES\" \/>\n<meta property=\"og:type\" content=\"article\" \/>\n<meta property=\"og:title\" content=\"Planificaci\u00f3n tur\u00edstica sostenible: de la medici\u00f3n a la transformaci\u00f3n de los destinos - ULL - Agenda\" \/>\n<meta property=\"og:description\" content=\"La Facultad de Econom\u00eda, Empresa y Turismo, en el marco de\u00a0CONECTA CAMPUS GUAJARA, organiza este evento que se celebrar\u00e1 en el aula E2.2 de esta Facultad el viernes 5 de mayo de 2026, en horario de 12:45 a 13:45 horas. Con el desarrollo de esta actividad se pretende mostrar al alumnado y asistentes en general,...\" \/>\n<meta property=\"og:url\" content=\"https:\/\/www.ull.es\/portal\/agenda\/evento\/planificacion-turistica-sostenible-de-la-medicion-a-la-transformacion-de-los-destinos\/\" \/>\n<meta property=\"og:site_name\" content=\"ULL - Agenda\" \/>\n<meta property=\"og:image\" content=\"https:\/\/www.ull.es\/portal\/agenda\/wp-content\/uploads\/sites\/12\/2026\/04\/Banner5mayo.png\" \/>\n\t<meta property=\"og:image:width\" content=\"750\" \/>\n\t<meta property=\"og:image:height\" content=\"370\" \/>\n\t<meta property=\"og:image:type\" content=\"image\/png\" \/>\n<meta name=\"twitter:card\" content=\"summary_large_image\" \/>\n<meta name=\"twitter:label1\" content=\"Tiempo de lectura\" \/>\n\t<meta name=\"twitter:data1\" content=\"1 minuto\" \/>\n<script type=\"application\/ld+json\" class=\"yoast-schema-graph\">{\"@context\":\"https:\/\/schema.org\",\"@graph\":[{\"@type\":\"WebPage\",\"@id\":\"https:\/\/www.ull.es\/portal\/agenda\/evento\/planificacion-turistica-sostenible-de-la-medicion-a-la-transformacion-de-los-destinos\/\",\"url\":\"https:\/\/www.ull.es\/portal\/agenda\/evento\/planificacion-turistica-sostenible-de-la-medicion-a-la-transformacion-de-los-destinos\/\",\"name\":\"Planificaci\u00f3n tur\u00edstica sostenible: de la medici\u00f3n a la transformaci\u00f3n de los destinos - ULL - Agenda\",\"isPartOf\":{\"@id\":\"https:\/\/www.ull.es\/portal\/agenda\/#website\"},\"datePublished\":\"2026-04-29T09:48:50+00:00\",\"dateModified\":\"2026-04-29T09:48:50+00:00\",\"breadcrumb\":{\"@id\":\"https:\/\/www.ull.es\/portal\/agenda\/evento\/planificacion-turistica-sostenible-de-la-medicion-a-la-transformacion-de-los-destinos\/#breadcrumb\"},\"inLanguage\":\"es\",\"potentialAction\":[{\"@type\":\"ReadAction\",\"target\":[\"https:\/\/www.ull.es\/portal\/agenda\/evento\/planificacion-turistica-sostenible-de-la-medicion-a-la-transformacion-de-los-destinos\/\"]}]},{\"@type\":\"BreadcrumbList\",\"@id\":\"https:\/\/www.ull.es\/portal\/agenda\/evento\/planificacion-turistica-sostenible-de-la-medicion-a-la-transformacion-de-los-destinos\/#breadcrumb\",\"itemListElement\":[{\"@type\":\"ListItem\",\"position\":1,\"name\":\"Portada\",\"item\":\"https:\/\/www.ull.es\/portal\/agenda\/\"},{\"@type\":\"ListItem\",\"position\":2,\"name\":\"Planificaci\u00f3n tur\u00edstica sostenible: de la medici\u00f3n a la transformaci\u00f3n de los destinos\"}]},{\"@type\":\"WebSite\",\"@id\":\"https:\/\/www.ull.es\/portal\/agenda\/#website\",\"url\":\"https:\/\/www.ull.es\/portal\/agenda\/\",\"name\":\"ULL - Agenda\",\"description\":\"\",\"potentialAction\":[{\"@type\":\"SearchAction\",\"target\":{\"@type\":\"EntryPoint\",\"urlTemplate\":\"https:\/\/www.ull.es\/portal\/agenda\/?s={search_term_string}\"},\"query-input\":\"required name=search_term_string\"}],\"inLanguage\":\"es\"}]}<\/script>\n<!-- \/ Yoast SEO plugin. -->","yoast_head_json":{"title":"Planificaci\u00f3n tur\u00edstica sostenible: de la medici\u00f3n a la transformaci\u00f3n de los destinos - ULL - Agenda","robots":{"index":"index","follow":"follow","max-snippet":"max-snippet:-1","max-image-preview":"max-image-preview:large","max-video-preview":"max-video-preview:-1"},"canonical":"https:\/\/www.ull.es\/portal\/agenda\/evento\/planificacion-turistica-sostenible-de-la-medicion-a-la-transformacion-de-los-destinos\/","og_locale":"es_ES","og_type":"article","og_title":"Planificaci\u00f3n tur\u00edstica sostenible: de la medici\u00f3n a la transformaci\u00f3n de los destinos - ULL - Agenda","og_description":"La Facultad de Econom\u00eda, Empresa y Turismo, en el marco de\u00a0CONECTA CAMPUS GUAJARA, organiza este evento que se celebrar\u00e1 en el aula E2.2 de esta Facultad el viernes 5 de mayo de 2026, en horario de 12:45 a 13:45 horas. Con el desarrollo de esta actividad se pretende mostrar al alumnado y asistentes en general,...","og_url":"https:\/\/www.ull.es\/portal\/agenda\/evento\/planificacion-turistica-sostenible-de-la-medicion-a-la-transformacion-de-los-destinos\/","og_site_name":"ULL - Agenda","og_image":[{"width":750,"height":370,"url":"https:\/\/www.ull.es\/portal\/agenda\/wp-content\/uploads\/sites\/12\/2026\/04\/Banner5mayo.png","type":"image\/png"}],"twitter_card":"summary_large_image","twitter_misc":{"Tiempo de lectura":"1 minuto"},"schema":{"@context":"https:\/\/schema.org","@graph":[{"@type":"WebPage","@id":"https:\/\/www.ull.es\/portal\/agenda\/evento\/planificacion-turistica-sostenible-de-la-medicion-a-la-transformacion-de-los-destinos\/","url":"https:\/\/www.ull.es\/portal\/agenda\/evento\/planificacion-turistica-sostenible-de-la-medicion-a-la-transformacion-de-los-destinos\/","name":"Planificaci\u00f3n tur\u00edstica sostenible: de la medici\u00f3n a la transformaci\u00f3n de los destinos - ULL - Agenda","isPartOf":{"@id":"https:\/\/www.ull.es\/portal\/agenda\/#website"},"datePublished":"2026-04-29T09:48:50+00:00","dateModified":"2026-04-29T09:48:50+00:00","breadcrumb":{"@id":"https:\/\/www.ull.es\/portal\/agenda\/evento\/planificacion-turistica-sostenible-de-la-medicion-a-la-transformacion-de-los-destinos\/#breadcrumb"},"inLanguage":"es","potentialAction":[{"@type":"ReadAction","target":["https:\/\/www.ull.es\/portal\/agenda\/evento\/planificacion-turistica-sostenible-de-la-medicion-a-la-transformacion-de-los-destinos\/"]}]},{"@type":"BreadcrumbList","@id":"https:\/\/www.ull.es\/portal\/agenda\/evento\/planificacion-turistica-sostenible-de-la-medicion-a-la-transformacion-de-los-destinos\/#breadcrumb","itemListElement":[{"@type":"ListItem","position":1,"name":"Portada","item":"https:\/\/www.ull.es\/portal\/agenda\/"},{"@type":"ListItem","position":2,"name":"Planificaci\u00f3n tur\u00edstica sostenible: de la medici\u00f3n a la transformaci\u00f3n de los destinos"}]},{"@type":"WebSite","@id":"https:\/\/www.ull.es\/portal\/agenda\/#website","url":"https:\/\/www.ull.es\/portal\/agenda\/","name":"ULL - Agenda","description":"","potentialAction":[{"@type":"SearchAction","target":{"@type":"EntryPoint","urlTemplate":"https:\/\/www.ull.es\/portal\/agenda\/?s={search_term_string}"},"query-input":"required name=search_term_string"}],"inLanguage":"es"}]}},"_links":{"self":[{"href":"https:\/\/www.ull.es\/portal\/agenda\/wp-json\/wp\/v2\/tribe_events\/47959"}],"collection":[{"href":"https:\/\/www.ull.es\/portal\/agenda\/wp-json\/wp\/v2\/tribe_events"}],"about":[{"href":"https:\/\/www.ull.es\/portal\/agenda\/wp-json\/wp\/v2\/types\/tribe_events"}],"author":[{"embeddable":true,"href":"https:\/\/www.ull.es\/portal\/agenda\/wp-json\/wp\/v2\/users\/43"}],"replies":[{"embeddable":true,"href":"https:\/\/www.ull.es\/portal\/agenda\/wp-json\/wp\/v2\/comments?post=47959"}],"version-history":[{"count":1,"href":"https:\/\/www.ull.es\/portal\/agenda\/wp-json\/wp\/v2\/tribe_events\/47959\/revisions"}],"predecessor-version":[{"id":47961,"href":"https:\/\/www.ull.es\/portal\/agenda\/wp-json\/wp\/v2\/tribe_events\/47959\/revisions\/47961"}],"wp:featuredmedia":[{"embeddable":true,"href":"https:\/\/www.ull.es\/portal\/agenda\/wp-json\/wp\/v2\/media\/47960"}],"wp:attachment":[{"href":"https:\/\/www.ull.es\/portal\/agenda\/wp-json\/wp\/v2\/media?parent=47959"}],"wp:term":[{"taxonomy":"post_tag","embeddable":true,"href":"https:\/\/www.ull.es\/portal\/agenda\/wp-json\/wp\/v2\/tags?post=47959"},{"taxonomy":"tribe_events_cat","embeddable":true,"href":"https:\/\/www.ull.es\/portal\/agenda\/wp-json\/wp\/v2\/tribe_events_cat?post=47959"}],"curies":[{"name":"wp","href":"https:\/\/api.w.org\/{rel}","templated":true}]}}

Planificación turística sostenible: de la medición a la transformación de los destinos

<p>La Facultad de Economía, Empresa y Turismo, en el marco de <em>CONECTA CAMPUS GUAJARA,</em> organiza este evento que se celebrará en el aula E2.2 de esta Facultad el viernes 5 de mayo de 2026, en horario de 12:45 a 13:45 horas.</p>
<p>Con el desarrollo de esta actividad se pretende mostrar al alumnado y asistentes en general, la metodología en relación a aquellas herramientas fundamentales para medir, gestionar y evaluar la actividad turística en un destino que busque la sostenibilidad de triple dimensión.</p>
<p>Dirigido al alumnado, profesorado y personas interesadas en la temática.</p>
<p>Ponente: David González Medina: Docente (Venia docendi) en el Departamento de Geografía Humana de la Universidad de La Laguna.</p>
<p>Coordinación académica: José Juan Cano Delgado. Profesor de Geografía Humana de la Universidad de La Laguna.</p>
<p>CERTIFICADO DE ASISTENCIA: La Universidad de La Laguna, a través del Vicerrectorado de Cultura y Extensión Universitaria, emitirá un certificado de asistencia a todas aquellas personas que participen, previa inscripción en la actividad.</p>
<p>Asistencia gratuita previa inscripción. <a href="https://sede.fg.ull.es/es/curso/detalle?code=a26020170&amp;name=planificacion-turistica-sostenible-de-la-medicion-a-la-transformacion-de-los-destinos&amp;query=%3Fcode%3DA26020170" target="_blank" rel="noopener" target="_blank" rel="noopener"><strong><u>Inscríbete aquí.</u></strong></a></p>
<p><strong>Contacto: </strong><a href="mailto:extuni@ull.edu.es" target="_blank" rel="noopener" target="_blank" rel="noopener"><strong>extuni@ull.es</strong></a></p>

<p>La Facultad de Economía, Empresa y Turismo, en el marco de CONECTA CAMPUS GUAJARA, organiza este evento que se celebrará en el aula E2.2 de esta Facultad el viernes 5 de mayo de 2026, en horario de 12:45 a 13:45 horas. Con el desarrollo de esta actividad se pretende mostrar al alumnado y asistentes en general,&#8230;</p>

<!-- This site is optimized with the Yoast SEO plugin v21.3 - https://yoast.com/wordpress/plugins/seo/ -->
<title>Planificación turística sostenible: de la medición a la transformación de los destinos - ULL - Agenda</title>
<meta name="robots" content="index, follow, max-snippet:-1, max-image-preview:large, max-video-preview:-1" />
<link rel="canonical" href="https://www.ull.es/portal/agenda/evento/planificacion-turistica-sostenible-de-la-medicion-a-la-transformacion-de-los-destinos/" />
<meta property="og:locale" content="es_ES" />
<meta property="og:type" content="article" />
<meta property="og:title" content="Planificación turística sostenible: de la medición a la transformación de los destinos - ULL - Agenda" />
<meta property="og:description" content="La Facultad de Economía, Empresa y Turismo, en el marco de CONECTA CAMPUS GUAJARA, organiza este evento que se celebrará en el aula E2.2 de esta Facultad el viernes 5 de mayo de 2026, en horario de 12:45 a 13:45 horas. Con el desarrollo de esta actividad se pretende mostrar al alumnado y asistentes en general,..." />
<meta property="og:url" content="https://www.ull.es/portal/agenda/evento/planificacion-turistica-sostenible-de-la-medicion-a-la-transformacion-de-los-destinos/" />
<meta property="og:site_name" content="ULL - Agenda" />
<meta property="og:image" content="https://www.ull.es/portal/agenda/wp-content/uploads/sites/12/2026/04/Banner5mayo.png" />
	<meta property="og:image:width" content="750" />
	<meta property="og:image:height" content="370" />
	<meta property="og:image:type" content="image/png" />
<meta name="twitter:card" content="summary_large_image" />
<meta name="twitter:label1" content="Tiempo de lectura" />
	<meta name="twitter:data1" content="1 minuto" />
<script type="application/ld+json" class="yoast-schema-graph">{"@context":"https://schema.org","@graph":[{"@type":"WebPage","@id":"https://www.ull.es/portal/agenda/evento/planificacion-turistica-sostenible-de-la-medicion-a-la-transformacion-de-los-destinos/","url":"https://www.ull.es/portal/agenda/evento/planificacion-turistica-sostenible-de-la-medicion-a-la-transformacion-de-los-destinos/","name":"Planificación turística sostenible: de la medición a la transformación de los destinos - ULL - Agenda","isPartOf":{"@id":"https://www.ull.es/portal/agenda/#website"},"datePublished":"2026-04-29T09:48:50+00:00","dateModified":"2026-04-29T09:48:50+00:00","breadcrumb":{"@id":"https://www.ull.es/portal/agenda/evento/planificacion-turistica-sostenible-de-la-medicion-a-la-transformacion-de-los-destinos/#breadcrumb"},"inLanguage":"es","potentialAction":[{"@type":"ReadAction","target":["https://www.ull.es/portal/agenda/evento/planificacion-turistica-sostenible-de-la-medicion-a-la-transformacion-de-los-destinos/"]}]},{"@type":"BreadcrumbList","@id":"https://www.ull.es/portal/agenda/evento/planificacion-turistica-sostenible-de-la-medicion-a-la-transformacion-de-los-destinos/#breadcrumb","itemListElement":[{"@type":"ListItem","position":1,"name":"Portada","item":"https://www.ull.es/portal/agenda/"},{"@type":"ListItem","position":2,"name":"Planificación turística sostenible: de la medición a la transformación de los destinos"}]},{"@type":"WebSite","@id":"https://www.ull.es/portal/agenda/#website","url":"https://www.ull.es/portal/agenda/","name":"ULL - Agenda","description":"","potentialAction":[{"@type":"SearchAction","target":{"@type":"EntryPoint","urlTemplate":"https://www.ull.es/portal/agenda/?s={search_term_string}"},"query-input":"required name=search_term_string"}],"inLanguage":"es"}]}</script>
<!-- / Yoast SEO plugin. -->

Planificación turística sostenible: de la medición a la transformación de los destinos - ULL - Agenda

La Facultad de Economía, Empresa y Turismo, en el marco de CONECTA CAMPUS GUAJARA, organiza este evento que se celebrará en el aula E2.2 de esta Facultad el viernes 5 de mayo de 2026, en horario de 12:45 a 13:45 horas. Con el desarrollo de esta actividad se pretende mostrar al alumnado y asistentes en general,...
