{"id":47981,"date":"2026-04-30T07:08:18","date_gmt":"2026-04-30T07:08:18","guid":{"rendered":"https:\/\/www.ull.es\/portal\/agenda\/?post_type=tribe_events&#038;p=47981"},"modified":"2026-04-30T07:08:18","modified_gmt":"2026-04-30T07:08:18","slug":"miniferia-de-la-ciencia-y-la-innovacion-en-tenerife-2026","status":"publish","type":"tribe_events","link":"https:\/\/www.ull.es\/portal\/agenda\/evento\/miniferia-de-la-ciencia-y-la-innovacion-en-tenerife-2026\/","title":{"rendered":"Miniferia de la Ciencia y la Innovaci\u00f3n en Tenerife 2026"},"content":{"rendered":"<p><span style=\"font-weight: 400;\">La Universidad de La Laguna acoge los pr\u00f3ximos <\/span>7 y 8 de mayo de 2026 una nueva edici\u00f3n de la Miniferia de la Ciencia y la Innovaci\u00f3n en Tenerife<span style=\"font-weight: 400;\">, una iniciativa promovida por el Gobierno de Canarias, a trav\u00e9s de la Agencia Canaria de Investigaci\u00f3n, innovaci\u00f3n y Sociedad de la Informaci\u00f3n, y organizada por la Universidad de La Laguna con Cienci@ULL.<\/span><\/p>\n<p><span style=\"font-weight: 400;\">El evento se celebrar\u00e1 en el Campus Central (parking superior y aulario de la FGULL), en horario de 9:30 a 13:30 y de 16:00 a 19:00 horas, y est\u00e1 dirigido a acercar el conocimiento cient\u00edfico y tecnol\u00f3gico a la ciudadan\u00eda mediante actividades participativas y accesibles.<\/span><\/p>\n<p><span style=\"font-weight: 400;\">La programaci\u00f3n incluye stands demostrativos, talleres y charlas cient\u00edficas, dise\u00f1ados bajo un enfoque de aprendizaje activo y experiencial, donde el personal investigador mostrar\u00e1 su trabajo de forma pr\u00e1ctica e interactiva. En total, participar\u00e1n m\u00e1s de una veintena de stands y numerosas actividades de corta duraci\u00f3n que permitir\u00e1n la rotaci\u00f3n del p\u00fablico asistente.\u00a0<\/span><\/p>\n<p><span style=\"font-weight: 400;\">La Miniferia pone especial \u00e9nfasis en el fomento de las vocaciones STEAM y en la conexi\u00f3n entre universidad, sistema educativo y sociedad. En esta edici\u00f3n participar\u00e1n 23 centros escolares de Tenerife, distribuidos en diferentes turnos para facilitar su recorrido por los espacios del evento.\u00a0<\/span><\/p>\n<p><span style=\"font-weight: 400;\">Asimismo, la iniciativa incorpora una dimensi\u00f3n formativa para el alumnado universitario, especialmente del \u00e1mbito educativo, ofreciendo la oportunidad de conocer de primera mano metodolog\u00edas innovadoras de divulgaci\u00f3n cient\u00edfica y su aplicaci\u00f3n en contextos reales.<\/span><\/p>\n<p><a href=\"https:\/\/drive.google.com\/file\/d\/1FNNtD_q5h2V02v63FOq9rrxKAPSTxUno\/view?usp=sharing\" target=\"_blank\" rel=\"noopener\"><b>Charlar Cient\u00edficas<\/b><\/a><b>\u00a0<\/b><\/p>\n<p><a href=\"https:\/\/drive.google.com\/drive\/u\/0\/folders\/1Cx7lYtkI5HuIKoQQDXRhNFU5Ppd7KbjU\" target=\"_blank\" rel=\"noopener\"><b>Talleres Cient\u00edficos<\/b><\/a><\/p>\n<p><a href=\"https:\/\/drive.google.com\/file\/d\/1QwWP5LMZDnz0VgG3MEmwFT6r_KEB-nPB\/view?usp=sharing\" target=\"_blank\" rel=\"noopener\"><b>Stands demostrativos<\/b><\/a><\/p>\n","protected":false},"excerpt":{"rendered":"<p>La Universidad de La Laguna acoge los pr\u00f3ximos 7 y 8 de mayo de 2026 una nueva edici\u00f3n de la Miniferia de la Ciencia y la Innovaci\u00f3n en Tenerife, una iniciativa promovida por el Gobierno de Canarias, a trav\u00e9s de la Agencia Canaria de Investigaci\u00f3n, innovaci\u00f3n y Sociedad de la Informaci\u00f3n, y organizada por la&#8230;<\/p>\n","protected":false},"author":117,"featured_media":47982,"comment_status":"closed","ping_status":"closed","template":"","tags":[],"tribe_events_cat":[856],"acf":[],"yoast_head":"<!-- This site is optimized with the Yoast SEO plugin v21.3 - https:\/\/yoast.com\/wordpress\/plugins\/seo\/ -->\n<title>Miniferia de la Ciencia y la Innovaci\u00f3n en Tenerife 2026 - ULL - Agenda<\/title>\n<meta name=\"robots\" content=\"index, follow, max-snippet:-1, max-image-preview:large, max-video-preview:-1\" \/>\n<link rel=\"canonical\" href=\"https:\/\/www.ull.es\/portal\/agenda\/evento\/miniferia-de-la-ciencia-y-la-innovacion-en-tenerife-2026\/\" \/>\n<meta property=\"og:locale\" content=\"es_ES\" \/>\n<meta property=\"og:type\" content=\"article\" \/>\n<meta property=\"og:title\" content=\"Miniferia de la Ciencia y la Innovaci\u00f3n en Tenerife 2026 - ULL - Agenda\" \/>\n<meta property=\"og:description\" content=\"La Universidad de La Laguna acoge los pr\u00f3ximos 7 y 8 de mayo de 2026 una nueva edici\u00f3n de la Miniferia de la Ciencia y la Innovaci\u00f3n en Tenerife, una iniciativa promovida por el Gobierno de Canarias, a trav\u00e9s de la Agencia Canaria de Investigaci\u00f3n, innovaci\u00f3n y Sociedad de la Informaci\u00f3n, y organizada por la...\" \/>\n<meta property=\"og:url\" content=\"https:\/\/www.ull.es\/portal\/agenda\/evento\/miniferia-de-la-ciencia-y-la-innovacion-en-tenerife-2026\/\" \/>\n<meta property=\"og:site_name\" content=\"ULL - Agenda\" \/>\n<meta property=\"og:image\" content=\"https:\/\/www.ull.es\/portal\/agenda\/wp-content\/uploads\/sites\/12\/2026\/04\/Agenda.jpe\" \/>\n\t<meta property=\"og:image:width\" content=\"1600\" \/>\n\t<meta property=\"og:image:height\" content=\"800\" \/>\n\t<meta property=\"og:image:type\" content=\"image\/jpeg\" \/>\n<meta name=\"twitter:card\" content=\"summary_large_image\" \/>\n<meta name=\"twitter:label1\" content=\"Tiempo de lectura\" \/>\n\t<meta name=\"twitter:data1\" content=\"2 minutos\" \/>\n<script type=\"application\/ld+json\" class=\"yoast-schema-graph\">{\"@context\":\"https:\/\/schema.org\",\"@graph\":[{\"@type\":\"WebPage\",\"@id\":\"https:\/\/www.ull.es\/portal\/agenda\/evento\/miniferia-de-la-ciencia-y-la-innovacion-en-tenerife-2026\/\",\"url\":\"https:\/\/www.ull.es\/portal\/agenda\/evento\/miniferia-de-la-ciencia-y-la-innovacion-en-tenerife-2026\/\",\"name\":\"Miniferia de la Ciencia y la Innovaci\u00f3n en Tenerife 2026 - ULL - Agenda\",\"isPartOf\":{\"@id\":\"https:\/\/www.ull.es\/portal\/agenda\/#website\"},\"datePublished\":\"2026-04-30T07:08:18+00:00\",\"dateModified\":\"2026-04-30T07:08:18+00:00\",\"breadcrumb\":{\"@id\":\"https:\/\/www.ull.es\/portal\/agenda\/evento\/miniferia-de-la-ciencia-y-la-innovacion-en-tenerife-2026\/#breadcrumb\"},\"inLanguage\":\"es\",\"potentialAction\":[{\"@type\":\"ReadAction\",\"target\":[\"https:\/\/www.ull.es\/portal\/agenda\/evento\/miniferia-de-la-ciencia-y-la-innovacion-en-tenerife-2026\/\"]}]},{\"@type\":\"BreadcrumbList\",\"@id\":\"https:\/\/www.ull.es\/portal\/agenda\/evento\/miniferia-de-la-ciencia-y-la-innovacion-en-tenerife-2026\/#breadcrumb\",\"itemListElement\":[{\"@type\":\"ListItem\",\"position\":1,\"name\":\"Portada\",\"item\":\"https:\/\/www.ull.es\/portal\/agenda\/\"},{\"@type\":\"ListItem\",\"position\":2,\"name\":\"Miniferia de la Ciencia y la Innovaci\u00f3n en Tenerife 2026\"}]},{\"@type\":\"WebSite\",\"@id\":\"https:\/\/www.ull.es\/portal\/agenda\/#website\",\"url\":\"https:\/\/www.ull.es\/portal\/agenda\/\",\"name\":\"ULL - Agenda\",\"description\":\"\",\"potentialAction\":[{\"@type\":\"SearchAction\",\"target\":{\"@type\":\"EntryPoint\",\"urlTemplate\":\"https:\/\/www.ull.es\/portal\/agenda\/?s={search_term_string}\"},\"query-input\":\"required name=search_term_string\"}],\"inLanguage\":\"es\"}]}<\/script>\n<!-- \/ Yoast SEO plugin. -->","yoast_head_json":{"title":"Miniferia de la Ciencia y la Innovaci\u00f3n en Tenerife 2026 - ULL - Agenda","robots":{"index":"index","follow":"follow","max-snippet":"max-snippet:-1","max-image-preview":"max-image-preview:large","max-video-preview":"max-video-preview:-1"},"canonical":"https:\/\/www.ull.es\/portal\/agenda\/evento\/miniferia-de-la-ciencia-y-la-innovacion-en-tenerife-2026\/","og_locale":"es_ES","og_type":"article","og_title":"Miniferia de la Ciencia y la Innovaci\u00f3n en Tenerife 2026 - ULL - Agenda","og_description":"La Universidad de La Laguna acoge los pr\u00f3ximos 7 y 8 de mayo de 2026 una nueva edici\u00f3n de la Miniferia de la Ciencia y la Innovaci\u00f3n en Tenerife, una iniciativa promovida por el Gobierno de Canarias, a trav\u00e9s de la Agencia Canaria de Investigaci\u00f3n, innovaci\u00f3n y Sociedad de la Informaci\u00f3n, y organizada por la...","og_url":"https:\/\/www.ull.es\/portal\/agenda\/evento\/miniferia-de-la-ciencia-y-la-innovacion-en-tenerife-2026\/","og_site_name":"ULL - Agenda","og_image":[{"width":1600,"height":800,"url":"https:\/\/www.ull.es\/portal\/agenda\/wp-content\/uploads\/sites\/12\/2026\/04\/Agenda.jpe","type":"image\/jpeg"}],"twitter_card":"summary_large_image","twitter_misc":{"Tiempo de lectura":"2 minutos"},"schema":{"@context":"https:\/\/schema.org","@graph":[{"@type":"WebPage","@id":"https:\/\/www.ull.es\/portal\/agenda\/evento\/miniferia-de-la-ciencia-y-la-innovacion-en-tenerife-2026\/","url":"https:\/\/www.ull.es\/portal\/agenda\/evento\/miniferia-de-la-ciencia-y-la-innovacion-en-tenerife-2026\/","name":"Miniferia de la Ciencia y la Innovaci\u00f3n en Tenerife 2026 - ULL - Agenda","isPartOf":{"@id":"https:\/\/www.ull.es\/portal\/agenda\/#website"},"datePublished":"2026-04-30T07:08:18+00:00","dateModified":"2026-04-30T07:08:18+00:00","breadcrumb":{"@id":"https:\/\/www.ull.es\/portal\/agenda\/evento\/miniferia-de-la-ciencia-y-la-innovacion-en-tenerife-2026\/#breadcrumb"},"inLanguage":"es","potentialAction":[{"@type":"ReadAction","target":["https:\/\/www.ull.es\/portal\/agenda\/evento\/miniferia-de-la-ciencia-y-la-innovacion-en-tenerife-2026\/"]}]},{"@type":"BreadcrumbList","@id":"https:\/\/www.ull.es\/portal\/agenda\/evento\/miniferia-de-la-ciencia-y-la-innovacion-en-tenerife-2026\/#breadcrumb","itemListElement":[{"@type":"ListItem","position":1,"name":"Portada","item":"https:\/\/www.ull.es\/portal\/agenda\/"},{"@type":"ListItem","position":2,"name":"Miniferia de la Ciencia y la Innovaci\u00f3n en Tenerife 2026"}]},{"@type":"WebSite","@id":"https:\/\/www.ull.es\/portal\/agenda\/#website","url":"https:\/\/www.ull.es\/portal\/agenda\/","name":"ULL - Agenda","description":"","potentialAction":[{"@type":"SearchAction","target":{"@type":"EntryPoint","urlTemplate":"https:\/\/www.ull.es\/portal\/agenda\/?s={search_term_string}"},"query-input":"required name=search_term_string"}],"inLanguage":"es"}]}},"_links":{"self":[{"href":"https:\/\/www.ull.es\/portal\/agenda\/wp-json\/wp\/v2\/tribe_events\/47981"}],"collection":[{"href":"https:\/\/www.ull.es\/portal\/agenda\/wp-json\/wp\/v2\/tribe_events"}],"about":[{"href":"https:\/\/www.ull.es\/portal\/agenda\/wp-json\/wp\/v2\/types\/tribe_events"}],"author":[{"embeddable":true,"href":"https:\/\/www.ull.es\/portal\/agenda\/wp-json\/wp\/v2\/users\/117"}],"replies":[{"embeddable":true,"href":"https:\/\/www.ull.es\/portal\/agenda\/wp-json\/wp\/v2\/comments?post=47981"}],"version-history":[{"count":1,"href":"https:\/\/www.ull.es\/portal\/agenda\/wp-json\/wp\/v2\/tribe_events\/47981\/revisions"}],"predecessor-version":[{"id":47983,"href":"https:\/\/www.ull.es\/portal\/agenda\/wp-json\/wp\/v2\/tribe_events\/47981\/revisions\/47983"}],"wp:featuredmedia":[{"embeddable":true,"href":"https:\/\/www.ull.es\/portal\/agenda\/wp-json\/wp\/v2\/media\/47982"}],"wp:attachment":[{"href":"https:\/\/www.ull.es\/portal\/agenda\/wp-json\/wp\/v2\/media?parent=47981"}],"wp:term":[{"taxonomy":"post_tag","embeddable":true,"href":"https:\/\/www.ull.es\/portal\/agenda\/wp-json\/wp\/v2\/tags?post=47981"},{"taxonomy":"tribe_events_cat","embeddable":true,"href":"https:\/\/www.ull.es\/portal\/agenda\/wp-json\/wp\/v2\/tribe_events_cat?post=47981"}],"curies":[{"name":"wp","href":"https:\/\/api.w.org\/{rel}","templated":true}]}}

Miniferia de la Ciencia y la Innovación en Tenerife 2026

<p><span style="font-weight: 400;">La Universidad de La Laguna acoge los próximos </span>7 y 8 de mayo de 2026 una nueva edición de la Miniferia de la Ciencia y la Innovación en Tenerife<span style="font-weight: 400;">, una iniciativa promovida por el Gobierno de Canarias, a través de la Agencia Canaria de Investigación, innovación y Sociedad de la Información, y organizada por la Universidad de La Laguna con Cienci@ULL.</span></p>
<p><span style="font-weight: 400;">El evento se celebrará en el Campus Central (parking superior y aulario de la FGULL), en horario de 9:30 a 13:30 y de 16:00 a 19:00 horas, y está dirigido a acercar el conocimiento científico y tecnológico a la ciudadanía mediante actividades participativas y accesibles.</span></p>
<p><span style="font-weight: 400;">La programación incluye stands demostrativos, talleres y charlas científicas, diseñados bajo un enfoque de aprendizaje activo y experiencial, donde el personal investigador mostrará su trabajo de forma práctica e interactiva. En total, participarán más de una veintena de stands y numerosas actividades de corta duración que permitirán la rotación del público asistente. </span></p>
<p><span style="font-weight: 400;">La Miniferia pone especial énfasis en el fomento de las vocaciones STEAM y en la conexión entre universidad, sistema educativo y sociedad. En esta edición participarán 23 centros escolares de Tenerife, distribuidos en diferentes turnos para facilitar su recorrido por los espacios del evento. </span></p>
<p><span style="font-weight: 400;">Asimismo, la iniciativa incorpora una dimensión formativa para el alumnado universitario, especialmente del ámbito educativo, ofreciendo la oportunidad de conocer de primera mano metodologías innovadoras de divulgación científica y su aplicación en contextos reales.</span></p>
<p><a href="https://drive.google.com/file/d/1FNNtD_q5h2V02v63FOq9rrxKAPSTxUno/view?usp=sharing" target="_blank" rel="noopener"><b>Charlar Científicas</b></a><b> </b></p>
<p><a href="https://drive.google.com/drive/u/0/folders/1Cx7lYtkI5HuIKoQQDXRhNFU5Ppd7KbjU" target="_blank" rel="noopener"><b>Talleres Científicos</b></a></p>
<p><a href="https://drive.google.com/file/d/1QwWP5LMZDnz0VgG3MEmwFT6r_KEB-nPB/view?usp=sharing" target="_blank" rel="noopener"><b>Stands demostrativos</b></a></p>

<p>La Universidad de La Laguna acoge los próximos 7 y 8 de mayo de 2026 una nueva edición de la Miniferia de la Ciencia y la Innovación en Tenerife, una iniciativa promovida por el Gobierno de Canarias, a través de la Agencia Canaria de Investigación, innovación y Sociedad de la Información, y organizada por la&#8230;</p>

<!-- This site is optimized with the Yoast SEO plugin v21.3 - https://yoast.com/wordpress/plugins/seo/ -->
<title>Miniferia de la Ciencia y la Innovación en Tenerife 2026 - ULL - Agenda</title>
<meta name="robots" content="index, follow, max-snippet:-1, max-image-preview:large, max-video-preview:-1" />
<link rel="canonical" href="https://www.ull.es/portal/agenda/evento/miniferia-de-la-ciencia-y-la-innovacion-en-tenerife-2026/" />
<meta property="og:locale" content="es_ES" />
<meta property="og:type" content="article" />
<meta property="og:title" content="Miniferia de la Ciencia y la Innovación en Tenerife 2026 - ULL - Agenda" />
<meta property="og:description" content="La Universidad de La Laguna acoge los próximos 7 y 8 de mayo de 2026 una nueva edición de la Miniferia de la Ciencia y la Innovación en Tenerife, una iniciativa promovida por el Gobierno de Canarias, a través de la Agencia Canaria de Investigación, innovación y Sociedad de la Información, y organizada por la..." />
<meta property="og:url" content="https://www.ull.es/portal/agenda/evento/miniferia-de-la-ciencia-y-la-innovacion-en-tenerife-2026/" />
<meta property="og:site_name" content="ULL - Agenda" />
<meta property="og:image" content="https://www.ull.es/portal/agenda/wp-content/uploads/sites/12/2026/04/Agenda.jpe" />
	<meta property="og:image:width" content="1600" />
	<meta property="og:image:height" content="800" />
	<meta property="og:image:type" content="image/jpeg" />
<meta name="twitter:card" content="summary_large_image" />
<meta name="twitter:label1" content="Tiempo de lectura" />
	<meta name="twitter:data1" content="2 minutos" />
<script type="application/ld+json" class="yoast-schema-graph">{"@context":"https://schema.org","@graph":[{"@type":"WebPage","@id":"https://www.ull.es/portal/agenda/evento/miniferia-de-la-ciencia-y-la-innovacion-en-tenerife-2026/","url":"https://www.ull.es/portal/agenda/evento/miniferia-de-la-ciencia-y-la-innovacion-en-tenerife-2026/","name":"Miniferia de la Ciencia y la Innovación en Tenerife 2026 - ULL - Agenda","isPartOf":{"@id":"https://www.ull.es/portal/agenda/#website"},"datePublished":"2026-04-30T07:08:18+00:00","dateModified":"2026-04-30T07:08:18+00:00","breadcrumb":{"@id":"https://www.ull.es/portal/agenda/evento/miniferia-de-la-ciencia-y-la-innovacion-en-tenerife-2026/#breadcrumb"},"inLanguage":"es","potentialAction":[{"@type":"ReadAction","target":["https://www.ull.es/portal/agenda/evento/miniferia-de-la-ciencia-y-la-innovacion-en-tenerife-2026/"]}]},{"@type":"BreadcrumbList","@id":"https://www.ull.es/portal/agenda/evento/miniferia-de-la-ciencia-y-la-innovacion-en-tenerife-2026/#breadcrumb","itemListElement":[{"@type":"ListItem","position":1,"name":"Portada","item":"https://www.ull.es/portal/agenda/"},{"@type":"ListItem","position":2,"name":"Miniferia de la Ciencia y la Innovación en Tenerife 2026"}]},{"@type":"WebSite","@id":"https://www.ull.es/portal/agenda/#website","url":"https://www.ull.es/portal/agenda/","name":"ULL - Agenda","description":"","potentialAction":[{"@type":"SearchAction","target":{"@type":"EntryPoint","urlTemplate":"https://www.ull.es/portal/agenda/?s={search_term_string}"},"query-input":"required name=search_term_string"}],"inLanguage":"es"}]}</script>
<!-- / Yoast SEO plugin. -->

Miniferia de la Ciencia y la Innovación en Tenerife 2026 - ULL - Agenda

La Universidad de La Laguna acoge los próximos 7 y 8 de mayo de 2026 una nueva edición de la Miniferia de la Ciencia y la Innovación en Tenerife, una iniciativa promovida por el Gobierno de Canarias, a través de la Agencia Canaria de Investigación, innovación y Sociedad de la Información, y organizada por la...
