{"id":47984,"date":"2026-04-30T07:15:51","date_gmt":"2026-04-30T07:15:51","guid":{"rendered":"https:\/\/www.ull.es\/portal\/agenda\/?post_type=tribe_events&#038;p=47984"},"modified":"2026-04-30T11:14:36","modified_gmt":"2026-04-30T11:14:36","slug":"diversidad-activismo-e-igualdad-realidades-trans-frente-al-miedo-el-odio-la-discriminacion-y-la-violencia-global","status":"publish","type":"tribe_events","link":"https:\/\/www.ull.es\/portal\/agenda\/evento\/diversidad-activismo-e-igualdad-realidades-trans-frente-al-miedo-el-odio-la-discriminacion-y-la-violencia-global\/","title":{"rendered":"Diversidad, Activismo e Igualdad. Realidades trans frente al miedo, el odio, la discriminaci\u00f3n y la violencia global"},"content":{"rendered":"<p>La Universidad de La Laguna acoge, a trav\u00e9s del Aula Cultural de Diversidad LGTBIQ+, la jornada \u00abDiversidad, Activismo e Igualdad. Realidades trans frente al miedo, el odio, la discriminaci\u00f3n y la violencia global\u00bb, una iniciativa impulsada por la Direcci\u00f3n General de Diversidad del Gobierno de Canarias y la Fundaci\u00f3n Pedro Zerolo, que se celebrar\u00e1 el viernes 15 de mayo de 2026, a partir de las 09:00 horas, en Sala de Audiovisuales de la Facultad de Psicolog\u00eda y Logopedia (Campus de Guajara).<\/p>\n<p>La jornada pretende fomentar el conocimiento y la sensibilizaci\u00f3n sobre la realidad de las personas trans, de la mano de reconocidas ponentes de dentro y fuera de las Islas Canarias. Esto se abarca a trav\u00e9s del activismo y la cultura como herramientas de transformaci\u00f3n social, poniendo \u00e9nfasis en la importancia de visibilizar la diversidad sexogen\u00e9rica en las narrativas audiovisuales, en los espacios de intervenci\u00f3n p\u00fablica y en la construcci\u00f3n de comunidades m\u00e1s igualitarias.<\/p>\n<p>Organiza: Direcci\u00f3n General de Diversidad del Gobierno de Canarias.<br \/>\nColaboran: Fundaci\u00f3n Pedro Zerolo, Aula Cultural de Diversidad LGTBIQ+ de la Universidad de La Laguna.<\/p>\n<p><a href=\"https:\/\/forms.gle\/mfv3o9UxY68UVQJe6\" target=\"_blank\" rel=\"noopener\">Inscripci\u00f3n<\/a><\/p>\n<p><a href=\"https:\/\/drive.google.com\/file\/d\/1Yl7A0Hv26coGD8ebNBgGX2hkJ5vhjY_D\/view?usp=sharing\" target=\"_blank\" rel=\"noopener\">Programa<\/a><\/p>\n<p>&nbsp;<\/p>\n<p>&nbsp;<\/p>\n<p>&nbsp;<\/p>\n","protected":false},"excerpt":{"rendered":"<p>La Universidad de La Laguna acoge, a trav\u00e9s del Aula Cultural de Diversidad LGTBIQ+, la jornada \u00abDiversidad, Activismo e Igualdad. Realidades trans frente al miedo, el odio, la discriminaci\u00f3n y la violencia global\u00bb, una iniciativa impulsada por la Direcci\u00f3n General de Diversidad del Gobierno de Canarias y la Fundaci\u00f3n Pedro Zerolo, que se celebrar\u00e1 el&#8230;<\/p>\n","protected":false},"author":117,"featured_media":48007,"comment_status":"closed","ping_status":"closed","template":"","tags":[],"tribe_events_cat":[344,3987,4,1831,186,191],"acf":[],"yoast_head":"<!-- This site is optimized with the Yoast SEO plugin v21.3 - https:\/\/yoast.com\/wordpress\/plugins\/seo\/ -->\n<title>Diversidad, Activismo e Igualdad. Realidades trans frente al miedo, el odio, la discriminaci\u00f3n y la violencia global - ULL - Agenda<\/title>\n<meta name=\"robots\" content=\"index, follow, max-snippet:-1, max-image-preview:large, max-video-preview:-1\" \/>\n<link rel=\"canonical\" href=\"https:\/\/www.ull.es\/portal\/agenda\/evento\/diversidad-activismo-e-igualdad-realidades-trans-frente-al-miedo-el-odio-la-discriminacion-y-la-violencia-global\/\" \/>\n<meta property=\"og:locale\" content=\"es_ES\" \/>\n<meta property=\"og:type\" content=\"article\" \/>\n<meta property=\"og:title\" content=\"Diversidad, Activismo e Igualdad. Realidades trans frente al miedo, el odio, la discriminaci\u00f3n y la violencia global - ULL - Agenda\" \/>\n<meta property=\"og:description\" content=\"La Universidad de La Laguna acoge, a trav\u00e9s del Aula Cultural de Diversidad LGTBIQ+, la jornada \u00abDiversidad, Activismo e Igualdad. Realidades trans frente al miedo, el odio, la discriminaci\u00f3n y la violencia global\u00bb, una iniciativa impulsada por la Direcci\u00f3n General de Diversidad del Gobierno de Canarias y la Fundaci\u00f3n Pedro Zerolo, que se celebrar\u00e1 el...\" \/>\n<meta property=\"og:url\" content=\"https:\/\/www.ull.es\/portal\/agenda\/evento\/diversidad-activismo-e-igualdad-realidades-trans-frente-al-miedo-el-odio-la-discriminacion-y-la-violencia-global\/\" \/>\n<meta property=\"og:site_name\" content=\"ULL - Agenda\" \/>\n<meta property=\"article:modified_time\" content=\"2026-04-30T11:14:36+00:00\" \/>\n<meta name=\"twitter:card\" content=\"summary_large_image\" \/>\n<meta name=\"twitter:image\" content=\"https:\/\/www.ull.es\/portal\/agenda\/wp-content\/uploads\/sites\/12\/2026\/04\/cartel-formato-750x350-1-pdf.jpg\" \/>\n<meta name=\"twitter:label1\" content=\"Tiempo de lectura\" \/>\n\t<meta name=\"twitter:data1\" content=\"1 minuto\" \/>\n<script type=\"application\/ld+json\" class=\"yoast-schema-graph\">{\"@context\":\"https:\/\/schema.org\",\"@graph\":[{\"@type\":\"WebPage\",\"@id\":\"https:\/\/www.ull.es\/portal\/agenda\/evento\/diversidad-activismo-e-igualdad-realidades-trans-frente-al-miedo-el-odio-la-discriminacion-y-la-violencia-global\/\",\"url\":\"https:\/\/www.ull.es\/portal\/agenda\/evento\/diversidad-activismo-e-igualdad-realidades-trans-frente-al-miedo-el-odio-la-discriminacion-y-la-violencia-global\/\",\"name\":\"Diversidad, Activismo e Igualdad. Realidades trans frente al miedo, el odio, la discriminaci\u00f3n y la violencia global - ULL - Agenda\",\"isPartOf\":{\"@id\":\"https:\/\/www.ull.es\/portal\/agenda\/#website\"},\"datePublished\":\"2026-04-30T07:15:51+00:00\",\"dateModified\":\"2026-04-30T11:14:36+00:00\",\"breadcrumb\":{\"@id\":\"https:\/\/www.ull.es\/portal\/agenda\/evento\/diversidad-activismo-e-igualdad-realidades-trans-frente-al-miedo-el-odio-la-discriminacion-y-la-violencia-global\/#breadcrumb\"},\"inLanguage\":\"es\",\"potentialAction\":[{\"@type\":\"ReadAction\",\"target\":[\"https:\/\/www.ull.es\/portal\/agenda\/evento\/diversidad-activismo-e-igualdad-realidades-trans-frente-al-miedo-el-odio-la-discriminacion-y-la-violencia-global\/\"]}]},{\"@type\":\"BreadcrumbList\",\"@id\":\"https:\/\/www.ull.es\/portal\/agenda\/evento\/diversidad-activismo-e-igualdad-realidades-trans-frente-al-miedo-el-odio-la-discriminacion-y-la-violencia-global\/#breadcrumb\",\"itemListElement\":[{\"@type\":\"ListItem\",\"position\":1,\"name\":\"Portada\",\"item\":\"https:\/\/www.ull.es\/portal\/agenda\/\"},{\"@type\":\"ListItem\",\"position\":2,\"name\":\"Diversidad, Activismo e Igualdad. Realidades trans frente al miedo, el odio, la discriminaci\u00f3n y la violencia global\"}]},{\"@type\":\"WebSite\",\"@id\":\"https:\/\/www.ull.es\/portal\/agenda\/#website\",\"url\":\"https:\/\/www.ull.es\/portal\/agenda\/\",\"name\":\"ULL - Agenda\",\"description\":\"\",\"potentialAction\":[{\"@type\":\"SearchAction\",\"target\":{\"@type\":\"EntryPoint\",\"urlTemplate\":\"https:\/\/www.ull.es\/portal\/agenda\/?s={search_term_string}\"},\"query-input\":\"required name=search_term_string\"}],\"inLanguage\":\"es\"}]}<\/script>\n<!-- \/ Yoast SEO plugin. -->","yoast_head_json":{"title":"Diversidad, Activismo e Igualdad. Realidades trans frente al miedo, el odio, la discriminaci\u00f3n y la violencia global - ULL - Agenda","robots":{"index":"index","follow":"follow","max-snippet":"max-snippet:-1","max-image-preview":"max-image-preview:large","max-video-preview":"max-video-preview:-1"},"canonical":"https:\/\/www.ull.es\/portal\/agenda\/evento\/diversidad-activismo-e-igualdad-realidades-trans-frente-al-miedo-el-odio-la-discriminacion-y-la-violencia-global\/","og_locale":"es_ES","og_type":"article","og_title":"Diversidad, Activismo e Igualdad. Realidades trans frente al miedo, el odio, la discriminaci\u00f3n y la violencia global - ULL - Agenda","og_description":"La Universidad de La Laguna acoge, a trav\u00e9s del Aula Cultural de Diversidad LGTBIQ+, la jornada \u00abDiversidad, Activismo e Igualdad. Realidades trans frente al miedo, el odio, la discriminaci\u00f3n y la violencia global\u00bb, una iniciativa impulsada por la Direcci\u00f3n General de Diversidad del Gobierno de Canarias y la Fundaci\u00f3n Pedro Zerolo, que se celebrar\u00e1 el...","og_url":"https:\/\/www.ull.es\/portal\/agenda\/evento\/diversidad-activismo-e-igualdad-realidades-trans-frente-al-miedo-el-odio-la-discriminacion-y-la-violencia-global\/","og_site_name":"ULL - Agenda","article_modified_time":"2026-04-30T11:14:36+00:00","twitter_card":"summary_large_image","twitter_image":"https:\/\/www.ull.es\/portal\/agenda\/wp-content\/uploads\/sites\/12\/2026\/04\/cartel-formato-750x350-1-pdf.jpg","twitter_misc":{"Tiempo de lectura":"1 minuto"},"schema":{"@context":"https:\/\/schema.org","@graph":[{"@type":"WebPage","@id":"https:\/\/www.ull.es\/portal\/agenda\/evento\/diversidad-activismo-e-igualdad-realidades-trans-frente-al-miedo-el-odio-la-discriminacion-y-la-violencia-global\/","url":"https:\/\/www.ull.es\/portal\/agenda\/evento\/diversidad-activismo-e-igualdad-realidades-trans-frente-al-miedo-el-odio-la-discriminacion-y-la-violencia-global\/","name":"Diversidad, Activismo e Igualdad. Realidades trans frente al miedo, el odio, la discriminaci\u00f3n y la violencia global - ULL - Agenda","isPartOf":{"@id":"https:\/\/www.ull.es\/portal\/agenda\/#website"},"datePublished":"2026-04-30T07:15:51+00:00","dateModified":"2026-04-30T11:14:36+00:00","breadcrumb":{"@id":"https:\/\/www.ull.es\/portal\/agenda\/evento\/diversidad-activismo-e-igualdad-realidades-trans-frente-al-miedo-el-odio-la-discriminacion-y-la-violencia-global\/#breadcrumb"},"inLanguage":"es","potentialAction":[{"@type":"ReadAction","target":["https:\/\/www.ull.es\/portal\/agenda\/evento\/diversidad-activismo-e-igualdad-realidades-trans-frente-al-miedo-el-odio-la-discriminacion-y-la-violencia-global\/"]}]},{"@type":"BreadcrumbList","@id":"https:\/\/www.ull.es\/portal\/agenda\/evento\/diversidad-activismo-e-igualdad-realidades-trans-frente-al-miedo-el-odio-la-discriminacion-y-la-violencia-global\/#breadcrumb","itemListElement":[{"@type":"ListItem","position":1,"name":"Portada","item":"https:\/\/www.ull.es\/portal\/agenda\/"},{"@type":"ListItem","position":2,"name":"Diversidad, Activismo e Igualdad. Realidades trans frente al miedo, el odio, la discriminaci\u00f3n y la violencia global"}]},{"@type":"WebSite","@id":"https:\/\/www.ull.es\/portal\/agenda\/#website","url":"https:\/\/www.ull.es\/portal\/agenda\/","name":"ULL - Agenda","description":"","potentialAction":[{"@type":"SearchAction","target":{"@type":"EntryPoint","urlTemplate":"https:\/\/www.ull.es\/portal\/agenda\/?s={search_term_string}"},"query-input":"required name=search_term_string"}],"inLanguage":"es"}]}},"_links":{"self":[{"href":"https:\/\/www.ull.es\/portal\/agenda\/wp-json\/wp\/v2\/tribe_events\/47984"}],"collection":[{"href":"https:\/\/www.ull.es\/portal\/agenda\/wp-json\/wp\/v2\/tribe_events"}],"about":[{"href":"https:\/\/www.ull.es\/portal\/agenda\/wp-json\/wp\/v2\/types\/tribe_events"}],"author":[{"embeddable":true,"href":"https:\/\/www.ull.es\/portal\/agenda\/wp-json\/wp\/v2\/users\/117"}],"replies":[{"embeddable":true,"href":"https:\/\/www.ull.es\/portal\/agenda\/wp-json\/wp\/v2\/comments?post=47984"}],"version-history":[{"count":2,"href":"https:\/\/www.ull.es\/portal\/agenda\/wp-json\/wp\/v2\/tribe_events\/47984\/revisions"}],"predecessor-version":[{"id":48008,"href":"https:\/\/www.ull.es\/portal\/agenda\/wp-json\/wp\/v2\/tribe_events\/47984\/revisions\/48008"}],"wp:featuredmedia":[{"embeddable":true,"href":"https:\/\/www.ull.es\/portal\/agenda\/wp-json\/wp\/v2\/media\/48007"}],"wp:attachment":[{"href":"https:\/\/www.ull.es\/portal\/agenda\/wp-json\/wp\/v2\/media?parent=47984"}],"wp:term":[{"taxonomy":"post_tag","embeddable":true,"href":"https:\/\/www.ull.es\/portal\/agenda\/wp-json\/wp\/v2\/tags?post=47984"},{"taxonomy":"tribe_events_cat","embeddable":true,"href":"https:\/\/www.ull.es\/portal\/agenda\/wp-json\/wp\/v2\/tribe_events_cat?post=47984"}],"curies":[{"name":"wp","href":"https:\/\/api.w.org\/{rel}","templated":true}]}}

Diversidad, Activismo e Igualdad. Realidades trans frente al miedo, el odio, la discriminación y la violencia global

<p>La Universidad de La Laguna acoge, a través del Aula Cultural de Diversidad LGTBIQ+, la jornada «Diversidad, Activismo e Igualdad. Realidades trans frente al miedo, el odio, la discriminación y la violencia global», una iniciativa impulsada por la Dirección General de Diversidad del Gobierno de Canarias y la Fundación Pedro Zerolo, que se celebrará el viernes 15 de mayo de 2026, a partir de las 09:00 horas, en Sala de Audiovisuales de la Facultad de Psicología y Logopedia (Campus de Guajara).</p>
<p>La jornada pretende fomentar el conocimiento y la sensibilización sobre la realidad de las personas trans, de la mano de reconocidas ponentes de dentro y fuera de las Islas Canarias. Esto se abarca a través del activismo y la cultura como herramientas de transformación social, poniendo énfasis en la importancia de visibilizar la diversidad sexogenérica en las narrativas audiovisuales, en los espacios de intervención pública y en la construcción de comunidades más igualitarias.</p>
<p>Organiza: Dirección General de Diversidad del Gobierno de Canarias.<br />
Colaboran: Fundación Pedro Zerolo, Aula Cultural de Diversidad LGTBIQ+ de la Universidad de La Laguna.</p>
<p><a href="https://forms.gle/mfv3o9UxY68UVQJe6" target="_blank" rel="noopener">Inscripción</a></p>
<p><a href="https://drive.google.com/file/d/1Yl7A0Hv26coGD8ebNBgGX2hkJ5vhjY_D/view?usp=sharing" target="_blank" rel="noopener">Programa</a></p>
<p>&nbsp;</p>
<p>&nbsp;</p>
<p>&nbsp;</p>

<p>La Universidad de La Laguna acoge, a través del Aula Cultural de Diversidad LGTBIQ+, la jornada «Diversidad, Activismo e Igualdad. Realidades trans frente al miedo, el odio, la discriminación y la violencia global», una iniciativa impulsada por la Dirección General de Diversidad del Gobierno de Canarias y la Fundación Pedro Zerolo, que se celebrará el&#8230;</p>

<!-- This site is optimized with the Yoast SEO plugin v21.3 - https://yoast.com/wordpress/plugins/seo/ -->
<title>Diversidad, Activismo e Igualdad. Realidades trans frente al miedo, el odio, la discriminación y la violencia global - ULL - Agenda</title>
<meta name="robots" content="index, follow, max-snippet:-1, max-image-preview:large, max-video-preview:-1" />
<link rel="canonical" href="https://www.ull.es/portal/agenda/evento/diversidad-activismo-e-igualdad-realidades-trans-frente-al-miedo-el-odio-la-discriminacion-y-la-violencia-global/" />
<meta property="og:locale" content="es_ES" />
<meta property="og:type" content="article" />
<meta property="og:title" content="Diversidad, Activismo e Igualdad. Realidades trans frente al miedo, el odio, la discriminación y la violencia global - ULL - Agenda" />
<meta property="og:description" content="La Universidad de La Laguna acoge, a través del Aula Cultural de Diversidad LGTBIQ+, la jornada «Diversidad, Activismo e Igualdad. Realidades trans frente al miedo, el odio, la discriminación y la violencia global», una iniciativa impulsada por la Dirección General de Diversidad del Gobierno de Canarias y la Fundación Pedro Zerolo, que se celebrará el..." />
<meta property="og:url" content="https://www.ull.es/portal/agenda/evento/diversidad-activismo-e-igualdad-realidades-trans-frente-al-miedo-el-odio-la-discriminacion-y-la-violencia-global/" />
<meta property="og:site_name" content="ULL - Agenda" />
<meta property="article:modified_time" content="2026-04-30T11:14:36+00:00" />
<meta name="twitter:card" content="summary_large_image" />
<meta name="twitter:image" content="https://www.ull.es/portal/agenda/wp-content/uploads/sites/12/2026/04/cartel-formato-750x350-1-pdf.jpg" />
<meta name="twitter:label1" content="Tiempo de lectura" />
	<meta name="twitter:data1" content="1 minuto" />
<script type="application/ld+json" class="yoast-schema-graph">{"@context":"https://schema.org","@graph":[{"@type":"WebPage","@id":"https://www.ull.es/portal/agenda/evento/diversidad-activismo-e-igualdad-realidades-trans-frente-al-miedo-el-odio-la-discriminacion-y-la-violencia-global/","url":"https://www.ull.es/portal/agenda/evento/diversidad-activismo-e-igualdad-realidades-trans-frente-al-miedo-el-odio-la-discriminacion-y-la-violencia-global/","name":"Diversidad, Activismo e Igualdad. Realidades trans frente al miedo, el odio, la discriminación y la violencia global - ULL - Agenda","isPartOf":{"@id":"https://www.ull.es/portal/agenda/#website"},"datePublished":"2026-04-30T07:15:51+00:00","dateModified":"2026-04-30T11:14:36+00:00","breadcrumb":{"@id":"https://www.ull.es/portal/agenda/evento/diversidad-activismo-e-igualdad-realidades-trans-frente-al-miedo-el-odio-la-discriminacion-y-la-violencia-global/#breadcrumb"},"inLanguage":"es","potentialAction":[{"@type":"ReadAction","target":["https://www.ull.es/portal/agenda/evento/diversidad-activismo-e-igualdad-realidades-trans-frente-al-miedo-el-odio-la-discriminacion-y-la-violencia-global/"]}]},{"@type":"BreadcrumbList","@id":"https://www.ull.es/portal/agenda/evento/diversidad-activismo-e-igualdad-realidades-trans-frente-al-miedo-el-odio-la-discriminacion-y-la-violencia-global/#breadcrumb","itemListElement":[{"@type":"ListItem","position":1,"name":"Portada","item":"https://www.ull.es/portal/agenda/"},{"@type":"ListItem","position":2,"name":"Diversidad, Activismo e Igualdad. Realidades trans frente al miedo, el odio, la discriminación y la violencia global"}]},{"@type":"WebSite","@id":"https://www.ull.es/portal/agenda/#website","url":"https://www.ull.es/portal/agenda/","name":"ULL - Agenda","description":"","potentialAction":[{"@type":"SearchAction","target":{"@type":"EntryPoint","urlTemplate":"https://www.ull.es/portal/agenda/?s={search_term_string}"},"query-input":"required name=search_term_string"}],"inLanguage":"es"}]}</script>
<!-- / Yoast SEO plugin. -->

Diversidad, Activismo e Igualdad. Realidades trans frente al miedo, el odio, la discriminación y la violencia global - ULL - Agenda

La Universidad de La Laguna acoge, a través del Aula Cultural de Diversidad LGTBIQ+, la jornada «Diversidad, Activismo e Igualdad. Realidades trans frente al miedo, el odio, la discriminación y la violencia global», una iniciativa impulsada por la Dirección General de Diversidad del Gobierno de Canarias y la Fundación Pedro Zerolo, que se celebrará el...
