{"id":47988,"date":"2026-04-30T08:51:21","date_gmt":"2026-04-30T08:51:21","guid":{"rendered":"https:\/\/www.ull.es\/portal\/agenda\/?post_type=tribe_events&#038;p=47988"},"modified":"2026-04-30T08:52:12","modified_gmt":"2026-04-30T08:52:12","slug":"47988","status":"publish","type":"tribe_events","link":"https:\/\/www.ull.es\/portal\/agenda\/evento\/47988\/","title":{"rendered":"Presentaci\u00f3n de la donaci\u00f3n\u00a0de la biblioteca y el archivo personal de Jes\u00fas S\u00e1nchez Navarro"},"content":{"rendered":"<p dir=\"ltr\">El pr\u00f3ximo martes 5 de mayo, a las 11:30 h. en la <a href=\"https:\/\/www.ull.es\/servicios\/biblioteca\/sede\/ingenieriaytecnologia\/\" target=\"_blank\" rel=\"noopener\" data-saferedirecturl=\"https:\/\/www.google.com\/url?q=https:\/\/www.ull.es\/servicios\/biblioteca\/sede\/ingenieriaytecnologia\/&amp;source=gmail&amp;ust=1777624364834000&amp;usg=AOvVaw2nVMZq2gY-ZQxlHoDlDeIW\" target=\"_blank\" rel=\"noopener\">Biblioteca de Ingenier\u00eda y Tecnolog\u00eda<\/a>, se celebrar\u00e1 el acto de presentaci\u00f3n de la <a href=\"https:\/\/absysnet.bbtk.ull.es\/cgi-bin\/abnetopac?TITN=679813\" target=\"_blank\" rel=\"noopener\" data-saferedirecturl=\"https:\/\/www.google.com\/url?q=https:\/\/absysnet.bbtk.ull.es\/cgi-bin\/abnetopac?TITN%3D679813&amp;source=gmail&amp;ust=1777624364834000&amp;usg=AOvVaw3slZuBiVCSpAQsHGnAMhfZ\" target=\"_blank\" rel=\"noopener\">donaci\u00f3n\u00a0 de la biblioteca y el archivo personal de Jes\u00fas S\u00e1nchez Navarro <\/a>\u00a0a la Biblioteca de la Universidad de La Laguna.<\/p>\n<p dir=\"ltr\">Jes\u00fas S\u00e1nchez Navarro fue profesor del Departamento de Historia y Filosof\u00eda de la Ciencia, la Educaci\u00f3n y el Lenguaje de esta Universidad. El legado fue entregado por su viuda, Mar\u00eda Asunci\u00f3n As\u00edn Cabrera, el <a href=\"https:\/\/www.ull.es\/portal\/noticias\/2021\/biblioteca-fondos-jesus-sanchez-navarro-colectivo-harimaguada\/\" target=\"_blank\" rel=\"noopener\" data-saferedirecturl=\"https:\/\/www.google.com\/url?q=https:\/\/www.ull.es\/portal\/noticias\/2021\/biblioteca-fondos-jesus-sanchez-navarro-colectivo-harimaguada\/&amp;source=gmail&amp;ust=1777624364834000&amp;usg=AOvVaw1o0SoPn0qX-pmRC72c0ZLZ\" target=\"_blank\" rel=\"noopener\">23 de abril de 2021<\/a>.<\/p>\n<p dir=\"ltr\">Durante el acto se suceder\u00e1n varias intervenciones sobre el perfil y la obra del profesor, se firmar\u00e1 el acta de cesi\u00f3n de su archivo personal y se podr\u00e1 disfrutar de una\u00a0 muestra con las obras m\u00e1s relevantes de su legado. El acto se cerrar\u00e1 con una actuaci\u00f3n musical a cargo del conjunto Alma Tr\u00edo. Finalmente, a las 13:00 horas, se ofrecer\u00e1 un brindis y se podr\u00e1 visitar el espacio donde est\u00e1 alojado el fondo.<\/p>\n<p dir=\"ltr\">Esta generosa donaci\u00f3n constituye un valioso conjunto de fuentes esenciales para el estudio de la Historia y la Filosof\u00eda de la Ciencia, que ya puede consultarse en el<a href=\"https:\/\/absysnet.bbtk.ull.es\/cgi-bin\/abnetopac?TITN=679813\" target=\"_blank\" rel=\"noopener\" data-saferedirecturl=\"https:\/\/www.google.com\/url?q=https:\/\/absysnet.bbtk.ull.es\/cgi-bin\/abnetopac?TITN%3D679813&amp;source=gmail&amp;ust=1777624364834000&amp;usg=AOvVaw3slZuBiVCSpAQsHGnAMhfZ\" target=\"_blank\" rel=\"noopener\"> cat\u00e1logo general<\/a> \u00a0y en la p\u00e1gina web que se le ha dedicado en el<a href=\"https:\/\/www.ull.es\/servicios\/biblioteca\/archivos-personales\/\" target=\"_blank\" rel=\"noopener\" data-saferedirecturl=\"https:\/\/www.google.com\/url?q=https:\/\/www.ull.es\/servicios\/biblioteca\/archivos-personales\/&amp;source=gmail&amp;ust=1777624364834000&amp;usg=AOvVaw3s0UQuwHHg9lIh3VJKKmNV\" target=\"_blank\" rel=\"noopener\"> Portal de Archivos Personales y de entidades<\/a> de la Biblioteca de la ULL.<\/p>\n<p dir=\"ltr\">La organizaci\u00f3n de este proyecto ha sido posible gracias a la estrecha colaboraci\u00f3n entre el personal de diferentes secciones de Ciencias\u00a0 y Humanidades de la Biblioteca de la Universidad de La Laguna.<\/p>\n","protected":false},"excerpt":{"rendered":"<p>El pr\u00f3ximo martes 5 de mayo, a las 11:30 h. en la Biblioteca de Ingenier\u00eda y Tecnolog\u00eda, se celebrar\u00e1 el acto de presentaci\u00f3n de la donaci\u00f3n\u00a0 de la biblioteca y el archivo personal de Jes\u00fas S\u00e1nchez Navarro \u00a0a la Biblioteca de la Universidad de La Laguna. Jes\u00fas S\u00e1nchez Navarro fue profesor del Departamento de Historia&#8230;<\/p>\n","protected":false},"author":117,"featured_media":47989,"comment_status":"closed","ping_status":"closed","template":"","tags":[],"tribe_events_cat":[1669,789],"acf":[],"yoast_head":"<!-- This site is optimized with the Yoast SEO plugin v21.3 - https:\/\/yoast.com\/wordpress\/plugins\/seo\/ -->\n<title>Presentaci\u00f3n de la donaci\u00f3n\u00a0de la biblioteca y el archivo personal de Jes\u00fas S\u00e1nchez Navarro - ULL - Agenda<\/title>\n<meta name=\"robots\" content=\"index, follow, max-snippet:-1, max-image-preview:large, max-video-preview:-1\" \/>\n<link rel=\"canonical\" href=\"https:\/\/www.ull.es\/portal\/agenda\/evento\/47988\/\" \/>\n<meta property=\"og:locale\" content=\"es_ES\" \/>\n<meta property=\"og:type\" content=\"article\" \/>\n<meta property=\"og:title\" content=\"Presentaci\u00f3n de la donaci\u00f3n\u00a0de la biblioteca y el archivo personal de Jes\u00fas S\u00e1nchez Navarro - ULL - Agenda\" \/>\n<meta property=\"og:description\" content=\"El pr\u00f3ximo martes 5 de mayo, a las 11:30 h. en la Biblioteca de Ingenier\u00eda y Tecnolog\u00eda, se celebrar\u00e1 el acto de presentaci\u00f3n de la donaci\u00f3n\u00a0 de la biblioteca y el archivo personal de Jes\u00fas S\u00e1nchez Navarro \u00a0a la Biblioteca de la Universidad de La Laguna. Jes\u00fas S\u00e1nchez Navarro fue profesor del Departamento de Historia...\" \/>\n<meta property=\"og:url\" content=\"https:\/\/www.ull.es\/portal\/agenda\/evento\/47988\/\" \/>\n<meta property=\"og:site_name\" content=\"ULL - Agenda\" \/>\n<meta property=\"article:modified_time\" content=\"2026-04-30T08:52:12+00:00\" \/>\n<meta property=\"og:image\" content=\"https:\/\/www.ull.es\/portal\/agenda\/wp-content\/uploads\/sites\/12\/2026\/04\/tw-publicacion.jpg\" \/>\n\t<meta property=\"og:image:width\" content=\"1200\" \/>\n\t<meta property=\"og:image:height\" content=\"592\" \/>\n\t<meta property=\"og:image:type\" content=\"image\/jpeg\" \/>\n<meta name=\"twitter:card\" content=\"summary_large_image\" \/>\n<meta name=\"twitter:label1\" content=\"Tiempo de lectura\" \/>\n\t<meta name=\"twitter:data1\" content=\"2 minutos\" \/>\n<script type=\"application\/ld+json\" class=\"yoast-schema-graph\">{\"@context\":\"https:\/\/schema.org\",\"@graph\":[{\"@type\":\"WebPage\",\"@id\":\"https:\/\/www.ull.es\/portal\/agenda\/evento\/47988\/\",\"url\":\"https:\/\/www.ull.es\/portal\/agenda\/evento\/47988\/\",\"name\":\"Presentaci\u00f3n de la donaci\u00f3n\u00a0de la biblioteca y el archivo personal de Jes\u00fas S\u00e1nchez Navarro - ULL - Agenda\",\"isPartOf\":{\"@id\":\"https:\/\/www.ull.es\/portal\/agenda\/#website\"},\"datePublished\":\"2026-04-30T08:51:21+00:00\",\"dateModified\":\"2026-04-30T08:52:12+00:00\",\"breadcrumb\":{\"@id\":\"https:\/\/www.ull.es\/portal\/agenda\/evento\/47988\/#breadcrumb\"},\"inLanguage\":\"es\",\"potentialAction\":[{\"@type\":\"ReadAction\",\"target\":[\"https:\/\/www.ull.es\/portal\/agenda\/evento\/47988\/\"]}]},{\"@type\":\"BreadcrumbList\",\"@id\":\"https:\/\/www.ull.es\/portal\/agenda\/evento\/47988\/#breadcrumb\",\"itemListElement\":[{\"@type\":\"ListItem\",\"position\":1,\"name\":\"Portada\",\"item\":\"https:\/\/www.ull.es\/portal\/agenda\/\"},{\"@type\":\"ListItem\",\"position\":2,\"name\":\"Presentaci\u00f3n de la donaci\u00f3n\u00a0de la biblioteca y el archivo personal de Jes\u00fas S\u00e1nchez Navarro\"}]},{\"@type\":\"WebSite\",\"@id\":\"https:\/\/www.ull.es\/portal\/agenda\/#website\",\"url\":\"https:\/\/www.ull.es\/portal\/agenda\/\",\"name\":\"ULL - Agenda\",\"description\":\"\",\"potentialAction\":[{\"@type\":\"SearchAction\",\"target\":{\"@type\":\"EntryPoint\",\"urlTemplate\":\"https:\/\/www.ull.es\/portal\/agenda\/?s={search_term_string}\"},\"query-input\":\"required name=search_term_string\"}],\"inLanguage\":\"es\"}]}<\/script>\n<!-- \/ Yoast SEO plugin. -->","yoast_head_json":{"title":"Presentaci\u00f3n de la donaci\u00f3n\u00a0de la biblioteca y el archivo personal de Jes\u00fas S\u00e1nchez Navarro - ULL - Agenda","robots":{"index":"index","follow":"follow","max-snippet":"max-snippet:-1","max-image-preview":"max-image-preview:large","max-video-preview":"max-video-preview:-1"},"canonical":"https:\/\/www.ull.es\/portal\/agenda\/evento\/47988\/","og_locale":"es_ES","og_type":"article","og_title":"Presentaci\u00f3n de la donaci\u00f3n\u00a0de la biblioteca y el archivo personal de Jes\u00fas S\u00e1nchez Navarro - ULL - Agenda","og_description":"El pr\u00f3ximo martes 5 de mayo, a las 11:30 h. en la Biblioteca de Ingenier\u00eda y Tecnolog\u00eda, se celebrar\u00e1 el acto de presentaci\u00f3n de la donaci\u00f3n\u00a0 de la biblioteca y el archivo personal de Jes\u00fas S\u00e1nchez Navarro \u00a0a la Biblioteca de la Universidad de La Laguna. Jes\u00fas S\u00e1nchez Navarro fue profesor del Departamento de Historia...","og_url":"https:\/\/www.ull.es\/portal\/agenda\/evento\/47988\/","og_site_name":"ULL - Agenda","article_modified_time":"2026-04-30T08:52:12+00:00","og_image":[{"width":1200,"height":592,"url":"https:\/\/www.ull.es\/portal\/agenda\/wp-content\/uploads\/sites\/12\/2026\/04\/tw-publicacion.jpg","type":"image\/jpeg"}],"twitter_card":"summary_large_image","twitter_misc":{"Tiempo de lectura":"2 minutos"},"schema":{"@context":"https:\/\/schema.org","@graph":[{"@type":"WebPage","@id":"https:\/\/www.ull.es\/portal\/agenda\/evento\/47988\/","url":"https:\/\/www.ull.es\/portal\/agenda\/evento\/47988\/","name":"Presentaci\u00f3n de la donaci\u00f3n\u00a0de la biblioteca y el archivo personal de Jes\u00fas S\u00e1nchez Navarro - ULL - Agenda","isPartOf":{"@id":"https:\/\/www.ull.es\/portal\/agenda\/#website"},"datePublished":"2026-04-30T08:51:21+00:00","dateModified":"2026-04-30T08:52:12+00:00","breadcrumb":{"@id":"https:\/\/www.ull.es\/portal\/agenda\/evento\/47988\/#breadcrumb"},"inLanguage":"es","potentialAction":[{"@type":"ReadAction","target":["https:\/\/www.ull.es\/portal\/agenda\/evento\/47988\/"]}]},{"@type":"BreadcrumbList","@id":"https:\/\/www.ull.es\/portal\/agenda\/evento\/47988\/#breadcrumb","itemListElement":[{"@type":"ListItem","position":1,"name":"Portada","item":"https:\/\/www.ull.es\/portal\/agenda\/"},{"@type":"ListItem","position":2,"name":"Presentaci\u00f3n de la donaci\u00f3n\u00a0de la biblioteca y el archivo personal de Jes\u00fas S\u00e1nchez Navarro"}]},{"@type":"WebSite","@id":"https:\/\/www.ull.es\/portal\/agenda\/#website","url":"https:\/\/www.ull.es\/portal\/agenda\/","name":"ULL - Agenda","description":"","potentialAction":[{"@type":"SearchAction","target":{"@type":"EntryPoint","urlTemplate":"https:\/\/www.ull.es\/portal\/agenda\/?s={search_term_string}"},"query-input":"required name=search_term_string"}],"inLanguage":"es"}]}},"_links":{"self":[{"href":"https:\/\/www.ull.es\/portal\/agenda\/wp-json\/wp\/v2\/tribe_events\/47988"}],"collection":[{"href":"https:\/\/www.ull.es\/portal\/agenda\/wp-json\/wp\/v2\/tribe_events"}],"about":[{"href":"https:\/\/www.ull.es\/portal\/agenda\/wp-json\/wp\/v2\/types\/tribe_events"}],"author":[{"embeddable":true,"href":"https:\/\/www.ull.es\/portal\/agenda\/wp-json\/wp\/v2\/users\/117"}],"replies":[{"embeddable":true,"href":"https:\/\/www.ull.es\/portal\/agenda\/wp-json\/wp\/v2\/comments?post=47988"}],"version-history":[{"count":3,"href":"https:\/\/www.ull.es\/portal\/agenda\/wp-json\/wp\/v2\/tribe_events\/47988\/revisions"}],"predecessor-version":[{"id":47993,"href":"https:\/\/www.ull.es\/portal\/agenda\/wp-json\/wp\/v2\/tribe_events\/47988\/revisions\/47993"}],"wp:featuredmedia":[{"embeddable":true,"href":"https:\/\/www.ull.es\/portal\/agenda\/wp-json\/wp\/v2\/media\/47989"}],"wp:attachment":[{"href":"https:\/\/www.ull.es\/portal\/agenda\/wp-json\/wp\/v2\/media?parent=47988"}],"wp:term":[{"taxonomy":"post_tag","embeddable":true,"href":"https:\/\/www.ull.es\/portal\/agenda\/wp-json\/wp\/v2\/tags?post=47988"},{"taxonomy":"tribe_events_cat","embeddable":true,"href":"https:\/\/www.ull.es\/portal\/agenda\/wp-json\/wp\/v2\/tribe_events_cat?post=47988"}],"curies":[{"name":"wp","href":"https:\/\/api.w.org\/{rel}","templated":true}]}}

Presentación de la donación de la biblioteca y el archivo personal de Jesús Sánchez Navarro

<p dir="ltr">El próximo martes 5 de mayo, a las 11:30 h. en la <a href="https://www.ull.es/servicios/biblioteca/sede/ingenieriaytecnologia/" target="_blank" rel="noopener" data-saferedirecturl="https://www.google.com/url?q=https://www.ull.es/servicios/biblioteca/sede/ingenieriaytecnologia/&amp;source=gmail&amp;ust=1777624364834000&amp;usg=AOvVaw2nVMZq2gY-ZQxlHoDlDeIW" target="_blank" rel="noopener">Biblioteca de Ingeniería y Tecnología</a>, se celebrará el acto de presentación de la <a href="https://absysnet.bbtk.ull.es/cgi-bin/abnetopac?TITN=679813" target="_blank" rel="noopener" data-saferedirecturl="https://www.google.com/url?q=https://absysnet.bbtk.ull.es/cgi-bin/abnetopac?TITN%3D679813&amp;source=gmail&amp;ust=1777624364834000&amp;usg=AOvVaw3slZuBiVCSpAQsHGnAMhfZ" target="_blank" rel="noopener">donación  de la biblioteca y el archivo personal de Jesús Sánchez Navarro </a> a la Biblioteca de la Universidad de La Laguna.</p>
<p dir="ltr">Jesús Sánchez Navarro fue profesor del Departamento de Historia y Filosofía de la Ciencia, la Educación y el Lenguaje de esta Universidad. El legado fue entregado por su viuda, María Asunción Asín Cabrera, el <a href="https://www.ull.es/portal/noticias/2021/biblioteca-fondos-jesus-sanchez-navarro-colectivo-harimaguada/" target="_blank" rel="noopener" data-saferedirecturl="https://www.google.com/url?q=https://www.ull.es/portal/noticias/2021/biblioteca-fondos-jesus-sanchez-navarro-colectivo-harimaguada/&amp;source=gmail&amp;ust=1777624364834000&amp;usg=AOvVaw1o0SoPn0qX-pmRC72c0ZLZ" target="_blank" rel="noopener">23 de abril de 2021</a>.</p>
<p dir="ltr">Durante el acto se sucederán varias intervenciones sobre el perfil y la obra del profesor, se firmará el acta de cesión de su archivo personal y se podrá disfrutar de una  muestra con las obras más relevantes de su legado. El acto se cerrará con una actuación musical a cargo del conjunto Alma Trío. Finalmente, a las 13:00 horas, se ofrecerá un brindis y se podrá visitar el espacio donde está alojado el fondo.</p>
<p dir="ltr">Esta generosa donación constituye un valioso conjunto de fuentes esenciales para el estudio de la Historia y la Filosofía de la Ciencia, que ya puede consultarse en el<a href="https://absysnet.bbtk.ull.es/cgi-bin/abnetopac?TITN=679813" target="_blank" rel="noopener" data-saferedirecturl="https://www.google.com/url?q=https://absysnet.bbtk.ull.es/cgi-bin/abnetopac?TITN%3D679813&amp;source=gmail&amp;ust=1777624364834000&amp;usg=AOvVaw3slZuBiVCSpAQsHGnAMhfZ" target="_blank" rel="noopener"> catálogo general</a>  y en la página web que se le ha dedicado en el<a href="https://www.ull.es/servicios/biblioteca/archivos-personales/" target="_blank" rel="noopener" data-saferedirecturl="https://www.google.com/url?q=https://www.ull.es/servicios/biblioteca/archivos-personales/&amp;source=gmail&amp;ust=1777624364834000&amp;usg=AOvVaw3s0UQuwHHg9lIh3VJKKmNV" target="_blank" rel="noopener"> Portal de Archivos Personales y de entidades</a> de la Biblioteca de la ULL.</p>
<p dir="ltr">La organización de este proyecto ha sido posible gracias a la estrecha colaboración entre el personal de diferentes secciones de Ciencias  y Humanidades de la Biblioteca de la Universidad de La Laguna.</p>

<p>El próximo martes 5 de mayo, a las 11:30 h. en la Biblioteca de Ingeniería y Tecnología, se celebrará el acto de presentación de la donación  de la biblioteca y el archivo personal de Jesús Sánchez Navarro  a la Biblioteca de la Universidad de La Laguna. Jesús Sánchez Navarro fue profesor del Departamento de Historia&#8230;</p>

<!-- This site is optimized with the Yoast SEO plugin v21.3 - https://yoast.com/wordpress/plugins/seo/ -->
<title>Presentación de la donación de la biblioteca y el archivo personal de Jesús Sánchez Navarro - ULL - Agenda</title>
<meta name="robots" content="index, follow, max-snippet:-1, max-image-preview:large, max-video-preview:-1" />
<link rel="canonical" href="https://www.ull.es/portal/agenda/evento/47988/" />
<meta property="og:locale" content="es_ES" />
<meta property="og:type" content="article" />
<meta property="og:title" content="Presentación de la donación de la biblioteca y el archivo personal de Jesús Sánchez Navarro - ULL - Agenda" />
<meta property="og:description" content="El próximo martes 5 de mayo, a las 11:30 h. en la Biblioteca de Ingeniería y Tecnología, se celebrará el acto de presentación de la donación  de la biblioteca y el archivo personal de Jesús Sánchez Navarro  a la Biblioteca de la Universidad de La Laguna. Jesús Sánchez Navarro fue profesor del Departamento de Historia..." />
<meta property="og:url" content="https://www.ull.es/portal/agenda/evento/47988/" />
<meta property="og:site_name" content="ULL - Agenda" />
<meta property="article:modified_time" content="2026-04-30T08:52:12+00:00" />
<meta property="og:image" content="https://www.ull.es/portal/agenda/wp-content/uploads/sites/12/2026/04/tw-publicacion.jpg" />
	<meta property="og:image:width" content="1200" />
	<meta property="og:image:height" content="592" />
	<meta property="og:image:type" content="image/jpeg" />
<meta name="twitter:card" content="summary_large_image" />
<meta name="twitter:label1" content="Tiempo de lectura" />
	<meta name="twitter:data1" content="2 minutos" />
<script type="application/ld+json" class="yoast-schema-graph">{"@context":"https://schema.org","@graph":[{"@type":"WebPage","@id":"https://www.ull.es/portal/agenda/evento/47988/","url":"https://www.ull.es/portal/agenda/evento/47988/","name":"Presentación de la donación de la biblioteca y el archivo personal de Jesús Sánchez Navarro - ULL - Agenda","isPartOf":{"@id":"https://www.ull.es/portal/agenda/#website"},"datePublished":"2026-04-30T08:51:21+00:00","dateModified":"2026-04-30T08:52:12+00:00","breadcrumb":{"@id":"https://www.ull.es/portal/agenda/evento/47988/#breadcrumb"},"inLanguage":"es","potentialAction":[{"@type":"ReadAction","target":["https://www.ull.es/portal/agenda/evento/47988/"]}]},{"@type":"BreadcrumbList","@id":"https://www.ull.es/portal/agenda/evento/47988/#breadcrumb","itemListElement":[{"@type":"ListItem","position":1,"name":"Portada","item":"https://www.ull.es/portal/agenda/"},{"@type":"ListItem","position":2,"name":"Presentación de la donación de la biblioteca y el archivo personal de Jesús Sánchez Navarro"}]},{"@type":"WebSite","@id":"https://www.ull.es/portal/agenda/#website","url":"https://www.ull.es/portal/agenda/","name":"ULL - Agenda","description":"","potentialAction":[{"@type":"SearchAction","target":{"@type":"EntryPoint","urlTemplate":"https://www.ull.es/portal/agenda/?s={search_term_string}"},"query-input":"required name=search_term_string"}],"inLanguage":"es"}]}</script>
<!-- / Yoast SEO plugin. -->

Presentación de la donación de la biblioteca y el archivo personal de Jesús Sánchez Navarro - ULL - Agenda

El próximo martes 5 de mayo, a las 11:30 h. en la Biblioteca de Ingeniería y Tecnología, se celebrará el acto de presentación de la donación  de la biblioteca y el archivo personal de Jesús Sánchez Navarro  a la Biblioteca de la Universidad de La Laguna. Jesús Sánchez Navarro fue profesor del Departamento de Historia...
