{"id":48014,"date":"2026-04-30T12:56:53","date_gmt":"2026-04-30T12:56:53","guid":{"rendered":"https:\/\/www.ull.es\/portal\/agenda\/?post_type=tribe_events&#038;p=48014"},"modified":"2026-04-30T12:57:26","modified_gmt":"2026-04-30T12:57:26","slug":"seminario-law-and-war-the-crisis-of-normativity","status":"publish","type":"tribe_events","link":"https:\/\/www.ull.es\/portal\/agenda\/evento\/seminario-law-and-war-the-crisis-of-normativity\/","title":{"rendered":"Seminario \u00abLaw and War: The crisis of Normativity\u00bb"},"content":{"rendered":"<p>El Aula Cultural de Divulgaci\u00f3n Cient\u00edfica y el Aula Cultural \u00abRadio Campus\u00bb organizan este seminario que se celebrar\u00e1 en modalidad online el 2 de octubre de 2026 en horario de 16:00 a 18:00 horas<\/p>\n<p>El seminario tiene como objetivo plantear c\u00f3mo en tiempo de guerra, la normatividad entra en crisis. Las agresiones sin motivo est\u00e1n prohibidas por el Derecho Internacional, pero las posibilidades de llevar a juicio al agresor no dependen de la fuerza de la autoridad judicial, sino del desarrollo del conflicto. La guerra puede ser la negaci\u00f3n del Derecho, en cuanto que intento humano de racionalizar un orden social y sustituir el poder arbitrario por reglas que planteen ciertas seguridades. El imperio de la ley est\u00e1 conectado intr\u00ednsecamente con el valor de la justicia, en tanto que la guerra silencia la voz del Derecho mediante la fuerza bruta.<\/p>\n<p>Dirigido a cualquier persona interesada en el tema propuesto.<\/p>\n<p>Ponente: Oleksiy Stovba. <em>Chief Scientific Officer, National Scientific Center \u00abHon. Prof. M. S. Bokarius Forensic Science Institute\u00bb<\/em>.<\/p>\n<p>Direcci\u00f3n acad\u00e9mica: Luis Javier Capote P\u00e9rez. Profesor Contratado Doctor, Departamento de Disciplinas Jur\u00eddicas B\u00e1sicas de la Universidad de La Laguna.<\/p>\n<p>CERTIFICADO DE ASISTENCIA: La Universidad de La Laguna, a trav\u00e9s del Vicerrectorado de Cultura y Extensi\u00f3n Universitaria, emitir\u00e1 un certificado de asistencia a todas aquellas personas que participen, previa inscripci\u00f3n en la actividad.<\/p>\n<p>Asistencia gratuita previa inscripci\u00f3n.\u00a0<a href=\"https:\/\/sede.fg.ull.es\/es\/curso\/detalle?code=a26020172&amp;name=seminario-law-and-war-the-crisis-of-normativity&amp;query=%3Fcode%3DA26020172\" target=\"_blank\" rel=\"noopener\" target=\"_blank\" rel=\"noopener\"><strong><u>Inscr\u00edbete aqu\u00ed.<\/u><\/strong><\/a><\/p>\n<p><strong>Contacto:\u00a0<\/strong><a href=\"mailto:extuni@ull.edu.es\" target=\"_blank\" rel=\"noopener\" target=\"_blank\" rel=\"noopener\"><strong>extuni@ull.es<\/strong><\/a><\/p>\n","protected":false},"excerpt":{"rendered":"<p>El Aula Cultural de Divulgaci\u00f3n Cient\u00edfica y el Aula Cultural \u00abRadio Campus\u00bb organizan este seminario que se celebrar\u00e1 en modalidad online el 2 de octubre de 2026 en horario de 16:00 a 18:00 horas El seminario tiene como objetivo plantear c\u00f3mo en tiempo de guerra, la normatividad entra en crisis. Las agresiones sin motivo est\u00e1n&#8230;<\/p>\n","protected":false},"author":43,"featured_media":48015,"comment_status":"closed","ping_status":"closed","template":"","tags":[4259,977,4685,3812,3751],"tribe_events_cat":[472,471,4,186],"acf":[],"yoast_head":"<!-- This site is optimized with the Yoast SEO plugin v21.3 - https:\/\/yoast.com\/wordpress\/plugins\/seo\/ -->\n<title>Seminario \u00abLaw and War: The crisis of Normativity\u00bb - ULL - Agenda<\/title>\n<meta name=\"robots\" content=\"index, follow, max-snippet:-1, max-image-preview:large, max-video-preview:-1\" \/>\n<link rel=\"canonical\" href=\"https:\/\/www.ull.es\/portal\/agenda\/evento\/seminario-law-and-war-the-crisis-of-normativity\/\" \/>\n<meta property=\"og:locale\" content=\"es_ES\" \/>\n<meta property=\"og:type\" content=\"article\" \/>\n<meta property=\"og:title\" content=\"Seminario \u00abLaw and War: The crisis of Normativity\u00bb - ULL - Agenda\" \/>\n<meta property=\"og:description\" content=\"El Aula Cultural de Divulgaci\u00f3n Cient\u00edfica y el Aula Cultural \u00abRadio Campus\u00bb organizan este seminario que se celebrar\u00e1 en modalidad online el 2 de octubre de 2026 en horario de 16:00 a 18:00 horas El seminario tiene como objetivo plantear c\u00f3mo en tiempo de guerra, la normatividad entra en crisis. Las agresiones sin motivo est\u00e1n...\" \/>\n<meta property=\"og:url\" content=\"https:\/\/www.ull.es\/portal\/agenda\/evento\/seminario-law-and-war-the-crisis-of-normativity\/\" \/>\n<meta property=\"og:site_name\" content=\"ULL - Agenda\" \/>\n<meta property=\"article:modified_time\" content=\"2026-04-30T12:57:26+00:00\" \/>\n<meta property=\"og:image\" content=\"https:\/\/www.ull.es\/portal\/agenda\/wp-content\/uploads\/sites\/12\/2026\/04\/War.jpg\" \/>\n\t<meta property=\"og:image:width\" content=\"750\" \/>\n\t<meta property=\"og:image:height\" content=\"370\" \/>\n\t<meta property=\"og:image:type\" content=\"image\/jpeg\" \/>\n<meta name=\"twitter:card\" content=\"summary_large_image\" \/>\n<meta name=\"twitter:label1\" content=\"Tiempo de lectura\" \/>\n\t<meta name=\"twitter:data1\" content=\"2 minutos\" \/>\n<script type=\"application\/ld+json\" class=\"yoast-schema-graph\">{\"@context\":\"https:\/\/schema.org\",\"@graph\":[{\"@type\":\"WebPage\",\"@id\":\"https:\/\/www.ull.es\/portal\/agenda\/evento\/seminario-law-and-war-the-crisis-of-normativity\/\",\"url\":\"https:\/\/www.ull.es\/portal\/agenda\/evento\/seminario-law-and-war-the-crisis-of-normativity\/\",\"name\":\"Seminario \u00abLaw and War: The crisis of Normativity\u00bb - ULL - Agenda\",\"isPartOf\":{\"@id\":\"https:\/\/www.ull.es\/portal\/agenda\/#website\"},\"datePublished\":\"2026-04-30T12:56:53+00:00\",\"dateModified\":\"2026-04-30T12:57:26+00:00\",\"breadcrumb\":{\"@id\":\"https:\/\/www.ull.es\/portal\/agenda\/evento\/seminario-law-and-war-the-crisis-of-normativity\/#breadcrumb\"},\"inLanguage\":\"es\",\"potentialAction\":[{\"@type\":\"ReadAction\",\"target\":[\"https:\/\/www.ull.es\/portal\/agenda\/evento\/seminario-law-and-war-the-crisis-of-normativity\/\"]}]},{\"@type\":\"BreadcrumbList\",\"@id\":\"https:\/\/www.ull.es\/portal\/agenda\/evento\/seminario-law-and-war-the-crisis-of-normativity\/#breadcrumb\",\"itemListElement\":[{\"@type\":\"ListItem\",\"position\":1,\"name\":\"Portada\",\"item\":\"https:\/\/www.ull.es\/portal\/agenda\/\"},{\"@type\":\"ListItem\",\"position\":2,\"name\":\"Seminario \u00abLaw and War: The crisis of Normativity\u00bb\"}]},{\"@type\":\"WebSite\",\"@id\":\"https:\/\/www.ull.es\/portal\/agenda\/#website\",\"url\":\"https:\/\/www.ull.es\/portal\/agenda\/\",\"name\":\"ULL - Agenda\",\"description\":\"\",\"potentialAction\":[{\"@type\":\"SearchAction\",\"target\":{\"@type\":\"EntryPoint\",\"urlTemplate\":\"https:\/\/www.ull.es\/portal\/agenda\/?s={search_term_string}\"},\"query-input\":\"required name=search_term_string\"}],\"inLanguage\":\"es\"}]}<\/script>\n<!-- \/ Yoast SEO plugin. -->","yoast_head_json":{"title":"Seminario \u00abLaw and War: The crisis of Normativity\u00bb - ULL - Agenda","robots":{"index":"index","follow":"follow","max-snippet":"max-snippet:-1","max-image-preview":"max-image-preview:large","max-video-preview":"max-video-preview:-1"},"canonical":"https:\/\/www.ull.es\/portal\/agenda\/evento\/seminario-law-and-war-the-crisis-of-normativity\/","og_locale":"es_ES","og_type":"article","og_title":"Seminario \u00abLaw and War: The crisis of Normativity\u00bb - ULL - Agenda","og_description":"El Aula Cultural de Divulgaci\u00f3n Cient\u00edfica y el Aula Cultural \u00abRadio Campus\u00bb organizan este seminario que se celebrar\u00e1 en modalidad online el 2 de octubre de 2026 en horario de 16:00 a 18:00 horas El seminario tiene como objetivo plantear c\u00f3mo en tiempo de guerra, la normatividad entra en crisis. Las agresiones sin motivo est\u00e1n...","og_url":"https:\/\/www.ull.es\/portal\/agenda\/evento\/seminario-law-and-war-the-crisis-of-normativity\/","og_site_name":"ULL - Agenda","article_modified_time":"2026-04-30T12:57:26+00:00","og_image":[{"width":750,"height":370,"url":"https:\/\/www.ull.es\/portal\/agenda\/wp-content\/uploads\/sites\/12\/2026\/04\/War.jpg","type":"image\/jpeg"}],"twitter_card":"summary_large_image","twitter_misc":{"Tiempo de lectura":"2 minutos"},"schema":{"@context":"https:\/\/schema.org","@graph":[{"@type":"WebPage","@id":"https:\/\/www.ull.es\/portal\/agenda\/evento\/seminario-law-and-war-the-crisis-of-normativity\/","url":"https:\/\/www.ull.es\/portal\/agenda\/evento\/seminario-law-and-war-the-crisis-of-normativity\/","name":"Seminario \u00abLaw and War: The crisis of Normativity\u00bb - ULL - Agenda","isPartOf":{"@id":"https:\/\/www.ull.es\/portal\/agenda\/#website"},"datePublished":"2026-04-30T12:56:53+00:00","dateModified":"2026-04-30T12:57:26+00:00","breadcrumb":{"@id":"https:\/\/www.ull.es\/portal\/agenda\/evento\/seminario-law-and-war-the-crisis-of-normativity\/#breadcrumb"},"inLanguage":"es","potentialAction":[{"@type":"ReadAction","target":["https:\/\/www.ull.es\/portal\/agenda\/evento\/seminario-law-and-war-the-crisis-of-normativity\/"]}]},{"@type":"BreadcrumbList","@id":"https:\/\/www.ull.es\/portal\/agenda\/evento\/seminario-law-and-war-the-crisis-of-normativity\/#breadcrumb","itemListElement":[{"@type":"ListItem","position":1,"name":"Portada","item":"https:\/\/www.ull.es\/portal\/agenda\/"},{"@type":"ListItem","position":2,"name":"Seminario \u00abLaw and War: The crisis of Normativity\u00bb"}]},{"@type":"WebSite","@id":"https:\/\/www.ull.es\/portal\/agenda\/#website","url":"https:\/\/www.ull.es\/portal\/agenda\/","name":"ULL - Agenda","description":"","potentialAction":[{"@type":"SearchAction","target":{"@type":"EntryPoint","urlTemplate":"https:\/\/www.ull.es\/portal\/agenda\/?s={search_term_string}"},"query-input":"required name=search_term_string"}],"inLanguage":"es"}]}},"_links":{"self":[{"href":"https:\/\/www.ull.es\/portal\/agenda\/wp-json\/wp\/v2\/tribe_events\/48014"}],"collection":[{"href":"https:\/\/www.ull.es\/portal\/agenda\/wp-json\/wp\/v2\/tribe_events"}],"about":[{"href":"https:\/\/www.ull.es\/portal\/agenda\/wp-json\/wp\/v2\/types\/tribe_events"}],"author":[{"embeddable":true,"href":"https:\/\/www.ull.es\/portal\/agenda\/wp-json\/wp\/v2\/users\/43"}],"replies":[{"embeddable":true,"href":"https:\/\/www.ull.es\/portal\/agenda\/wp-json\/wp\/v2\/comments?post=48014"}],"version-history":[{"count":2,"href":"https:\/\/www.ull.es\/portal\/agenda\/wp-json\/wp\/v2\/tribe_events\/48014\/revisions"}],"predecessor-version":[{"id":48019,"href":"https:\/\/www.ull.es\/portal\/agenda\/wp-json\/wp\/v2\/tribe_events\/48014\/revisions\/48019"}],"wp:featuredmedia":[{"embeddable":true,"href":"https:\/\/www.ull.es\/portal\/agenda\/wp-json\/wp\/v2\/media\/48015"}],"wp:attachment":[{"href":"https:\/\/www.ull.es\/portal\/agenda\/wp-json\/wp\/v2\/media?parent=48014"}],"wp:term":[{"taxonomy":"post_tag","embeddable":true,"href":"https:\/\/www.ull.es\/portal\/agenda\/wp-json\/wp\/v2\/tags?post=48014"},{"taxonomy":"tribe_events_cat","embeddable":true,"href":"https:\/\/www.ull.es\/portal\/agenda\/wp-json\/wp\/v2\/tribe_events_cat?post=48014"}],"curies":[{"name":"wp","href":"https:\/\/api.w.org\/{rel}","templated":true}]}}

<p>El Aula Cultural de Divulgación Científica y el Aula Cultural «Radio Campus» organizan este seminario que se celebrará en modalidad online el 2 de octubre de 2026 en horario de 16:00 a 18:00 horas</p>
<p>El seminario tiene como objetivo plantear cómo en tiempo de guerra, la normatividad entra en crisis. Las agresiones sin motivo están prohibidas por el Derecho Internacional, pero las posibilidades de llevar a juicio al agresor no dependen de la fuerza de la autoridad judicial, sino del desarrollo del conflicto. La guerra puede ser la negación del Derecho, en cuanto que intento humano de racionalizar un orden social y sustituir el poder arbitrario por reglas que planteen ciertas seguridades. El imperio de la ley está conectado intrínsecamente con el valor de la justicia, en tanto que la guerra silencia la voz del Derecho mediante la fuerza bruta.</p>
<p>Dirigido a cualquier persona interesada en el tema propuesto.</p>
<p>Ponente: Oleksiy Stovba. <em>Chief Scientific Officer, National Scientific Center «Hon. Prof. M. S. Bokarius Forensic Science Institute»</em>.</p>
<p>Dirección académica: Luis Javier Capote Pérez. Profesor Contratado Doctor, Departamento de Disciplinas Jurídicas Básicas de la Universidad de La Laguna.</p>
<p>CERTIFICADO DE ASISTENCIA: La Universidad de La Laguna, a través del Vicerrectorado de Cultura y Extensión Universitaria, emitirá un certificado de asistencia a todas aquellas personas que participen, previa inscripción en la actividad.</p>
<p>Asistencia gratuita previa inscripción. <a href="https://sede.fg.ull.es/es/curso/detalle?code=a26020172&amp;name=seminario-law-and-war-the-crisis-of-normativity&amp;query=%3Fcode%3DA26020172" target="_blank" rel="noopener" target="_blank" rel="noopener"><strong><u>Inscríbete aquí.</u></strong></a></p>
<p><strong>Contacto: </strong><a href="mailto:extuni@ull.edu.es" target="_blank" rel="noopener" target="_blank" rel="noopener"><strong>extuni@ull.es</strong></a></p>

<p>El Aula Cultural de Divulgación Científica y el Aula Cultural «Radio Campus» organizan este seminario que se celebrará en modalidad online el 2 de octubre de 2026 en horario de 16:00 a 18:00 horas El seminario tiene como objetivo plantear cómo en tiempo de guerra, la normatividad entra en crisis. Las agresiones sin motivo están&#8230;</p>

<!-- This site is optimized with the Yoast SEO plugin v21.3 - https://yoast.com/wordpress/plugins/seo/ -->
<title>Seminario «Law and War: The crisis of Normativity» - ULL - Agenda</title>
<meta name="robots" content="index, follow, max-snippet:-1, max-image-preview:large, max-video-preview:-1" />
<link rel="canonical" href="https://www.ull.es/portal/agenda/evento/seminario-law-and-war-the-crisis-of-normativity/" />
<meta property="og:locale" content="es_ES" />
<meta property="og:type" content="article" />
<meta property="og:title" content="Seminario «Law and War: The crisis of Normativity» - ULL - Agenda" />
<meta property="og:description" content="El Aula Cultural de Divulgación Científica y el Aula Cultural «Radio Campus» organizan este seminario que se celebrará en modalidad online el 2 de octubre de 2026 en horario de 16:00 a 18:00 horas El seminario tiene como objetivo plantear cómo en tiempo de guerra, la normatividad entra en crisis. Las agresiones sin motivo están..." />
<meta property="og:url" content="https://www.ull.es/portal/agenda/evento/seminario-law-and-war-the-crisis-of-normativity/" />
<meta property="og:site_name" content="ULL - Agenda" />
<meta property="article:modified_time" content="2026-04-30T12:57:26+00:00" />
<meta property="og:image" content="https://www.ull.es/portal/agenda/wp-content/uploads/sites/12/2026/04/War.jpg" />
	<meta property="og:image:width" content="750" />
	<meta property="og:image:height" content="370" />
	<meta property="og:image:type" content="image/jpeg" />
<meta name="twitter:card" content="summary_large_image" />
<meta name="twitter:label1" content="Tiempo de lectura" />
	<meta name="twitter:data1" content="2 minutos" />
<script type="application/ld+json" class="yoast-schema-graph">{"@context":"https://schema.org","@graph":[{"@type":"WebPage","@id":"https://www.ull.es/portal/agenda/evento/seminario-law-and-war-the-crisis-of-normativity/","url":"https://www.ull.es/portal/agenda/evento/seminario-law-and-war-the-crisis-of-normativity/","name":"Seminario «Law and War: The crisis of Normativity» - ULL - Agenda","isPartOf":{"@id":"https://www.ull.es/portal/agenda/#website"},"datePublished":"2026-04-30T12:56:53+00:00","dateModified":"2026-04-30T12:57:26+00:00","breadcrumb":{"@id":"https://www.ull.es/portal/agenda/evento/seminario-law-and-war-the-crisis-of-normativity/#breadcrumb"},"inLanguage":"es","potentialAction":[{"@type":"ReadAction","target":["https://www.ull.es/portal/agenda/evento/seminario-law-and-war-the-crisis-of-normativity/"]}]},{"@type":"BreadcrumbList","@id":"https://www.ull.es/portal/agenda/evento/seminario-law-and-war-the-crisis-of-normativity/#breadcrumb","itemListElement":[{"@type":"ListItem","position":1,"name":"Portada","item":"https://www.ull.es/portal/agenda/"},{"@type":"ListItem","position":2,"name":"Seminario «Law and War: The crisis of Normativity»"}]},{"@type":"WebSite","@id":"https://www.ull.es/portal/agenda/#website","url":"https://www.ull.es/portal/agenda/","name":"ULL - Agenda","description":"","potentialAction":[{"@type":"SearchAction","target":{"@type":"EntryPoint","urlTemplate":"https://www.ull.es/portal/agenda/?s={search_term_string}"},"query-input":"required name=search_term_string"}],"inLanguage":"es"}]}</script>
<!-- / Yoast SEO plugin. -->

El Aula Cultural de Divulgación Científica y el Aula Cultural «Radio Campus» organizan este seminario que se celebrará en modalidad online el 2 de octubre de 2026 en horario de 16:00 a 18:00 horas El seminario tiene como objetivo plantear cómo en tiempo de guerra, la normatividad entra en crisis. Las agresiones sin motivo están...
