{"id":49543,"date":"2026-08-31T08:08:54","date_gmt":"2026-08-31T08:08:54","guid":{"rendered":"https:\/\/www.ull.es\/portal\/agenda\/?post_type=tribe_events&#038;p=49543"},"modified":"2026-08-31T08:08:54","modified_gmt":"2026-08-31T08:08:54","slug":"science-camp-starmus-2026","status":"publish","type":"tribe_events","link":"https:\/\/www.ull.es\/portal\/agenda\/evento\/science-camp-starmus-2026\/","title":{"rendered":"Science Camp STARMUS 2026"},"content":{"rendered":"<p><span style=\"font-weight: 400;\">Del 17 al 22 de octubre de 2026 se celebrar\u00e1 una nueva edici\u00f3n de STARMUS, un festival internacional que re\u00fane a algunas de las figuras m\u00e1s destacadas del mundo en los \u00e1mbitos de la ciencia, el arte y la exploraci\u00f3n humana. A trav\u00e9s de un programa que combina ciencia, m\u00fasica, cultura y divulgaci\u00f3n, el festival busca acercar el conocimiento cient\u00edfico a la sociedad, inspirar a las nuevas generaciones y fomentar la reflexi\u00f3n sobre los grandes retos de nuestro tiempo.<\/span><\/p>\n<p><span style=\"font-weight: 400;\">La Universidad de La Laguna participar\u00e1, del 17 al 20 de octubre, en el <\/span><b>Science Camp<\/b><span style=\"font-weight: 400;\">, un espacio destinado a acercar la ciencia a la ciudadan\u00eda mediante experiencias participativas, gratuitas y al aire libre, que convertir\u00e1n las plazas y los espacios p\u00fablicos en aut\u00e9nticos campamentos cient\u00edficos.<\/span><\/p>\n<p><span style=\"font-weight: 400;\">La participaci\u00f3n de la Universidad de La Laguna tendr\u00e1 como finalidad dar a conocer la actividad investigadora que desarrolla, incluyendo sus l\u00edneas de investigaci\u00f3n, proyectos y empresas basadas en conocimiento. Para ello, se instalar\u00e1n diferentes stands demostrativos en la plaza de la Candelaria, en Santa Cruz de Tenerife, que podr\u00e1n ser visitados por el p\u00fablico general y, especialmente, por alumnado de centros educativos.<\/span><\/p>\n<p><span style=\"font-weight: 400;\">STARMUS contar\u00e1 tambi\u00e9n con un amplio programa de charlas y conciertos. Para obtener m\u00e1s informaci\u00f3n, puede consultarse la <\/span><a href=\"https:\/\/starmus.com\/\" target=\"_blank\" rel=\"noopener\" target=\"_blank\" rel=\"noopener\"><span style=\"font-weight: 400;\">web del festival<\/span><\/a><span style=\"font-weight: 400;\">.<\/span><\/p>\n","protected":false},"excerpt":{"rendered":"<p>Del 17 al 22 de octubre de 2026 se celebrar\u00e1 una nueva edici\u00f3n de STARMUS, un festival internacional que re\u00fane a algunas de las figuras m\u00e1s destacadas del mundo en los \u00e1mbitos de la ciencia, el arte y la exploraci\u00f3n humana. A trav\u00e9s de un programa que combina ciencia, m\u00fasica, cultura y divulgaci\u00f3n, el festival&#8230;<\/p>\n","protected":false},"author":117,"featured_media":49545,"comment_status":"closed","ping_status":"closed","template":"","tags":[],"tribe_events_cat":[4,5,186,191],"acf":[],"yoast_head":"<!-- This site is optimized with the Yoast SEO plugin v21.3 - https:\/\/yoast.com\/wordpress\/plugins\/seo\/ -->\n<title>Science Camp STARMUS 2026 - ULL - Agenda<\/title>\n<meta name=\"robots\" content=\"index, follow, max-snippet:-1, max-image-preview:large, max-video-preview:-1\" \/>\n<link rel=\"canonical\" href=\"https:\/\/www.ull.es\/portal\/agenda\/evento\/science-camp-starmus-2026\/\" \/>\n<meta property=\"og:locale\" content=\"es_ES\" \/>\n<meta property=\"og:type\" content=\"article\" \/>\n<meta property=\"og:title\" content=\"Science Camp STARMUS 2026 - ULL - Agenda\" \/>\n<meta property=\"og:description\" content=\"Del 17 al 22 de octubre de 2026 se celebrar\u00e1 una nueva edici\u00f3n de STARMUS, un festival internacional que re\u00fane a algunas de las figuras m\u00e1s destacadas del mundo en los \u00e1mbitos de la ciencia, el arte y la exploraci\u00f3n humana. A trav\u00e9s de un programa que combina ciencia, m\u00fasica, cultura y divulgaci\u00f3n, el festival...\" \/>\n<meta property=\"og:url\" content=\"https:\/\/www.ull.es\/portal\/agenda\/evento\/science-camp-starmus-2026\/\" \/>\n<meta property=\"og:site_name\" content=\"ULL - Agenda\" \/>\n<meta property=\"og:image\" content=\"https:\/\/www.ull.es\/portal\/agenda\/wp-content\/uploads\/sites\/12\/2026\/08\/banner-starmus-750x350-1.jpg\" \/>\n\t<meta property=\"og:image:width\" content=\"750\" \/>\n\t<meta property=\"og:image:height\" content=\"350\" \/>\n\t<meta property=\"og:image:type\" content=\"image\/jpeg\" \/>\n<meta name=\"twitter:card\" content=\"summary_large_image\" \/>\n<meta name=\"twitter:label1\" content=\"Tiempo de lectura\" \/>\n\t<meta name=\"twitter:data1\" content=\"1 minuto\" \/>\n<script type=\"application\/ld+json\" class=\"yoast-schema-graph\">{\"@context\":\"https:\/\/schema.org\",\"@graph\":[{\"@type\":\"WebPage\",\"@id\":\"https:\/\/www.ull.es\/portal\/agenda\/evento\/science-camp-starmus-2026\/\",\"url\":\"https:\/\/www.ull.es\/portal\/agenda\/evento\/science-camp-starmus-2026\/\",\"name\":\"Science Camp STARMUS 2026 - ULL - Agenda\",\"isPartOf\":{\"@id\":\"https:\/\/www.ull.es\/portal\/agenda\/#website\"},\"datePublished\":\"2026-08-31T08:08:54+00:00\",\"dateModified\":\"2026-08-31T08:08:54+00:00\",\"breadcrumb\":{\"@id\":\"https:\/\/www.ull.es\/portal\/agenda\/evento\/science-camp-starmus-2026\/#breadcrumb\"},\"inLanguage\":\"es\",\"potentialAction\":[{\"@type\":\"ReadAction\",\"target\":[\"https:\/\/www.ull.es\/portal\/agenda\/evento\/science-camp-starmus-2026\/\"]}]},{\"@type\":\"BreadcrumbList\",\"@id\":\"https:\/\/www.ull.es\/portal\/agenda\/evento\/science-camp-starmus-2026\/#breadcrumb\",\"itemListElement\":[{\"@type\":\"ListItem\",\"position\":1,\"name\":\"Portada\",\"item\":\"https:\/\/www.ull.es\/portal\/agenda\/\"},{\"@type\":\"ListItem\",\"position\":2,\"name\":\"Science Camp STARMUS 2026\"}]},{\"@type\":\"WebSite\",\"@id\":\"https:\/\/www.ull.es\/portal\/agenda\/#website\",\"url\":\"https:\/\/www.ull.es\/portal\/agenda\/\",\"name\":\"ULL - Agenda\",\"description\":\"\",\"potentialAction\":[{\"@type\":\"SearchAction\",\"target\":{\"@type\":\"EntryPoint\",\"urlTemplate\":\"https:\/\/www.ull.es\/portal\/agenda\/?s={search_term_string}\"},\"query-input\":\"required name=search_term_string\"}],\"inLanguage\":\"es\"}]}<\/script>\n<!-- \/ Yoast SEO plugin. -->","yoast_head_json":{"title":"Science Camp STARMUS 2026 - ULL - Agenda","robots":{"index":"index","follow":"follow","max-snippet":"max-snippet:-1","max-image-preview":"max-image-preview:large","max-video-preview":"max-video-preview:-1"},"canonical":"https:\/\/www.ull.es\/portal\/agenda\/evento\/science-camp-starmus-2026\/","og_locale":"es_ES","og_type":"article","og_title":"Science Camp STARMUS 2026 - ULL - Agenda","og_description":"Del 17 al 22 de octubre de 2026 se celebrar\u00e1 una nueva edici\u00f3n de STARMUS, un festival internacional que re\u00fane a algunas de las figuras m\u00e1s destacadas del mundo en los \u00e1mbitos de la ciencia, el arte y la exploraci\u00f3n humana. A trav\u00e9s de un programa que combina ciencia, m\u00fasica, cultura y divulgaci\u00f3n, el festival...","og_url":"https:\/\/www.ull.es\/portal\/agenda\/evento\/science-camp-starmus-2026\/","og_site_name":"ULL - Agenda","og_image":[{"width":750,"height":350,"url":"https:\/\/www.ull.es\/portal\/agenda\/wp-content\/uploads\/sites\/12\/2026\/08\/banner-starmus-750x350-1.jpg","type":"image\/jpeg"}],"twitter_card":"summary_large_image","twitter_misc":{"Tiempo de lectura":"1 minuto"},"schema":{"@context":"https:\/\/schema.org","@graph":[{"@type":"WebPage","@id":"https:\/\/www.ull.es\/portal\/agenda\/evento\/science-camp-starmus-2026\/","url":"https:\/\/www.ull.es\/portal\/agenda\/evento\/science-camp-starmus-2026\/","name":"Science Camp STARMUS 2026 - ULL - Agenda","isPartOf":{"@id":"https:\/\/www.ull.es\/portal\/agenda\/#website"},"datePublished":"2026-08-31T08:08:54+00:00","dateModified":"2026-08-31T08:08:54+00:00","breadcrumb":{"@id":"https:\/\/www.ull.es\/portal\/agenda\/evento\/science-camp-starmus-2026\/#breadcrumb"},"inLanguage":"es","potentialAction":[{"@type":"ReadAction","target":["https:\/\/www.ull.es\/portal\/agenda\/evento\/science-camp-starmus-2026\/"]}]},{"@type":"BreadcrumbList","@id":"https:\/\/www.ull.es\/portal\/agenda\/evento\/science-camp-starmus-2026\/#breadcrumb","itemListElement":[{"@type":"ListItem","position":1,"name":"Portada","item":"https:\/\/www.ull.es\/portal\/agenda\/"},{"@type":"ListItem","position":2,"name":"Science Camp STARMUS 2026"}]},{"@type":"WebSite","@id":"https:\/\/www.ull.es\/portal\/agenda\/#website","url":"https:\/\/www.ull.es\/portal\/agenda\/","name":"ULL - Agenda","description":"","potentialAction":[{"@type":"SearchAction","target":{"@type":"EntryPoint","urlTemplate":"https:\/\/www.ull.es\/portal\/agenda\/?s={search_term_string}"},"query-input":"required name=search_term_string"}],"inLanguage":"es"}]}},"_links":{"self":[{"href":"https:\/\/www.ull.es\/portal\/agenda\/wp-json\/wp\/v2\/tribe_events\/49543"}],"collection":[{"href":"https:\/\/www.ull.es\/portal\/agenda\/wp-json\/wp\/v2\/tribe_events"}],"about":[{"href":"https:\/\/www.ull.es\/portal\/agenda\/wp-json\/wp\/v2\/types\/tribe_events"}],"author":[{"embeddable":true,"href":"https:\/\/www.ull.es\/portal\/agenda\/wp-json\/wp\/v2\/users\/117"}],"replies":[{"embeddable":true,"href":"https:\/\/www.ull.es\/portal\/agenda\/wp-json\/wp\/v2\/comments?post=49543"}],"version-history":[{"count":2,"href":"https:\/\/www.ull.es\/portal\/agenda\/wp-json\/wp\/v2\/tribe_events\/49543\/revisions"}],"predecessor-version":[{"id":49546,"href":"https:\/\/www.ull.es\/portal\/agenda\/wp-json\/wp\/v2\/tribe_events\/49543\/revisions\/49546"}],"wp:featuredmedia":[{"embeddable":true,"href":"https:\/\/www.ull.es\/portal\/agenda\/wp-json\/wp\/v2\/media\/49545"}],"wp:attachment":[{"href":"https:\/\/www.ull.es\/portal\/agenda\/wp-json\/wp\/v2\/media?parent=49543"}],"wp:term":[{"taxonomy":"post_tag","embeddable":true,"href":"https:\/\/www.ull.es\/portal\/agenda\/wp-json\/wp\/v2\/tags?post=49543"},{"taxonomy":"tribe_events_cat","embeddable":true,"href":"https:\/\/www.ull.es\/portal\/agenda\/wp-json\/wp\/v2\/tribe_events_cat?post=49543"}],"curies":[{"name":"wp","href":"https:\/\/api.w.org\/{rel}","templated":true}]}}

<p><span style="font-weight: 400;">Del 17 al 22 de octubre de 2026 se celebrará una nueva edición de STARMUS, un festival internacional que reúne a algunas de las figuras más destacadas del mundo en los ámbitos de la ciencia, el arte y la exploración humana. A través de un programa que combina ciencia, música, cultura y divulgación, el festival busca acercar el conocimiento científico a la sociedad, inspirar a las nuevas generaciones y fomentar la reflexión sobre los grandes retos de nuestro tiempo.</span></p>
<p><span style="font-weight: 400;">La Universidad de La Laguna participará, del 17 al 20 de octubre, en el </span><b>Science Camp</b><span style="font-weight: 400;">, un espacio destinado a acercar la ciencia a la ciudadanía mediante experiencias participativas, gratuitas y al aire libre, que convertirán las plazas y los espacios públicos en auténticos campamentos científicos.</span></p>
<p><span style="font-weight: 400;">La participación de la Universidad de La Laguna tendrá como finalidad dar a conocer la actividad investigadora que desarrolla, incluyendo sus líneas de investigación, proyectos y empresas basadas en conocimiento. Para ello, se instalarán diferentes stands demostrativos en la plaza de la Candelaria, en Santa Cruz de Tenerife, que podrán ser visitados por el público general y, especialmente, por alumnado de centros educativos.</span></p>
<p><span style="font-weight: 400;">STARMUS contará también con un amplio programa de charlas y conciertos. Para obtener más información, puede consultarse la </span><a href="https://starmus.com/" target="_blank" rel="noopener" target="_blank" rel="noopener"><span style="font-weight: 400;">web del festival</span></a><span style="font-weight: 400;">.</span></p>

<p>Del 17 al 22 de octubre de 2026 se celebrará una nueva edición de STARMUS, un festival internacional que reúne a algunas de las figuras más destacadas del mundo en los ámbitos de la ciencia, el arte y la exploración humana. A través de un programa que combina ciencia, música, cultura y divulgación, el festival&#8230;</p>

<!-- This site is optimized with the Yoast SEO plugin v21.3 - https://yoast.com/wordpress/plugins/seo/ -->
<title>Science Camp STARMUS 2026 - ULL - Agenda</title>
<meta name="robots" content="index, follow, max-snippet:-1, max-image-preview:large, max-video-preview:-1" />
<link rel="canonical" href="https://www.ull.es/portal/agenda/evento/science-camp-starmus-2026/" />
<meta property="og:locale" content="es_ES" />
<meta property="og:type" content="article" />
<meta property="og:title" content="Science Camp STARMUS 2026 - ULL - Agenda" />
<meta property="og:description" content="Del 17 al 22 de octubre de 2026 se celebrará una nueva edición de STARMUS, un festival internacional que reúne a algunas de las figuras más destacadas del mundo en los ámbitos de la ciencia, el arte y la exploración humana. A través de un programa que combina ciencia, música, cultura y divulgación, el festival..." />
<meta property="og:url" content="https://www.ull.es/portal/agenda/evento/science-camp-starmus-2026/" />
<meta property="og:site_name" content="ULL - Agenda" />
<meta property="og:image" content="https://www.ull.es/portal/agenda/wp-content/uploads/sites/12/2026/08/banner-starmus-750x350-1.jpg" />
	<meta property="og:image:width" content="750" />
	<meta property="og:image:height" content="350" />
	<meta property="og:image:type" content="image/jpeg" />
<meta name="twitter:card" content="summary_large_image" />
<meta name="twitter:label1" content="Tiempo de lectura" />
	<meta name="twitter:data1" content="1 minuto" />
<script type="application/ld+json" class="yoast-schema-graph">{"@context":"https://schema.org","@graph":[{"@type":"WebPage","@id":"https://www.ull.es/portal/agenda/evento/science-camp-starmus-2026/","url":"https://www.ull.es/portal/agenda/evento/science-camp-starmus-2026/","name":"Science Camp STARMUS 2026 - ULL - Agenda","isPartOf":{"@id":"https://www.ull.es/portal/agenda/#website"},"datePublished":"2026-08-31T08:08:54+00:00","dateModified":"2026-08-31T08:08:54+00:00","breadcrumb":{"@id":"https://www.ull.es/portal/agenda/evento/science-camp-starmus-2026/#breadcrumb"},"inLanguage":"es","potentialAction":[{"@type":"ReadAction","target":["https://www.ull.es/portal/agenda/evento/science-camp-starmus-2026/"]}]},{"@type":"BreadcrumbList","@id":"https://www.ull.es/portal/agenda/evento/science-camp-starmus-2026/#breadcrumb","itemListElement":[{"@type":"ListItem","position":1,"name":"Portada","item":"https://www.ull.es/portal/agenda/"},{"@type":"ListItem","position":2,"name":"Science Camp STARMUS 2026"}]},{"@type":"WebSite","@id":"https://www.ull.es/portal/agenda/#website","url":"https://www.ull.es/portal/agenda/","name":"ULL - Agenda","description":"","potentialAction":[{"@type":"SearchAction","target":{"@type":"EntryPoint","urlTemplate":"https://www.ull.es/portal/agenda/?s={search_term_string}"},"query-input":"required name=search_term_string"}],"inLanguage":"es"}]}</script>
<!-- / Yoast SEO plugin. -->

Del 17 al 22 de octubre de 2026 se celebrará una nueva edición de STARMUS, un festival internacional que reúne a algunas de las figuras más destacadas del mundo en los ámbitos de la ciencia, el arte y la exploración humana. A través de un programa que combina ciencia, música, cultura y divulgación, el festival...
