{"id":49595,"date":"2026-09-03T07:18:38","date_gmt":"2026-09-03T07:18:38","guid":{"rendered":"https:\/\/www.ull.es\/portal\/agenda\/?post_type=tribe_events&#038;p=49595"},"modified":"2026-09-03T07:18:38","modified_gmt":"2026-09-03T07:18:38","slug":"xxi-exposicion-fotografica-alumni-ull-la-universidad-de-la-laguna-1976-1980-s-xx","status":"publish","type":"tribe_events","link":"https:\/\/www.ull.es\/portal\/agenda\/evento\/xxi-exposicion-fotografica-alumni-ull-la-universidad-de-la-laguna-1976-1980-s-xx\/","title":{"rendered":"XXI Exposici\u00f3n Fotogr\u00e1fica Alumni ULL: \u00abLa Universidad de La Laguna 1976-1980, S. XX\u00bb"},"content":{"rendered":"<p>\u00bfC\u00f3mo era la Universidad de La Laguna a finales de los a\u00f1os setenta? La nueva exposici\u00f3n fotogr\u00e1fica de Alumni ULL propone volver a aquellos a\u00f1os a trav\u00e9s de im\u00e1genes de sus espacios, su vida acad\u00e9mica y las personas que formaban parte de la comunidad universitaria.<\/p>\n<p>La XXI Exposici\u00f3n Fotogr\u00e1fica Alumni ULL: \u201cLa Universidad de La Laguna 1976-1980, S. XX\u201d podr\u00e1 visitarse del 8 al 20 de septiembre de 2026, de 9:00 a 14:00 horas en el Patio de la Casa de los Capitanes. La muestra, que alcanza su vig\u00e9sima primera edici\u00f3n, re\u00fane cinco a\u00f1os de memoria universitaria a trav\u00e9s de fotograf\u00edas que hoy permiten mirar de cerca c\u00f3mo era la instituci\u00f3n y c\u00f3mo se viv\u00eda en ella.<\/p>\n<p>La exposici\u00f3n est\u00e1 organizada por Alumni ULL, con el patrocinio de la Concejal\u00eda de Cultura del Ayuntamiento de La Laguna y la colaboraci\u00f3n del Gobierno de Canarias, el Cabildo de Tenerife, el Consejo Social de la Universidad de La Laguna y la Fundaci\u00f3n CajaCanarias.<\/p>\n","protected":false},"excerpt":{"rendered":"<p>\u00bfC\u00f3mo era la Universidad de La Laguna a finales de los a\u00f1os setenta? La nueva exposici\u00f3n fotogr\u00e1fica de Alumni ULL propone volver a aquellos a\u00f1os a trav\u00e9s de im\u00e1genes de sus espacios, su vida acad\u00e9mica y las personas que formaban parte de la comunidad universitaria. La XXI Exposici\u00f3n Fotogr\u00e1fica Alumni ULL: \u201cLa Universidad de La&#8230;<\/p>\n","protected":false},"author":117,"featured_media":49596,"comment_status":"closed","ping_status":"closed","template":"","tags":[],"tribe_events_cat":[3987,4,19,191],"acf":[],"yoast_head":"<!-- This site is optimized with the Yoast SEO plugin v21.3 - https:\/\/yoast.com\/wordpress\/plugins\/seo\/ -->\n<title>XXI Exposici\u00f3n Fotogr\u00e1fica Alumni ULL: &quot;La Universidad de La Laguna 1976-1980, S. XX&quot; - ULL - Agenda<\/title>\n<meta name=\"robots\" content=\"index, follow, max-snippet:-1, max-image-preview:large, max-video-preview:-1\" \/>\n<link rel=\"canonical\" href=\"https:\/\/www.ull.es\/portal\/agenda\/evento\/xxi-exposicion-fotografica-alumni-ull-la-universidad-de-la-laguna-1976-1980-s-xx\/\" \/>\n<meta property=\"og:locale\" content=\"es_ES\" \/>\n<meta property=\"og:type\" content=\"article\" \/>\n<meta property=\"og:title\" content=\"XXI Exposici\u00f3n Fotogr\u00e1fica Alumni ULL: &quot;La Universidad de La Laguna 1976-1980, S. XX&quot; - ULL - Agenda\" \/>\n<meta property=\"og:description\" content=\"\u00bfC\u00f3mo era la Universidad de La Laguna a finales de los a\u00f1os setenta? La nueva exposici\u00f3n fotogr\u00e1fica de Alumni ULL propone volver a aquellos a\u00f1os a trav\u00e9s de im\u00e1genes de sus espacios, su vida acad\u00e9mica y las personas que formaban parte de la comunidad universitaria. La XXI Exposici\u00f3n Fotogr\u00e1fica Alumni ULL: \u201cLa Universidad de La...\" \/>\n<meta property=\"og:url\" content=\"https:\/\/www.ull.es\/portal\/agenda\/evento\/xxi-exposicion-fotografica-alumni-ull-la-universidad-de-la-laguna-1976-1980-s-xx\/\" \/>\n<meta property=\"og:site_name\" content=\"ULL - Agenda\" \/>\n<meta property=\"og:image\" content=\"https:\/\/www.ull.es\/portal\/agenda\/wp-content\/uploads\/sites\/12\/2026\/09\/XXI-Exposicion-Fotografica-750370-ULL-Alumni-ULL-Antiguos-Alumnos-y-Amigos-de-la-ULL.jpg\" \/>\n\t<meta property=\"og:image:width\" content=\"750\" \/>\n\t<meta property=\"og:image:height\" content=\"370\" \/>\n\t<meta property=\"og:image:type\" content=\"image\/jpeg\" \/>\n<meta name=\"twitter:card\" content=\"summary_large_image\" \/>\n<meta name=\"twitter:label1\" content=\"Tiempo de lectura\" \/>\n\t<meta name=\"twitter:data1\" content=\"1 minuto\" \/>\n<script type=\"application\/ld+json\" class=\"yoast-schema-graph\">{\"@context\":\"https:\/\/schema.org\",\"@graph\":[{\"@type\":\"WebPage\",\"@id\":\"https:\/\/www.ull.es\/portal\/agenda\/evento\/xxi-exposicion-fotografica-alumni-ull-la-universidad-de-la-laguna-1976-1980-s-xx\/\",\"url\":\"https:\/\/www.ull.es\/portal\/agenda\/evento\/xxi-exposicion-fotografica-alumni-ull-la-universidad-de-la-laguna-1976-1980-s-xx\/\",\"name\":\"XXI Exposici\u00f3n Fotogr\u00e1fica Alumni ULL: \\\"La Universidad de La Laguna 1976-1980, S. XX\\\" - ULL - Agenda\",\"isPartOf\":{\"@id\":\"https:\/\/www.ull.es\/portal\/agenda\/#website\"},\"datePublished\":\"2026-09-03T07:18:38+00:00\",\"dateModified\":\"2026-09-03T07:18:38+00:00\",\"breadcrumb\":{\"@id\":\"https:\/\/www.ull.es\/portal\/agenda\/evento\/xxi-exposicion-fotografica-alumni-ull-la-universidad-de-la-laguna-1976-1980-s-xx\/#breadcrumb\"},\"inLanguage\":\"es\",\"potentialAction\":[{\"@type\":\"ReadAction\",\"target\":[\"https:\/\/www.ull.es\/portal\/agenda\/evento\/xxi-exposicion-fotografica-alumni-ull-la-universidad-de-la-laguna-1976-1980-s-xx\/\"]}]},{\"@type\":\"BreadcrumbList\",\"@id\":\"https:\/\/www.ull.es\/portal\/agenda\/evento\/xxi-exposicion-fotografica-alumni-ull-la-universidad-de-la-laguna-1976-1980-s-xx\/#breadcrumb\",\"itemListElement\":[{\"@type\":\"ListItem\",\"position\":1,\"name\":\"Portada\",\"item\":\"https:\/\/www.ull.es\/portal\/agenda\/\"},{\"@type\":\"ListItem\",\"position\":2,\"name\":\"XXI Exposici\u00f3n Fotogr\u00e1fica Alumni ULL: \u00abLa Universidad de La Laguna 1976-1980, S. XX\u00bb\"}]},{\"@type\":\"WebSite\",\"@id\":\"https:\/\/www.ull.es\/portal\/agenda\/#website\",\"url\":\"https:\/\/www.ull.es\/portal\/agenda\/\",\"name\":\"ULL - Agenda\",\"description\":\"\",\"potentialAction\":[{\"@type\":\"SearchAction\",\"target\":{\"@type\":\"EntryPoint\",\"urlTemplate\":\"https:\/\/www.ull.es\/portal\/agenda\/?s={search_term_string}\"},\"query-input\":\"required name=search_term_string\"}],\"inLanguage\":\"es\"}]}<\/script>\n<!-- \/ Yoast SEO plugin. -->","yoast_head_json":{"title":"XXI Exposici\u00f3n Fotogr\u00e1fica Alumni ULL: \"La Universidad de La Laguna 1976-1980, S. XX\" - ULL - Agenda","robots":{"index":"index","follow":"follow","max-snippet":"max-snippet:-1","max-image-preview":"max-image-preview:large","max-video-preview":"max-video-preview:-1"},"canonical":"https:\/\/www.ull.es\/portal\/agenda\/evento\/xxi-exposicion-fotografica-alumni-ull-la-universidad-de-la-laguna-1976-1980-s-xx\/","og_locale":"es_ES","og_type":"article","og_title":"XXI Exposici\u00f3n Fotogr\u00e1fica Alumni ULL: \"La Universidad de La Laguna 1976-1980, S. XX\" - ULL - Agenda","og_description":"\u00bfC\u00f3mo era la Universidad de La Laguna a finales de los a\u00f1os setenta? La nueva exposici\u00f3n fotogr\u00e1fica de Alumni ULL propone volver a aquellos a\u00f1os a trav\u00e9s de im\u00e1genes de sus espacios, su vida acad\u00e9mica y las personas que formaban parte de la comunidad universitaria. La XXI Exposici\u00f3n Fotogr\u00e1fica Alumni ULL: \u201cLa Universidad de La...","og_url":"https:\/\/www.ull.es\/portal\/agenda\/evento\/xxi-exposicion-fotografica-alumni-ull-la-universidad-de-la-laguna-1976-1980-s-xx\/","og_site_name":"ULL - Agenda","og_image":[{"width":750,"height":370,"url":"https:\/\/www.ull.es\/portal\/agenda\/wp-content\/uploads\/sites\/12\/2026\/09\/XXI-Exposicion-Fotografica-750370-ULL-Alumni-ULL-Antiguos-Alumnos-y-Amigos-de-la-ULL.jpg","type":"image\/jpeg"}],"twitter_card":"summary_large_image","twitter_misc":{"Tiempo de lectura":"1 minuto"},"schema":{"@context":"https:\/\/schema.org","@graph":[{"@type":"WebPage","@id":"https:\/\/www.ull.es\/portal\/agenda\/evento\/xxi-exposicion-fotografica-alumni-ull-la-universidad-de-la-laguna-1976-1980-s-xx\/","url":"https:\/\/www.ull.es\/portal\/agenda\/evento\/xxi-exposicion-fotografica-alumni-ull-la-universidad-de-la-laguna-1976-1980-s-xx\/","name":"XXI Exposici\u00f3n Fotogr\u00e1fica Alumni ULL: \"La Universidad de La Laguna 1976-1980, S. XX\" - ULL - Agenda","isPartOf":{"@id":"https:\/\/www.ull.es\/portal\/agenda\/#website"},"datePublished":"2026-09-03T07:18:38+00:00","dateModified":"2026-09-03T07:18:38+00:00","breadcrumb":{"@id":"https:\/\/www.ull.es\/portal\/agenda\/evento\/xxi-exposicion-fotografica-alumni-ull-la-universidad-de-la-laguna-1976-1980-s-xx\/#breadcrumb"},"inLanguage":"es","potentialAction":[{"@type":"ReadAction","target":["https:\/\/www.ull.es\/portal\/agenda\/evento\/xxi-exposicion-fotografica-alumni-ull-la-universidad-de-la-laguna-1976-1980-s-xx\/"]}]},{"@type":"BreadcrumbList","@id":"https:\/\/www.ull.es\/portal\/agenda\/evento\/xxi-exposicion-fotografica-alumni-ull-la-universidad-de-la-laguna-1976-1980-s-xx\/#breadcrumb","itemListElement":[{"@type":"ListItem","position":1,"name":"Portada","item":"https:\/\/www.ull.es\/portal\/agenda\/"},{"@type":"ListItem","position":2,"name":"XXI Exposici\u00f3n Fotogr\u00e1fica Alumni ULL: \u00abLa Universidad de La Laguna 1976-1980, S. XX\u00bb"}]},{"@type":"WebSite","@id":"https:\/\/www.ull.es\/portal\/agenda\/#website","url":"https:\/\/www.ull.es\/portal\/agenda\/","name":"ULL - Agenda","description":"","potentialAction":[{"@type":"SearchAction","target":{"@type":"EntryPoint","urlTemplate":"https:\/\/www.ull.es\/portal\/agenda\/?s={search_term_string}"},"query-input":"required name=search_term_string"}],"inLanguage":"es"}]}},"_links":{"self":[{"href":"https:\/\/www.ull.es\/portal\/agenda\/wp-json\/wp\/v2\/tribe_events\/49595"}],"collection":[{"href":"https:\/\/www.ull.es\/portal\/agenda\/wp-json\/wp\/v2\/tribe_events"}],"about":[{"href":"https:\/\/www.ull.es\/portal\/agenda\/wp-json\/wp\/v2\/types\/tribe_events"}],"author":[{"embeddable":true,"href":"https:\/\/www.ull.es\/portal\/agenda\/wp-json\/wp\/v2\/users\/117"}],"replies":[{"embeddable":true,"href":"https:\/\/www.ull.es\/portal\/agenda\/wp-json\/wp\/v2\/comments?post=49595"}],"version-history":[{"count":1,"href":"https:\/\/www.ull.es\/portal\/agenda\/wp-json\/wp\/v2\/tribe_events\/49595\/revisions"}],"predecessor-version":[{"id":49597,"href":"https:\/\/www.ull.es\/portal\/agenda\/wp-json\/wp\/v2\/tribe_events\/49595\/revisions\/49597"}],"wp:featuredmedia":[{"embeddable":true,"href":"https:\/\/www.ull.es\/portal\/agenda\/wp-json\/wp\/v2\/media\/49596"}],"wp:attachment":[{"href":"https:\/\/www.ull.es\/portal\/agenda\/wp-json\/wp\/v2\/media?parent=49595"}],"wp:term":[{"taxonomy":"post_tag","embeddable":true,"href":"https:\/\/www.ull.es\/portal\/agenda\/wp-json\/wp\/v2\/tags?post=49595"},{"taxonomy":"tribe_events_cat","embeddable":true,"href":"https:\/\/www.ull.es\/portal\/agenda\/wp-json\/wp\/v2\/tribe_events_cat?post=49595"}],"curies":[{"name":"wp","href":"https:\/\/api.w.org\/{rel}","templated":true}]}}

XXI Exposición Fotográfica Alumni ULL: «La Universidad de La Laguna 1976-1980, S. XX»

<p>¿Cómo era la Universidad de La Laguna a finales de los años setenta? La nueva exposición fotográfica de Alumni ULL propone volver a aquellos años a través de imágenes de sus espacios, su vida académica y las personas que formaban parte de la comunidad universitaria.</p>
<p>La XXI Exposición Fotográfica Alumni ULL: “La Universidad de La Laguna 1976-1980, S. XX” podrá visitarse del 8 al 20 de septiembre de 2026, de 9:00 a 14:00 horas en el Patio de la Casa de los Capitanes. La muestra, que alcanza su vigésima primera edición, reúne cinco años de memoria universitaria a través de fotografías que hoy permiten mirar de cerca cómo era la institución y cómo se vivía en ella.</p>
<p>La exposición está organizada por Alumni ULL, con el patrocinio de la Concejalía de Cultura del Ayuntamiento de La Laguna y la colaboración del Gobierno de Canarias, el Cabildo de Tenerife, el Consejo Social de la Universidad de La Laguna y la Fundación CajaCanarias.</p>

<p>¿Cómo era la Universidad de La Laguna a finales de los años setenta? La nueva exposición fotográfica de Alumni ULL propone volver a aquellos años a través de imágenes de sus espacios, su vida académica y las personas que formaban parte de la comunidad universitaria. La XXI Exposición Fotográfica Alumni ULL: “La Universidad de La&#8230;</p>

<!-- This site is optimized with the Yoast SEO plugin v21.3 - https://yoast.com/wordpress/plugins/seo/ -->
<title>XXI Exposición Fotográfica Alumni ULL: &quot;La Universidad de La Laguna 1976-1980, S. XX&quot; - ULL - Agenda</title>
<meta name="robots" content="index, follow, max-snippet:-1, max-image-preview:large, max-video-preview:-1" />
<link rel="canonical" href="https://www.ull.es/portal/agenda/evento/xxi-exposicion-fotografica-alumni-ull-la-universidad-de-la-laguna-1976-1980-s-xx/" />
<meta property="og:locale" content="es_ES" />
<meta property="og:type" content="article" />
<meta property="og:title" content="XXI Exposición Fotográfica Alumni ULL: &quot;La Universidad de La Laguna 1976-1980, S. XX&quot; - ULL - Agenda" />
<meta property="og:description" content="¿Cómo era la Universidad de La Laguna a finales de los años setenta? La nueva exposición fotográfica de Alumni ULL propone volver a aquellos años a través de imágenes de sus espacios, su vida académica y las personas que formaban parte de la comunidad universitaria. La XXI Exposición Fotográfica Alumni ULL: “La Universidad de La..." />
<meta property="og:url" content="https://www.ull.es/portal/agenda/evento/xxi-exposicion-fotografica-alumni-ull-la-universidad-de-la-laguna-1976-1980-s-xx/" />
<meta property="og:site_name" content="ULL - Agenda" />
<meta property="og:image" content="https://www.ull.es/portal/agenda/wp-content/uploads/sites/12/2026/09/XXI-Exposicion-Fotografica-750370-ULL-Alumni-ULL-Antiguos-Alumnos-y-Amigos-de-la-ULL.jpg" />
	<meta property="og:image:width" content="750" />
	<meta property="og:image:height" content="370" />
	<meta property="og:image:type" content="image/jpeg" />
<meta name="twitter:card" content="summary_large_image" />
<meta name="twitter:label1" content="Tiempo de lectura" />
	<meta name="twitter:data1" content="1 minuto" />
<script type="application/ld+json" class="yoast-schema-graph">{"@context":"https://schema.org","@graph":[{"@type":"WebPage","@id":"https://www.ull.es/portal/agenda/evento/xxi-exposicion-fotografica-alumni-ull-la-universidad-de-la-laguna-1976-1980-s-xx/","url":"https://www.ull.es/portal/agenda/evento/xxi-exposicion-fotografica-alumni-ull-la-universidad-de-la-laguna-1976-1980-s-xx/","name":"XXI Exposición Fotográfica Alumni ULL: \"La Universidad de La Laguna 1976-1980, S. XX\" - ULL - Agenda","isPartOf":{"@id":"https://www.ull.es/portal/agenda/#website"},"datePublished":"2026-09-03T07:18:38+00:00","dateModified":"2026-09-03T07:18:38+00:00","breadcrumb":{"@id":"https://www.ull.es/portal/agenda/evento/xxi-exposicion-fotografica-alumni-ull-la-universidad-de-la-laguna-1976-1980-s-xx/#breadcrumb"},"inLanguage":"es","potentialAction":[{"@type":"ReadAction","target":["https://www.ull.es/portal/agenda/evento/xxi-exposicion-fotografica-alumni-ull-la-universidad-de-la-laguna-1976-1980-s-xx/"]}]},{"@type":"BreadcrumbList","@id":"https://www.ull.es/portal/agenda/evento/xxi-exposicion-fotografica-alumni-ull-la-universidad-de-la-laguna-1976-1980-s-xx/#breadcrumb","itemListElement":[{"@type":"ListItem","position":1,"name":"Portada","item":"https://www.ull.es/portal/agenda/"},{"@type":"ListItem","position":2,"name":"XXI Exposición Fotográfica Alumni ULL: «La Universidad de La Laguna 1976-1980, S. XX»"}]},{"@type":"WebSite","@id":"https://www.ull.es/portal/agenda/#website","url":"https://www.ull.es/portal/agenda/","name":"ULL - Agenda","description":"","potentialAction":[{"@type":"SearchAction","target":{"@type":"EntryPoint","urlTemplate":"https://www.ull.es/portal/agenda/?s={search_term_string}"},"query-input":"required name=search_term_string"}],"inLanguage":"es"}]}</script>
<!-- / Yoast SEO plugin. -->

XXI Exposición Fotográfica Alumni ULL: "La Universidad de La Laguna 1976-1980, S. XX" - ULL - Agenda

¿Cómo era la Universidad de La Laguna a finales de los años setenta? La nueva exposición fotográfica de Alumni ULL propone volver a aquellos años a través de imágenes de sus espacios, su vida académica y las personas que formaban parte de la comunidad universitaria. La XXI Exposición Fotográfica Alumni ULL: “La Universidad de La...
