{"id":49598,"date":"2026-09-03T08:42:13","date_gmt":"2026-09-03T08:42:13","guid":{"rendered":"https:\/\/www.ull.es\/portal\/agenda\/?post_type=tribe_events&#038;p=49598"},"modified":"2026-09-03T08:42:13","modified_gmt":"2026-09-03T08:42:13","slug":"vii-edicion-concurso-escolar-maletas-cientificas-de-canarias","status":"publish","type":"tribe_events","link":"https:\/\/www.ull.es\/portal\/agenda\/evento\/vii-edicion-concurso-escolar-maletas-cientificas-de-canarias\/","title":{"rendered":"VII Edici\u00f3n Concurso Escolar Maletas Cient\u00edficas de Canarias"},"content":{"rendered":"<p><span style=\"font-weight: 400;\">La Universidad de La Laguna, a trav\u00e9s de su Unidad de Cultura Cient\u00edfica y de la Innovaci\u00f3n (Cienci@ULL), y Cajasiete presentan la s\u00e9ptima edici\u00f3n del C<\/span><b>oncurso Escolar Maletas Cient\u00edficas de Canarias<\/b><span style=\"font-weight: 400;\">, que est\u00e1 dirigido al alumnado de 4\u00ba, 5\u00ba y 6\u00ba de primaria de los centros educativos de educaci\u00f3n primaria de la Comunidad Aut\u00f3noma de Canarias.\u00a0<\/span><\/p>\n<p><span style=\"font-weight: 400;\">Para participar, cada grupo, formado por un m\u00e1ximo de diez alumnos y alumnas, deber\u00e1 elaborar una maqueta o un prototipo relacionado con un hecho o descubrimiento cient\u00edfico realizado por un investigador o investigadora de Canarias. El trabajo deber\u00e1 presentarse en el interior de una maleta dise\u00f1ada y creada por el propio alumnado.<\/span><\/p>\n<p><span style=\"font-weight: 400;\">Asimismo, el grupo deber\u00e1 grabar un v\u00eddeo de una duraci\u00f3n m\u00e1xima de cinco minutos en el que presente la maleta y explique claramente el hecho o descubrimiento seleccionado, los motivos de su elecci\u00f3n, los materiales empleados, la planificaci\u00f3n seguida y la distribuci\u00f3n de las tareas entre sus integrantes.<\/span><\/p>\n<p><span style=\"font-weight: 400;\">Se conceder\u00e1n tres premios (primero, segundo y tercero), cuyas dotaciones econ\u00f3micas se destinar\u00e1n a la adquisici\u00f3n de material escolar para los centros educativos ganadores.<\/span><\/p>\n<p><span style=\"font-weight: 400;\">El plazo de inscripci\u00f3n permanecer\u00e1 abierto desde el <\/span><b>1 de diciembre de 2026 hasta el 31 de mayo de 2027<\/b><span style=\"font-weight: 400;\">. Las inscripciones podr\u00e1n formalizarse a trav\u00e9s del siguiente<\/span><a href=\"https:\/\/forms.gle\/Xm8YJdcZ9JFCLEZG8\" target=\"_blank\" rel=\"noopener\"> <span style=\"font-weight: 400;\">formulario en l\u00ednea<\/span><\/a><span style=\"font-weight: 400;\">.<\/span><\/p>\n<p><span style=\"font-weight: 400;\">La entrega de premios tendr\u00e1 lugar el 8 de junio de 2027 mediante un acto virtual.<\/span><\/p>\n<p><span style=\"font-weight: 400;\">Para m\u00e1s informaci\u00f3n:\u00a0<\/span><\/p>\n<p><a href=\"https:\/\/drive.google.com\/file\/d\/1U7GReGyCz5sW2Ex7T_F4U5PxczaIxXN9\/view?usp=drive_link\" target=\"_blank\" rel=\"noopener\"><span style=\"font-weight: 400;\">Bases de participaci\u00f3n\u00a0<\/span><\/a><\/p>\n<p><a href=\"https:\/\/www.ull.es\/portal\/cienciaull\/vii-edicion-del-concurso-de-maletas-cientificas\/\" target=\"_blank\" rel=\"noopener\"><span style=\"font-weight: 400;\">Web <\/span><\/a><span style=\"font-weight: 400;\">\u00a0<\/span><\/p>\n<p>&nbsp;<\/p>\n","protected":false},"excerpt":{"rendered":"<p>La Universidad de La Laguna, a trav\u00e9s de su Unidad de Cultura Cient\u00edfica y de la Innovaci\u00f3n (Cienci@ULL), y Cajasiete presentan la s\u00e9ptima edici\u00f3n del Concurso Escolar Maletas Cient\u00edficas de Canarias, que est\u00e1 dirigido al alumnado de 4\u00ba, 5\u00ba y 6\u00ba de primaria de los centros educativos de educaci\u00f3n primaria de la Comunidad Aut\u00f3noma de&#8230;<\/p>\n","protected":false},"author":117,"featured_media":49599,"comment_status":"closed","ping_status":"closed","template":"","tags":[],"tribe_events_cat":[856],"acf":[],"yoast_head":"<!-- This site is optimized with the Yoast SEO plugin v21.3 - https:\/\/yoast.com\/wordpress\/plugins\/seo\/ -->\n<title>VII Edici\u00f3n Concurso Escolar Maletas Cient\u00edficas de Canarias - ULL - Agenda<\/title>\n<meta name=\"robots\" content=\"index, follow, max-snippet:-1, max-image-preview:large, max-video-preview:-1\" \/>\n<link rel=\"canonical\" href=\"https:\/\/www.ull.es\/portal\/agenda\/evento\/vii-edicion-concurso-escolar-maletas-cientificas-de-canarias\/\" \/>\n<meta property=\"og:locale\" content=\"es_ES\" \/>\n<meta property=\"og:type\" content=\"article\" \/>\n<meta property=\"og:title\" content=\"VII Edici\u00f3n Concurso Escolar Maletas Cient\u00edficas de Canarias - ULL - Agenda\" \/>\n<meta property=\"og:description\" content=\"La Universidad de La Laguna, a trav\u00e9s de su Unidad de Cultura Cient\u00edfica y de la Innovaci\u00f3n (Cienci@ULL), y Cajasiete presentan la s\u00e9ptima edici\u00f3n del Concurso Escolar Maletas Cient\u00edficas de Canarias, que est\u00e1 dirigido al alumnado de 4\u00ba, 5\u00ba y 6\u00ba de primaria de los centros educativos de educaci\u00f3n primaria de la Comunidad Aut\u00f3noma de...\" \/>\n<meta property=\"og:url\" content=\"https:\/\/www.ull.es\/portal\/agenda\/evento\/vii-edicion-concurso-escolar-maletas-cientificas-de-canarias\/\" \/>\n<meta property=\"og:site_name\" content=\"ULL - Agenda\" \/>\n<meta property=\"og:image\" content=\"https:\/\/www.ull.es\/portal\/agenda\/wp-content\/uploads\/sites\/12\/2026\/09\/Agenda-ULL.jpg\" \/>\n\t<meta property=\"og:image:width\" content=\"1600\" \/>\n\t<meta property=\"og:image:height\" content=\"789\" \/>\n\t<meta property=\"og:image:type\" content=\"image\/jpeg\" \/>\n<meta name=\"twitter:card\" content=\"summary_large_image\" \/>\n<meta name=\"twitter:label1\" content=\"Tiempo de lectura\" \/>\n\t<meta name=\"twitter:data1\" content=\"2 minutos\" \/>\n<script type=\"application\/ld+json\" class=\"yoast-schema-graph\">{\"@context\":\"https:\/\/schema.org\",\"@graph\":[{\"@type\":\"WebPage\",\"@id\":\"https:\/\/www.ull.es\/portal\/agenda\/evento\/vii-edicion-concurso-escolar-maletas-cientificas-de-canarias\/\",\"url\":\"https:\/\/www.ull.es\/portal\/agenda\/evento\/vii-edicion-concurso-escolar-maletas-cientificas-de-canarias\/\",\"name\":\"VII Edici\u00f3n Concurso Escolar Maletas Cient\u00edficas de Canarias - ULL - Agenda\",\"isPartOf\":{\"@id\":\"https:\/\/www.ull.es\/portal\/agenda\/#website\"},\"datePublished\":\"2026-09-03T08:42:13+00:00\",\"dateModified\":\"2026-09-03T08:42:13+00:00\",\"breadcrumb\":{\"@id\":\"https:\/\/www.ull.es\/portal\/agenda\/evento\/vii-edicion-concurso-escolar-maletas-cientificas-de-canarias\/#breadcrumb\"},\"inLanguage\":\"es\",\"potentialAction\":[{\"@type\":\"ReadAction\",\"target\":[\"https:\/\/www.ull.es\/portal\/agenda\/evento\/vii-edicion-concurso-escolar-maletas-cientificas-de-canarias\/\"]}]},{\"@type\":\"BreadcrumbList\",\"@id\":\"https:\/\/www.ull.es\/portal\/agenda\/evento\/vii-edicion-concurso-escolar-maletas-cientificas-de-canarias\/#breadcrumb\",\"itemListElement\":[{\"@type\":\"ListItem\",\"position\":1,\"name\":\"Portada\",\"item\":\"https:\/\/www.ull.es\/portal\/agenda\/\"},{\"@type\":\"ListItem\",\"position\":2,\"name\":\"VII Edici\u00f3n Concurso Escolar Maletas Cient\u00edficas de Canarias\"}]},{\"@type\":\"WebSite\",\"@id\":\"https:\/\/www.ull.es\/portal\/agenda\/#website\",\"url\":\"https:\/\/www.ull.es\/portal\/agenda\/\",\"name\":\"ULL - Agenda\",\"description\":\"\",\"potentialAction\":[{\"@type\":\"SearchAction\",\"target\":{\"@type\":\"EntryPoint\",\"urlTemplate\":\"https:\/\/www.ull.es\/portal\/agenda\/?s={search_term_string}\"},\"query-input\":\"required name=search_term_string\"}],\"inLanguage\":\"es\"}]}<\/script>\n<!-- \/ Yoast SEO plugin. -->","yoast_head_json":{"title":"VII Edici\u00f3n Concurso Escolar Maletas Cient\u00edficas de Canarias - ULL - Agenda","robots":{"index":"index","follow":"follow","max-snippet":"max-snippet:-1","max-image-preview":"max-image-preview:large","max-video-preview":"max-video-preview:-1"},"canonical":"https:\/\/www.ull.es\/portal\/agenda\/evento\/vii-edicion-concurso-escolar-maletas-cientificas-de-canarias\/","og_locale":"es_ES","og_type":"article","og_title":"VII Edici\u00f3n Concurso Escolar Maletas Cient\u00edficas de Canarias - ULL - Agenda","og_description":"La Universidad de La Laguna, a trav\u00e9s de su Unidad de Cultura Cient\u00edfica y de la Innovaci\u00f3n (Cienci@ULL), y Cajasiete presentan la s\u00e9ptima edici\u00f3n del Concurso Escolar Maletas Cient\u00edficas de Canarias, que est\u00e1 dirigido al alumnado de 4\u00ba, 5\u00ba y 6\u00ba de primaria de los centros educativos de educaci\u00f3n primaria de la Comunidad Aut\u00f3noma de...","og_url":"https:\/\/www.ull.es\/portal\/agenda\/evento\/vii-edicion-concurso-escolar-maletas-cientificas-de-canarias\/","og_site_name":"ULL - Agenda","og_image":[{"width":1600,"height":789,"url":"https:\/\/www.ull.es\/portal\/agenda\/wp-content\/uploads\/sites\/12\/2026\/09\/Agenda-ULL.jpg","type":"image\/jpeg"}],"twitter_card":"summary_large_image","twitter_misc":{"Tiempo de lectura":"2 minutos"},"schema":{"@context":"https:\/\/schema.org","@graph":[{"@type":"WebPage","@id":"https:\/\/www.ull.es\/portal\/agenda\/evento\/vii-edicion-concurso-escolar-maletas-cientificas-de-canarias\/","url":"https:\/\/www.ull.es\/portal\/agenda\/evento\/vii-edicion-concurso-escolar-maletas-cientificas-de-canarias\/","name":"VII Edici\u00f3n Concurso Escolar Maletas Cient\u00edficas de Canarias - ULL - Agenda","isPartOf":{"@id":"https:\/\/www.ull.es\/portal\/agenda\/#website"},"datePublished":"2026-09-03T08:42:13+00:00","dateModified":"2026-09-03T08:42:13+00:00","breadcrumb":{"@id":"https:\/\/www.ull.es\/portal\/agenda\/evento\/vii-edicion-concurso-escolar-maletas-cientificas-de-canarias\/#breadcrumb"},"inLanguage":"es","potentialAction":[{"@type":"ReadAction","target":["https:\/\/www.ull.es\/portal\/agenda\/evento\/vii-edicion-concurso-escolar-maletas-cientificas-de-canarias\/"]}]},{"@type":"BreadcrumbList","@id":"https:\/\/www.ull.es\/portal\/agenda\/evento\/vii-edicion-concurso-escolar-maletas-cientificas-de-canarias\/#breadcrumb","itemListElement":[{"@type":"ListItem","position":1,"name":"Portada","item":"https:\/\/www.ull.es\/portal\/agenda\/"},{"@type":"ListItem","position":2,"name":"VII Edici\u00f3n Concurso Escolar Maletas Cient\u00edficas de Canarias"}]},{"@type":"WebSite","@id":"https:\/\/www.ull.es\/portal\/agenda\/#website","url":"https:\/\/www.ull.es\/portal\/agenda\/","name":"ULL - Agenda","description":"","potentialAction":[{"@type":"SearchAction","target":{"@type":"EntryPoint","urlTemplate":"https:\/\/www.ull.es\/portal\/agenda\/?s={search_term_string}"},"query-input":"required name=search_term_string"}],"inLanguage":"es"}]}},"_links":{"self":[{"href":"https:\/\/www.ull.es\/portal\/agenda\/wp-json\/wp\/v2\/tribe_events\/49598"}],"collection":[{"href":"https:\/\/www.ull.es\/portal\/agenda\/wp-json\/wp\/v2\/tribe_events"}],"about":[{"href":"https:\/\/www.ull.es\/portal\/agenda\/wp-json\/wp\/v2\/types\/tribe_events"}],"author":[{"embeddable":true,"href":"https:\/\/www.ull.es\/portal\/agenda\/wp-json\/wp\/v2\/users\/117"}],"replies":[{"embeddable":true,"href":"https:\/\/www.ull.es\/portal\/agenda\/wp-json\/wp\/v2\/comments?post=49598"}],"version-history":[{"count":1,"href":"https:\/\/www.ull.es\/portal\/agenda\/wp-json\/wp\/v2\/tribe_events\/49598\/revisions"}],"predecessor-version":[{"id":49600,"href":"https:\/\/www.ull.es\/portal\/agenda\/wp-json\/wp\/v2\/tribe_events\/49598\/revisions\/49600"}],"wp:featuredmedia":[{"embeddable":true,"href":"https:\/\/www.ull.es\/portal\/agenda\/wp-json\/wp\/v2\/media\/49599"}],"wp:attachment":[{"href":"https:\/\/www.ull.es\/portal\/agenda\/wp-json\/wp\/v2\/media?parent=49598"}],"wp:term":[{"taxonomy":"post_tag","embeddable":true,"href":"https:\/\/www.ull.es\/portal\/agenda\/wp-json\/wp\/v2\/tags?post=49598"},{"taxonomy":"tribe_events_cat","embeddable":true,"href":"https:\/\/www.ull.es\/portal\/agenda\/wp-json\/wp\/v2\/tribe_events_cat?post=49598"}],"curies":[{"name":"wp","href":"https:\/\/api.w.org\/{rel}","templated":true}]}}

VII Edición Concurso Escolar Maletas Científicas de Canarias

<p><span style="font-weight: 400;">La Universidad de La Laguna, a través de su Unidad de Cultura Científica y de la Innovación (Cienci@ULL), y Cajasiete presentan la séptima edición del C</span><b>oncurso Escolar Maletas Científicas de Canarias</b><span style="font-weight: 400;">, que está dirigido al alumnado de 4º, 5º y 6º de primaria de los centros educativos de educación primaria de la Comunidad Autónoma de Canarias. </span></p>
<p><span style="font-weight: 400;">Para participar, cada grupo, formado por un máximo de diez alumnos y alumnas, deberá elaborar una maqueta o un prototipo relacionado con un hecho o descubrimiento científico realizado por un investigador o investigadora de Canarias. El trabajo deberá presentarse en el interior de una maleta diseñada y creada por el propio alumnado.</span></p>
<p><span style="font-weight: 400;">Asimismo, el grupo deberá grabar un vídeo de una duración máxima de cinco minutos en el que presente la maleta y explique claramente el hecho o descubrimiento seleccionado, los motivos de su elección, los materiales empleados, la planificación seguida y la distribución de las tareas entre sus integrantes.</span></p>
<p><span style="font-weight: 400;">Se concederán tres premios (primero, segundo y tercero), cuyas dotaciones económicas se destinarán a la adquisición de material escolar para los centros educativos ganadores.</span></p>
<p><span style="font-weight: 400;">El plazo de inscripción permanecerá abierto desde el </span><b>1 de diciembre de 2026 hasta el 31 de mayo de 2027</b><span style="font-weight: 400;">. Las inscripciones podrán formalizarse a través del siguiente</span><a href="https://forms.gle/Xm8YJdcZ9JFCLEZG8" target="_blank" rel="noopener"> <span style="font-weight: 400;">formulario en línea</span></a><span style="font-weight: 400;">.</span></p>
<p><span style="font-weight: 400;">La entrega de premios tendrá lugar el 8 de junio de 2027 mediante un acto virtual.</span></p>
<p><span style="font-weight: 400;">Para más información: </span></p>
<p><a href="https://drive.google.com/file/d/1U7GReGyCz5sW2Ex7T_F4U5PxczaIxXN9/view?usp=drive_link" target="_blank" rel="noopener"><span style="font-weight: 400;">Bases de participación </span></a></p>
<p><a href="https://www.ull.es/portal/cienciaull/vii-edicion-del-concurso-de-maletas-cientificas/" target="_blank" rel="noopener"><span style="font-weight: 400;">Web </span></a><span style="font-weight: 400;"> </span></p>
<p>&nbsp;</p>

<p>La Universidad de La Laguna, a través de su Unidad de Cultura Científica y de la Innovación (Cienci@ULL), y Cajasiete presentan la séptima edición del Concurso Escolar Maletas Científicas de Canarias, que está dirigido al alumnado de 4º, 5º y 6º de primaria de los centros educativos de educación primaria de la Comunidad Autónoma de&#8230;</p>

<!-- This site is optimized with the Yoast SEO plugin v21.3 - https://yoast.com/wordpress/plugins/seo/ -->
<title>VII Edición Concurso Escolar Maletas Científicas de Canarias - ULL - Agenda</title>
<meta name="robots" content="index, follow, max-snippet:-1, max-image-preview:large, max-video-preview:-1" />
<link rel="canonical" href="https://www.ull.es/portal/agenda/evento/vii-edicion-concurso-escolar-maletas-cientificas-de-canarias/" />
<meta property="og:locale" content="es_ES" />
<meta property="og:type" content="article" />
<meta property="og:title" content="VII Edición Concurso Escolar Maletas Científicas de Canarias - ULL - Agenda" />
<meta property="og:description" content="La Universidad de La Laguna, a través de su Unidad de Cultura Científica y de la Innovación (Cienci@ULL), y Cajasiete presentan la séptima edición del Concurso Escolar Maletas Científicas de Canarias, que está dirigido al alumnado de 4º, 5º y 6º de primaria de los centros educativos de educación primaria de la Comunidad Autónoma de..." />
<meta property="og:url" content="https://www.ull.es/portal/agenda/evento/vii-edicion-concurso-escolar-maletas-cientificas-de-canarias/" />
<meta property="og:site_name" content="ULL - Agenda" />
<meta property="og:image" content="https://www.ull.es/portal/agenda/wp-content/uploads/sites/12/2026/09/Agenda-ULL.jpg" />
	<meta property="og:image:width" content="1600" />
	<meta property="og:image:height" content="789" />
	<meta property="og:image:type" content="image/jpeg" />
<meta name="twitter:card" content="summary_large_image" />
<meta name="twitter:label1" content="Tiempo de lectura" />
	<meta name="twitter:data1" content="2 minutos" />
<script type="application/ld+json" class="yoast-schema-graph">{"@context":"https://schema.org","@graph":[{"@type":"WebPage","@id":"https://www.ull.es/portal/agenda/evento/vii-edicion-concurso-escolar-maletas-cientificas-de-canarias/","url":"https://www.ull.es/portal/agenda/evento/vii-edicion-concurso-escolar-maletas-cientificas-de-canarias/","name":"VII Edición Concurso Escolar Maletas Científicas de Canarias - ULL - Agenda","isPartOf":{"@id":"https://www.ull.es/portal/agenda/#website"},"datePublished":"2026-09-03T08:42:13+00:00","dateModified":"2026-09-03T08:42:13+00:00","breadcrumb":{"@id":"https://www.ull.es/portal/agenda/evento/vii-edicion-concurso-escolar-maletas-cientificas-de-canarias/#breadcrumb"},"inLanguage":"es","potentialAction":[{"@type":"ReadAction","target":["https://www.ull.es/portal/agenda/evento/vii-edicion-concurso-escolar-maletas-cientificas-de-canarias/"]}]},{"@type":"BreadcrumbList","@id":"https://www.ull.es/portal/agenda/evento/vii-edicion-concurso-escolar-maletas-cientificas-de-canarias/#breadcrumb","itemListElement":[{"@type":"ListItem","position":1,"name":"Portada","item":"https://www.ull.es/portal/agenda/"},{"@type":"ListItem","position":2,"name":"VII Edición Concurso Escolar Maletas Científicas de Canarias"}]},{"@type":"WebSite","@id":"https://www.ull.es/portal/agenda/#website","url":"https://www.ull.es/portal/agenda/","name":"ULL - Agenda","description":"","potentialAction":[{"@type":"SearchAction","target":{"@type":"EntryPoint","urlTemplate":"https://www.ull.es/portal/agenda/?s={search_term_string}"},"query-input":"required name=search_term_string"}],"inLanguage":"es"}]}</script>
<!-- / Yoast SEO plugin. -->

VII Edición Concurso Escolar Maletas Científicas de Canarias - ULL - Agenda

La Universidad de La Laguna, a través de su Unidad de Cultura Científica y de la Innovación (Cienci@ULL), y Cajasiete presentan la séptima edición del Concurso Escolar Maletas Científicas de Canarias, que está dirigido al alumnado de 4º, 5º y 6º de primaria de los centros educativos de educación primaria de la Comunidad Autónoma de...
