{"id":49606,"date":"2026-09-03T12:59:05","date_gmt":"2026-09-03T12:59:05","guid":{"rendered":"https:\/\/www.ull.es\/portal\/agenda\/?post_type=tribe_events&#038;p=49606"},"modified":"2026-09-03T13:00:58","modified_gmt":"2026-09-03T13:00:58","slug":"iii-jornadas-tecnicas-internacionales-de-vitivinicultura-sostenible","status":"publish","type":"tribe_events","link":"https:\/\/www.ull.es\/portal\/agenda\/evento\/iii-jornadas-tecnicas-internacionales-de-vitivinicultura-sostenible\/","title":{"rendered":"III Jornadas t\u00e9cnicas internacionales de vitivinicultura sostenible"},"content":{"rendered":"<p>Las III Jornadas T\u00e9cnicas Internacionales de Vitivinicultura Sostenible se llevar\u00e1n a cabo en la isla de La Gomera los d\u00edas 12, 13 y 14 de noviembre de 2026. Este evento, consolidado tras dos ediciones exitosas, tiene como objetivo principal analizar los desaf\u00edos cr\u00edticos del sector, como el cambio clim\u00e1tico y la escasez h\u00eddrica, bajo un enfoque de sostenibilidad integral que abarca los pilares medioambiental, social, cultural y econ\u00f3mico. Se posiciona como un foro de referencia global para el intercambio de soluciones innovadoras, la cooperaci\u00f3n territorial y la valorizaci\u00f3n de la viticultura heroica.<\/p>\n<p>El Encuentro se estructura en conferencias, di\u00e1logos compartidos, mesas de debates, comunicaciones de investigaciones, networkings, m\u00e1ster class de vinos, e intercambio de experiencias en contacto activo con los ponentes.<\/p>\n<p>Para m\u00e1s informaci\u00f3n, pulse este <a href=\"https:\/\/wp.ull.es\/aenogas\/jornadas-vitivinicultura-sostenible-2026\/\" target=\"_blank\" rel=\"noopener\">enlace<\/a>.<\/p>\n<p><a href=\"https:\/\/sede.fg.ull.es\/es\/curso\/detalle?code=a26030443&amp;name=iii-jornadas-tecnicas-internacionales-de-vitivinicultura-sostenible&amp;query=%3Fcode%3DA26030443\" target=\"_blank\" rel=\"noopener\">Inscripci\u00f3n<\/a><\/p>\n<p>&nbsp;<\/p>\n<p>&nbsp;<\/p>\n","protected":false},"excerpt":{"rendered":"<p>Las III Jornadas T\u00e9cnicas Internacionales de Vitivinicultura Sostenible se llevar\u00e1n a cabo en la isla de La Gomera los d\u00edas 12, 13 y 14 de noviembre de 2026. Este evento, consolidado tras dos ediciones exitosas, tiene como objetivo principal analizar los desaf\u00edos cr\u00edticos del sector, como el cambio clim\u00e1tico y la escasez h\u00eddrica, bajo un&#8230;<\/p>\n","protected":false},"author":117,"featured_media":49607,"comment_status":"closed","ping_status":"closed","template":"","tags":[],"tribe_events_cat":[2118,4,915],"acf":[],"yoast_head":"<!-- This site is optimized with the Yoast SEO plugin v21.3 - https:\/\/yoast.com\/wordpress\/plugins\/seo\/ -->\n<title>III Jornadas t\u00e9cnicas internacionales de vitivinicultura sostenible - ULL - Agenda<\/title>\n<meta name=\"robots\" content=\"index, follow, max-snippet:-1, max-image-preview:large, max-video-preview:-1\" \/>\n<link rel=\"canonical\" href=\"https:\/\/www.ull.es\/portal\/agenda\/evento\/iii-jornadas-tecnicas-internacionales-de-vitivinicultura-sostenible\/\" \/>\n<meta property=\"og:locale\" content=\"es_ES\" \/>\n<meta property=\"og:type\" content=\"article\" \/>\n<meta property=\"og:title\" content=\"III Jornadas t\u00e9cnicas internacionales de vitivinicultura sostenible - ULL - Agenda\" \/>\n<meta property=\"og:description\" content=\"Las III Jornadas T\u00e9cnicas Internacionales de Vitivinicultura Sostenible se llevar\u00e1n a cabo en la isla de La Gomera los d\u00edas 12, 13 y 14 de noviembre de 2026. Este evento, consolidado tras dos ediciones exitosas, tiene como objetivo principal analizar los desaf\u00edos cr\u00edticos del sector, como el cambio clim\u00e1tico y la escasez h\u00eddrica, bajo un...\" \/>\n<meta property=\"og:url\" content=\"https:\/\/www.ull.es\/portal\/agenda\/evento\/iii-jornadas-tecnicas-internacionales-de-vitivinicultura-sostenible\/\" \/>\n<meta property=\"og:site_name\" content=\"ULL - Agenda\" \/>\n<meta property=\"article:modified_time\" content=\"2026-09-03T13:00:58+00:00\" \/>\n<meta property=\"og:image\" content=\"https:\/\/www.ull.es\/portal\/agenda\/wp-content\/uploads\/sites\/12\/2026\/09\/Cartel-III-Jornadas-RRSS_Banner-eventos-1.jpg\" \/>\n\t<meta property=\"og:image:width\" content=\"1600\" \/>\n\t<meta property=\"og:image:height\" content=\"790\" \/>\n\t<meta property=\"og:image:type\" content=\"image\/jpeg\" \/>\n<meta name=\"twitter:card\" content=\"summary_large_image\" \/>\n<meta name=\"twitter:label1\" content=\"Tiempo de lectura\" \/>\n\t<meta name=\"twitter:data1\" content=\"1 minuto\" \/>\n<script type=\"application\/ld+json\" class=\"yoast-schema-graph\">{\"@context\":\"https:\/\/schema.org\",\"@graph\":[{\"@type\":\"WebPage\",\"@id\":\"https:\/\/www.ull.es\/portal\/agenda\/evento\/iii-jornadas-tecnicas-internacionales-de-vitivinicultura-sostenible\/\",\"url\":\"https:\/\/www.ull.es\/portal\/agenda\/evento\/iii-jornadas-tecnicas-internacionales-de-vitivinicultura-sostenible\/\",\"name\":\"III Jornadas t\u00e9cnicas internacionales de vitivinicultura sostenible - ULL - Agenda\",\"isPartOf\":{\"@id\":\"https:\/\/www.ull.es\/portal\/agenda\/#website\"},\"datePublished\":\"2026-09-03T12:59:05+00:00\",\"dateModified\":\"2026-09-03T13:00:58+00:00\",\"breadcrumb\":{\"@id\":\"https:\/\/www.ull.es\/portal\/agenda\/evento\/iii-jornadas-tecnicas-internacionales-de-vitivinicultura-sostenible\/#breadcrumb\"},\"inLanguage\":\"es\",\"potentialAction\":[{\"@type\":\"ReadAction\",\"target\":[\"https:\/\/www.ull.es\/portal\/agenda\/evento\/iii-jornadas-tecnicas-internacionales-de-vitivinicultura-sostenible\/\"]}]},{\"@type\":\"BreadcrumbList\",\"@id\":\"https:\/\/www.ull.es\/portal\/agenda\/evento\/iii-jornadas-tecnicas-internacionales-de-vitivinicultura-sostenible\/#breadcrumb\",\"itemListElement\":[{\"@type\":\"ListItem\",\"position\":1,\"name\":\"Portada\",\"item\":\"https:\/\/www.ull.es\/portal\/agenda\/\"},{\"@type\":\"ListItem\",\"position\":2,\"name\":\"III Jornadas t\u00e9cnicas internacionales de vitivinicultura sostenible\"}]},{\"@type\":\"WebSite\",\"@id\":\"https:\/\/www.ull.es\/portal\/agenda\/#website\",\"url\":\"https:\/\/www.ull.es\/portal\/agenda\/\",\"name\":\"ULL - Agenda\",\"description\":\"\",\"potentialAction\":[{\"@type\":\"SearchAction\",\"target\":{\"@type\":\"EntryPoint\",\"urlTemplate\":\"https:\/\/www.ull.es\/portal\/agenda\/?s={search_term_string}\"},\"query-input\":\"required name=search_term_string\"}],\"inLanguage\":\"es\"}]}<\/script>\n<!-- \/ Yoast SEO plugin. -->","yoast_head_json":{"title":"III Jornadas t\u00e9cnicas internacionales de vitivinicultura sostenible - ULL - Agenda","robots":{"index":"index","follow":"follow","max-snippet":"max-snippet:-1","max-image-preview":"max-image-preview:large","max-video-preview":"max-video-preview:-1"},"canonical":"https:\/\/www.ull.es\/portal\/agenda\/evento\/iii-jornadas-tecnicas-internacionales-de-vitivinicultura-sostenible\/","og_locale":"es_ES","og_type":"article","og_title":"III Jornadas t\u00e9cnicas internacionales de vitivinicultura sostenible - ULL - Agenda","og_description":"Las III Jornadas T\u00e9cnicas Internacionales de Vitivinicultura Sostenible se llevar\u00e1n a cabo en la isla de La Gomera los d\u00edas 12, 13 y 14 de noviembre de 2026. Este evento, consolidado tras dos ediciones exitosas, tiene como objetivo principal analizar los desaf\u00edos cr\u00edticos del sector, como el cambio clim\u00e1tico y la escasez h\u00eddrica, bajo un...","og_url":"https:\/\/www.ull.es\/portal\/agenda\/evento\/iii-jornadas-tecnicas-internacionales-de-vitivinicultura-sostenible\/","og_site_name":"ULL - Agenda","article_modified_time":"2026-09-03T13:00:58+00:00","og_image":[{"width":1600,"height":790,"url":"https:\/\/www.ull.es\/portal\/agenda\/wp-content\/uploads\/sites\/12\/2026\/09\/Cartel-III-Jornadas-RRSS_Banner-eventos-1.jpg","type":"image\/jpeg"}],"twitter_card":"summary_large_image","twitter_misc":{"Tiempo de lectura":"1 minuto"},"schema":{"@context":"https:\/\/schema.org","@graph":[{"@type":"WebPage","@id":"https:\/\/www.ull.es\/portal\/agenda\/evento\/iii-jornadas-tecnicas-internacionales-de-vitivinicultura-sostenible\/","url":"https:\/\/www.ull.es\/portal\/agenda\/evento\/iii-jornadas-tecnicas-internacionales-de-vitivinicultura-sostenible\/","name":"III Jornadas t\u00e9cnicas internacionales de vitivinicultura sostenible - ULL - Agenda","isPartOf":{"@id":"https:\/\/www.ull.es\/portal\/agenda\/#website"},"datePublished":"2026-09-03T12:59:05+00:00","dateModified":"2026-09-03T13:00:58+00:00","breadcrumb":{"@id":"https:\/\/www.ull.es\/portal\/agenda\/evento\/iii-jornadas-tecnicas-internacionales-de-vitivinicultura-sostenible\/#breadcrumb"},"inLanguage":"es","potentialAction":[{"@type":"ReadAction","target":["https:\/\/www.ull.es\/portal\/agenda\/evento\/iii-jornadas-tecnicas-internacionales-de-vitivinicultura-sostenible\/"]}]},{"@type":"BreadcrumbList","@id":"https:\/\/www.ull.es\/portal\/agenda\/evento\/iii-jornadas-tecnicas-internacionales-de-vitivinicultura-sostenible\/#breadcrumb","itemListElement":[{"@type":"ListItem","position":1,"name":"Portada","item":"https:\/\/www.ull.es\/portal\/agenda\/"},{"@type":"ListItem","position":2,"name":"III Jornadas t\u00e9cnicas internacionales de vitivinicultura sostenible"}]},{"@type":"WebSite","@id":"https:\/\/www.ull.es\/portal\/agenda\/#website","url":"https:\/\/www.ull.es\/portal\/agenda\/","name":"ULL - Agenda","description":"","potentialAction":[{"@type":"SearchAction","target":{"@type":"EntryPoint","urlTemplate":"https:\/\/www.ull.es\/portal\/agenda\/?s={search_term_string}"},"query-input":"required name=search_term_string"}],"inLanguage":"es"}]}},"_links":{"self":[{"href":"https:\/\/www.ull.es\/portal\/agenda\/wp-json\/wp\/v2\/tribe_events\/49606"}],"collection":[{"href":"https:\/\/www.ull.es\/portal\/agenda\/wp-json\/wp\/v2\/tribe_events"}],"about":[{"href":"https:\/\/www.ull.es\/portal\/agenda\/wp-json\/wp\/v2\/types\/tribe_events"}],"author":[{"embeddable":true,"href":"https:\/\/www.ull.es\/portal\/agenda\/wp-json\/wp\/v2\/users\/117"}],"replies":[{"embeddable":true,"href":"https:\/\/www.ull.es\/portal\/agenda\/wp-json\/wp\/v2\/comments?post=49606"}],"version-history":[{"count":1,"href":"https:\/\/www.ull.es\/portal\/agenda\/wp-json\/wp\/v2\/tribe_events\/49606\/revisions"}],"predecessor-version":[{"id":49608,"href":"https:\/\/www.ull.es\/portal\/agenda\/wp-json\/wp\/v2\/tribe_events\/49606\/revisions\/49608"}],"wp:featuredmedia":[{"embeddable":true,"href":"https:\/\/www.ull.es\/portal\/agenda\/wp-json\/wp\/v2\/media\/49607"}],"wp:attachment":[{"href":"https:\/\/www.ull.es\/portal\/agenda\/wp-json\/wp\/v2\/media?parent=49606"}],"wp:term":[{"taxonomy":"post_tag","embeddable":true,"href":"https:\/\/www.ull.es\/portal\/agenda\/wp-json\/wp\/v2\/tags?post=49606"},{"taxonomy":"tribe_events_cat","embeddable":true,"href":"https:\/\/www.ull.es\/portal\/agenda\/wp-json\/wp\/v2\/tribe_events_cat?post=49606"}],"curies":[{"name":"wp","href":"https:\/\/api.w.org\/{rel}","templated":true}]}}

III Jornadas técnicas internacionales de vitivinicultura sostenible

<p>Las III Jornadas Técnicas Internacionales de Vitivinicultura Sostenible se llevarán a cabo en la isla de La Gomera los días 12, 13 y 14 de noviembre de 2026. Este evento, consolidado tras dos ediciones exitosas, tiene como objetivo principal analizar los desafíos críticos del sector, como el cambio climático y la escasez hídrica, bajo un enfoque de sostenibilidad integral que abarca los pilares medioambiental, social, cultural y económico. Se posiciona como un foro de referencia global para el intercambio de soluciones innovadoras, la cooperación territorial y la valorización de la viticultura heroica.</p>
<p>El Encuentro se estructura en conferencias, diálogos compartidos, mesas de debates, comunicaciones de investigaciones, networkings, máster class de vinos, e intercambio de experiencias en contacto activo con los ponentes.</p>
<p>Para más información, pulse este <a href="https://wp.ull.es/aenogas/jornadas-vitivinicultura-sostenible-2026/" target="_blank" rel="noopener">enlace</a>.</p>
<p><a href="https://sede.fg.ull.es/es/curso/detalle?code=a26030443&amp;name=iii-jornadas-tecnicas-internacionales-de-vitivinicultura-sostenible&amp;query=%3Fcode%3DA26030443" target="_blank" rel="noopener">Inscripción</a></p>
<p>&nbsp;</p>
<p>&nbsp;</p>

<p>Las III Jornadas Técnicas Internacionales de Vitivinicultura Sostenible se llevarán a cabo en la isla de La Gomera los días 12, 13 y 14 de noviembre de 2026. Este evento, consolidado tras dos ediciones exitosas, tiene como objetivo principal analizar los desafíos críticos del sector, como el cambio climático y la escasez hídrica, bajo un&#8230;</p>

<!-- This site is optimized with the Yoast SEO plugin v21.3 - https://yoast.com/wordpress/plugins/seo/ -->
<title>III Jornadas técnicas internacionales de vitivinicultura sostenible - ULL - Agenda</title>
<meta name="robots" content="index, follow, max-snippet:-1, max-image-preview:large, max-video-preview:-1" />
<link rel="canonical" href="https://www.ull.es/portal/agenda/evento/iii-jornadas-tecnicas-internacionales-de-vitivinicultura-sostenible/" />
<meta property="og:locale" content="es_ES" />
<meta property="og:type" content="article" />
<meta property="og:title" content="III Jornadas técnicas internacionales de vitivinicultura sostenible - ULL - Agenda" />
<meta property="og:description" content="Las III Jornadas Técnicas Internacionales de Vitivinicultura Sostenible se llevarán a cabo en la isla de La Gomera los días 12, 13 y 14 de noviembre de 2026. Este evento, consolidado tras dos ediciones exitosas, tiene como objetivo principal analizar los desafíos críticos del sector, como el cambio climático y la escasez hídrica, bajo un..." />
<meta property="og:url" content="https://www.ull.es/portal/agenda/evento/iii-jornadas-tecnicas-internacionales-de-vitivinicultura-sostenible/" />
<meta property="og:site_name" content="ULL - Agenda" />
<meta property="article:modified_time" content="2026-09-03T13:00:58+00:00" />
<meta property="og:image" content="https://www.ull.es/portal/agenda/wp-content/uploads/sites/12/2026/09/Cartel-III-Jornadas-RRSS_Banner-eventos-1.jpg" />
	<meta property="og:image:width" content="1600" />
	<meta property="og:image:height" content="790" />
	<meta property="og:image:type" content="image/jpeg" />
<meta name="twitter:card" content="summary_large_image" />
<meta name="twitter:label1" content="Tiempo de lectura" />
	<meta name="twitter:data1" content="1 minuto" />
<script type="application/ld+json" class="yoast-schema-graph">{"@context":"https://schema.org","@graph":[{"@type":"WebPage","@id":"https://www.ull.es/portal/agenda/evento/iii-jornadas-tecnicas-internacionales-de-vitivinicultura-sostenible/","url":"https://www.ull.es/portal/agenda/evento/iii-jornadas-tecnicas-internacionales-de-vitivinicultura-sostenible/","name":"III Jornadas técnicas internacionales de vitivinicultura sostenible - ULL - Agenda","isPartOf":{"@id":"https://www.ull.es/portal/agenda/#website"},"datePublished":"2026-09-03T12:59:05+00:00","dateModified":"2026-09-03T13:00:58+00:00","breadcrumb":{"@id":"https://www.ull.es/portal/agenda/evento/iii-jornadas-tecnicas-internacionales-de-vitivinicultura-sostenible/#breadcrumb"},"inLanguage":"es","potentialAction":[{"@type":"ReadAction","target":["https://www.ull.es/portal/agenda/evento/iii-jornadas-tecnicas-internacionales-de-vitivinicultura-sostenible/"]}]},{"@type":"BreadcrumbList","@id":"https://www.ull.es/portal/agenda/evento/iii-jornadas-tecnicas-internacionales-de-vitivinicultura-sostenible/#breadcrumb","itemListElement":[{"@type":"ListItem","position":1,"name":"Portada","item":"https://www.ull.es/portal/agenda/"},{"@type":"ListItem","position":2,"name":"III Jornadas técnicas internacionales de vitivinicultura sostenible"}]},{"@type":"WebSite","@id":"https://www.ull.es/portal/agenda/#website","url":"https://www.ull.es/portal/agenda/","name":"ULL - Agenda","description":"","potentialAction":[{"@type":"SearchAction","target":{"@type":"EntryPoint","urlTemplate":"https://www.ull.es/portal/agenda/?s={search_term_string}"},"query-input":"required name=search_term_string"}],"inLanguage":"es"}]}</script>
<!-- / Yoast SEO plugin. -->

III Jornadas técnicas internacionales de vitivinicultura sostenible - ULL - Agenda

Las III Jornadas Técnicas Internacionales de Vitivinicultura Sostenible se llevarán a cabo en la isla de La Gomera los días 12, 13 y 14 de noviembre de 2026. Este evento, consolidado tras dos ediciones exitosas, tiene como objetivo principal analizar los desafíos críticos del sector, como el cambio climático y la escasez hídrica, bajo un...
