{"id":9918,"date":"2019-01-14T09:30:20","date_gmt":"2019-01-14T09:30:20","guid":{"rendered":"https:\/\/www.ull.es\/portal\/agenda\/?post_type=tribe_events&#038;p=9918"},"modified":"2019-01-14T10:17:24","modified_gmt":"2019-01-14T10:17:24","slug":"familia-con-la-compania-teatrejo","status":"publish","type":"tribe_events","link":"https:\/\/www.ull.es\/portal\/agenda\/evento\/familia-con-la-compania-teatrejo\/","title":{"rendered":"&#8216;Familia&#8217; con la compa\u00f1\u00eda Teatrejo"},"content":{"rendered":"<p>\u00bfPagar\u00edas (a veces, no siempre) por deshacerte de tu familia y, libre de ataduras y compromisos, campar a tus anchas por el mundo, a tu bola, sin tener que honrar a tu padre ni a tu madre, sin tener que dar cuenta a tu mujer o a tu marido de tus andanzas, sin tener que cuidar de tus hijos, sin tener que convertirte en guardi\u00e1n de tu hermano, sin cu\u00f1ados ni concu\u00f1os, sin suegras ni suegros, sin yernos ni nueras? \u00bfTe seduce una vida sin familia? \u00bfPuedes imagin\u00e1rtela un momento?<\/p>\n<p>Partiendo de la adaptaci\u00f3n que Carles Sans Padr\u00f3s hizo para la escena, en 2005, del gui\u00f3n cinematogr\u00e1fico de la \u00f3pera prima de Fernando Le\u00f3n de Aranoa, ganadora en 1996 del Goya a la mejor direcci\u00f3n novel, la compa\u00f1\u00eda Teatrejo construye una trepidante tragicomedia que indaga en los fangos m\u00e1s oscuros de la instituci\u00f3n familiar, en la que todos (incluida la propia compa\u00f1\u00eda) chapoteamos penosamente sin tregua ni descanso.<\/p>\n<p>Reparto<\/p>\n<p>\u00c1ngela Hdez L\u00f3pez\u2026\u2026\u2026\u2026\u2026\u2026\u2026\u2026.\u2026\u2026\u2026\u2026\u2026\u2026\u2026\u2026Luna<\/p>\n<p>Ang\u00e9lica Dguez de Barros\u2026\u2026\u2026\u2026\u2026\u2026\u2026\u2026\u2026\u2026\u2026\u2026.Alicia<\/p>\n<p>Eduardo D. Hdez Yanes\u2026\u2026\u2026\u2026\u2026\u2026\u2026\u2026.\u2026\u2026\u2026\u2026Santiago<\/p>\n<p>Juan Jos\u00e9 D\u00f3niz \u00c1lamo\u2026\u2026\u2026\u2026\u2026\u2026\u2026\u2026.\u2026\u2026\u2026\u2026\u2026Ventura<\/p>\n<p>Kevin Rguez Luis\u2026\u2026\u2026\u2026\u2026\u2026\u2026\u2026..\u2026\u2026\u2026\u2026\u2026\u2026\u2026\u2026.Carlos<\/p>\n<p>Lourdes P\u00e9rez Golmar\u2026\u2026\u2026\u2026\u2026\u2026\u2026\u2026\u2026\u2026\u2026\u2026\u2026\u2026\u2026Rosa<\/p>\n<p>Rosal\u00eda Mart\u00edn P\u00e9rez\u2026\u2026\u2026\u2026\u2026\u2026\u2026\u2026.\u2026\u2026\u2026\u2026\u2026\u2026\u2026\u2026Sole<\/p>\n<p>Yurena Glez Marante\u2026\u2026\u2026\u2026\u2026\u2026\u2026..\u2026\u2026\u2026\u2026\u2026\u2026.Carmen<\/p>\n<p>Cartel y Escenograf\u00eda\u2026\u2026\u2026\u2026\u2026\u2026\u2026\u2026\u2026\u2026\u2026\u2026\u2026\u2026\u2026\u2026\u2026\u2026\u2026..Imeldo L\u00f3pez<\/p>\n<p>Pistas musicales y ruidosas\u2026\u2026\u2026\u2026\u2026\u2026\u2026.\u2026\u2026\u2026\u2026\u2026\u2026\u2026\u2026\u2026..Lola Medina<\/p>\n<p>Iluminaci\u00f3n y Sonido\u2026\u2026\u2026\u2026\u2026\u2026\u2026\u2026\u2026\u2026\u00d3scar Hdez y Nathaly de la Cruz<\/p>\n<p>Vestuario, Maquillaje, Utiler\u00eda\u2026\u2026\u2026\u2026\u2026\u2026\u2026.\u2026\u2026\u2026\u2026\u2026\u2026\u2026\u2026\u2026.TEATREJO<\/p>\n<p>Versi\u00f3n del texto, Dramaturgia y Direcci\u00f3n\u2026\u2026\u2026\u2026\u2026\u2026\u2026\u2026.Manuel Gc\u00eda<\/p>\n<p><strong>Precio general: 6 euros\u00a0<\/strong><\/p>\n<p><a href=\"https:\/\/www.tomaticket.es\/entradas-familia-tenerife\" target=\"_blank\" rel=\"noopener\" target=\"_blank\" rel=\"noopener\"><strong>Compra de entradas<\/strong><\/a><\/p>\n<p>&nbsp;<\/p>\n<h4><strong>NOTA IMPORTANTE: La obra <em>Familia<\/em> se representa en sustituci\u00f3n de <em>Galileo<\/em>, montaje teatral tambi\u00e9n de Teatrejo que estaba previsto para esta misma fecha en el Paraninfo. Finalmente ha tenido que ser suspendido por enfermedad de su director. No obstante,\u00a0<em>Galileo<\/em> ser\u00e1 exhibida dentro de unos meses con car\u00e1cter gratuito. Les informaremos puntualmente de la fecha.\u00a0 Disculpen las molestias.\u00a0<\/strong><\/h4>\n","protected":false},"excerpt":{"rendered":"<p>\u00bfPagar\u00edas (a veces, no siempre) por deshacerte de tu familia y, libre de ataduras y compromisos, campar a tus anchas por el mundo, a tu bola, sin tener que honrar a tu padre ni a tu madre, sin tener que dar cuenta a tu mujer o a tu marido de tus andanzas, sin tener que&#8230;<\/p>\n","protected":false},"author":30,"featured_media":9919,"comment_status":"closed","ping_status":"closed","template":"","tags":[2300,2299,2301],"tribe_events_cat":[4,343,186,191,1722],"acf":[],"yoast_head":"<!-- This site is optimized with the Yoast SEO plugin v21.3 - https:\/\/yoast.com\/wordpress\/plugins\/seo\/ -->\n<title>&#039;Familia&#039; con la compa\u00f1\u00eda Teatrejo - ULL - Agenda<\/title>\n<meta name=\"robots\" content=\"index, follow, max-snippet:-1, max-image-preview:large, max-video-preview:-1\" \/>\n<link rel=\"canonical\" href=\"https:\/\/www.ull.es\/portal\/agenda\/evento\/familia-con-la-compania-teatrejo\/\" \/>\n<meta property=\"og:locale\" content=\"es_ES\" \/>\n<meta property=\"og:type\" content=\"article\" \/>\n<meta property=\"og:title\" content=\"&#039;Familia&#039; con la compa\u00f1\u00eda Teatrejo - ULL - Agenda\" \/>\n<meta property=\"og:description\" content=\"\u00bfPagar\u00edas (a veces, no siempre) por deshacerte de tu familia y, libre de ataduras y compromisos, campar a tus anchas por el mundo, a tu bola, sin tener que honrar a tu padre ni a tu madre, sin tener que dar cuenta a tu mujer o a tu marido de tus andanzas, sin tener que...\" \/>\n<meta property=\"og:url\" content=\"https:\/\/www.ull.es\/portal\/agenda\/evento\/familia-con-la-compania-teatrejo\/\" \/>\n<meta property=\"og:site_name\" content=\"ULL - Agenda\" \/>\n<meta property=\"article:modified_time\" content=\"2019-01-14T10:17:24+00:00\" \/>\n<meta property=\"og:image\" content=\"https:\/\/www.ull.es\/portal\/agenda\/wp-content\/uploads\/sites\/12\/2019\/01\/Familia_agenda.jpg\" \/>\n\t<meta property=\"og:image:width\" content=\"700\" \/>\n\t<meta property=\"og:image:height\" content=\"350\" \/>\n\t<meta property=\"og:image:type\" content=\"image\/jpeg\" \/>\n<meta name=\"twitter:card\" content=\"summary_large_image\" \/>\n<meta name=\"twitter:label1\" content=\"Tiempo de lectura\" \/>\n\t<meta name=\"twitter:data1\" content=\"2 minutos\" \/>\n<script type=\"application\/ld+json\" class=\"yoast-schema-graph\">{\"@context\":\"https:\/\/schema.org\",\"@graph\":[{\"@type\":\"WebPage\",\"@id\":\"https:\/\/www.ull.es\/portal\/agenda\/evento\/familia-con-la-compania-teatrejo\/\",\"url\":\"https:\/\/www.ull.es\/portal\/agenda\/evento\/familia-con-la-compania-teatrejo\/\",\"name\":\"'Familia' con la compa\u00f1\u00eda Teatrejo - ULL - Agenda\",\"isPartOf\":{\"@id\":\"https:\/\/www.ull.es\/portal\/agenda\/#website\"},\"datePublished\":\"2019-01-14T09:30:20+00:00\",\"dateModified\":\"2019-01-14T10:17:24+00:00\",\"breadcrumb\":{\"@id\":\"https:\/\/www.ull.es\/portal\/agenda\/evento\/familia-con-la-compania-teatrejo\/#breadcrumb\"},\"inLanguage\":\"es\",\"potentialAction\":[{\"@type\":\"ReadAction\",\"target\":[\"https:\/\/www.ull.es\/portal\/agenda\/evento\/familia-con-la-compania-teatrejo\/\"]}]},{\"@type\":\"BreadcrumbList\",\"@id\":\"https:\/\/www.ull.es\/portal\/agenda\/evento\/familia-con-la-compania-teatrejo\/#breadcrumb\",\"itemListElement\":[{\"@type\":\"ListItem\",\"position\":1,\"name\":\"Portada\",\"item\":\"https:\/\/www.ull.es\/portal\/agenda\/\"},{\"@type\":\"ListItem\",\"position\":2,\"name\":\"&#8216;Familia&#8217; con la compa\u00f1\u00eda Teatrejo\"}]},{\"@type\":\"WebSite\",\"@id\":\"https:\/\/www.ull.es\/portal\/agenda\/#website\",\"url\":\"https:\/\/www.ull.es\/portal\/agenda\/\",\"name\":\"ULL - Agenda\",\"description\":\"\",\"potentialAction\":[{\"@type\":\"SearchAction\",\"target\":{\"@type\":\"EntryPoint\",\"urlTemplate\":\"https:\/\/www.ull.es\/portal\/agenda\/?s={search_term_string}\"},\"query-input\":\"required name=search_term_string\"}],\"inLanguage\":\"es\"}]}<\/script>\n<!-- \/ Yoast SEO plugin. -->","yoast_head_json":{"title":"'Familia' con la compa\u00f1\u00eda Teatrejo - ULL - Agenda","robots":{"index":"index","follow":"follow","max-snippet":"max-snippet:-1","max-image-preview":"max-image-preview:large","max-video-preview":"max-video-preview:-1"},"canonical":"https:\/\/www.ull.es\/portal\/agenda\/evento\/familia-con-la-compania-teatrejo\/","og_locale":"es_ES","og_type":"article","og_title":"'Familia' con la compa\u00f1\u00eda Teatrejo - ULL - Agenda","og_description":"\u00bfPagar\u00edas (a veces, no siempre) por deshacerte de tu familia y, libre de ataduras y compromisos, campar a tus anchas por el mundo, a tu bola, sin tener que honrar a tu padre ni a tu madre, sin tener que dar cuenta a tu mujer o a tu marido de tus andanzas, sin tener que...","og_url":"https:\/\/www.ull.es\/portal\/agenda\/evento\/familia-con-la-compania-teatrejo\/","og_site_name":"ULL - Agenda","article_modified_time":"2019-01-14T10:17:24+00:00","og_image":[{"width":700,"height":350,"url":"https:\/\/www.ull.es\/portal\/agenda\/wp-content\/uploads\/sites\/12\/2019\/01\/Familia_agenda.jpg","type":"image\/jpeg"}],"twitter_card":"summary_large_image","twitter_misc":{"Tiempo de lectura":"2 minutos"},"schema":{"@context":"https:\/\/schema.org","@graph":[{"@type":"WebPage","@id":"https:\/\/www.ull.es\/portal\/agenda\/evento\/familia-con-la-compania-teatrejo\/","url":"https:\/\/www.ull.es\/portal\/agenda\/evento\/familia-con-la-compania-teatrejo\/","name":"'Familia' con la compa\u00f1\u00eda Teatrejo - ULL - Agenda","isPartOf":{"@id":"https:\/\/www.ull.es\/portal\/agenda\/#website"},"datePublished":"2019-01-14T09:30:20+00:00","dateModified":"2019-01-14T10:17:24+00:00","breadcrumb":{"@id":"https:\/\/www.ull.es\/portal\/agenda\/evento\/familia-con-la-compania-teatrejo\/#breadcrumb"},"inLanguage":"es","potentialAction":[{"@type":"ReadAction","target":["https:\/\/www.ull.es\/portal\/agenda\/evento\/familia-con-la-compania-teatrejo\/"]}]},{"@type":"BreadcrumbList","@id":"https:\/\/www.ull.es\/portal\/agenda\/evento\/familia-con-la-compania-teatrejo\/#breadcrumb","itemListElement":[{"@type":"ListItem","position":1,"name":"Portada","item":"https:\/\/www.ull.es\/portal\/agenda\/"},{"@type":"ListItem","position":2,"name":"&#8216;Familia&#8217; con la compa\u00f1\u00eda Teatrejo"}]},{"@type":"WebSite","@id":"https:\/\/www.ull.es\/portal\/agenda\/#website","url":"https:\/\/www.ull.es\/portal\/agenda\/","name":"ULL - Agenda","description":"","potentialAction":[{"@type":"SearchAction","target":{"@type":"EntryPoint","urlTemplate":"https:\/\/www.ull.es\/portal\/agenda\/?s={search_term_string}"},"query-input":"required name=search_term_string"}],"inLanguage":"es"}]}},"_links":{"self":[{"href":"https:\/\/www.ull.es\/portal\/agenda\/wp-json\/wp\/v2\/tribe_events\/9918"}],"collection":[{"href":"https:\/\/www.ull.es\/portal\/agenda\/wp-json\/wp\/v2\/tribe_events"}],"about":[{"href":"https:\/\/www.ull.es\/portal\/agenda\/wp-json\/wp\/v2\/types\/tribe_events"}],"author":[{"embeddable":true,"href":"https:\/\/www.ull.es\/portal\/agenda\/wp-json\/wp\/v2\/users\/30"}],"replies":[{"embeddable":true,"href":"https:\/\/www.ull.es\/portal\/agenda\/wp-json\/wp\/v2\/comments?post=9918"}],"version-history":[{"count":6,"href":"https:\/\/www.ull.es\/portal\/agenda\/wp-json\/wp\/v2\/tribe_events\/9918\/revisions"}],"predecessor-version":[{"id":9931,"href":"https:\/\/www.ull.es\/portal\/agenda\/wp-json\/wp\/v2\/tribe_events\/9918\/revisions\/9931"}],"wp:featuredmedia":[{"embeddable":true,"href":"https:\/\/www.ull.es\/portal\/agenda\/wp-json\/wp\/v2\/media\/9919"}],"wp:attachment":[{"href":"https:\/\/www.ull.es\/portal\/agenda\/wp-json\/wp\/v2\/media?parent=9918"}],"wp:term":[{"taxonomy":"post_tag","embeddable":true,"href":"https:\/\/www.ull.es\/portal\/agenda\/wp-json\/wp\/v2\/tags?post=9918"},{"taxonomy":"tribe_events_cat","embeddable":true,"href":"https:\/\/www.ull.es\/portal\/agenda\/wp-json\/wp\/v2\/tribe_events_cat?post=9918"}],"curies":[{"name":"wp","href":"https:\/\/api.w.org\/{rel}","templated":true}]}}

&#8216;Familia&#8217; con la compañía Teatrejo

<p>¿Pagarías (a veces, no siempre) por deshacerte de tu familia y, libre de ataduras y compromisos, campar a tus anchas por el mundo, a tu bola, sin tener que honrar a tu padre ni a tu madre, sin tener que dar cuenta a tu mujer o a tu marido de tus andanzas, sin tener que cuidar de tus hijos, sin tener que convertirte en guardián de tu hermano, sin cuñados ni concuños, sin suegras ni suegros, sin yernos ni nueras? ¿Te seduce una vida sin familia? ¿Puedes imaginártela un momento?</p>
<p>Partiendo de la adaptación que Carles Sans Padrós hizo para la escena, en 2005, del guión cinematográfico de la ópera prima de Fernando León de Aranoa, ganadora en 1996 del Goya a la mejor dirección novel, la compañía Teatrejo construye una trepidante tragicomedia que indaga en los fangos más oscuros de la institución familiar, en la que todos (incluida la propia compañía) chapoteamos penosamente sin tregua ni descanso.</p>
<p>Reparto</p>
<p>Ángela Hdez López…………………….……………………Luna</p>
<p>Angélica Dguez de Barros……………………………….Alicia</p>
<p>Eduardo D. Hdez Yanes…………………….…………Santiago</p>
<p>Juan José Dóniz Álamo…………………….……………Ventura</p>
<p>Kevin Rguez Luis……………………..…………………….Carlos</p>
<p>Lourdes Pérez Golmar………………………………………Rosa</p>
<p>Rosalía Martín Pérez…………………….……………………Sole</p>
<p>Yurena Glez Marante…………………..……………….Carmen</p>
<p>Cartel y Escenografía…………………………………………………..Imeldo López</p>
<p>Pistas musicales y ruidosas………………….………………………..Lola Medina</p>
<p>Iluminación y Sonido…………………………Óscar Hdez y Nathaly de la Cruz</p>
<p>Vestuario, Maquillaje, Utilería………………….……………………….TEATREJO</p>
<p>Versión del texto, Dramaturgia y Dirección…………………….Manuel Gcía</p>
<p><strong>Precio general: 6 euros </strong></p>
<p><a href="https://www.tomaticket.es/entradas-familia-tenerife" target="_blank" rel="noopener" target="_blank" rel="noopener"><strong>Compra de entradas</strong></a></p>
<p>&nbsp;</p>
<h4><strong>NOTA IMPORTANTE: La obra <em>Familia</em> se representa en sustitución de <em>Galileo</em>, montaje teatral también de Teatrejo que estaba previsto para esta misma fecha en el Paraninfo. Finalmente ha tenido que ser suspendido por enfermedad de su director. No obstante, <em>Galileo</em> será exhibida dentro de unos meses con carácter gratuito. Les informaremos puntualmente de la fecha.  Disculpen las molestias. </strong></h4>

<p>¿Pagarías (a veces, no siempre) por deshacerte de tu familia y, libre de ataduras y compromisos, campar a tus anchas por el mundo, a tu bola, sin tener que honrar a tu padre ni a tu madre, sin tener que dar cuenta a tu mujer o a tu marido de tus andanzas, sin tener que&#8230;</p>

<!-- This site is optimized with the Yoast SEO plugin v21.3 - https://yoast.com/wordpress/plugins/seo/ -->
<title>&#039;Familia&#039; con la compañía Teatrejo - ULL - Agenda</title>
<meta name="robots" content="index, follow, max-snippet:-1, max-image-preview:large, max-video-preview:-1" />
<link rel="canonical" href="https://www.ull.es/portal/agenda/evento/familia-con-la-compania-teatrejo/" />
<meta property="og:locale" content="es_ES" />
<meta property="og:type" content="article" />
<meta property="og:title" content="&#039;Familia&#039; con la compañía Teatrejo - ULL - Agenda" />
<meta property="og:description" content="¿Pagarías (a veces, no siempre) por deshacerte de tu familia y, libre de ataduras y compromisos, campar a tus anchas por el mundo, a tu bola, sin tener que honrar a tu padre ni a tu madre, sin tener que dar cuenta a tu mujer o a tu marido de tus andanzas, sin tener que..." />
<meta property="og:url" content="https://www.ull.es/portal/agenda/evento/familia-con-la-compania-teatrejo/" />
<meta property="og:site_name" content="ULL - Agenda" />
<meta property="article:modified_time" content="2019-01-14T10:17:24+00:00" />
<meta property="og:image" content="https://www.ull.es/portal/agenda/wp-content/uploads/sites/12/2019/01/Familia_agenda.jpg" />
	<meta property="og:image:width" content="700" />
	<meta property="og:image:height" content="350" />
	<meta property="og:image:type" content="image/jpeg" />
<meta name="twitter:card" content="summary_large_image" />
<meta name="twitter:label1" content="Tiempo de lectura" />
	<meta name="twitter:data1" content="2 minutos" />
<script type="application/ld+json" class="yoast-schema-graph">{"@context":"https://schema.org","@graph":[{"@type":"WebPage","@id":"https://www.ull.es/portal/agenda/evento/familia-con-la-compania-teatrejo/","url":"https://www.ull.es/portal/agenda/evento/familia-con-la-compania-teatrejo/","name":"'Familia' con la compañía Teatrejo - ULL - Agenda","isPartOf":{"@id":"https://www.ull.es/portal/agenda/#website"},"datePublished":"2019-01-14T09:30:20+00:00","dateModified":"2019-01-14T10:17:24+00:00","breadcrumb":{"@id":"https://www.ull.es/portal/agenda/evento/familia-con-la-compania-teatrejo/#breadcrumb"},"inLanguage":"es","potentialAction":[{"@type":"ReadAction","target":["https://www.ull.es/portal/agenda/evento/familia-con-la-compania-teatrejo/"]}]},{"@type":"BreadcrumbList","@id":"https://www.ull.es/portal/agenda/evento/familia-con-la-compania-teatrejo/#breadcrumb","itemListElement":[{"@type":"ListItem","position":1,"name":"Portada","item":"https://www.ull.es/portal/agenda/"},{"@type":"ListItem","position":2,"name":"&#8216;Familia&#8217; con la compañía Teatrejo"}]},{"@type":"WebSite","@id":"https://www.ull.es/portal/agenda/#website","url":"https://www.ull.es/portal/agenda/","name":"ULL - Agenda","description":"","potentialAction":[{"@type":"SearchAction","target":{"@type":"EntryPoint","urlTemplate":"https://www.ull.es/portal/agenda/?s={search_term_string}"},"query-input":"required name=search_term_string"}],"inLanguage":"es"}]}</script>
<!-- / Yoast SEO plugin. -->

'Familia' con la compañía Teatrejo - ULL - Agenda

¿Pagarías (a veces, no siempre) por deshacerte de tu familia y, libre de ataduras y compromisos, campar a tus anchas por el mundo, a tu bola, sin tener que honrar a tu padre ni a tu madre, sin tener que dar cuenta a tu mujer o a tu marido de tus andanzas, sin tener que...
