{"id":1231,"date":"2026-04-16T10:50:50","date_gmt":"2026-04-16T10:50:50","guid":{"rendered":"https:\/\/www.ull.es\/portal\/aprendizajeservicio\/?page_id=1231"},"modified":"2026-05-12T10:14:13","modified_gmt":"2026-05-12T10:14:13","slug":"actividades-aps","status":"publish","type":"page","link":"https:\/\/www.ull.es\/portal\/aprendizajeservicio\/actividades-aps\/","title":{"rendered":"Actividades ApS"},"content":{"rendered":"\t\t<div data-elementor-type=\"wp-page\" data-elementor-id=\"1231\" class=\"elementor elementor-1231\">\n\t\t\t\t\t\t\t\t\t<section class=\"elementor-section elementor-top-section elementor-element elementor-element-6f93f9a elementor-section-boxed elementor-section-height-default elementor-section-height-default\" data-id=\"6f93f9a\" data-element_type=\"section\">\n\t\t\t\t\t\t<div class=\"elementor-container elementor-column-gap-default\">\n\t\t\t\t\t<div class=\"elementor-column elementor-col-100 elementor-top-column elementor-element elementor-element-2641b38\" data-id=\"2641b38\" data-element_type=\"column\">\n\t\t\t<div class=\"elementor-widget-wrap elementor-element-populated\">\n\t\t\t\t\t\t\t\t<div class=\"elementor-element elementor-element-61098d1 elementor-widget elementor-widget-image\" data-id=\"61098d1\" data-element_type=\"widget\" data-widget_type=\"image.default\">\n\t\t\t\t<div class=\"elementor-widget-container\">\n\t\t\t<style>\/*! elementor - v3.9.2 - 21-12-2022 *\/\n.elementor-widget-image{text-align:center}.elementor-widget-image a{display:inline-block}.elementor-widget-image a img[src$=\".svg\"]{width:48px}.elementor-widget-image img{vertical-align:middle;display:inline-block}<\/style>\t\t\t\t\t\t\t\t\t\t\t\t<img decoding=\"async\" loading=\"lazy\" width=\"1024\" height=\"726\" src=\"https:\/\/www.ull.es\/portal\/aprendizajeservicio\/wp-content\/uploads\/sites\/48\/2026\/05\/Paco-Barea-ApS-1024x726.jpg\" class=\"attachment-large size-large wp-image-1242\" alt=\"\" srcset=\"https:\/\/www.ull.es\/portal\/aprendizajeservicio\/wp-content\/uploads\/sites\/48\/2026\/05\/Paco-Barea-ApS-1024x726.jpg 1024w, https:\/\/www.ull.es\/portal\/aprendizajeservicio\/wp-content\/uploads\/sites\/48\/2026\/05\/Paco-Barea-ApS-300x213.jpg 300w, https:\/\/www.ull.es\/portal\/aprendizajeservicio\/wp-content\/uploads\/sites\/48\/2026\/05\/Paco-Barea-ApS-768x545.jpg 768w, https:\/\/www.ull.es\/portal\/aprendizajeservicio\/wp-content\/uploads\/sites\/48\/2026\/05\/Paco-Barea-ApS-1536x1090.jpg 1536w, https:\/\/www.ull.es\/portal\/aprendizajeservicio\/wp-content\/uploads\/sites\/48\/2026\/05\/Paco-Barea-ApS-375x266.jpg 375w, https:\/\/www.ull.es\/portal\/aprendizajeservicio\/wp-content\/uploads\/sites\/48\/2026\/05\/Paco-Barea-ApS-750x532.jpg 750w, https:\/\/www.ull.es\/portal\/aprendizajeservicio\/wp-content\/uploads\/sites\/48\/2026\/05\/Paco-Barea-ApS-1140x809.jpg 1140w, https:\/\/www.ull.es\/portal\/aprendizajeservicio\/wp-content\/uploads\/sites\/48\/2026\/05\/Paco-Barea-ApS.jpg 1600w\" sizes=\"(max-width: 1024px) 100vw, 1024px\" \/>\t\t\t\t\t\t\t\t\t\t\t\t\t\t\t<\/div>\n\t\t\t\t<\/div>\n\t\t\t\t\t<\/div>\n\t\t<\/div>\n\t\t\t\t\t\t\t<\/div>\n\t\t<\/section>\n\t\t\t\t<section class=\"elementor-section elementor-top-section elementor-element elementor-element-dac1edf elementor-section-boxed elementor-section-height-default elementor-section-height-default\" data-id=\"dac1edf\" data-element_type=\"section\">\n\t\t\t\t\t\t<div class=\"elementor-container elementor-column-gap-default\">\n\t\t\t\t\t<div class=\"elementor-column elementor-col-100 elementor-top-column elementor-element elementor-element-99e0963\" data-id=\"99e0963\" data-element_type=\"column\">\n\t\t\t<div class=\"elementor-widget-wrap elementor-element-populated\">\n\t\t\t\t\t\t\t\t<div class=\"elementor-element elementor-element-d3a49da elementor-widget elementor-widget-text-editor\" data-id=\"d3a49da\" data-element_type=\"widget\" data-widget_type=\"text-editor.default\">\n\t\t\t\t<div class=\"elementor-widget-container\">\n\t\t\t<style>\/*! elementor - v3.9.2 - 21-12-2022 *\/\n.elementor-widget-text-editor.elementor-drop-cap-view-stacked .elementor-drop-cap{background-color:#818a91;color:#fff}.elementor-widget-text-editor.elementor-drop-cap-view-framed .elementor-drop-cap{color:#818a91;border:3px solid;background-color:transparent}.elementor-widget-text-editor:not(.elementor-drop-cap-view-default) .elementor-drop-cap{margin-top:8px}.elementor-widget-text-editor:not(.elementor-drop-cap-view-default) .elementor-drop-cap-letter{width:1em;height:1em}.elementor-widget-text-editor .elementor-drop-cap{float:left;text-align:center;line-height:1;font-size:50px}.elementor-widget-text-editor .elementor-drop-cap-letter{display:inline-block}<\/style>\t\t\t\t<p>La Facultad de Ciencias Sociales y de la Comunicaci\u00f3n de la Universidad de La Laguna acoger\u00e1 el pr\u00f3ximo jueves 11 de junio, de 16:00 a 18:00 horas, el taller \u201c<em>Los procesos cognitivos como facilitadores del desarrollo de los proyectos de Aprendizaje-Servicio<\/em>\u201d, una actividad formativa orientada a profundizar en las claves educativas y metodol\u00f3gicas que favorecen el<br \/>desarrollo de iniciativas de Aprendizaje-Servicio (ApS).<\/p><p>La sesi\u00f3n estar\u00e1 impartida por Paco Barea, presidente de la Red Espa\u00f1ola de Aprendizaje-Servicio y miembro fundador de la Red Andaluza de Aprendizaje-Servicio, referente en el impulso de esta metodolog\u00eda educativa a nivel estatal.<\/p><p>Durante el encuentro se abordar\u00e1 el papel de los procesos cognitivos en la planificaci\u00f3n, implementaci\u00f3n y evaluaci\u00f3n de proyectos de Aprendizaje- Servicio, analizando c\u00f3mo estos favorecen la adquisici\u00f3n de competencias, la reflexi\u00f3n cr\u00edtica y el compromiso social del alumnado.<\/p><p>El taller se celebrar\u00e1 en la Facultad de Ciencias Sociales y de la Comunicaci\u00f3n (Edificio La Pir\u00e1mide, Aula 1) y est\u00e1 dirigido a profesorado, alumnado y personas interesadas en la innovaci\u00f3n educativa y las metodolog\u00edas activas de aprendizaje.<\/p><p>Esta iniciativa forma parte de las acciones de promoci\u00f3n y fortalecimiento del Aprendizaje-Servicio impulsadas por la Universidad de La Laguna y el Cabildo de Tenerife, junto a entidades colaboradoras vinculadas al \u00e1mbito educativo y social.<\/p><p>CERTIFICADO DE ASISTENCIA: La Universidad de La Laguna, a trav\u00e9s del Vicerrectorado de Cultura y Extensi\u00f3n Universitaria, emitir\u00e1 un certificado de asistencia a todas aquellas personas que participen, previa inscripci\u00f3n en la actividad.<\/p><p>Asistencia gratuita previa <strong><a href=\"https:\/\/acortar.link\/HG4cnv\" target=\"_blank\" rel=\"noopener\">inscripci\u00f3n.<\/a><\/strong>\u00a0<\/p>\t\t\t\t\t\t<\/div>\n\t\t\t\t<\/div>\n\t\t\t\t\t<\/div>\n\t\t<\/div>\n\t\t\t\t\t\t\t<\/div>\n\t\t<\/section>\n\t\t\t\t\t\t\t<\/div>\n\t\t","protected":false},"excerpt":{"rendered":"<p>La Facultad de Ciencias Sociales y de la Comunicaci\u00f3n de la Universidad de La Laguna acoger\u00e1 el pr\u00f3ximo jueves 11 de junio, de 16:00 a 18:00 horas, el taller \u201cLos procesos cognitivos como facilitadores del desarrollo de los proyectos de Aprendizaje-Servicio\u201d, una actividad formativa orientada a profundizar en las claves educativas y metodol\u00f3gicas que favorecen&#8230;<\/p>\n","protected":false},"author":81,"featured_media":0,"parent":0,"menu_order":0,"comment_status":"closed","ping_status":"closed","template":"","meta":{"inline_featured_image":false,"footnotes":""},"acf":[],"yoast_head":"<!-- This site is optimized with the Yoast SEO plugin v21.3 - https:\/\/yoast.com\/wordpress\/plugins\/seo\/ -->\n<title>Actividades ApS - Programa de Aprendizaje-Servicio ApS-ULL<\/title>\n<meta name=\"robots\" content=\"index, follow, max-snippet:-1, max-image-preview:large, max-video-preview:-1\" \/>\n<link rel=\"canonical\" href=\"https:\/\/www.ull.es\/portal\/aprendizajeservicio\/actividades-aps\/\" \/>\n<meta property=\"og:locale\" content=\"es_ES\" \/>\n<meta property=\"og:type\" content=\"article\" \/>\n<meta property=\"og:title\" content=\"Actividades ApS - Programa de Aprendizaje-Servicio ApS-ULL\" \/>\n<meta property=\"og:description\" content=\"La Facultad de Ciencias Sociales y de la Comunicaci\u00f3n de la Universidad de La Laguna acoger\u00e1 el pr\u00f3ximo jueves 11 de junio, de 16:00 a 18:00 horas, el taller \u201cLos procesos cognitivos como facilitadores del desarrollo de los proyectos de Aprendizaje-Servicio\u201d, una actividad formativa orientada a profundizar en las claves educativas y metodol\u00f3gicas que favorecen...\" \/>\n<meta property=\"og:url\" content=\"https:\/\/www.ull.es\/portal\/aprendizajeservicio\/actividades-aps\/\" \/>\n<meta property=\"og:site_name\" content=\"Programa de Aprendizaje-Servicio ApS-ULL\" \/>\n<meta property=\"article:modified_time\" content=\"2026-05-12T10:14:13+00:00\" \/>\n<meta property=\"og:image\" content=\"https:\/\/www.ull.es\/portal\/aprendizajeservicio\/wp-content\/uploads\/sites\/48\/2026\/05\/Paco-Barea-ApS-1024x726.jpg\" \/>\n<meta name=\"twitter:card\" content=\"summary_large_image\" \/>\n<meta name=\"twitter:label1\" content=\"Tiempo de lectura\" \/>\n\t<meta name=\"twitter:data1\" content=\"2 minutos\" \/>\n<script type=\"application\/ld+json\" class=\"yoast-schema-graph\">{\"@context\":\"https:\/\/schema.org\",\"@graph\":[{\"@type\":\"WebPage\",\"@id\":\"https:\/\/www.ull.es\/portal\/aprendizajeservicio\/actividades-aps\/\",\"url\":\"https:\/\/www.ull.es\/portal\/aprendizajeservicio\/actividades-aps\/\",\"name\":\"Actividades ApS - Programa de Aprendizaje-Servicio ApS-ULL\",\"isPartOf\":{\"@id\":\"https:\/\/www.ull.es\/portal\/aprendizajeservicio\/#website\"},\"datePublished\":\"2026-04-16T10:50:50+00:00\",\"dateModified\":\"2026-05-12T10:14:13+00:00\",\"breadcrumb\":{\"@id\":\"https:\/\/www.ull.es\/portal\/aprendizajeservicio\/actividades-aps\/#breadcrumb\"},\"inLanguage\":\"es\",\"potentialAction\":[{\"@type\":\"ReadAction\",\"target\":[\"https:\/\/www.ull.es\/portal\/aprendizajeservicio\/actividades-aps\/\"]}]},{\"@type\":\"BreadcrumbList\",\"@id\":\"https:\/\/www.ull.es\/portal\/aprendizajeservicio\/actividades-aps\/#breadcrumb\",\"itemListElement\":[{\"@type\":\"ListItem\",\"position\":1,\"name\":\"Portada\",\"item\":\"https:\/\/www.ull.es\/portal\/aprendizajeservicio\/\"},{\"@type\":\"ListItem\",\"position\":2,\"name\":\"Actividades ApS\"}]},{\"@type\":\"WebSite\",\"@id\":\"https:\/\/www.ull.es\/portal\/aprendizajeservicio\/#website\",\"url\":\"https:\/\/www.ull.es\/portal\/aprendizajeservicio\/\",\"name\":\"Programa de Aprendizaje-Servicio ApS-ULL\",\"description\":\"\",\"potentialAction\":[{\"@type\":\"SearchAction\",\"target\":{\"@type\":\"EntryPoint\",\"urlTemplate\":\"https:\/\/www.ull.es\/portal\/aprendizajeservicio\/?s={search_term_string}\"},\"query-input\":\"required name=search_term_string\"}],\"inLanguage\":\"es\"}]}<\/script>\n<!-- \/ Yoast SEO plugin. -->","yoast_head_json":{"title":"Actividades ApS - Programa de Aprendizaje-Servicio ApS-ULL","robots":{"index":"index","follow":"follow","max-snippet":"max-snippet:-1","max-image-preview":"max-image-preview:large","max-video-preview":"max-video-preview:-1"},"canonical":"https:\/\/www.ull.es\/portal\/aprendizajeservicio\/actividades-aps\/","og_locale":"es_ES","og_type":"article","og_title":"Actividades ApS - Programa de Aprendizaje-Servicio ApS-ULL","og_description":"La Facultad de Ciencias Sociales y de la Comunicaci\u00f3n de la Universidad de La Laguna acoger\u00e1 el pr\u00f3ximo jueves 11 de junio, de 16:00 a 18:00 horas, el taller \u201cLos procesos cognitivos como facilitadores del desarrollo de los proyectos de Aprendizaje-Servicio\u201d, una actividad formativa orientada a profundizar en las claves educativas y metodol\u00f3gicas que favorecen...","og_url":"https:\/\/www.ull.es\/portal\/aprendizajeservicio\/actividades-aps\/","og_site_name":"Programa de Aprendizaje-Servicio ApS-ULL","article_modified_time":"2026-05-12T10:14:13+00:00","og_image":[{"url":"https:\/\/www.ull.es\/portal\/aprendizajeservicio\/wp-content\/uploads\/sites\/48\/2026\/05\/Paco-Barea-ApS-1024x726.jpg"}],"twitter_card":"summary_large_image","twitter_misc":{"Tiempo de lectura":"2 minutos"},"schema":{"@context":"https:\/\/schema.org","@graph":[{"@type":"WebPage","@id":"https:\/\/www.ull.es\/portal\/aprendizajeservicio\/actividades-aps\/","url":"https:\/\/www.ull.es\/portal\/aprendizajeservicio\/actividades-aps\/","name":"Actividades ApS - Programa de Aprendizaje-Servicio ApS-ULL","isPartOf":{"@id":"https:\/\/www.ull.es\/portal\/aprendizajeservicio\/#website"},"datePublished":"2026-04-16T10:50:50+00:00","dateModified":"2026-05-12T10:14:13+00:00","breadcrumb":{"@id":"https:\/\/www.ull.es\/portal\/aprendizajeservicio\/actividades-aps\/#breadcrumb"},"inLanguage":"es","potentialAction":[{"@type":"ReadAction","target":["https:\/\/www.ull.es\/portal\/aprendizajeservicio\/actividades-aps\/"]}]},{"@type":"BreadcrumbList","@id":"https:\/\/www.ull.es\/portal\/aprendizajeservicio\/actividades-aps\/#breadcrumb","itemListElement":[{"@type":"ListItem","position":1,"name":"Portada","item":"https:\/\/www.ull.es\/portal\/aprendizajeservicio\/"},{"@type":"ListItem","position":2,"name":"Actividades ApS"}]},{"@type":"WebSite","@id":"https:\/\/www.ull.es\/portal\/aprendizajeservicio\/#website","url":"https:\/\/www.ull.es\/portal\/aprendizajeservicio\/","name":"Programa de Aprendizaje-Servicio ApS-ULL","description":"","potentialAction":[{"@type":"SearchAction","target":{"@type":"EntryPoint","urlTemplate":"https:\/\/www.ull.es\/portal\/aprendizajeservicio\/?s={search_term_string}"},"query-input":"required name=search_term_string"}],"inLanguage":"es"}]}},"_links":{"self":[{"href":"https:\/\/www.ull.es\/portal\/aprendizajeservicio\/wp-json\/wp\/v2\/pages\/1231"}],"collection":[{"href":"https:\/\/www.ull.es\/portal\/aprendizajeservicio\/wp-json\/wp\/v2\/pages"}],"about":[{"href":"https:\/\/www.ull.es\/portal\/aprendizajeservicio\/wp-json\/wp\/v2\/types\/page"}],"author":[{"embeddable":true,"href":"https:\/\/www.ull.es\/portal\/aprendizajeservicio\/wp-json\/wp\/v2\/users\/81"}],"replies":[{"embeddable":true,"href":"https:\/\/www.ull.es\/portal\/aprendizajeservicio\/wp-json\/wp\/v2\/comments?post=1231"}],"version-history":[{"count":7,"href":"https:\/\/www.ull.es\/portal\/aprendizajeservicio\/wp-json\/wp\/v2\/pages\/1231\/revisions"}],"predecessor-version":[{"id":1245,"href":"https:\/\/www.ull.es\/portal\/aprendizajeservicio\/wp-json\/wp\/v2\/pages\/1231\/revisions\/1245"}],"wp:attachment":[{"href":"https:\/\/www.ull.es\/portal\/aprendizajeservicio\/wp-json\/wp\/v2\/media?parent=1231"}],"curies":[{"name":"wp","href":"https:\/\/api.w.org\/{rel}","templated":true}]}}