{"id":106,"date":"2016-12-19T12:26:26","date_gmt":"2016-12-19T12:26:26","guid":{"rendered":"https:\/\/www.ull.es\/portal\/aulasycatedrasculturales\/?page_id=106"},"modified":"2018-06-11T14:11:32","modified_gmt":"2018-06-11T14:11:32","slug":"aula-de-museos-y-conservacion-del-patrimonio","status":"publish","type":"page","link":"https:\/\/www.ull.es\/portal\/aulasycatedrasculturales\/aula-de-museos-y-conservacion-del-patrimonio\/","title":{"rendered":"Aula Cultural de Museos y Conservaci\u00f3n del Patrimonio"},"content":{"rendered":"<p>[vc_row][vc_column][vc_empty_space][\/vc_column][\/vc_row][vc_row][vc_column width=\u00bb1\/3&#8243;][vc_single_image image=\u00bb1460&#8243; img_size=\u00bbfull\u00bb][vc_column_text]<strong>Director: <\/strong>Francisco \u00c1lvaro Ru\u00edz Rodr\u00edguez<\/p>\n<ul>\n<li><i class=\"fa fa-phone\"><\/i> (+34) 922 31 77 80<\/li>\n<li><i class=\"fa fa-envelope\"><\/i> <a href=\"mailto:fruiz@ull.es\" target=\"_blank\" rel=\"noopener\">fruiz@ull.es<\/a><\/li>\n<\/ul>\n<p>[\/vc_column_text][\/vc_column][vc_column width=\u00bb2\/3&#8243;][vc_column_text]<\/p>\n<h2>Aula Cultural de Museos y Conservaci\u00f3n del Patrimonio<\/h2>\n<p>[\/vc_column_text][vc_column_text]<\/p>\n<p align=\"justify\">Los profundos cambios que han experimentado la idea de museo y la noci\u00f3n de patrimonio en las \u00faltimas d\u00e9cadas se encuentran entre las modificaciones culturales m\u00e1s revolucionarias de finales del siglo XX y comienzos del S. XXI. Es obvia la necesidad de formar e informar a los estudiantes y profesionales capacitados no s\u00f3lo para las tareas de conservaci\u00f3n, difusi\u00f3n y gesti\u00f3n del patrimonio o de los museos, sino tambi\u00e9n para las que promuevan su mejor conocimiento, estudio y adecuada comprensi\u00f3n; de formar alumnos y profesionales, en suma, capaces de responder cr\u00edticamente a estos nuevos desaf\u00edos.<\/p>\n<p align=\"justify\">Con este objetivo, el Aula de Museos y Conservaci\u00f3n del Patrimonio Hist\u00f3rico de la ULL, aspira a ofrecer una formaci\u00f3n te\u00f3rico-pr\u00e1ctica de marcado car\u00e1cter interdisciplinar, basada en muy diversos conocimientos tecnol\u00f3gicos, culturales, hist\u00f3ricos, cient\u00edficos, t\u00e9cnicos y experimentales. Junto a ellos, los de gesti\u00f3n e investigaci\u00f3n. De esta forma los alumnos ser\u00e1n capaces de integrarse de manera inmediata y eficaz tanto en estructuras preexistentes como iniciarse en idear, gestionar y administrar programas para museos e instituciones patrimoniales de nueva creaci\u00f3n.<\/p>\n<p>[\/vc_column_text][\/vc_column][\/vc_row]<\/p>\n","protected":false},"excerpt":{"rendered":"<p>[vc_row][vc_column][vc_empty_space][\/vc_column][\/vc_row][vc_row][vc_column width=\u00bb1\/3&#8243;][vc_single_image image=\u00bb1460&#8243; img_size=\u00bbfull\u00bb][vc_column_text]Director: Francisco \u00c1lvaro Ru\u00edz Rodr\u00edguez (+34) 922 31 77 80 fruiz@ull.es [\/vc_column_text][\/vc_column][vc_column width=\u00bb2\/3&#8243;][vc_column_text] Aula Cultural de Museos&#8230;<\/p>\n","protected":false},"author":22,"featured_media":1460,"parent":0,"menu_order":0,"comment_status":"closed","ping_status":"closed","template":"","meta":{"inline_featured_image":false,"footnotes":""},"acf":[],"yoast_head":"<!-- This site is optimized with the Yoast SEO plugin v21.3 - https:\/\/yoast.com\/wordpress\/plugins\/seo\/ -->\n<title>Aula Cultural de Museos y Conservaci\u00f3n del Patrimonio - Aulas y C\u00e1tedras Culturales<\/title>\n<meta name=\"robots\" content=\"index, follow, max-snippet:-1, max-image-preview:large, max-video-preview:-1\" \/>\n<link rel=\"canonical\" href=\"https:\/\/www.ull.es\/portal\/aulasycatedrasculturales\/aula-de-museos-y-conservacion-del-patrimonio\/\" \/>\n<meta property=\"og:locale\" content=\"es_ES\" \/>\n<meta property=\"og:type\" content=\"article\" \/>\n<meta property=\"og:title\" content=\"Aula Cultural de Museos y Conservaci\u00f3n del Patrimonio - Aulas y C\u00e1tedras Culturales\" \/>\n<meta property=\"og:description\" content=\"[vc_row][vc_column][vc_empty_space][\/vc_column][\/vc_row][vc_row][vc_column width=\u00bb1\/3&#8243;][vc_single_image image=\u00bb1460&#8243; img_size=\u00bbfull\u00bb][vc_column_text]Director: Francisco \u00c1lvaro Ru\u00edz Rodr\u00edguez (+34) 922 31 77 80 fruiz@ull.es [\/vc_column_text][\/vc_column][vc_column width=\u00bb2\/3&#8243;][vc_column_text] Aula Cultural de Museos...\" \/>\n<meta property=\"og:url\" content=\"https:\/\/www.ull.es\/portal\/aulasycatedrasculturales\/aula-de-museos-y-conservacion-del-patrimonio\/\" \/>\n<meta property=\"og:site_name\" content=\"Aulas y C\u00e1tedras Culturales\" \/>\n<meta property=\"article:modified_time\" content=\"2018-06-11T14:11:32+00:00\" \/>\n<meta property=\"og:image\" content=\"https:\/\/www.ull.es\/portal\/aulasycatedrasculturales\/wp-content\/uploads\/sites\/19\/2016\/12\/aula-museo.jpg\" \/>\n\t<meta property=\"og:image:width\" content=\"300\" \/>\n\t<meta property=\"og:image:height\" content=\"300\" \/>\n\t<meta property=\"og:image:type\" content=\"image\/jpeg\" \/>\n<meta name=\"twitter:card\" content=\"summary_large_image\" \/>\n<meta name=\"twitter:label1\" content=\"Tiempo de lectura\" \/>\n\t<meta name=\"twitter:data1\" content=\"1 minuto\" \/>\n<script type=\"application\/ld+json\" class=\"yoast-schema-graph\">{\"@context\":\"https:\/\/schema.org\",\"@graph\":[{\"@type\":\"WebPage\",\"@id\":\"https:\/\/www.ull.es\/portal\/aulasycatedrasculturales\/aula-de-museos-y-conservacion-del-patrimonio\/\",\"url\":\"https:\/\/www.ull.es\/portal\/aulasycatedrasculturales\/aula-de-museos-y-conservacion-del-patrimonio\/\",\"name\":\"Aula Cultural de Museos y Conservaci\u00f3n del Patrimonio - Aulas y C\u00e1tedras Culturales\",\"isPartOf\":{\"@id\":\"https:\/\/www.ull.es\/portal\/aulasycatedrasculturales\/#website\"},\"datePublished\":\"2016-12-19T12:26:26+00:00\",\"dateModified\":\"2018-06-11T14:11:32+00:00\",\"breadcrumb\":{\"@id\":\"https:\/\/www.ull.es\/portal\/aulasycatedrasculturales\/aula-de-museos-y-conservacion-del-patrimonio\/#breadcrumb\"},\"inLanguage\":\"es\",\"potentialAction\":[{\"@type\":\"ReadAction\",\"target\":[\"https:\/\/www.ull.es\/portal\/aulasycatedrasculturales\/aula-de-museos-y-conservacion-del-patrimonio\/\"]}]},{\"@type\":\"BreadcrumbList\",\"@id\":\"https:\/\/www.ull.es\/portal\/aulasycatedrasculturales\/aula-de-museos-y-conservacion-del-patrimonio\/#breadcrumb\",\"itemListElement\":[{\"@type\":\"ListItem\",\"position\":1,\"name\":\"Portada\",\"item\":\"https:\/\/www.ull.es\/portal\/aulasycatedrasculturales\/\"},{\"@type\":\"ListItem\",\"position\":2,\"name\":\"Aula Cultural de Museos y Conservaci\u00f3n del Patrimonio\"}]},{\"@type\":\"WebSite\",\"@id\":\"https:\/\/www.ull.es\/portal\/aulasycatedrasculturales\/#website\",\"url\":\"https:\/\/www.ull.es\/portal\/aulasycatedrasculturales\/\",\"name\":\"Aulas y C\u00e1tedras Culturales\",\"description\":\"\",\"potentialAction\":[{\"@type\":\"SearchAction\",\"target\":{\"@type\":\"EntryPoint\",\"urlTemplate\":\"https:\/\/www.ull.es\/portal\/aulasycatedrasculturales\/?s={search_term_string}\"},\"query-input\":\"required name=search_term_string\"}],\"inLanguage\":\"es\"}]}<\/script>\n<!-- \/ Yoast SEO plugin. -->","yoast_head_json":{"title":"Aula Cultural de Museos y Conservaci\u00f3n del Patrimonio - Aulas y C\u00e1tedras Culturales","robots":{"index":"index","follow":"follow","max-snippet":"max-snippet:-1","max-image-preview":"max-image-preview:large","max-video-preview":"max-video-preview:-1"},"canonical":"https:\/\/www.ull.es\/portal\/aulasycatedrasculturales\/aula-de-museos-y-conservacion-del-patrimonio\/","og_locale":"es_ES","og_type":"article","og_title":"Aula Cultural de Museos y Conservaci\u00f3n del Patrimonio - Aulas y C\u00e1tedras Culturales","og_description":"[vc_row][vc_column][vc_empty_space][\/vc_column][\/vc_row][vc_row][vc_column width=\u00bb1\/3&#8243;][vc_single_image image=\u00bb1460&#8243; img_size=\u00bbfull\u00bb][vc_column_text]Director: Francisco \u00c1lvaro Ru\u00edz Rodr\u00edguez (+34) 922 31 77 80 fruiz@ull.es [\/vc_column_text][\/vc_column][vc_column width=\u00bb2\/3&#8243;][vc_column_text] Aula Cultural de Museos...","og_url":"https:\/\/www.ull.es\/portal\/aulasycatedrasculturales\/aula-de-museos-y-conservacion-del-patrimonio\/","og_site_name":"Aulas y C\u00e1tedras Culturales","article_modified_time":"2018-06-11T14:11:32+00:00","og_image":[{"width":300,"height":300,"url":"https:\/\/www.ull.es\/portal\/aulasycatedrasculturales\/wp-content\/uploads\/sites\/19\/2016\/12\/aula-museo.jpg","type":"image\/jpeg"}],"twitter_card":"summary_large_image","twitter_misc":{"Tiempo de lectura":"1 minuto"},"schema":{"@context":"https:\/\/schema.org","@graph":[{"@type":"WebPage","@id":"https:\/\/www.ull.es\/portal\/aulasycatedrasculturales\/aula-de-museos-y-conservacion-del-patrimonio\/","url":"https:\/\/www.ull.es\/portal\/aulasycatedrasculturales\/aula-de-museos-y-conservacion-del-patrimonio\/","name":"Aula Cultural de Museos y Conservaci\u00f3n del Patrimonio - Aulas y C\u00e1tedras Culturales","isPartOf":{"@id":"https:\/\/www.ull.es\/portal\/aulasycatedrasculturales\/#website"},"datePublished":"2016-12-19T12:26:26+00:00","dateModified":"2018-06-11T14:11:32+00:00","breadcrumb":{"@id":"https:\/\/www.ull.es\/portal\/aulasycatedrasculturales\/aula-de-museos-y-conservacion-del-patrimonio\/#breadcrumb"},"inLanguage":"es","potentialAction":[{"@type":"ReadAction","target":["https:\/\/www.ull.es\/portal\/aulasycatedrasculturales\/aula-de-museos-y-conservacion-del-patrimonio\/"]}]},{"@type":"BreadcrumbList","@id":"https:\/\/www.ull.es\/portal\/aulasycatedrasculturales\/aula-de-museos-y-conservacion-del-patrimonio\/#breadcrumb","itemListElement":[{"@type":"ListItem","position":1,"name":"Portada","item":"https:\/\/www.ull.es\/portal\/aulasycatedrasculturales\/"},{"@type":"ListItem","position":2,"name":"Aula Cultural de Museos y Conservaci\u00f3n del Patrimonio"}]},{"@type":"WebSite","@id":"https:\/\/www.ull.es\/portal\/aulasycatedrasculturales\/#website","url":"https:\/\/www.ull.es\/portal\/aulasycatedrasculturales\/","name":"Aulas y C\u00e1tedras Culturales","description":"","potentialAction":[{"@type":"SearchAction","target":{"@type":"EntryPoint","urlTemplate":"https:\/\/www.ull.es\/portal\/aulasycatedrasculturales\/?s={search_term_string}"},"query-input":"required name=search_term_string"}],"inLanguage":"es"}]}},"_links":{"self":[{"href":"https:\/\/www.ull.es\/portal\/aulasycatedrasculturales\/wp-json\/wp\/v2\/pages\/106"}],"collection":[{"href":"https:\/\/www.ull.es\/portal\/aulasycatedrasculturales\/wp-json\/wp\/v2\/pages"}],"about":[{"href":"https:\/\/www.ull.es\/portal\/aulasycatedrasculturales\/wp-json\/wp\/v2\/types\/page"}],"author":[{"embeddable":true,"href":"https:\/\/www.ull.es\/portal\/aulasycatedrasculturales\/wp-json\/wp\/v2\/users\/22"}],"replies":[{"embeddable":true,"href":"https:\/\/www.ull.es\/portal\/aulasycatedrasculturales\/wp-json\/wp\/v2\/comments?post=106"}],"version-history":[{"count":4,"href":"https:\/\/www.ull.es\/portal\/aulasycatedrasculturales\/wp-json\/wp\/v2\/pages\/106\/revisions"}],"predecessor-version":[{"id":1862,"href":"https:\/\/www.ull.es\/portal\/aulasycatedrasculturales\/wp-json\/wp\/v2\/pages\/106\/revisions\/1862"}],"wp:featuredmedia":[{"embeddable":true,"href":"https:\/\/www.ull.es\/portal\/aulasycatedrasculturales\/wp-json\/wp\/v2\/media\/1460"}],"wp:attachment":[{"href":"https:\/\/www.ull.es\/portal\/aulasycatedrasculturales\/wp-json\/wp\/v2\/media?parent=106"}],"curies":[{"name":"wp","href":"https:\/\/api.w.org\/{rel}","templated":true}]}}