{"id":146,"date":"2016-12-22T08:50:03","date_gmt":"2016-12-22T08:50:03","guid":{"rendered":"https:\/\/www.ull.es\/portal\/aulasycatedrasculturales\/?page_id=146"},"modified":"2025-11-20T12:06:59","modified_gmt":"2025-11-20T12:06:59","slug":"catedra-de-convivencia-y-seguridad","status":"publish","type":"page","link":"https:\/\/www.ull.es\/portal\/aulasycatedrasculturales\/catedra-de-convivencia-y-seguridad\/","title":{"rendered":"C\u00e1tedra Cultural Convivencia y Seguridad"},"content":{"rendered":"<p>[vc_row][vc_column][vc_empty_space][\/vc_column][\/vc_row][vc_row][vc_column width=\u00bb1\/3&#8243;][vc_single_image image=\u00bb2146&#8243; img_size=\u00bbfull\u00bb][vc_column_text]<\/p>\n<p align=\"justify\"><strong>Director:<\/strong> Antonio Rodr\u00edguez Hern\u00e1ndez<\/p>\n<ul>\n<li><i class=\"fa fa-phone\"><\/i>\u00a0(+34) 922 31 96 98<\/li>\n<li><i class=\"fa fa-envelope\"><\/i> <a href=\"mailto:antrodri@ull.edu.es\" target=\"_blank\" rel=\"noopener\" target=\"_blank\" rel=\"noopener\">antrodri@ull.es<\/a><\/li>\n<\/ul>\n<p>[\/vc_column_text][\/vc_column][vc_column width=\u00bb2\/3&#8243;][vc_column_text]<\/p>\n<h2>C\u00e1tedra Cultural Convivencia y Seguridad<\/h2>\n<p>[\/vc_column_text][vc_column_text]<\/p>\n<p align=\"justify\"><span lang=\"x-none\">El Consejo de Gobierno de la Universidad de La Laguna dio luz verde a la creaci\u00f3n de la C\u00e1tedra Cultural de Convivencia y Seguridad, en sesi\u00f3n de fecha 22 de junio de 2015.<\/span><\/p>\n<p align=\"justify\"><span lang=\"x-none\">La creaci\u00f3n de esta C\u00e1tedra es el resultado de <\/span><span lang=\"x-none\"> la intensa actividad<\/span> (de formaci\u00f3n, investigaci\u00f3n y proyectos sociales)<span lang=\"x-none\"> que <\/span>desde su creaci\u00f3n <span lang=\"x-none\">viene desarrollando el Centro de Estudios Universitarios de la Mediaci\u00f3n y la Convivencia de la ULL (CUMECO), <\/span><span lang=\"x-none\">concebido como un centro interdisciplinar (en el que participan psic\u00f3logos, juristas, trabajadores sociales, <\/span>soci\u00f3logos, profesionales del \u00e1mbito sanitario, pedagogos <span lang=\"x-none\">etc.) dedicado a la organizaci\u00f3n, coordinaci\u00f3n, realizaci\u00f3n y promoci\u00f3n cient\u00edfica y social de actividades y estudios relativos a la mediaci\u00f3n, la gesti\u00f3n de conflictos y la convivencia. <\/span><\/p>\n<p align=\"justify\"><span lang=\"x-none\">E<\/span>n esta C<span lang=\"x-none\">\u00e1tedra, aparecen dos valores; por una parte, <\/span>la idea de convivencia a la que desde luego contribuye <span lang=\"x-none\">la mediaci\u00f3n que se concibe como un procedimiento alternativo de <\/span>gesti\u00f3n\/<span lang=\"x-none\">resoluci\u00f3n de conflictos, que est\u00e1 basado en la cultura de la paz, y que requiere el desarrollo de procesos educativos, comunitarios y sociales donde se promuevan valores y actitudes de resolver las controversias por procedimientos participativos y cooperativos. Una convivencia de calidad y una convivencia segura, no s\u00f3lo se favorece con la actuaci\u00f3n de los tribunales de justicia, sino gracias <\/span>a <span lang=\"x-none\">la realizaci\u00f3n de otros mecanismos alternativos de resoluci\u00f3n de conflictos, que inspirados en la cultura de la paz, ha<\/span>ga<span lang=\"x-none\">n realidad el derecho a la tutela judicial efectiva, que reconoce nuestra Constituci\u00f3n. <\/span><\/p>\n<p align=\"justify\"><span lang=\"x-none\">La otra \u00e1rea de trabajo de la C\u00e1tedra es <\/span><span lang=\"x-none\">la seguridad<\/span><span lang=\"x-none\">. Seguridad ciudadana que ha sufrido en los \u00faltimos a\u00f1os una profunda transformaci\u00f3n, ya que frente a los enfoques tradicionales basados en la presencia de la autoridad y la sensaci\u00f3n f\u00edsica y social de orden, y donde sus principales instrumentos son la contenci\u00f3n y la represi\u00f3n, se han desarrollado otras estrategias de seguridad donde resalta la prevenci\u00f3n y la aplicaci\u00f3n t\u00e9cnica de fundamentos de seguridad basados en el an\u00e1lisis y resoluci\u00f3n de problema. <\/span><\/p>\n<p align=\"justify\"><span lang=\"x-none\">Pues bien, estos valores, <\/span><span lang=\"x-none\">convivencia y seguridad<\/span><span lang=\"x-none\">, van de la mano en proyectos liderados por CUMECO, como son: MEDIAC\u00d3N, CONCORDIA, que se presentan como <\/span><span lang=\"x-none\">proyectos de innovaci\u00f3n social que tienen como objetivo la creaci\u00f3n de unidades de mediaci\u00f3n en los municipios y donde la polic\u00eda municipal, junto a otros agentes de participaci\u00f3n social, jueguen un rol fundamental en la promoci\u00f3n de la cultura de la mediaci\u00f3n y la gesti\u00f3n cooperativa de conflictos. <\/span><\/p>\n<p>[\/vc_column_text][\/vc_column][\/vc_row]<\/p>\n","protected":false},"excerpt":{"rendered":"<p>[vc_row][vc_column][vc_empty_space][\/vc_column][\/vc_row][vc_row][vc_column width=\u00bb1\/3&#8243;][vc_single_image image=\u00bb2146&#8243; img_size=\u00bbfull\u00bb][vc_column_text] Director: Antonio Rodr\u00edguez Hern\u00e1ndez \u00a0(+34) 922 31 96 98 antrodri@ull.es [\/vc_column_text][\/vc_column][vc_column width=\u00bb2\/3&#8243;][vc_column_text] C\u00e1tedra Cultural Convivencia y&#8230;<\/p>\n","protected":false},"author":22,"featured_media":1503,"parent":0,"menu_order":0,"comment_status":"closed","ping_status":"closed","template":"","meta":{"inline_featured_image":false,"footnotes":""},"acf":[],"yoast_head":"<!-- This site is optimized with the Yoast SEO plugin v21.3 - https:\/\/yoast.com\/wordpress\/plugins\/seo\/ -->\n<title>C\u00e1tedra Cultural Convivencia y Seguridad - Aulas y C\u00e1tedras Culturales<\/title>\n<meta name=\"robots\" content=\"index, follow, max-snippet:-1, max-image-preview:large, max-video-preview:-1\" \/>\n<link rel=\"canonical\" href=\"https:\/\/www.ull.es\/portal\/aulasycatedrasculturales\/catedra-de-convivencia-y-seguridad\/\" \/>\n<meta property=\"og:locale\" content=\"es_ES\" \/>\n<meta property=\"og:type\" content=\"article\" \/>\n<meta property=\"og:title\" content=\"C\u00e1tedra Cultural Convivencia y Seguridad - Aulas y C\u00e1tedras Culturales\" \/>\n<meta property=\"og:description\" content=\"[vc_row][vc_column][vc_empty_space][\/vc_column][\/vc_row][vc_row][vc_column width=\u00bb1\/3&#8243;][vc_single_image image=\u00bb2146&#8243; img_size=\u00bbfull\u00bb][vc_column_text] Director: Antonio Rodr\u00edguez Hern\u00e1ndez \u00a0(+34) 922 31 96 98 antrodri@ull.es [\/vc_column_text][\/vc_column][vc_column width=\u00bb2\/3&#8243;][vc_column_text] C\u00e1tedra Cultural Convivencia y...\" \/>\n<meta property=\"og:url\" content=\"https:\/\/www.ull.es\/portal\/aulasycatedrasculturales\/catedra-de-convivencia-y-seguridad\/\" \/>\n<meta property=\"og:site_name\" content=\"Aulas y C\u00e1tedras Culturales\" \/>\n<meta property=\"article:modified_time\" content=\"2025-11-20T12:06:59+00:00\" \/>\n<meta property=\"og:image\" content=\"https:\/\/www.ull.es\/portal\/aulasycatedrasculturales\/wp-content\/uploads\/sites\/19\/2016\/12\/catedra-convivencia.jpg\" \/>\n\t<meta property=\"og:image:width\" content=\"360\" \/>\n\t<meta property=\"og:image:height\" content=\"360\" \/>\n\t<meta property=\"og:image:type\" content=\"image\/jpeg\" \/>\n<meta name=\"twitter:card\" content=\"summary_large_image\" \/>\n<meta name=\"twitter:label1\" content=\"Tiempo de lectura\" \/>\n\t<meta name=\"twitter:data1\" content=\"2 minutos\" \/>\n<script type=\"application\/ld+json\" class=\"yoast-schema-graph\">{\"@context\":\"https:\/\/schema.org\",\"@graph\":[{\"@type\":\"WebPage\",\"@id\":\"https:\/\/www.ull.es\/portal\/aulasycatedrasculturales\/catedra-de-convivencia-y-seguridad\/\",\"url\":\"https:\/\/www.ull.es\/portal\/aulasycatedrasculturales\/catedra-de-convivencia-y-seguridad\/\",\"name\":\"C\u00e1tedra Cultural Convivencia y Seguridad - Aulas y C\u00e1tedras Culturales\",\"isPartOf\":{\"@id\":\"https:\/\/www.ull.es\/portal\/aulasycatedrasculturales\/#website\"},\"datePublished\":\"2016-12-22T08:50:03+00:00\",\"dateModified\":\"2025-11-20T12:06:59+00:00\",\"breadcrumb\":{\"@id\":\"https:\/\/www.ull.es\/portal\/aulasycatedrasculturales\/catedra-de-convivencia-y-seguridad\/#breadcrumb\"},\"inLanguage\":\"es\",\"potentialAction\":[{\"@type\":\"ReadAction\",\"target\":[\"https:\/\/www.ull.es\/portal\/aulasycatedrasculturales\/catedra-de-convivencia-y-seguridad\/\"]}]},{\"@type\":\"BreadcrumbList\",\"@id\":\"https:\/\/www.ull.es\/portal\/aulasycatedrasculturales\/catedra-de-convivencia-y-seguridad\/#breadcrumb\",\"itemListElement\":[{\"@type\":\"ListItem\",\"position\":1,\"name\":\"Portada\",\"item\":\"https:\/\/www.ull.es\/portal\/aulasycatedrasculturales\/\"},{\"@type\":\"ListItem\",\"position\":2,\"name\":\"C\u00e1tedra Cultural Convivencia y Seguridad\"}]},{\"@type\":\"WebSite\",\"@id\":\"https:\/\/www.ull.es\/portal\/aulasycatedrasculturales\/#website\",\"url\":\"https:\/\/www.ull.es\/portal\/aulasycatedrasculturales\/\",\"name\":\"Aulas y C\u00e1tedras Culturales\",\"description\":\"\",\"potentialAction\":[{\"@type\":\"SearchAction\",\"target\":{\"@type\":\"EntryPoint\",\"urlTemplate\":\"https:\/\/www.ull.es\/portal\/aulasycatedrasculturales\/?s={search_term_string}\"},\"query-input\":\"required name=search_term_string\"}],\"inLanguage\":\"es\"}]}<\/script>\n<!-- \/ Yoast SEO plugin. -->","yoast_head_json":{"title":"C\u00e1tedra Cultural Convivencia y Seguridad - Aulas y C\u00e1tedras Culturales","robots":{"index":"index","follow":"follow","max-snippet":"max-snippet:-1","max-image-preview":"max-image-preview:large","max-video-preview":"max-video-preview:-1"},"canonical":"https:\/\/www.ull.es\/portal\/aulasycatedrasculturales\/catedra-de-convivencia-y-seguridad\/","og_locale":"es_ES","og_type":"article","og_title":"C\u00e1tedra Cultural Convivencia y Seguridad - Aulas y C\u00e1tedras Culturales","og_description":"[vc_row][vc_column][vc_empty_space][\/vc_column][\/vc_row][vc_row][vc_column width=\u00bb1\/3&#8243;][vc_single_image image=\u00bb2146&#8243; img_size=\u00bbfull\u00bb][vc_column_text] Director: Antonio Rodr\u00edguez Hern\u00e1ndez \u00a0(+34) 922 31 96 98 antrodri@ull.es [\/vc_column_text][\/vc_column][vc_column width=\u00bb2\/3&#8243;][vc_column_text] C\u00e1tedra Cultural Convivencia y...","og_url":"https:\/\/www.ull.es\/portal\/aulasycatedrasculturales\/catedra-de-convivencia-y-seguridad\/","og_site_name":"Aulas y C\u00e1tedras Culturales","article_modified_time":"2025-11-20T12:06:59+00:00","og_image":[{"width":360,"height":360,"url":"https:\/\/www.ull.es\/portal\/aulasycatedrasculturales\/wp-content\/uploads\/sites\/19\/2016\/12\/catedra-convivencia.jpg","type":"image\/jpeg"}],"twitter_card":"summary_large_image","twitter_misc":{"Tiempo de lectura":"2 minutos"},"schema":{"@context":"https:\/\/schema.org","@graph":[{"@type":"WebPage","@id":"https:\/\/www.ull.es\/portal\/aulasycatedrasculturales\/catedra-de-convivencia-y-seguridad\/","url":"https:\/\/www.ull.es\/portal\/aulasycatedrasculturales\/catedra-de-convivencia-y-seguridad\/","name":"C\u00e1tedra Cultural Convivencia y Seguridad - Aulas y C\u00e1tedras Culturales","isPartOf":{"@id":"https:\/\/www.ull.es\/portal\/aulasycatedrasculturales\/#website"},"datePublished":"2016-12-22T08:50:03+00:00","dateModified":"2025-11-20T12:06:59+00:00","breadcrumb":{"@id":"https:\/\/www.ull.es\/portal\/aulasycatedrasculturales\/catedra-de-convivencia-y-seguridad\/#breadcrumb"},"inLanguage":"es","potentialAction":[{"@type":"ReadAction","target":["https:\/\/www.ull.es\/portal\/aulasycatedrasculturales\/catedra-de-convivencia-y-seguridad\/"]}]},{"@type":"BreadcrumbList","@id":"https:\/\/www.ull.es\/portal\/aulasycatedrasculturales\/catedra-de-convivencia-y-seguridad\/#breadcrumb","itemListElement":[{"@type":"ListItem","position":1,"name":"Portada","item":"https:\/\/www.ull.es\/portal\/aulasycatedrasculturales\/"},{"@type":"ListItem","position":2,"name":"C\u00e1tedra Cultural Convivencia y Seguridad"}]},{"@type":"WebSite","@id":"https:\/\/www.ull.es\/portal\/aulasycatedrasculturales\/#website","url":"https:\/\/www.ull.es\/portal\/aulasycatedrasculturales\/","name":"Aulas y C\u00e1tedras Culturales","description":"","potentialAction":[{"@type":"SearchAction","target":{"@type":"EntryPoint","urlTemplate":"https:\/\/www.ull.es\/portal\/aulasycatedrasculturales\/?s={search_term_string}"},"query-input":"required name=search_term_string"}],"inLanguage":"es"}]}},"_links":{"self":[{"href":"https:\/\/www.ull.es\/portal\/aulasycatedrasculturales\/wp-json\/wp\/v2\/pages\/146"}],"collection":[{"href":"https:\/\/www.ull.es\/portal\/aulasycatedrasculturales\/wp-json\/wp\/v2\/pages"}],"about":[{"href":"https:\/\/www.ull.es\/portal\/aulasycatedrasculturales\/wp-json\/wp\/v2\/types\/page"}],"author":[{"embeddable":true,"href":"https:\/\/www.ull.es\/portal\/aulasycatedrasculturales\/wp-json\/wp\/v2\/users\/22"}],"replies":[{"embeddable":true,"href":"https:\/\/www.ull.es\/portal\/aulasycatedrasculturales\/wp-json\/wp\/v2\/comments?post=146"}],"version-history":[{"count":8,"href":"https:\/\/www.ull.es\/portal\/aulasycatedrasculturales\/wp-json\/wp\/v2\/pages\/146\/revisions"}],"predecessor-version":[{"id":2393,"href":"https:\/\/www.ull.es\/portal\/aulasycatedrasculturales\/wp-json\/wp\/v2\/pages\/146\/revisions\/2393"}],"wp:featuredmedia":[{"embeddable":true,"href":"https:\/\/www.ull.es\/portal\/aulasycatedrasculturales\/wp-json\/wp\/v2\/media\/1503"}],"wp:attachment":[{"href":"https:\/\/www.ull.es\/portal\/aulasycatedrasculturales\/wp-json\/wp\/v2\/media?parent=146"}],"curies":[{"name":"wp","href":"https:\/\/api.w.org\/{rel}","templated":true}]}}