{"id":156,"date":"2016-12-22T09:19:34","date_gmt":"2016-12-22T09:19:34","guid":{"rendered":"https:\/\/www.ull.es\/portal\/aulasycatedrasculturales\/?page_id=156"},"modified":"2025-02-07T13:48:58","modified_gmt":"2025-02-07T13:48:58","slug":"catedra-cultural-javier-muguerza","status":"publish","type":"page","link":"https:\/\/www.ull.es\/portal\/aulasycatedrasculturales\/catedra-cultural-javier-muguerza\/","title":{"rendered":"C\u00e1tedra Cultural Javier Muguerza"},"content":{"rendered":"<p>[vc_row][vc_column][vc_empty_space][\/vc_column][\/vc_row][vc_row][vc_column width=\u00bb1\/3&#8243;][vc_single_image image=\u00bb1516&#8243; img_size=\u00bbfull\u00bb alignment=\u00bbcenter\u00bb][vc_row_inner][vc_column_inner][vc_column_text]<strong>Directora:<\/strong> Mar\u00eda Jos\u00e9 Guerra Palmero<br \/>\n<strong>Secretario:<\/strong> Miguel Mandujano Estrada<\/p>\n<ul>\n<li><i class=\"fa fa-phone\"><\/i> (+34) 922 31 79 08<\/li>\n<li><a href=\"mailto:ccjmuguerza@ull.edu.es\" target=\"_blank\" rel=\"noopener\" target=\"_blank\" rel=\"noopener\">ccjmuguerza@ull.es<\/a><a href=\"mailto:ccjmuguerza@ull.edu.es\" target=\"_blank\" rel=\"noopener\" target=\"_blank\" rel=\"noopener\">\u00a0<\/a><\/li>\n<\/ul>\n<p>[\/vc_column_text][\/vc_column_inner][\/vc_row_inner][\/vc_column][vc_column width=\u00bb2\/3&#8243;][vc_column_text]<\/p>\n<h2>C\u00e1tedra Cultural Javier Muguerza<\/h2>\n<p>[\/vc_column_text][vc_column_text]<\/p>\n<p style=\"text-align: justify;\">La C\u00e1tedra Cultural \u00abJavier Muguerza\u00bb fue creada a principios del curso 2011-12 en homenaje al profesor Muguerza, doctor honoris causa por nuestra Universidad, e inici\u00f3 sus actividades en 2012 para la difusi\u00f3n en nuestras Islas del pensamiento y la investigaci\u00f3n filos\u00f3fica en todos sus \u00e1mbitos, en conexi\u00f3n con las ciencias sociales, naturales y formales y con los distintos saberes pr\u00e1cticos de tipo normativo, expresivo y t\u00e9cnico.<\/p>\n<p style=\"text-align: justify;\">Su finalidad es la de difundir la necesidad de reflexi\u00f3n y an\u00e1lisis, de interpretaci\u00f3n y argumentaci\u00f3n y de comprensi\u00f3n cr\u00edtica y reconstructiva de las ideas, valores, normas y fines que predominan en las diferentes esferas (cultura, pol\u00edtica, econom\u00eda, etc\u00e9tera) y en los diversos problemas (violencia, intolerancia, injusticia, etc\u00e9tera) de la vida individual y societal de nuestro tiempo. Y asimismo difundir la necesidad de reflexi\u00f3n y an\u00e1lisis, de interpretaci\u00f3n y argumentaci\u00f3n y de comprensi\u00f3n cr\u00edtica y reconstructiva de las ideas, valores, normas y fines que caracterizan a los diversos saberes disciplinares cl\u00e1sicos (ciencias y humanidades) y recientes (\u00e9ticas aplicadas, neurociencias, biotecnolog\u00edas, etc\u00e9tera).<\/p>\n<p style=\"text-align: justify;\">Las actividades de la C\u00e1tedra Cultural \u00abJavier Muguerza\u00bb est\u00e1n orientadas hacia los sectores con m\u00e1s inquietudes culturales de las sociedades de nuestras Islas. En concreto, al profesorado y alumnado de la ense\u00f1anza secundaria y universitaria canaria, y al p\u00fablico habitual de nuestras instituciones culturales, interesado en el devenir de las ciencias y las letras.<\/p>\n<p style=\"text-align: justify;\">En el \u00faltimo lustro ha organizado anualmente las Jornadas de Primavera sobre pensamiento filos\u00f3fico, l\u00f3gica, ciencia y tecnolog\u00eda, \u00e9tica y derecho (con la asistencia de Javier Muguerza, Ernesto Garz\u00f3n Vald\u00e9s, Luis Vega Re\u00f1\u00f3n, Miguel \u00c1ngel Quintanilla, Manuel \u00c1lvarez de la Rosa y Carlos Thiebaut) y las Jornadas de Oto\u00f1o, centradas en las Conferencias Javier Muguerza, impartidas hasta hora por El\u00edas D\u00edaz, Victor\u00eda Camps, Manuel Fraij\u00f3 y Jos\u00e9 Mar\u00eda Gonz\u00e1lez Garc\u00eda. Adem\u00e1s, la C\u00e1tedra Cultural \u201cJavier Muguerza\u201d ha colaborado con la Fundaci\u00f3n Mapfre Guanarteme en la celebraci\u00f3n de los Encuentros Canarios entre Espa\u00f1a y Latinoam\u00e9rica, en Las Palmas, y en la publicaci\u00f3n de los libros de cada Encuentro. Y asimismo ha apoyado diversos Seminarios y Jornadas filos\u00f3ficas anuales en el Ateneo de La Laguna.<\/p>\n<p>[\/vc_column_text][\/vc_column][\/vc_row]<\/p>\n","protected":false},"excerpt":{"rendered":"<p>[vc_row][vc_column][vc_empty_space][\/vc_column][\/vc_row][vc_row][vc_column width=\u00bb1\/3&#8243;][vc_single_image image=\u00bb1516&#8243; img_size=\u00bbfull\u00bb alignment=\u00bbcenter\u00bb][vc_row_inner][vc_column_inner][vc_column_text]Directora: Mar\u00eda Jos\u00e9 Guerra Palmero Secretario: Miguel Mandujano Estrada (+34) 922 31 79 08 ccjmuguerza@ull.es\u00a0 [\/vc_column_text][\/vc_column_inner][\/vc_row_inner][\/vc_column][vc_column&#8230;<\/p>\n","protected":false},"author":22,"featured_media":1516,"parent":0,"menu_order":0,"comment_status":"closed","ping_status":"closed","template":"","meta":{"inline_featured_image":false,"footnotes":""},"acf":[],"yoast_head":"<!-- This site is optimized with the Yoast SEO plugin v21.3 - https:\/\/yoast.com\/wordpress\/plugins\/seo\/ -->\n<title>C\u00e1tedra Cultural Javier Muguerza - Aulas y C\u00e1tedras Culturales<\/title>\n<meta name=\"robots\" content=\"index, follow, max-snippet:-1, max-image-preview:large, max-video-preview:-1\" \/>\n<link rel=\"canonical\" href=\"https:\/\/www.ull.es\/portal\/aulasycatedrasculturales\/catedra-cultural-javier-muguerza\/\" \/>\n<meta property=\"og:locale\" content=\"es_ES\" \/>\n<meta property=\"og:type\" content=\"article\" \/>\n<meta property=\"og:title\" content=\"C\u00e1tedra Cultural Javier Muguerza - Aulas y C\u00e1tedras Culturales\" \/>\n<meta property=\"og:description\" content=\"[vc_row][vc_column][vc_empty_space][\/vc_column][\/vc_row][vc_row][vc_column width=\u00bb1\/3&#8243;][vc_single_image image=\u00bb1516&#8243; img_size=\u00bbfull\u00bb alignment=\u00bbcenter\u00bb][vc_row_inner][vc_column_inner][vc_column_text]Directora: Mar\u00eda Jos\u00e9 Guerra Palmero Secretario: Miguel Mandujano Estrada (+34) 922 31 79 08 ccjmuguerza@ull.es\u00a0 [\/vc_column_text][\/vc_column_inner][\/vc_row_inner][\/vc_column][vc_column...\" \/>\n<meta property=\"og:url\" content=\"https:\/\/www.ull.es\/portal\/aulasycatedrasculturales\/catedra-cultural-javier-muguerza\/\" \/>\n<meta property=\"og:site_name\" content=\"Aulas y C\u00e1tedras Culturales\" \/>\n<meta property=\"article:modified_time\" content=\"2025-02-07T13:48:58+00:00\" \/>\n<meta property=\"og:image\" content=\"https:\/\/www.ull.es\/portal\/aulasycatedrasculturales\/wp-content\/uploads\/sites\/19\/2016\/12\/catedra-mug.png\" \/>\n\t<meta property=\"og:image:width\" content=\"360\" \/>\n\t<meta property=\"og:image:height\" content=\"360\" \/>\n\t<meta property=\"og:image:type\" content=\"image\/png\" \/>\n<meta name=\"twitter:card\" content=\"summary_large_image\" \/>\n<meta name=\"twitter:label1\" content=\"Tiempo de lectura\" \/>\n\t<meta name=\"twitter:data1\" content=\"2 minutos\" \/>\n<script type=\"application\/ld+json\" class=\"yoast-schema-graph\">{\"@context\":\"https:\/\/schema.org\",\"@graph\":[{\"@type\":\"WebPage\",\"@id\":\"https:\/\/www.ull.es\/portal\/aulasycatedrasculturales\/catedra-cultural-javier-muguerza\/\",\"url\":\"https:\/\/www.ull.es\/portal\/aulasycatedrasculturales\/catedra-cultural-javier-muguerza\/\",\"name\":\"C\u00e1tedra Cultural Javier Muguerza - Aulas y C\u00e1tedras Culturales\",\"isPartOf\":{\"@id\":\"https:\/\/www.ull.es\/portal\/aulasycatedrasculturales\/#website\"},\"datePublished\":\"2016-12-22T09:19:34+00:00\",\"dateModified\":\"2025-02-07T13:48:58+00:00\",\"breadcrumb\":{\"@id\":\"https:\/\/www.ull.es\/portal\/aulasycatedrasculturales\/catedra-cultural-javier-muguerza\/#breadcrumb\"},\"inLanguage\":\"es\",\"potentialAction\":[{\"@type\":\"ReadAction\",\"target\":[\"https:\/\/www.ull.es\/portal\/aulasycatedrasculturales\/catedra-cultural-javier-muguerza\/\"]}]},{\"@type\":\"BreadcrumbList\",\"@id\":\"https:\/\/www.ull.es\/portal\/aulasycatedrasculturales\/catedra-cultural-javier-muguerza\/#breadcrumb\",\"itemListElement\":[{\"@type\":\"ListItem\",\"position\":1,\"name\":\"Portada\",\"item\":\"https:\/\/www.ull.es\/portal\/aulasycatedrasculturales\/\"},{\"@type\":\"ListItem\",\"position\":2,\"name\":\"C\u00e1tedra Cultural Javier Muguerza\"}]},{\"@type\":\"WebSite\",\"@id\":\"https:\/\/www.ull.es\/portal\/aulasycatedrasculturales\/#website\",\"url\":\"https:\/\/www.ull.es\/portal\/aulasycatedrasculturales\/\",\"name\":\"Aulas y C\u00e1tedras Culturales\",\"description\":\"\",\"potentialAction\":[{\"@type\":\"SearchAction\",\"target\":{\"@type\":\"EntryPoint\",\"urlTemplate\":\"https:\/\/www.ull.es\/portal\/aulasycatedrasculturales\/?s={search_term_string}\"},\"query-input\":\"required name=search_term_string\"}],\"inLanguage\":\"es\"}]}<\/script>\n<!-- \/ Yoast SEO plugin. -->","yoast_head_json":{"title":"C\u00e1tedra Cultural Javier Muguerza - Aulas y C\u00e1tedras Culturales","robots":{"index":"index","follow":"follow","max-snippet":"max-snippet:-1","max-image-preview":"max-image-preview:large","max-video-preview":"max-video-preview:-1"},"canonical":"https:\/\/www.ull.es\/portal\/aulasycatedrasculturales\/catedra-cultural-javier-muguerza\/","og_locale":"es_ES","og_type":"article","og_title":"C\u00e1tedra Cultural Javier Muguerza - Aulas y C\u00e1tedras Culturales","og_description":"[vc_row][vc_column][vc_empty_space][\/vc_column][\/vc_row][vc_row][vc_column width=\u00bb1\/3&#8243;][vc_single_image image=\u00bb1516&#8243; img_size=\u00bbfull\u00bb alignment=\u00bbcenter\u00bb][vc_row_inner][vc_column_inner][vc_column_text]Directora: Mar\u00eda Jos\u00e9 Guerra Palmero Secretario: Miguel Mandujano Estrada (+34) 922 31 79 08 ccjmuguerza@ull.es\u00a0 [\/vc_column_text][\/vc_column_inner][\/vc_row_inner][\/vc_column][vc_column...","og_url":"https:\/\/www.ull.es\/portal\/aulasycatedrasculturales\/catedra-cultural-javier-muguerza\/","og_site_name":"Aulas y C\u00e1tedras Culturales","article_modified_time":"2025-02-07T13:48:58+00:00","og_image":[{"width":360,"height":360,"url":"https:\/\/www.ull.es\/portal\/aulasycatedrasculturales\/wp-content\/uploads\/sites\/19\/2016\/12\/catedra-mug.png","type":"image\/png"}],"twitter_card":"summary_large_image","twitter_misc":{"Tiempo de lectura":"2 minutos"},"schema":{"@context":"https:\/\/schema.org","@graph":[{"@type":"WebPage","@id":"https:\/\/www.ull.es\/portal\/aulasycatedrasculturales\/catedra-cultural-javier-muguerza\/","url":"https:\/\/www.ull.es\/portal\/aulasycatedrasculturales\/catedra-cultural-javier-muguerza\/","name":"C\u00e1tedra Cultural Javier Muguerza - Aulas y C\u00e1tedras Culturales","isPartOf":{"@id":"https:\/\/www.ull.es\/portal\/aulasycatedrasculturales\/#website"},"datePublished":"2016-12-22T09:19:34+00:00","dateModified":"2025-02-07T13:48:58+00:00","breadcrumb":{"@id":"https:\/\/www.ull.es\/portal\/aulasycatedrasculturales\/catedra-cultural-javier-muguerza\/#breadcrumb"},"inLanguage":"es","potentialAction":[{"@type":"ReadAction","target":["https:\/\/www.ull.es\/portal\/aulasycatedrasculturales\/catedra-cultural-javier-muguerza\/"]}]},{"@type":"BreadcrumbList","@id":"https:\/\/www.ull.es\/portal\/aulasycatedrasculturales\/catedra-cultural-javier-muguerza\/#breadcrumb","itemListElement":[{"@type":"ListItem","position":1,"name":"Portada","item":"https:\/\/www.ull.es\/portal\/aulasycatedrasculturales\/"},{"@type":"ListItem","position":2,"name":"C\u00e1tedra Cultural Javier Muguerza"}]},{"@type":"WebSite","@id":"https:\/\/www.ull.es\/portal\/aulasycatedrasculturales\/#website","url":"https:\/\/www.ull.es\/portal\/aulasycatedrasculturales\/","name":"Aulas y C\u00e1tedras Culturales","description":"","potentialAction":[{"@type":"SearchAction","target":{"@type":"EntryPoint","urlTemplate":"https:\/\/www.ull.es\/portal\/aulasycatedrasculturales\/?s={search_term_string}"},"query-input":"required name=search_term_string"}],"inLanguage":"es"}]}},"_links":{"self":[{"href":"https:\/\/www.ull.es\/portal\/aulasycatedrasculturales\/wp-json\/wp\/v2\/pages\/156"}],"collection":[{"href":"https:\/\/www.ull.es\/portal\/aulasycatedrasculturales\/wp-json\/wp\/v2\/pages"}],"about":[{"href":"https:\/\/www.ull.es\/portal\/aulasycatedrasculturales\/wp-json\/wp\/v2\/types\/page"}],"author":[{"embeddable":true,"href":"https:\/\/www.ull.es\/portal\/aulasycatedrasculturales\/wp-json\/wp\/v2\/users\/22"}],"replies":[{"embeddable":true,"href":"https:\/\/www.ull.es\/portal\/aulasycatedrasculturales\/wp-json\/wp\/v2\/comments?post=156"}],"version-history":[{"count":9,"href":"https:\/\/www.ull.es\/portal\/aulasycatedrasculturales\/wp-json\/wp\/v2\/pages\/156\/revisions"}],"predecessor-version":[{"id":2364,"href":"https:\/\/www.ull.es\/portal\/aulasycatedrasculturales\/wp-json\/wp\/v2\/pages\/156\/revisions\/2364"}],"wp:featuredmedia":[{"embeddable":true,"href":"https:\/\/www.ull.es\/portal\/aulasycatedrasculturales\/wp-json\/wp\/v2\/media\/1516"}],"wp:attachment":[{"href":"https:\/\/www.ull.es\/portal\/aulasycatedrasculturales\/wp-json\/wp\/v2\/media?parent=156"}],"curies":[{"name":"wp","href":"https:\/\/api.w.org\/{rel}","templated":true}]}}

Cátedra Cultural Javier Muguerza

<p>[vc_row][vc_column][vc_empty_space][/vc_column][/vc_row][vc_row][vc_column width=»1/3&#8243;][vc_single_image image=»1516&#8243; img_size=»full» alignment=»center»][vc_row_inner][vc_column_inner][vc_column_text]<strong>Directora:</strong> María José Guerra Palmero<br />
<strong>Secretario:</strong> Miguel Mandujano Estrada</p>
<ul>
<li><i class="fa fa-phone"></i> (+34) 922 31 79 08</li>
<li><a href="mailto:ccjmuguerza@ull.edu.es" target="_blank" rel="noopener" target="_blank" rel="noopener">ccjmuguerza@ull.es</a><a href="mailto:ccjmuguerza@ull.edu.es" target="_blank" rel="noopener" target="_blank" rel="noopener"> </a></li>
</ul>
<p>[/vc_column_text][/vc_column_inner][/vc_row_inner][/vc_column][vc_column width=»2/3&#8243;][vc_column_text]</p>
<h2>Cátedra Cultural Javier Muguerza</h2>
<p>[/vc_column_text][vc_column_text]</p>
<p style="text-align: justify;">La Cátedra Cultural «Javier Muguerza» fue creada a principios del curso 2011-12 en homenaje al profesor Muguerza, doctor honoris causa por nuestra Universidad, e inició sus actividades en 2012 para la difusión en nuestras Islas del pensamiento y la investigación filosófica en todos sus ámbitos, en conexión con las ciencias sociales, naturales y formales y con los distintos saberes prácticos de tipo normativo, expresivo y técnico.</p>
<p style="text-align: justify;">Su finalidad es la de difundir la necesidad de reflexión y análisis, de interpretación y argumentación y de comprensión crítica y reconstructiva de las ideas, valores, normas y fines que predominan en las diferentes esferas (cultura, política, economía, etcétera) y en los diversos problemas (violencia, intolerancia, injusticia, etcétera) de la vida individual y societal de nuestro tiempo. Y asimismo difundir la necesidad de reflexión y análisis, de interpretación y argumentación y de comprensión crítica y reconstructiva de las ideas, valores, normas y fines que caracterizan a los diversos saberes disciplinares clásicos (ciencias y humanidades) y recientes (éticas aplicadas, neurociencias, biotecnologías, etcétera).</p>
<p style="text-align: justify;">Las actividades de la Cátedra Cultural «Javier Muguerza» están orientadas hacia los sectores con más inquietudes culturales de las sociedades de nuestras Islas. En concreto, al profesorado y alumnado de la enseñanza secundaria y universitaria canaria, y al público habitual de nuestras instituciones culturales, interesado en el devenir de las ciencias y las letras.</p>
<p style="text-align: justify;">En el último lustro ha organizado anualmente las Jornadas de Primavera sobre pensamiento filosófico, lógica, ciencia y tecnología, ética y derecho (con la asistencia de Javier Muguerza, Ernesto Garzón Valdés, Luis Vega Reñón, Miguel Ángel Quintanilla, Manuel Álvarez de la Rosa y Carlos Thiebaut) y las Jornadas de Otoño, centradas en las Conferencias Javier Muguerza, impartidas hasta hora por Elías Díaz, Victoría Camps, Manuel Fraijó y José María González García. Además, la Cátedra Cultural “Javier Muguerza” ha colaborado con la Fundación Mapfre Guanarteme en la celebración de los Encuentros Canarios entre España y Latinoamérica, en Las Palmas, y en la publicación de los libros de cada Encuentro. Y asimismo ha apoyado diversos Seminarios y Jornadas filosóficas anuales en el Ateneo de La Laguna.</p>
<p>[/vc_column_text][/vc_column][/vc_row]</p>

<p>[vc_row][vc_column][vc_empty_space][/vc_column][/vc_row][vc_row][vc_column width=»1/3&#8243;][vc_single_image image=»1516&#8243; img_size=»full» alignment=»center»][vc_row_inner][vc_column_inner][vc_column_text]Directora: María José Guerra Palmero Secretario: Miguel Mandujano Estrada (+34) 922 31 79 08 ccjmuguerza@ull.es  [/vc_column_text][/vc_column_inner][/vc_row_inner][/vc_column][vc_column&#8230;</p>

<!-- This site is optimized with the Yoast SEO plugin v21.3 - https://yoast.com/wordpress/plugins/seo/ -->
<title>Cátedra Cultural Javier Muguerza - Aulas y Cátedras Culturales</title>
<meta name="robots" content="index, follow, max-snippet:-1, max-image-preview:large, max-video-preview:-1" />
<link rel="canonical" href="https://www.ull.es/portal/aulasycatedrasculturales/catedra-cultural-javier-muguerza/" />
<meta property="og:locale" content="es_ES" />
<meta property="og:type" content="article" />
<meta property="og:title" content="Cátedra Cultural Javier Muguerza - Aulas y Cátedras Culturales" />
<meta property="og:description" content="[vc_row][vc_column][vc_empty_space][/vc_column][/vc_row][vc_row][vc_column width=»1/3&#8243;][vc_single_image image=»1516&#8243; img_size=»full» alignment=»center»][vc_row_inner][vc_column_inner][vc_column_text]Directora: María José Guerra Palmero Secretario: Miguel Mandujano Estrada (+34) 922 31 79 08 ccjmuguerza@ull.es  [/vc_column_text][/vc_column_inner][/vc_row_inner][/vc_column][vc_column..." />
<meta property="og:url" content="https://www.ull.es/portal/aulasycatedrasculturales/catedra-cultural-javier-muguerza/" />
<meta property="og:site_name" content="Aulas y Cátedras Culturales" />
<meta property="article:modified_time" content="2025-02-07T13:48:58+00:00" />
<meta property="og:image" content="https://www.ull.es/portal/aulasycatedrasculturales/wp-content/uploads/sites/19/2016/12/catedra-mug.png" />
	<meta property="og:image:width" content="360" />
	<meta property="og:image:height" content="360" />
	<meta property="og:image:type" content="image/png" />
<meta name="twitter:card" content="summary_large_image" />
<meta name="twitter:label1" content="Tiempo de lectura" />
	<meta name="twitter:data1" content="2 minutos" />
<script type="application/ld+json" class="yoast-schema-graph">{"@context":"https://schema.org","@graph":[{"@type":"WebPage","@id":"https://www.ull.es/portal/aulasycatedrasculturales/catedra-cultural-javier-muguerza/","url":"https://www.ull.es/portal/aulasycatedrasculturales/catedra-cultural-javier-muguerza/","name":"Cátedra Cultural Javier Muguerza - Aulas y Cátedras Culturales","isPartOf":{"@id":"https://www.ull.es/portal/aulasycatedrasculturales/#website"},"datePublished":"2016-12-22T09:19:34+00:00","dateModified":"2025-02-07T13:48:58+00:00","breadcrumb":{"@id":"https://www.ull.es/portal/aulasycatedrasculturales/catedra-cultural-javier-muguerza/#breadcrumb"},"inLanguage":"es","potentialAction":[{"@type":"ReadAction","target":["https://www.ull.es/portal/aulasycatedrasculturales/catedra-cultural-javier-muguerza/"]}]},{"@type":"BreadcrumbList","@id":"https://www.ull.es/portal/aulasycatedrasculturales/catedra-cultural-javier-muguerza/#breadcrumb","itemListElement":[{"@type":"ListItem","position":1,"name":"Portada","item":"https://www.ull.es/portal/aulasycatedrasculturales/"},{"@type":"ListItem","position":2,"name":"Cátedra Cultural Javier Muguerza"}]},{"@type":"WebSite","@id":"https://www.ull.es/portal/aulasycatedrasculturales/#website","url":"https://www.ull.es/portal/aulasycatedrasculturales/","name":"Aulas y Cátedras Culturales","description":"","potentialAction":[{"@type":"SearchAction","target":{"@type":"EntryPoint","urlTemplate":"https://www.ull.es/portal/aulasycatedrasculturales/?s={search_term_string}"},"query-input":"required name=search_term_string"}],"inLanguage":"es"}]}</script>
<!-- / Yoast SEO plugin. -->

Cátedra Cultural Javier Muguerza - Aulas y Cátedras Culturales

[vc_row][vc_column][vc_empty_space][/vc_column][/vc_row][vc_row][vc_column width=»1/3&#8243;][vc_single_image image=»1516&#8243; img_size=»full» alignment=»center»][vc_row_inner][vc_column_inner][vc_column_text]Directora: María José Guerra Palmero Secretario: Miguel Mandujano Estrada (+34) 922 31 79 08 ccjmuguerza@ull.es  [/vc_column_text][/vc_column_inner][/vc_row_inner][/vc_column][vc_column...

Aulas y Cátedras Culturales
