{"id":166,"date":"2016-12-22T09:42:40","date_gmt":"2016-12-22T09:42:40","guid":{"rendered":"https:\/\/www.ull.es\/portal\/aulasycatedrasculturales\/?page_id=166"},"modified":"2017-07-11T12:03:14","modified_gmt":"2017-07-11T12:03:14","slug":"catedra-cultural-miguel-de-unamuno","status":"publish","type":"page","link":"https:\/\/www.ull.es\/portal\/aulasycatedrasculturales\/catedra-cultural-miguel-de-unamuno\/","title":{"rendered":"C\u00e1tedra Cultural Miguel de Unamuno"},"content":{"rendered":"<p>[vc_row][vc_column][vc_empty_space][\/vc_column][\/vc_row][vc_row][vc_column width=\u00bb1\/3&#8243;][vc_single_image image=\u00bb1520&#8243; img_size=\u00bbfull\u00bb alignment=\u00bbcenter\u00bb][vc_column_text]<\/p>\n<p align=\"justify\"><strong>Director: <\/strong>Marcial Morera P\u00e9rez<\/p>\n<ul>\n<li><i class=\"fa fa-envelope\"><\/i> <a href=\"mailto:mmorera@ull.es\" target=\"_blank\" rel=\"noopener\">mmorera@ull.es<\/a><\/li>\n<\/ul>\n<p>[\/vc_column_text][\/vc_column][vc_column width=\u00bb2\/3&#8243;][vc_column_text]<\/p>\n<h2>C\u00e1tedra Cultural Miguel de Unamuno<\/h2>\n<p>[\/vc_column_text][vc_column_text]<\/p>\n<p align=\"justify\">La C\u00e1tedra Cultural \u201cMiguel de Unamuno\u201d tiene como objetivo el fomento y promoci\u00f3n del conocimiento y estudio de la vida y la obra de este destacado miembro de la Generaci\u00f3n del 98, que tanto hizo por Canarias las dos veces que, en distintas circunstancias, piso suelo insular: primero, en el a\u00f1o de 1910, como mantenedor de los juegos florales de Las Palmas de Gran Canaria; y segundo, en el a\u00f1o de 1924, desterrado por la dictadura del general Primo de Rivera. Esta relaci\u00f3n entre Miguel de Unamuno y Canarias tuvo consecuencias muy profundas, tanto para el autor como para el archipi\u00e9lago.<\/p>\n<p align=\"justify\">Para el autor, porque el mar, el paisaje y la sociedad de las Islas enriqueci\u00f3 hasta tal punto su obra po\u00e9tica, dram\u00e1tica, narrativa, filos\u00f3fica, religiosa y pol\u00edtica, que se puede hablar sin exageraci\u00f3n de un antes y un despu\u00e9s de Canarias en la obra unamuniana, como el mismo autor lleg\u00f3 a reconocer. Para las Islas, porque el escritor vasco nos proporcion\u00f3 una potente interpretaci\u00f3n po\u00e9tica de su paisaje, de su mar y de sus gentes en diversos art\u00edculos y poemarios, como De Fuerteventura a Par\u00eds, Alrededor del estilo\u2026, que no solamente las redimi\u00f3 de la triste visi\u00f3n que se ten\u00eda tradicionalmente de ellos, sino que tambi\u00e9n ejerci\u00f3 una poderos\u00edsima influencia sobre diversos creadores de las islas (Alonso Quesada, Agust\u00edn Espinosa, Domingo Rivero, Domingo Vel\u00e1zquez, Domingo Doreste, Manuel Gonz\u00e1lez Sosa\u2026), al tiempo que contribuy\u00f3 a proyectarlas m\u00e1s all\u00e1 de las fronteras nacionales. Con Miguel de Unamuno, Fuerteventura en concreto qued\u00f3 convertida en s\u00edmbolo del universo po\u00e9tico todo.<\/p>\n<p>[\/vc_column_text][\/vc_column][\/vc_row]<\/p>\n","protected":false},"excerpt":{"rendered":"<p>[vc_row][vc_column][vc_empty_space][\/vc_column][\/vc_row][vc_row][vc_column width=\u00bb1\/3&#8243;][vc_single_image image=\u00bb1520&#8243; img_size=\u00bbfull\u00bb alignment=\u00bbcenter\u00bb][vc_column_text] Director: Marcial Morera P\u00e9rez mmorera@ull.es [\/vc_column_text][\/vc_column][vc_column width=\u00bb2\/3&#8243;][vc_column_text] C\u00e1tedra Cultural Miguel de Unamuno [\/vc_column_text][vc_column_text] La C\u00e1tedra&#8230;<\/p>\n","protected":false},"author":22,"featured_media":1520,"parent":0,"menu_order":0,"comment_status":"closed","ping_status":"closed","template":"","meta":{"inline_featured_image":false,"footnotes":""},"acf":[],"yoast_head":"<!-- This site is optimized with the Yoast SEO plugin v21.3 - https:\/\/yoast.com\/wordpress\/plugins\/seo\/ -->\n<title>C\u00e1tedra Cultural Miguel de Unamuno - Aulas y C\u00e1tedras Culturales<\/title>\n<meta name=\"robots\" content=\"index, follow, max-snippet:-1, max-image-preview:large, max-video-preview:-1\" \/>\n<link rel=\"canonical\" href=\"https:\/\/www.ull.es\/portal\/aulasycatedrasculturales\/catedra-cultural-miguel-de-unamuno\/\" \/>\n<meta property=\"og:locale\" content=\"es_ES\" \/>\n<meta property=\"og:type\" content=\"article\" \/>\n<meta property=\"og:title\" content=\"C\u00e1tedra Cultural Miguel de Unamuno - Aulas y C\u00e1tedras Culturales\" \/>\n<meta property=\"og:description\" content=\"[vc_row][vc_column][vc_empty_space][\/vc_column][\/vc_row][vc_row][vc_column width=\u00bb1\/3&#8243;][vc_single_image image=\u00bb1520&#8243; img_size=\u00bbfull\u00bb alignment=\u00bbcenter\u00bb][vc_column_text] Director: Marcial Morera P\u00e9rez mmorera@ull.es [\/vc_column_text][\/vc_column][vc_column width=\u00bb2\/3&#8243;][vc_column_text] C\u00e1tedra Cultural Miguel de Unamuno [\/vc_column_text][vc_column_text] La C\u00e1tedra...\" \/>\n<meta property=\"og:url\" content=\"https:\/\/www.ull.es\/portal\/aulasycatedrasculturales\/catedra-cultural-miguel-de-unamuno\/\" \/>\n<meta property=\"og:site_name\" content=\"Aulas y C\u00e1tedras Culturales\" \/>\n<meta property=\"article:modified_time\" content=\"2017-07-11T12:03:14+00:00\" \/>\n<meta property=\"og:image\" content=\"https:\/\/www.ull.es\/portal\/aulasycatedrasculturales\/wp-content\/uploads\/sites\/19\/2016\/12\/catedra-unamuno.jpg\" \/>\n\t<meta property=\"og:image:width\" content=\"350\" \/>\n\t<meta property=\"og:image:height\" content=\"350\" \/>\n\t<meta property=\"og:image:type\" content=\"image\/jpeg\" \/>\n<meta name=\"twitter:card\" content=\"summary_large_image\" \/>\n<meta name=\"twitter:label1\" content=\"Tiempo de lectura\" \/>\n\t<meta name=\"twitter:data1\" content=\"2 minutos\" \/>\n<script type=\"application\/ld+json\" class=\"yoast-schema-graph\">{\"@context\":\"https:\/\/schema.org\",\"@graph\":[{\"@type\":\"WebPage\",\"@id\":\"https:\/\/www.ull.es\/portal\/aulasycatedrasculturales\/catedra-cultural-miguel-de-unamuno\/\",\"url\":\"https:\/\/www.ull.es\/portal\/aulasycatedrasculturales\/catedra-cultural-miguel-de-unamuno\/\",\"name\":\"C\u00e1tedra Cultural Miguel de Unamuno - Aulas y C\u00e1tedras Culturales\",\"isPartOf\":{\"@id\":\"https:\/\/www.ull.es\/portal\/aulasycatedrasculturales\/#website\"},\"datePublished\":\"2016-12-22T09:42:40+00:00\",\"dateModified\":\"2017-07-11T12:03:14+00:00\",\"breadcrumb\":{\"@id\":\"https:\/\/www.ull.es\/portal\/aulasycatedrasculturales\/catedra-cultural-miguel-de-unamuno\/#breadcrumb\"},\"inLanguage\":\"es\",\"potentialAction\":[{\"@type\":\"ReadAction\",\"target\":[\"https:\/\/www.ull.es\/portal\/aulasycatedrasculturales\/catedra-cultural-miguel-de-unamuno\/\"]}]},{\"@type\":\"BreadcrumbList\",\"@id\":\"https:\/\/www.ull.es\/portal\/aulasycatedrasculturales\/catedra-cultural-miguel-de-unamuno\/#breadcrumb\",\"itemListElement\":[{\"@type\":\"ListItem\",\"position\":1,\"name\":\"Portada\",\"item\":\"https:\/\/www.ull.es\/portal\/aulasycatedrasculturales\/\"},{\"@type\":\"ListItem\",\"position\":2,\"name\":\"C\u00e1tedra Cultural Miguel de Unamuno\"}]},{\"@type\":\"WebSite\",\"@id\":\"https:\/\/www.ull.es\/portal\/aulasycatedrasculturales\/#website\",\"url\":\"https:\/\/www.ull.es\/portal\/aulasycatedrasculturales\/\",\"name\":\"Aulas y C\u00e1tedras Culturales\",\"description\":\"\",\"potentialAction\":[{\"@type\":\"SearchAction\",\"target\":{\"@type\":\"EntryPoint\",\"urlTemplate\":\"https:\/\/www.ull.es\/portal\/aulasycatedrasculturales\/?s={search_term_string}\"},\"query-input\":\"required name=search_term_string\"}],\"inLanguage\":\"es\"}]}<\/script>\n<!-- \/ Yoast SEO plugin. -->","yoast_head_json":{"title":"C\u00e1tedra Cultural Miguel de Unamuno - Aulas y C\u00e1tedras Culturales","robots":{"index":"index","follow":"follow","max-snippet":"max-snippet:-1","max-image-preview":"max-image-preview:large","max-video-preview":"max-video-preview:-1"},"canonical":"https:\/\/www.ull.es\/portal\/aulasycatedrasculturales\/catedra-cultural-miguel-de-unamuno\/","og_locale":"es_ES","og_type":"article","og_title":"C\u00e1tedra Cultural Miguel de Unamuno - Aulas y C\u00e1tedras Culturales","og_description":"[vc_row][vc_column][vc_empty_space][\/vc_column][\/vc_row][vc_row][vc_column width=\u00bb1\/3&#8243;][vc_single_image image=\u00bb1520&#8243; img_size=\u00bbfull\u00bb alignment=\u00bbcenter\u00bb][vc_column_text] Director: Marcial Morera P\u00e9rez mmorera@ull.es [\/vc_column_text][\/vc_column][vc_column width=\u00bb2\/3&#8243;][vc_column_text] C\u00e1tedra Cultural Miguel de Unamuno [\/vc_column_text][vc_column_text] La C\u00e1tedra...","og_url":"https:\/\/www.ull.es\/portal\/aulasycatedrasculturales\/catedra-cultural-miguel-de-unamuno\/","og_site_name":"Aulas y C\u00e1tedras Culturales","article_modified_time":"2017-07-11T12:03:14+00:00","og_image":[{"width":350,"height":350,"url":"https:\/\/www.ull.es\/portal\/aulasycatedrasculturales\/wp-content\/uploads\/sites\/19\/2016\/12\/catedra-unamuno.jpg","type":"image\/jpeg"}],"twitter_card":"summary_large_image","twitter_misc":{"Tiempo de lectura":"2 minutos"},"schema":{"@context":"https:\/\/schema.org","@graph":[{"@type":"WebPage","@id":"https:\/\/www.ull.es\/portal\/aulasycatedrasculturales\/catedra-cultural-miguel-de-unamuno\/","url":"https:\/\/www.ull.es\/portal\/aulasycatedrasculturales\/catedra-cultural-miguel-de-unamuno\/","name":"C\u00e1tedra Cultural Miguel de Unamuno - Aulas y C\u00e1tedras Culturales","isPartOf":{"@id":"https:\/\/www.ull.es\/portal\/aulasycatedrasculturales\/#website"},"datePublished":"2016-12-22T09:42:40+00:00","dateModified":"2017-07-11T12:03:14+00:00","breadcrumb":{"@id":"https:\/\/www.ull.es\/portal\/aulasycatedrasculturales\/catedra-cultural-miguel-de-unamuno\/#breadcrumb"},"inLanguage":"es","potentialAction":[{"@type":"ReadAction","target":["https:\/\/www.ull.es\/portal\/aulasycatedrasculturales\/catedra-cultural-miguel-de-unamuno\/"]}]},{"@type":"BreadcrumbList","@id":"https:\/\/www.ull.es\/portal\/aulasycatedrasculturales\/catedra-cultural-miguel-de-unamuno\/#breadcrumb","itemListElement":[{"@type":"ListItem","position":1,"name":"Portada","item":"https:\/\/www.ull.es\/portal\/aulasycatedrasculturales\/"},{"@type":"ListItem","position":2,"name":"C\u00e1tedra Cultural Miguel de Unamuno"}]},{"@type":"WebSite","@id":"https:\/\/www.ull.es\/portal\/aulasycatedrasculturales\/#website","url":"https:\/\/www.ull.es\/portal\/aulasycatedrasculturales\/","name":"Aulas y C\u00e1tedras Culturales","description":"","potentialAction":[{"@type":"SearchAction","target":{"@type":"EntryPoint","urlTemplate":"https:\/\/www.ull.es\/portal\/aulasycatedrasculturales\/?s={search_term_string}"},"query-input":"required name=search_term_string"}],"inLanguage":"es"}]}},"_links":{"self":[{"href":"https:\/\/www.ull.es\/portal\/aulasycatedrasculturales\/wp-json\/wp\/v2\/pages\/166"}],"collection":[{"href":"https:\/\/www.ull.es\/portal\/aulasycatedrasculturales\/wp-json\/wp\/v2\/pages"}],"about":[{"href":"https:\/\/www.ull.es\/portal\/aulasycatedrasculturales\/wp-json\/wp\/v2\/types\/page"}],"author":[{"embeddable":true,"href":"https:\/\/www.ull.es\/portal\/aulasycatedrasculturales\/wp-json\/wp\/v2\/users\/22"}],"replies":[{"embeddable":true,"href":"https:\/\/www.ull.es\/portal\/aulasycatedrasculturales\/wp-json\/wp\/v2\/comments?post=166"}],"version-history":[{"count":2,"href":"https:\/\/www.ull.es\/portal\/aulasycatedrasculturales\/wp-json\/wp\/v2\/pages\/166\/revisions"}],"predecessor-version":[{"id":1638,"href":"https:\/\/www.ull.es\/portal\/aulasycatedrasculturales\/wp-json\/wp\/v2\/pages\/166\/revisions\/1638"}],"wp:featuredmedia":[{"embeddable":true,"href":"https:\/\/www.ull.es\/portal\/aulasycatedrasculturales\/wp-json\/wp\/v2\/media\/1520"}],"wp:attachment":[{"href":"https:\/\/www.ull.es\/portal\/aulasycatedrasculturales\/wp-json\/wp\/v2\/media?parent=166"}],"curies":[{"name":"wp","href":"https:\/\/api.w.org\/{rel}","templated":true}]}}

Cátedra Cultural Miguel de Unamuno

<p>[vc_row][vc_column][vc_empty_space][/vc_column][/vc_row][vc_row][vc_column width=»1/3&#8243;][vc_single_image image=»1520&#8243; img_size=»full» alignment=»center»][vc_column_text]</p>
<p align="justify"><strong>Director: </strong>Marcial Morera Pérez</p>
<ul>
<li><i class="fa fa-envelope"></i> <a href="mailto:mmorera@ull.es" target="_blank" rel="noopener">mmorera@ull.es</a></li>
</ul>
<p>[/vc_column_text][/vc_column][vc_column width=»2/3&#8243;][vc_column_text]</p>
<h2>Cátedra Cultural Miguel de Unamuno</h2>
<p>[/vc_column_text][vc_column_text]</p>
<p align="justify">La Cátedra Cultural “Miguel de Unamuno” tiene como objetivo el fomento y promoción del conocimiento y estudio de la vida y la obra de este destacado miembro de la Generación del 98, que tanto hizo por Canarias las dos veces que, en distintas circunstancias, piso suelo insular: primero, en el año de 1910, como mantenedor de los juegos florales de Las Palmas de Gran Canaria; y segundo, en el año de 1924, desterrado por la dictadura del general Primo de Rivera. Esta relación entre Miguel de Unamuno y Canarias tuvo consecuencias muy profundas, tanto para el autor como para el archipiélago.</p>
<p align="justify">Para el autor, porque el mar, el paisaje y la sociedad de las Islas enriqueció hasta tal punto su obra poética, dramática, narrativa, filosófica, religiosa y política, que se puede hablar sin exageración de un antes y un después de Canarias en la obra unamuniana, como el mismo autor llegó a reconocer. Para las Islas, porque el escritor vasco nos proporcionó una potente interpretación poética de su paisaje, de su mar y de sus gentes en diversos artículos y poemarios, como De Fuerteventura a París, Alrededor del estilo…, que no solamente las redimió de la triste visión que se tenía tradicionalmente de ellos, sino que también ejerció una poderosísima influencia sobre diversos creadores de las islas (Alonso Quesada, Agustín Espinosa, Domingo Rivero, Domingo Velázquez, Domingo Doreste, Manuel González Sosa…), al tiempo que contribuyó a proyectarlas más allá de las fronteras nacionales. Con Miguel de Unamuno, Fuerteventura en concreto quedó convertida en símbolo del universo poético todo.</p>
<p>[/vc_column_text][/vc_column][/vc_row]</p>

<p>[vc_row][vc_column][vc_empty_space][/vc_column][/vc_row][vc_row][vc_column width=»1/3&#8243;][vc_single_image image=»1520&#8243; img_size=»full» alignment=»center»][vc_column_text] Director: Marcial Morera Pérez mmorera@ull.es [/vc_column_text][/vc_column][vc_column width=»2/3&#8243;][vc_column_text] Cátedra Cultural Miguel de Unamuno [/vc_column_text][vc_column_text] La Cátedra&#8230;</p>

<!-- This site is optimized with the Yoast SEO plugin v21.3 - https://yoast.com/wordpress/plugins/seo/ -->
<title>Cátedra Cultural Miguel de Unamuno - Aulas y Cátedras Culturales</title>
<meta name="robots" content="index, follow, max-snippet:-1, max-image-preview:large, max-video-preview:-1" />
<link rel="canonical" href="https://www.ull.es/portal/aulasycatedrasculturales/catedra-cultural-miguel-de-unamuno/" />
<meta property="og:locale" content="es_ES" />
<meta property="og:type" content="article" />
<meta property="og:title" content="Cátedra Cultural Miguel de Unamuno - Aulas y Cátedras Culturales" />
<meta property="og:description" content="[vc_row][vc_column][vc_empty_space][/vc_column][/vc_row][vc_row][vc_column width=»1/3&#8243;][vc_single_image image=»1520&#8243; img_size=»full» alignment=»center»][vc_column_text] Director: Marcial Morera Pérez mmorera@ull.es [/vc_column_text][/vc_column][vc_column width=»2/3&#8243;][vc_column_text] Cátedra Cultural Miguel de Unamuno [/vc_column_text][vc_column_text] La Cátedra..." />
<meta property="og:url" content="https://www.ull.es/portal/aulasycatedrasculturales/catedra-cultural-miguel-de-unamuno/" />
<meta property="og:site_name" content="Aulas y Cátedras Culturales" />
<meta property="article:modified_time" content="2017-07-11T12:03:14+00:00" />
<meta property="og:image" content="https://www.ull.es/portal/aulasycatedrasculturales/wp-content/uploads/sites/19/2016/12/catedra-unamuno.jpg" />
	<meta property="og:image:width" content="350" />
	<meta property="og:image:height" content="350" />
	<meta property="og:image:type" content="image/jpeg" />
<meta name="twitter:card" content="summary_large_image" />
<meta name="twitter:label1" content="Tiempo de lectura" />
	<meta name="twitter:data1" content="2 minutos" />
<script type="application/ld+json" class="yoast-schema-graph">{"@context":"https://schema.org","@graph":[{"@type":"WebPage","@id":"https://www.ull.es/portal/aulasycatedrasculturales/catedra-cultural-miguel-de-unamuno/","url":"https://www.ull.es/portal/aulasycatedrasculturales/catedra-cultural-miguel-de-unamuno/","name":"Cátedra Cultural Miguel de Unamuno - Aulas y Cátedras Culturales","isPartOf":{"@id":"https://www.ull.es/portal/aulasycatedrasculturales/#website"},"datePublished":"2016-12-22T09:42:40+00:00","dateModified":"2017-07-11T12:03:14+00:00","breadcrumb":{"@id":"https://www.ull.es/portal/aulasycatedrasculturales/catedra-cultural-miguel-de-unamuno/#breadcrumb"},"inLanguage":"es","potentialAction":[{"@type":"ReadAction","target":["https://www.ull.es/portal/aulasycatedrasculturales/catedra-cultural-miguel-de-unamuno/"]}]},{"@type":"BreadcrumbList","@id":"https://www.ull.es/portal/aulasycatedrasculturales/catedra-cultural-miguel-de-unamuno/#breadcrumb","itemListElement":[{"@type":"ListItem","position":1,"name":"Portada","item":"https://www.ull.es/portal/aulasycatedrasculturales/"},{"@type":"ListItem","position":2,"name":"Cátedra Cultural Miguel de Unamuno"}]},{"@type":"WebSite","@id":"https://www.ull.es/portal/aulasycatedrasculturales/#website","url":"https://www.ull.es/portal/aulasycatedrasculturales/","name":"Aulas y Cátedras Culturales","description":"","potentialAction":[{"@type":"SearchAction","target":{"@type":"EntryPoint","urlTemplate":"https://www.ull.es/portal/aulasycatedrasculturales/?s={search_term_string}"},"query-input":"required name=search_term_string"}],"inLanguage":"es"}]}</script>
<!-- / Yoast SEO plugin. -->

Cátedra Cultural Miguel de Unamuno - Aulas y Cátedras Culturales

[vc_row][vc_column][vc_empty_space][/vc_column][/vc_row][vc_row][vc_column width=»1/3&#8243;][vc_single_image image=»1520&#8243; img_size=»full» alignment=»center»][vc_column_text] Director: Marcial Morera Pérez mmorera@ull.es [/vc_column_text][/vc_column][vc_column width=»2/3&#8243;][vc_column_text] Cátedra Cultural Miguel de Unamuno [/vc_column_text][vc_column_text] La Cátedra...

Aulas y Cátedras Culturales
