{"id":214,"date":"2016-12-29T14:07:40","date_gmt":"2016-12-29T14:07:40","guid":{"rendered":"https:\/\/www.ull.es\/portal\/aulasycatedrasculturales\/?page_id=214"},"modified":"2019-11-14T09:52:01","modified_gmt":"2019-11-14T09:52:01","slug":"aula-de-tecnica-del-agua-el-terreno-y-la-energia","status":"publish","type":"page","link":"https:\/\/www.ull.es\/portal\/aulasycatedrasculturales\/aula-de-tecnica-del-agua-el-terreno-y-la-energia\/","title":{"rendered":"Aula Cultural del Agua"},"content":{"rendered":"<p>[vc_row][vc_column][vc_empty_space][\/vc_column][\/vc_row][vc_row][vc_column width=\u00bb1\/3&#8243;][vc_single_image image=\u00bb1474&#8243; img_size=\u00bbfull\u00bb][vc_column_text]<strong>Director:<\/strong> Juan Carlos Santamarta Cerezal<\/p>\n<ul>\n<li><i class=\"fa fa-phone\"><\/i> (+34) 922 31 60 53<\/li>\n<li><i class=\"fa fa-envelope\"><\/i> <a href=\"mailto:jcsanta@ull.es\" target=\"_blank\" rel=\"noopener\">jcsanta@ull.es<\/a><\/li>\n<li><i class=\"fa fa-external-link\"><\/i> <a href=\"https:\/\/auladelagua.wordpress.com\" target=\"_blank\" rel=\"noopener\">Web <\/a><\/li>\n<li><i class=\"fa fa-twitter\"><\/i> <a href=\"https:\/\/twitter.com\/redconagua\" target=\"_blank\" rel=\"noopener\"> Twitter<\/a><\/li>\n<\/ul>\n<p>[\/vc_column_text][\/vc_column][vc_column width=\u00bb2\/3&#8243;][vc_column_text]<\/p>\n<h2>Aula Cultural del Agua<\/h2>\n<p>[\/vc_column_text][vc_column_text]<\/p>\n<p style=\"text-align: justify;\">El pasado y el presente de las Islas Canarias no podr\u00eda explicarse de forma completa sin una aproximaci\u00f3n a la cultura del agua desarrollada en este archipi\u00e9lago, que a pesar de la heterogeneidad de sus siete territorios ha sabido conjugar el conocimiento popular, la investigaci\u00f3n cient\u00edfica y la aplicaci\u00f3n de muy diversas t\u00e9cnicas que aseguraron desde sus or\u00edgenes el acceso de sus pobladores a tan preciado y escaso recurso.<\/p>\n<p style=\"text-align: justify;\">Las variadas disciplinas desde las que se analizan todos los aspectos relativos al agua, incluida la energ\u00e9tica, as\u00ed como el conocimiento y caracterizaci\u00f3n de la hidrogeolog\u00eda y del terreno volc\u00e1nico, convierten a las Islas Canarias en un laboratorio del conocimiento y la ciencia aplicada al agua. La existencia de ese binomio &#8211; conocimiento y ciencia &#8211; ha hecho posible el desarrollo social y econ\u00f3mico experimentado por los pujantes sectores de la agricultura y el turismo, satisfaciendo sus demandas de recursos h\u00eddricos y energ\u00e9ticos en un territorio en el que escasean.<\/p>\n<p style=\"text-align: justify;\">Este Aula, de car\u00e1cter t\u00e9cnico, por un lado pretende hacer un compendio de las particularidades de los territorios archipiel\u00e1gicos de origen volc\u00e1nico, el comportamiento del terreno y la gesti\u00f3n sostenible del ciclo integral del agua, as\u00ed como de las posibilidades energ\u00e9ticas que presentan las islas.<\/p>\n<p style=\"text-align: justify;\">Es un Aula cuya actividad docente y acad\u00e9mica es tratada con rigurosidad e indispensable para quienes tengan la inquietud de acercarse al conocimiento y gesti\u00f3n de los recursos h\u00eddricos y energ\u00e9ticos en general, y de forma muy particular, la relativa a territorios sin conexi\u00f3n a las aguas continentales.<\/p>\n<p style=\"text-align: justify;\">Desde esa perspectiva y gracias a la colaboraci\u00f3n de un equipo de expertos que aportan su conocimiento, el Aula planteada permitir\u00e1 a la comunidad universitaria y al p\u00fablico en general conocer de un modo global el mundo del agua y la energ\u00eda, as\u00ed como la ingenier\u00eda del terreno desde muy diversas disciplinas cient\u00edficas, convirti\u00e9ndola en un Aula de referencia insular y nacional as\u00ed como de extraordinaria utilidad.<\/p>\n<p>[\/vc_column_text][\/vc_column][\/vc_row]<\/p>\n","protected":false},"excerpt":{"rendered":"<p>[vc_row][vc_column][vc_empty_space][\/vc_column][\/vc_row][vc_row][vc_column width=\u00bb1\/3&#8243;][vc_single_image image=\u00bb1474&#8243; img_size=\u00bbfull\u00bb][vc_column_text]Director: Juan Carlos Santamarta Cerezal (+34) 922 31 60 53 jcsanta@ull.es Web Twitter [\/vc_column_text][\/vc_column][vc_column width=\u00bb2\/3&#8243;][vc_column_text] Aula Cultural&#8230;<\/p>\n","protected":false},"author":22,"featured_media":1474,"parent":0,"menu_order":0,"comment_status":"closed","ping_status":"closed","template":"","meta":{"inline_featured_image":false,"footnotes":""},"acf":[],"yoast_head":"<!-- This site is optimized with the Yoast SEO plugin v21.3 - https:\/\/yoast.com\/wordpress\/plugins\/seo\/ -->\n<title>Aula Cultural del Agua - Aulas y C\u00e1tedras Culturales<\/title>\n<meta name=\"robots\" content=\"index, follow, max-snippet:-1, max-image-preview:large, max-video-preview:-1\" \/>\n<link rel=\"canonical\" href=\"https:\/\/www.ull.es\/portal\/aulasycatedrasculturales\/aula-de-tecnica-del-agua-el-terreno-y-la-energia\/\" \/>\n<meta property=\"og:locale\" content=\"es_ES\" \/>\n<meta property=\"og:type\" content=\"article\" \/>\n<meta property=\"og:title\" content=\"Aula Cultural del Agua - Aulas y C\u00e1tedras Culturales\" \/>\n<meta property=\"og:description\" content=\"[vc_row][vc_column][vc_empty_space][\/vc_column][\/vc_row][vc_row][vc_column width=\u00bb1\/3&#8243;][vc_single_image image=\u00bb1474&#8243; img_size=\u00bbfull\u00bb][vc_column_text]Director: Juan Carlos Santamarta Cerezal (+34) 922 31 60 53 jcsanta@ull.es Web Twitter [\/vc_column_text][\/vc_column][vc_column width=\u00bb2\/3&#8243;][vc_column_text] Aula Cultural...\" \/>\n<meta property=\"og:url\" content=\"https:\/\/www.ull.es\/portal\/aulasycatedrasculturales\/aula-de-tecnica-del-agua-el-terreno-y-la-energia\/\" \/>\n<meta property=\"og:site_name\" content=\"Aulas y C\u00e1tedras Culturales\" \/>\n<meta property=\"article:modified_time\" content=\"2019-11-14T09:52:01+00:00\" \/>\n<meta property=\"og:image\" content=\"https:\/\/www.ull.es\/portal\/aulasycatedrasculturales\/wp-content\/uploads\/sites\/19\/2016\/12\/aula-tecagua.jpg\" \/>\n\t<meta property=\"og:image:width\" content=\"375\" \/>\n\t<meta property=\"og:image:height\" content=\"344\" \/>\n\t<meta property=\"og:image:type\" content=\"image\/jpeg\" \/>\n<meta name=\"twitter:card\" content=\"summary_large_image\" \/>\n<meta name=\"twitter:label1\" content=\"Tiempo de lectura\" \/>\n\t<meta name=\"twitter:data1\" content=\"2 minutos\" \/>\n<script type=\"application\/ld+json\" class=\"yoast-schema-graph\">{\"@context\":\"https:\/\/schema.org\",\"@graph\":[{\"@type\":\"WebPage\",\"@id\":\"https:\/\/www.ull.es\/portal\/aulasycatedrasculturales\/aula-de-tecnica-del-agua-el-terreno-y-la-energia\/\",\"url\":\"https:\/\/www.ull.es\/portal\/aulasycatedrasculturales\/aula-de-tecnica-del-agua-el-terreno-y-la-energia\/\",\"name\":\"Aula Cultural del Agua - Aulas y C\u00e1tedras Culturales\",\"isPartOf\":{\"@id\":\"https:\/\/www.ull.es\/portal\/aulasycatedrasculturales\/#website\"},\"datePublished\":\"2016-12-29T14:07:40+00:00\",\"dateModified\":\"2019-11-14T09:52:01+00:00\",\"breadcrumb\":{\"@id\":\"https:\/\/www.ull.es\/portal\/aulasycatedrasculturales\/aula-de-tecnica-del-agua-el-terreno-y-la-energia\/#breadcrumb\"},\"inLanguage\":\"es\",\"potentialAction\":[{\"@type\":\"ReadAction\",\"target\":[\"https:\/\/www.ull.es\/portal\/aulasycatedrasculturales\/aula-de-tecnica-del-agua-el-terreno-y-la-energia\/\"]}]},{\"@type\":\"BreadcrumbList\",\"@id\":\"https:\/\/www.ull.es\/portal\/aulasycatedrasculturales\/aula-de-tecnica-del-agua-el-terreno-y-la-energia\/#breadcrumb\",\"itemListElement\":[{\"@type\":\"ListItem\",\"position\":1,\"name\":\"Portada\",\"item\":\"https:\/\/www.ull.es\/portal\/aulasycatedrasculturales\/\"},{\"@type\":\"ListItem\",\"position\":2,\"name\":\"Aula Cultural del Agua\"}]},{\"@type\":\"WebSite\",\"@id\":\"https:\/\/www.ull.es\/portal\/aulasycatedrasculturales\/#website\",\"url\":\"https:\/\/www.ull.es\/portal\/aulasycatedrasculturales\/\",\"name\":\"Aulas y C\u00e1tedras Culturales\",\"description\":\"\",\"potentialAction\":[{\"@type\":\"SearchAction\",\"target\":{\"@type\":\"EntryPoint\",\"urlTemplate\":\"https:\/\/www.ull.es\/portal\/aulasycatedrasculturales\/?s={search_term_string}\"},\"query-input\":\"required name=search_term_string\"}],\"inLanguage\":\"es\"}]}<\/script>\n<!-- \/ Yoast SEO plugin. -->","yoast_head_json":{"title":"Aula Cultural del Agua - Aulas y C\u00e1tedras Culturales","robots":{"index":"index","follow":"follow","max-snippet":"max-snippet:-1","max-image-preview":"max-image-preview:large","max-video-preview":"max-video-preview:-1"},"canonical":"https:\/\/www.ull.es\/portal\/aulasycatedrasculturales\/aula-de-tecnica-del-agua-el-terreno-y-la-energia\/","og_locale":"es_ES","og_type":"article","og_title":"Aula Cultural del Agua - Aulas y C\u00e1tedras Culturales","og_description":"[vc_row][vc_column][vc_empty_space][\/vc_column][\/vc_row][vc_row][vc_column width=\u00bb1\/3&#8243;][vc_single_image image=\u00bb1474&#8243; img_size=\u00bbfull\u00bb][vc_column_text]Director: Juan Carlos Santamarta Cerezal (+34) 922 31 60 53 jcsanta@ull.es Web Twitter [\/vc_column_text][\/vc_column][vc_column width=\u00bb2\/3&#8243;][vc_column_text] Aula Cultural...","og_url":"https:\/\/www.ull.es\/portal\/aulasycatedrasculturales\/aula-de-tecnica-del-agua-el-terreno-y-la-energia\/","og_site_name":"Aulas y C\u00e1tedras Culturales","article_modified_time":"2019-11-14T09:52:01+00:00","og_image":[{"width":375,"height":344,"url":"https:\/\/www.ull.es\/portal\/aulasycatedrasculturales\/wp-content\/uploads\/sites\/19\/2016\/12\/aula-tecagua.jpg","type":"image\/jpeg"}],"twitter_card":"summary_large_image","twitter_misc":{"Tiempo de lectura":"2 minutos"},"schema":{"@context":"https:\/\/schema.org","@graph":[{"@type":"WebPage","@id":"https:\/\/www.ull.es\/portal\/aulasycatedrasculturales\/aula-de-tecnica-del-agua-el-terreno-y-la-energia\/","url":"https:\/\/www.ull.es\/portal\/aulasycatedrasculturales\/aula-de-tecnica-del-agua-el-terreno-y-la-energia\/","name":"Aula Cultural del Agua - Aulas y C\u00e1tedras Culturales","isPartOf":{"@id":"https:\/\/www.ull.es\/portal\/aulasycatedrasculturales\/#website"},"datePublished":"2016-12-29T14:07:40+00:00","dateModified":"2019-11-14T09:52:01+00:00","breadcrumb":{"@id":"https:\/\/www.ull.es\/portal\/aulasycatedrasculturales\/aula-de-tecnica-del-agua-el-terreno-y-la-energia\/#breadcrumb"},"inLanguage":"es","potentialAction":[{"@type":"ReadAction","target":["https:\/\/www.ull.es\/portal\/aulasycatedrasculturales\/aula-de-tecnica-del-agua-el-terreno-y-la-energia\/"]}]},{"@type":"BreadcrumbList","@id":"https:\/\/www.ull.es\/portal\/aulasycatedrasculturales\/aula-de-tecnica-del-agua-el-terreno-y-la-energia\/#breadcrumb","itemListElement":[{"@type":"ListItem","position":1,"name":"Portada","item":"https:\/\/www.ull.es\/portal\/aulasycatedrasculturales\/"},{"@type":"ListItem","position":2,"name":"Aula Cultural del Agua"}]},{"@type":"WebSite","@id":"https:\/\/www.ull.es\/portal\/aulasycatedrasculturales\/#website","url":"https:\/\/www.ull.es\/portal\/aulasycatedrasculturales\/","name":"Aulas y C\u00e1tedras Culturales","description":"","potentialAction":[{"@type":"SearchAction","target":{"@type":"EntryPoint","urlTemplate":"https:\/\/www.ull.es\/portal\/aulasycatedrasculturales\/?s={search_term_string}"},"query-input":"required name=search_term_string"}],"inLanguage":"es"}]}},"_links":{"self":[{"href":"https:\/\/www.ull.es\/portal\/aulasycatedrasculturales\/wp-json\/wp\/v2\/pages\/214"}],"collection":[{"href":"https:\/\/www.ull.es\/portal\/aulasycatedrasculturales\/wp-json\/wp\/v2\/pages"}],"about":[{"href":"https:\/\/www.ull.es\/portal\/aulasycatedrasculturales\/wp-json\/wp\/v2\/types\/page"}],"author":[{"embeddable":true,"href":"https:\/\/www.ull.es\/portal\/aulasycatedrasculturales\/wp-json\/wp\/v2\/users\/22"}],"replies":[{"embeddable":true,"href":"https:\/\/www.ull.es\/portal\/aulasycatedrasculturales\/wp-json\/wp\/v2\/comments?post=214"}],"version-history":[{"count":4,"href":"https:\/\/www.ull.es\/portal\/aulasycatedrasculturales\/wp-json\/wp\/v2\/pages\/214\/revisions"}],"predecessor-version":[{"id":2056,"href":"https:\/\/www.ull.es\/portal\/aulasycatedrasculturales\/wp-json\/wp\/v2\/pages\/214\/revisions\/2056"}],"wp:featuredmedia":[{"embeddable":true,"href":"https:\/\/www.ull.es\/portal\/aulasycatedrasculturales\/wp-json\/wp\/v2\/media\/1474"}],"wp:attachment":[{"href":"https:\/\/www.ull.es\/portal\/aulasycatedrasculturales\/wp-json\/wp\/v2\/media?parent=214"}],"curies":[{"name":"wp","href":"https:\/\/api.w.org\/{rel}","templated":true}]}}

<p>[vc_row][vc_column][vc_empty_space][/vc_column][/vc_row][vc_row][vc_column width=»1/3&#8243;][vc_single_image image=»1474&#8243; img_size=»full»][vc_column_text]<strong>Director:</strong> Juan Carlos Santamarta Cerezal</p>
<ul>
<li><i class="fa fa-phone"></i> (+34) 922 31 60 53</li>
<li><i class="fa fa-envelope"></i> <a href="mailto:jcsanta@ull.es" target="_blank" rel="noopener">jcsanta@ull.es</a></li>
<li><i class="fa fa-external-link"></i> <a href="https://auladelagua.wordpress.com" target="_blank" rel="noopener">Web </a></li>
<li><i class="fa fa-twitter"></i> <a href="https://twitter.com/redconagua" target="_blank" rel="noopener"> Twitter</a></li>
</ul>
<p>[/vc_column_text][/vc_column][vc_column width=»2/3&#8243;][vc_column_text]</p>
<h2>Aula Cultural del Agua</h2>
<p>[/vc_column_text][vc_column_text]</p>
<p style="text-align: justify;">El pasado y el presente de las Islas Canarias no podría explicarse de forma completa sin una aproximación a la cultura del agua desarrollada en este archipiélago, que a pesar de la heterogeneidad de sus siete territorios ha sabido conjugar el conocimiento popular, la investigación científica y la aplicación de muy diversas técnicas que aseguraron desde sus orígenes el acceso de sus pobladores a tan preciado y escaso recurso.</p>
<p style="text-align: justify;">Las variadas disciplinas desde las que se analizan todos los aspectos relativos al agua, incluida la energética, así como el conocimiento y caracterización de la hidrogeología y del terreno volcánico, convierten a las Islas Canarias en un laboratorio del conocimiento y la ciencia aplicada al agua. La existencia de ese binomio &#8211; conocimiento y ciencia &#8211; ha hecho posible el desarrollo social y económico experimentado por los pujantes sectores de la agricultura y el turismo, satisfaciendo sus demandas de recursos hídricos y energéticos en un territorio en el que escasean.</p>
<p style="text-align: justify;">Este Aula, de carácter técnico, por un lado pretende hacer un compendio de las particularidades de los territorios archipielágicos de origen volcánico, el comportamiento del terreno y la gestión sostenible del ciclo integral del agua, así como de las posibilidades energéticas que presentan las islas.</p>
<p style="text-align: justify;">Es un Aula cuya actividad docente y académica es tratada con rigurosidad e indispensable para quienes tengan la inquietud de acercarse al conocimiento y gestión de los recursos hídricos y energéticos en general, y de forma muy particular, la relativa a territorios sin conexión a las aguas continentales.</p>
<p style="text-align: justify;">Desde esa perspectiva y gracias a la colaboración de un equipo de expertos que aportan su conocimiento, el Aula planteada permitirá a la comunidad universitaria y al público en general conocer de un modo global el mundo del agua y la energía, así como la ingeniería del terreno desde muy diversas disciplinas científicas, convirtiéndola en un Aula de referencia insular y nacional así como de extraordinaria utilidad.</p>
<p>[/vc_column_text][/vc_column][/vc_row]</p>

<!-- This site is optimized with the Yoast SEO plugin v21.3 - https://yoast.com/wordpress/plugins/seo/ -->
<title>Aula Cultural del Agua - Aulas y Cátedras Culturales</title>
<meta name="robots" content="index, follow, max-snippet:-1, max-image-preview:large, max-video-preview:-1" />
<link rel="canonical" href="https://www.ull.es/portal/aulasycatedrasculturales/aula-de-tecnica-del-agua-el-terreno-y-la-energia/" />
<meta property="og:locale" content="es_ES" />
<meta property="og:type" content="article" />
<meta property="og:title" content="Aula Cultural del Agua - Aulas y Cátedras Culturales" />
<meta property="og:description" content="[vc_row][vc_column][vc_empty_space][/vc_column][/vc_row][vc_row][vc_column width=»1/3&#8243;][vc_single_image image=»1474&#8243; img_size=»full»][vc_column_text]Director: Juan Carlos Santamarta Cerezal (+34) 922 31 60 53 jcsanta@ull.es Web Twitter [/vc_column_text][/vc_column][vc_column width=»2/3&#8243;][vc_column_text] Aula Cultural..." />
<meta property="og:url" content="https://www.ull.es/portal/aulasycatedrasculturales/aula-de-tecnica-del-agua-el-terreno-y-la-energia/" />
<meta property="og:site_name" content="Aulas y Cátedras Culturales" />
<meta property="article:modified_time" content="2019-11-14T09:52:01+00:00" />
<meta property="og:image" content="https://www.ull.es/portal/aulasycatedrasculturales/wp-content/uploads/sites/19/2016/12/aula-tecagua.jpg" />
	<meta property="og:image:width" content="375" />
	<meta property="og:image:height" content="344" />
	<meta property="og:image:type" content="image/jpeg" />
<meta name="twitter:card" content="summary_large_image" />
<meta name="twitter:label1" content="Tiempo de lectura" />
	<meta name="twitter:data1" content="2 minutos" />
<script type="application/ld+json" class="yoast-schema-graph">{"@context":"https://schema.org","@graph":[{"@type":"WebPage","@id":"https://www.ull.es/portal/aulasycatedrasculturales/aula-de-tecnica-del-agua-el-terreno-y-la-energia/","url":"https://www.ull.es/portal/aulasycatedrasculturales/aula-de-tecnica-del-agua-el-terreno-y-la-energia/","name":"Aula Cultural del Agua - Aulas y Cátedras Culturales","isPartOf":{"@id":"https://www.ull.es/portal/aulasycatedrasculturales/#website"},"datePublished":"2016-12-29T14:07:40+00:00","dateModified":"2019-11-14T09:52:01+00:00","breadcrumb":{"@id":"https://www.ull.es/portal/aulasycatedrasculturales/aula-de-tecnica-del-agua-el-terreno-y-la-energia/#breadcrumb"},"inLanguage":"es","potentialAction":[{"@type":"ReadAction","target":["https://www.ull.es/portal/aulasycatedrasculturales/aula-de-tecnica-del-agua-el-terreno-y-la-energia/"]}]},{"@type":"BreadcrumbList","@id":"https://www.ull.es/portal/aulasycatedrasculturales/aula-de-tecnica-del-agua-el-terreno-y-la-energia/#breadcrumb","itemListElement":[{"@type":"ListItem","position":1,"name":"Portada","item":"https://www.ull.es/portal/aulasycatedrasculturales/"},{"@type":"ListItem","position":2,"name":"Aula Cultural del Agua"}]},{"@type":"WebSite","@id":"https://www.ull.es/portal/aulasycatedrasculturales/#website","url":"https://www.ull.es/portal/aulasycatedrasculturales/","name":"Aulas y Cátedras Culturales","description":"","potentialAction":[{"@type":"SearchAction","target":{"@type":"EntryPoint","urlTemplate":"https://www.ull.es/portal/aulasycatedrasculturales/?s={search_term_string}"},"query-input":"required name=search_term_string"}],"inLanguage":"es"}]}</script>
<!-- / Yoast SEO plugin. -->

Aula Cultural del Agua - Aulas y Cátedras Culturales

Aulas y Cátedras Culturales
