{"id":2194,"date":"2021-04-28T10:46:28","date_gmt":"2021-04-28T10:46:28","guid":{"rendered":"https:\/\/www.ull.es\/portal\/aulasycatedrasculturales\/?page_id=2194"},"modified":"2021-04-28T10:47:01","modified_gmt":"2021-04-28T10:47:01","slug":"catedra-cultural-antonio-lozano-de-genero-criminal","status":"publish","type":"page","link":"https:\/\/www.ull.es\/portal\/aulasycatedrasculturales\/catedra-cultural-antonio-lozano-de-genero-criminal\/","title":{"rendered":"C\u00e1tedra Cultural Antonio Lozano de G\u00e9nero Criminal"},"content":{"rendered":"<p>[vc_row][vc_column][vc_empty_space][\/vc_column][\/vc_row][vc_row][vc_column width=\u00bb1\/3&#8243;][vc_single_image image=\u00bb2195&#8243; img_size=\u00bbfull\u00bb alignment=\u00bbcenter\u00bb][vc_column_text]<\/p>\n<p align=\"justify\"><strong>Director: <\/strong> Javier Rivero Grandoso<\/p>\n<p align=\"justify\"><strong>Codirector: <\/strong> Alejandro Mart\u00edn Perera<\/p>\n<ul>\n<li><i class=\"fa fa-envelope\"><\/i> <a href=\"mailto: jriverog@ull.edu.es\" target=\"_blank\" rel=\"noopener\"> jriverog@ull.edu.es<\/a><\/li>\n<\/ul>\n<p>[\/vc_column_text][\/vc_column][vc_column width=\u00bb2\/3&#8243;][vc_column_text]<\/p>\n<h2>C\u00e1tedra Cultural Antonio Lozano de G\u00e9nero Criminal<\/h2>\n<p>[\/vc_column_text][vc_column_text]La C\u00e1tedra Cultural Antonio Lozano de G\u00e9nero Criminal se crea en el a\u00f1o 2021 y tiene entre sus objetivos la investigaci\u00f3n y la divulgaci\u00f3n del g\u00e9nero criminal en sus diversas formas y el estudio y la difusi\u00f3n de la obra del escritor canario Antonio Lozano (1956-2019), uno de los pioneros del g\u00e9nero criminal en el archipi\u00e9lago. La obra de Antonio Lozano fue merecedora de premios como el Novelpol, el Prix Marsellais du Polar, el Premio Internacional de Novela Negra Ciudad de Carmona y el Benito P\u00e9rez Armas, entre otros. Tambi\u00e9n escribi\u00f3 obras infantiles y juveniles y teatro y tradujo diversas obras del franc\u00e9s.<\/p>\n<p>Entre las diversas actividades de esta C\u00e1tedra, destacan la organizaci\u00f3n del Seminario Internacional Tenerife Noir de G\u00e9nero Negro, la direcci\u00f3n de cursos de extensi\u00f3n universitaria en el municipio de Ag\u00fcimes y la celebraci\u00f3n de encuentros con autores e investigadores de g\u00e9nero criminal. Asimismo, la C\u00e1tedra se ocupa de la publicaci\u00f3n de vol\u00famenes de estudios sobre la novela criminal, el cine negro y otras disciplinas relacionadas.[\/vc_column_text][\/vc_column][\/vc_row]<\/p>\n","protected":false},"excerpt":{"rendered":"<p>[vc_row][vc_column][vc_empty_space][\/vc_column][\/vc_row][vc_row][vc_column width=\u00bb1\/3&#8243;][vc_single_image image=\u00bb2195&#8243; img_size=\u00bbfull\u00bb alignment=\u00bbcenter\u00bb][vc_column_text] Director: Javier Rivero Grandoso Codirector: Alejandro Mart\u00edn Perera jriverog@ull.edu.es [\/vc_column_text][\/vc_column][vc_column width=\u00bb2\/3&#8243;][vc_column_text] C\u00e1tedra Cultural Antonio Lozano&#8230;<\/p>\n","protected":false},"author":22,"featured_media":2195,"parent":0,"menu_order":0,"comment_status":"closed","ping_status":"closed","template":"","meta":{"inline_featured_image":false,"footnotes":""},"acf":[],"yoast_head":"<!-- This site is optimized with the Yoast SEO plugin v21.3 - https:\/\/yoast.com\/wordpress\/plugins\/seo\/ -->\n<title>C\u00e1tedra Cultural Antonio Lozano de G\u00e9nero Criminal - Aulas y C\u00e1tedras Culturales<\/title>\n<meta name=\"robots\" content=\"index, follow, max-snippet:-1, max-image-preview:large, max-video-preview:-1\" \/>\n<link rel=\"canonical\" href=\"https:\/\/www.ull.es\/portal\/aulasycatedrasculturales\/catedra-cultural-antonio-lozano-de-genero-criminal\/\" \/>\n<meta property=\"og:locale\" content=\"es_ES\" \/>\n<meta property=\"og:type\" content=\"article\" \/>\n<meta property=\"og:title\" content=\"C\u00e1tedra Cultural Antonio Lozano de G\u00e9nero Criminal - Aulas y C\u00e1tedras Culturales\" \/>\n<meta property=\"og:description\" content=\"[vc_row][vc_column][vc_empty_space][\/vc_column][\/vc_row][vc_row][vc_column width=\u00bb1\/3&#8243;][vc_single_image image=\u00bb2195&#8243; img_size=\u00bbfull\u00bb alignment=\u00bbcenter\u00bb][vc_column_text] Director: Javier Rivero Grandoso Codirector: Alejandro Mart\u00edn Perera jriverog@ull.edu.es [\/vc_column_text][\/vc_column][vc_column width=\u00bb2\/3&#8243;][vc_column_text] C\u00e1tedra Cultural Antonio Lozano...\" \/>\n<meta property=\"og:url\" content=\"https:\/\/www.ull.es\/portal\/aulasycatedrasculturales\/catedra-cultural-antonio-lozano-de-genero-criminal\/\" \/>\n<meta property=\"og:site_name\" content=\"Aulas y C\u00e1tedras Culturales\" \/>\n<meta property=\"article:modified_time\" content=\"2021-04-28T10:47:01+00:00\" \/>\n<meta property=\"og:image\" content=\"https:\/\/www.ull.es\/portal\/aulasycatedrasculturales\/wp-content\/uploads\/sites\/19\/2021\/04\/Antonio_Lozano_2018m1.jpg\" \/>\n\t<meta property=\"og:image:width\" content=\"690\" \/>\n\t<meta property=\"og:image:height\" content=\"369\" \/>\n\t<meta property=\"og:image:type\" content=\"image\/jpeg\" \/>\n<meta name=\"twitter:card\" content=\"summary_large_image\" \/>\n<meta name=\"twitter:label1\" content=\"Tiempo de lectura\" \/>\n\t<meta name=\"twitter:data1\" content=\"1 minuto\" \/>\n<script type=\"application\/ld+json\" class=\"yoast-schema-graph\">{\"@context\":\"https:\/\/schema.org\",\"@graph\":[{\"@type\":\"WebPage\",\"@id\":\"https:\/\/www.ull.es\/portal\/aulasycatedrasculturales\/catedra-cultural-antonio-lozano-de-genero-criminal\/\",\"url\":\"https:\/\/www.ull.es\/portal\/aulasycatedrasculturales\/catedra-cultural-antonio-lozano-de-genero-criminal\/\",\"name\":\"C\u00e1tedra Cultural Antonio Lozano de G\u00e9nero Criminal - Aulas y C\u00e1tedras Culturales\",\"isPartOf\":{\"@id\":\"https:\/\/www.ull.es\/portal\/aulasycatedrasculturales\/#website\"},\"datePublished\":\"2021-04-28T10:46:28+00:00\",\"dateModified\":\"2021-04-28T10:47:01+00:00\",\"breadcrumb\":{\"@id\":\"https:\/\/www.ull.es\/portal\/aulasycatedrasculturales\/catedra-cultural-antonio-lozano-de-genero-criminal\/#breadcrumb\"},\"inLanguage\":\"es\",\"potentialAction\":[{\"@type\":\"ReadAction\",\"target\":[\"https:\/\/www.ull.es\/portal\/aulasycatedrasculturales\/catedra-cultural-antonio-lozano-de-genero-criminal\/\"]}]},{\"@type\":\"BreadcrumbList\",\"@id\":\"https:\/\/www.ull.es\/portal\/aulasycatedrasculturales\/catedra-cultural-antonio-lozano-de-genero-criminal\/#breadcrumb\",\"itemListElement\":[{\"@type\":\"ListItem\",\"position\":1,\"name\":\"Portada\",\"item\":\"https:\/\/www.ull.es\/portal\/aulasycatedrasculturales\/\"},{\"@type\":\"ListItem\",\"position\":2,\"name\":\"C\u00e1tedra Cultural Antonio Lozano de G\u00e9nero Criminal\"}]},{\"@type\":\"WebSite\",\"@id\":\"https:\/\/www.ull.es\/portal\/aulasycatedrasculturales\/#website\",\"url\":\"https:\/\/www.ull.es\/portal\/aulasycatedrasculturales\/\",\"name\":\"Aulas y C\u00e1tedras Culturales\",\"description\":\"\",\"potentialAction\":[{\"@type\":\"SearchAction\",\"target\":{\"@type\":\"EntryPoint\",\"urlTemplate\":\"https:\/\/www.ull.es\/portal\/aulasycatedrasculturales\/?s={search_term_string}\"},\"query-input\":\"required name=search_term_string\"}],\"inLanguage\":\"es\"}]}<\/script>\n<!-- \/ Yoast SEO plugin. -->","yoast_head_json":{"title":"C\u00e1tedra Cultural Antonio Lozano de G\u00e9nero Criminal - Aulas y C\u00e1tedras Culturales","robots":{"index":"index","follow":"follow","max-snippet":"max-snippet:-1","max-image-preview":"max-image-preview:large","max-video-preview":"max-video-preview:-1"},"canonical":"https:\/\/www.ull.es\/portal\/aulasycatedrasculturales\/catedra-cultural-antonio-lozano-de-genero-criminal\/","og_locale":"es_ES","og_type":"article","og_title":"C\u00e1tedra Cultural Antonio Lozano de G\u00e9nero Criminal - Aulas y C\u00e1tedras Culturales","og_description":"[vc_row][vc_column][vc_empty_space][\/vc_column][\/vc_row][vc_row][vc_column width=\u00bb1\/3&#8243;][vc_single_image image=\u00bb2195&#8243; img_size=\u00bbfull\u00bb alignment=\u00bbcenter\u00bb][vc_column_text] Director: Javier Rivero Grandoso Codirector: Alejandro Mart\u00edn Perera jriverog@ull.edu.es [\/vc_column_text][\/vc_column][vc_column width=\u00bb2\/3&#8243;][vc_column_text] C\u00e1tedra Cultural Antonio Lozano...","og_url":"https:\/\/www.ull.es\/portal\/aulasycatedrasculturales\/catedra-cultural-antonio-lozano-de-genero-criminal\/","og_site_name":"Aulas y C\u00e1tedras Culturales","article_modified_time":"2021-04-28T10:47:01+00:00","og_image":[{"width":690,"height":369,"url":"https:\/\/www.ull.es\/portal\/aulasycatedrasculturales\/wp-content\/uploads\/sites\/19\/2021\/04\/Antonio_Lozano_2018m1.jpg","type":"image\/jpeg"}],"twitter_card":"summary_large_image","twitter_misc":{"Tiempo de lectura":"1 minuto"},"schema":{"@context":"https:\/\/schema.org","@graph":[{"@type":"WebPage","@id":"https:\/\/www.ull.es\/portal\/aulasycatedrasculturales\/catedra-cultural-antonio-lozano-de-genero-criminal\/","url":"https:\/\/www.ull.es\/portal\/aulasycatedrasculturales\/catedra-cultural-antonio-lozano-de-genero-criminal\/","name":"C\u00e1tedra Cultural Antonio Lozano de G\u00e9nero Criminal - Aulas y C\u00e1tedras Culturales","isPartOf":{"@id":"https:\/\/www.ull.es\/portal\/aulasycatedrasculturales\/#website"},"datePublished":"2021-04-28T10:46:28+00:00","dateModified":"2021-04-28T10:47:01+00:00","breadcrumb":{"@id":"https:\/\/www.ull.es\/portal\/aulasycatedrasculturales\/catedra-cultural-antonio-lozano-de-genero-criminal\/#breadcrumb"},"inLanguage":"es","potentialAction":[{"@type":"ReadAction","target":["https:\/\/www.ull.es\/portal\/aulasycatedrasculturales\/catedra-cultural-antonio-lozano-de-genero-criminal\/"]}]},{"@type":"BreadcrumbList","@id":"https:\/\/www.ull.es\/portal\/aulasycatedrasculturales\/catedra-cultural-antonio-lozano-de-genero-criminal\/#breadcrumb","itemListElement":[{"@type":"ListItem","position":1,"name":"Portada","item":"https:\/\/www.ull.es\/portal\/aulasycatedrasculturales\/"},{"@type":"ListItem","position":2,"name":"C\u00e1tedra Cultural Antonio Lozano de G\u00e9nero Criminal"}]},{"@type":"WebSite","@id":"https:\/\/www.ull.es\/portal\/aulasycatedrasculturales\/#website","url":"https:\/\/www.ull.es\/portal\/aulasycatedrasculturales\/","name":"Aulas y C\u00e1tedras Culturales","description":"","potentialAction":[{"@type":"SearchAction","target":{"@type":"EntryPoint","urlTemplate":"https:\/\/www.ull.es\/portal\/aulasycatedrasculturales\/?s={search_term_string}"},"query-input":"required name=search_term_string"}],"inLanguage":"es"}]}},"_links":{"self":[{"href":"https:\/\/www.ull.es\/portal\/aulasycatedrasculturales\/wp-json\/wp\/v2\/pages\/2194"}],"collection":[{"href":"https:\/\/www.ull.es\/portal\/aulasycatedrasculturales\/wp-json\/wp\/v2\/pages"}],"about":[{"href":"https:\/\/www.ull.es\/portal\/aulasycatedrasculturales\/wp-json\/wp\/v2\/types\/page"}],"author":[{"embeddable":true,"href":"https:\/\/www.ull.es\/portal\/aulasycatedrasculturales\/wp-json\/wp\/v2\/users\/22"}],"replies":[{"embeddable":true,"href":"https:\/\/www.ull.es\/portal\/aulasycatedrasculturales\/wp-json\/wp\/v2\/comments?post=2194"}],"version-history":[{"count":2,"href":"https:\/\/www.ull.es\/portal\/aulasycatedrasculturales\/wp-json\/wp\/v2\/pages\/2194\/revisions"}],"predecessor-version":[{"id":2197,"href":"https:\/\/www.ull.es\/portal\/aulasycatedrasculturales\/wp-json\/wp\/v2\/pages\/2194\/revisions\/2197"}],"wp:featuredmedia":[{"embeddable":true,"href":"https:\/\/www.ull.es\/portal\/aulasycatedrasculturales\/wp-json\/wp\/v2\/media\/2195"}],"wp:attachment":[{"href":"https:\/\/www.ull.es\/portal\/aulasycatedrasculturales\/wp-json\/wp\/v2\/media?parent=2194"}],"curies":[{"name":"wp","href":"https:\/\/api.w.org\/{rel}","templated":true}]}}

Cátedra Cultural Antonio Lozano de Género Criminal

<p>[vc_row][vc_column][vc_empty_space][/vc_column][/vc_row][vc_row][vc_column width=»1/3&#8243;][vc_single_image image=»2195&#8243; img_size=»full» alignment=»center»][vc_column_text]</p>
<p align="justify"><strong>Director: </strong> Javier Rivero Grandoso</p>
<p align="justify"><strong>Codirector: </strong> Alejandro Martín Perera</p>
<ul>
<li><i class="fa fa-envelope"></i> <a href="mailto: jriverog@ull.edu.es" target="_blank" rel="noopener"> jriverog@ull.edu.es</a></li>
</ul>
<p>[/vc_column_text][/vc_column][vc_column width=»2/3&#8243;][vc_column_text]</p>
<h2>Cátedra Cultural Antonio Lozano de Género Criminal</h2>
<p>[/vc_column_text][vc_column_text]La Cátedra Cultural Antonio Lozano de Género Criminal se crea en el año 2021 y tiene entre sus objetivos la investigación y la divulgación del género criminal en sus diversas formas y el estudio y la difusión de la obra del escritor canario Antonio Lozano (1956-2019), uno de los pioneros del género criminal en el archipiélago. La obra de Antonio Lozano fue merecedora de premios como el Novelpol, el Prix Marsellais du Polar, el Premio Internacional de Novela Negra Ciudad de Carmona y el Benito Pérez Armas, entre otros. También escribió obras infantiles y juveniles y teatro y tradujo diversas obras del francés.</p>
<p>Entre las diversas actividades de esta Cátedra, destacan la organización del Seminario Internacional Tenerife Noir de Género Negro, la dirección de cursos de extensión universitaria en el municipio de Agüimes y la celebración de encuentros con autores e investigadores de género criminal. Asimismo, la Cátedra se ocupa de la publicación de volúmenes de estudios sobre la novela criminal, el cine negro y otras disciplinas relacionadas.[/vc_column_text][/vc_column][/vc_row]</p>

<p>[vc_row][vc_column][vc_empty_space][/vc_column][/vc_row][vc_row][vc_column width=»1/3&#8243;][vc_single_image image=»2195&#8243; img_size=»full» alignment=»center»][vc_column_text] Director: Javier Rivero Grandoso Codirector: Alejandro Martín Perera jriverog@ull.edu.es [/vc_column_text][/vc_column][vc_column width=»2/3&#8243;][vc_column_text] Cátedra Cultural Antonio Lozano&#8230;</p>

<!-- This site is optimized with the Yoast SEO plugin v21.3 - https://yoast.com/wordpress/plugins/seo/ -->
<title>Cátedra Cultural Antonio Lozano de Género Criminal - Aulas y Cátedras Culturales</title>
<meta name="robots" content="index, follow, max-snippet:-1, max-image-preview:large, max-video-preview:-1" />
<link rel="canonical" href="https://www.ull.es/portal/aulasycatedrasculturales/catedra-cultural-antonio-lozano-de-genero-criminal/" />
<meta property="og:locale" content="es_ES" />
<meta property="og:type" content="article" />
<meta property="og:title" content="Cátedra Cultural Antonio Lozano de Género Criminal - Aulas y Cátedras Culturales" />
<meta property="og:description" content="[vc_row][vc_column][vc_empty_space][/vc_column][/vc_row][vc_row][vc_column width=»1/3&#8243;][vc_single_image image=»2195&#8243; img_size=»full» alignment=»center»][vc_column_text] Director: Javier Rivero Grandoso Codirector: Alejandro Martín Perera jriverog@ull.edu.es [/vc_column_text][/vc_column][vc_column width=»2/3&#8243;][vc_column_text] Cátedra Cultural Antonio Lozano..." />
<meta property="og:url" content="https://www.ull.es/portal/aulasycatedrasculturales/catedra-cultural-antonio-lozano-de-genero-criminal/" />
<meta property="og:site_name" content="Aulas y Cátedras Culturales" />
<meta property="article:modified_time" content="2021-04-28T10:47:01+00:00" />
<meta property="og:image" content="https://www.ull.es/portal/aulasycatedrasculturales/wp-content/uploads/sites/19/2021/04/Antonio_Lozano_2018m1.jpg" />
	<meta property="og:image:width" content="690" />
	<meta property="og:image:height" content="369" />
	<meta property="og:image:type" content="image/jpeg" />
<meta name="twitter:card" content="summary_large_image" />
<meta name="twitter:label1" content="Tiempo de lectura" />
	<meta name="twitter:data1" content="1 minuto" />
<script type="application/ld+json" class="yoast-schema-graph">{"@context":"https://schema.org","@graph":[{"@type":"WebPage","@id":"https://www.ull.es/portal/aulasycatedrasculturales/catedra-cultural-antonio-lozano-de-genero-criminal/","url":"https://www.ull.es/portal/aulasycatedrasculturales/catedra-cultural-antonio-lozano-de-genero-criminal/","name":"Cátedra Cultural Antonio Lozano de Género Criminal - Aulas y Cátedras Culturales","isPartOf":{"@id":"https://www.ull.es/portal/aulasycatedrasculturales/#website"},"datePublished":"2021-04-28T10:46:28+00:00","dateModified":"2021-04-28T10:47:01+00:00","breadcrumb":{"@id":"https://www.ull.es/portal/aulasycatedrasculturales/catedra-cultural-antonio-lozano-de-genero-criminal/#breadcrumb"},"inLanguage":"es","potentialAction":[{"@type":"ReadAction","target":["https://www.ull.es/portal/aulasycatedrasculturales/catedra-cultural-antonio-lozano-de-genero-criminal/"]}]},{"@type":"BreadcrumbList","@id":"https://www.ull.es/portal/aulasycatedrasculturales/catedra-cultural-antonio-lozano-de-genero-criminal/#breadcrumb","itemListElement":[{"@type":"ListItem","position":1,"name":"Portada","item":"https://www.ull.es/portal/aulasycatedrasculturales/"},{"@type":"ListItem","position":2,"name":"Cátedra Cultural Antonio Lozano de Género Criminal"}]},{"@type":"WebSite","@id":"https://www.ull.es/portal/aulasycatedrasculturales/#website","url":"https://www.ull.es/portal/aulasycatedrasculturales/","name":"Aulas y Cátedras Culturales","description":"","potentialAction":[{"@type":"SearchAction","target":{"@type":"EntryPoint","urlTemplate":"https://www.ull.es/portal/aulasycatedrasculturales/?s={search_term_string}"},"query-input":"required name=search_term_string"}],"inLanguage":"es"}]}</script>
<!-- / Yoast SEO plugin. -->

Cátedra Cultural Antonio Lozano de Género Criminal - Aulas y Cátedras Culturales

[vc_row][vc_column][vc_empty_space][/vc_column][/vc_row][vc_row][vc_column width=»1/3&#8243;][vc_single_image image=»2195&#8243; img_size=»full» alignment=»center»][vc_column_text] Director: Javier Rivero Grandoso Codirector: Alejandro Martín Perera jriverog@ull.edu.es [/vc_column_text][/vc_column][vc_column width=»2/3&#8243;][vc_column_text] Cátedra Cultural Antonio Lozano...

Aulas y Cátedras Culturales
