{"id":56,"date":"2016-10-19T09:11:36","date_gmt":"2016-10-19T09:11:36","guid":{"rendered":"http:\/\/catedra.shidix.es\/?page_id=56"},"modified":"2023-03-31T12:42:54","modified_gmt":"2023-03-31T12:42:54","slug":"francisco-tomas-y-valiente","status":"publish","type":"page","link":"https:\/\/www.ull.es\/portal\/aulasycatedrasculturales\/francisco-tomas-y-valiente\/","title":{"rendered":"C\u00e1tedra cultural Francisco Tom\u00e1s y Valiente"},"content":{"rendered":"<p>[vc_row][vc_column][vc_empty_space][\/vc_column][\/vc_row][vc_row][vc_column width=\u00bb1\/3&#8243;][vc_single_image image=\u00bb1927&#8243; img_size=\u00bbfull\u00bb alignment=\u00bbcenter\u00bb][vc_column_text]<strong>Directores:<\/strong> Aurelio B. Santana Rodr\u00edguez y Jos\u00e9 Ram\u00f3n Navarro Miranda<br \/>\n<strong>Secretario: <\/strong>Luis Javier Capote<br \/>\n<strong>Colaboradores:<\/strong><br \/>\nEva Mar\u00eda Gonz\u00e1lez Lorenzo<br \/>\nGregorio Alay\u00f3n D\u00edaz<br \/>\nMariano Gamb\u00edn Garc\u00eda<br \/>\nAndr\u00e9s Gonz\u00e1lez Sanfiel<br \/>\nFrancisco Hern\u00e1ndez Gonz\u00e1lez<br \/>\nM\u00aa Teresa Manescau Mart\u00edn<br \/>\nM\u00aa Elena S\u00e1nchez Jord\u00e1n<br \/>\nFrancisco Villar Rojas<\/p>\n<ul>\n<li><i class=\"fa fa-phone\"><\/i> (+34) 922 31 74 19<\/li>\n<li><i class=\"fa fa-envelope\"><\/i> <a href=\"mailto:ccftyv@ull.es\" target=\"_blank\" rel=\"noopener\">ccftyv@ull.es<\/a><\/li>\n<li><i class=\"fa fa-facebook\"><\/i> <a href=\"https:\/\/www.facebook.com\/ccftyvull\/\" target=\"_blank\" rel=\"noopener\">Facebook<\/a><\/li>\n<\/ul>\n<p>[\/vc_column_text][\/vc_column][vc_column width=\u00bb2\/3&#8243;][vc_column_text]<\/p>\n<h2>C\u00e1tedra cultural Francisco Tom\u00e1s y Valiente<\/h2>\n<p>[\/vc_column_text][vc_column_text]Entidad dedicada a la divulgaci\u00f3n de la cultura y el conocimiento jur\u00eddico y nombrada en memoria de D. Francisco Tom\u00e1s y Valiente, jurista e historiador del Derecho[\/vc_column_text][\/vc_column][\/vc_row]<\/p>\n","protected":false},"excerpt":{"rendered":"<p>[vc_row][vc_column][vc_empty_space][\/vc_column][\/vc_row][vc_row][vc_column width=\u00bb1\/3&#8243;][vc_single_image image=\u00bb1927&#8243; img_size=\u00bbfull\u00bb alignment=\u00bbcenter\u00bb][vc_column_text]Directores: Aurelio B. Santana Rodr\u00edguez y Jos\u00e9 Ram\u00f3n Navarro Miranda Secretario: Luis Javier Capote Colaboradores: Eva&#8230;<\/p>\n","protected":false},"author":22,"featured_media":1510,"parent":0,"menu_order":0,"comment_status":"closed","ping_status":"closed","template":"","meta":{"inline_featured_image":false,"footnotes":""},"acf":[],"yoast_head":"<!-- This site is optimized with the Yoast SEO plugin v21.3 - https:\/\/yoast.com\/wordpress\/plugins\/seo\/ -->\n<title>C\u00e1tedra cultural Francisco Tom\u00e1s y Valiente - Aulas y C\u00e1tedras Culturales<\/title>\n<meta name=\"robots\" content=\"index, follow, max-snippet:-1, max-image-preview:large, max-video-preview:-1\" \/>\n<link rel=\"canonical\" href=\"https:\/\/www.ull.es\/portal\/aulasycatedrasculturales\/francisco-tomas-y-valiente\/\" \/>\n<meta property=\"og:locale\" content=\"es_ES\" \/>\n<meta property=\"og:type\" content=\"article\" \/>\n<meta property=\"og:title\" content=\"C\u00e1tedra cultural Francisco Tom\u00e1s y Valiente - Aulas y C\u00e1tedras Culturales\" \/>\n<meta property=\"og:description\" content=\"[vc_row][vc_column][vc_empty_space][\/vc_column][\/vc_row][vc_row][vc_column width=\u00bb1\/3&#8243;][vc_single_image image=\u00bb1927&#8243; img_size=\u00bbfull\u00bb alignment=\u00bbcenter\u00bb][vc_column_text]Directores: Aurelio B. Santana Rodr\u00edguez y Jos\u00e9 Ram\u00f3n Navarro Miranda Secretario: Luis Javier Capote Colaboradores: Eva...\" \/>\n<meta property=\"og:url\" content=\"https:\/\/www.ull.es\/portal\/aulasycatedrasculturales\/francisco-tomas-y-valiente\/\" \/>\n<meta property=\"og:site_name\" content=\"Aulas y C\u00e1tedras Culturales\" \/>\n<meta property=\"article:modified_time\" content=\"2023-03-31T12:42:54+00:00\" \/>\n<meta property=\"og:image\" content=\"https:\/\/www.ull.es\/portal\/aulasycatedrasculturales\/wp-content\/uploads\/sites\/19\/2016\/10\/C\u00e1tedra-Cultural-Tom\u00e1s-y-Valiente.jpeg\" \/>\n\t<meta property=\"og:image:width\" content=\"360\" \/>\n\t<meta property=\"og:image:height\" content=\"360\" \/>\n\t<meta property=\"og:image:type\" content=\"image\/jpeg\" \/>\n<meta name=\"twitter:card\" content=\"summary_large_image\" \/>\n<meta name=\"twitter:label1\" content=\"Tiempo de lectura\" \/>\n\t<meta name=\"twitter:data1\" content=\"1 minuto\" \/>\n<script type=\"application\/ld+json\" class=\"yoast-schema-graph\">{\"@context\":\"https:\/\/schema.org\",\"@graph\":[{\"@type\":\"WebPage\",\"@id\":\"https:\/\/www.ull.es\/portal\/aulasycatedrasculturales\/francisco-tomas-y-valiente\/\",\"url\":\"https:\/\/www.ull.es\/portal\/aulasycatedrasculturales\/francisco-tomas-y-valiente\/\",\"name\":\"C\u00e1tedra cultural Francisco Tom\u00e1s y Valiente - Aulas y C\u00e1tedras Culturales\",\"isPartOf\":{\"@id\":\"https:\/\/www.ull.es\/portal\/aulasycatedrasculturales\/#website\"},\"datePublished\":\"2016-10-19T09:11:36+00:00\",\"dateModified\":\"2023-03-31T12:42:54+00:00\",\"breadcrumb\":{\"@id\":\"https:\/\/www.ull.es\/portal\/aulasycatedrasculturales\/francisco-tomas-y-valiente\/#breadcrumb\"},\"inLanguage\":\"es\",\"potentialAction\":[{\"@type\":\"ReadAction\",\"target\":[\"https:\/\/www.ull.es\/portal\/aulasycatedrasculturales\/francisco-tomas-y-valiente\/\"]}]},{\"@type\":\"BreadcrumbList\",\"@id\":\"https:\/\/www.ull.es\/portal\/aulasycatedrasculturales\/francisco-tomas-y-valiente\/#breadcrumb\",\"itemListElement\":[{\"@type\":\"ListItem\",\"position\":1,\"name\":\"Portada\",\"item\":\"https:\/\/www.ull.es\/portal\/aulasycatedrasculturales\/\"},{\"@type\":\"ListItem\",\"position\":2,\"name\":\"C\u00e1tedra cultural Francisco Tom\u00e1s y Valiente\"}]},{\"@type\":\"WebSite\",\"@id\":\"https:\/\/www.ull.es\/portal\/aulasycatedrasculturales\/#website\",\"url\":\"https:\/\/www.ull.es\/portal\/aulasycatedrasculturales\/\",\"name\":\"Aulas y C\u00e1tedras Culturales\",\"description\":\"\",\"potentialAction\":[{\"@type\":\"SearchAction\",\"target\":{\"@type\":\"EntryPoint\",\"urlTemplate\":\"https:\/\/www.ull.es\/portal\/aulasycatedrasculturales\/?s={search_term_string}\"},\"query-input\":\"required name=search_term_string\"}],\"inLanguage\":\"es\"}]}<\/script>\n<!-- \/ Yoast SEO plugin. -->","yoast_head_json":{"title":"C\u00e1tedra cultural Francisco Tom\u00e1s y Valiente - Aulas y C\u00e1tedras Culturales","robots":{"index":"index","follow":"follow","max-snippet":"max-snippet:-1","max-image-preview":"max-image-preview:large","max-video-preview":"max-video-preview:-1"},"canonical":"https:\/\/www.ull.es\/portal\/aulasycatedrasculturales\/francisco-tomas-y-valiente\/","og_locale":"es_ES","og_type":"article","og_title":"C\u00e1tedra cultural Francisco Tom\u00e1s y Valiente - Aulas y C\u00e1tedras Culturales","og_description":"[vc_row][vc_column][vc_empty_space][\/vc_column][\/vc_row][vc_row][vc_column width=\u00bb1\/3&#8243;][vc_single_image image=\u00bb1927&#8243; img_size=\u00bbfull\u00bb alignment=\u00bbcenter\u00bb][vc_column_text]Directores: Aurelio B. Santana Rodr\u00edguez y Jos\u00e9 Ram\u00f3n Navarro Miranda Secretario: Luis Javier Capote Colaboradores: Eva...","og_url":"https:\/\/www.ull.es\/portal\/aulasycatedrasculturales\/francisco-tomas-y-valiente\/","og_site_name":"Aulas y C\u00e1tedras Culturales","article_modified_time":"2023-03-31T12:42:54+00:00","og_image":[{"width":360,"height":360,"url":"https:\/\/www.ull.es\/portal\/aulasycatedrasculturales\/wp-content\/uploads\/sites\/19\/2016\/10\/C\u00e1tedra-Cultural-Tom\u00e1s-y-Valiente.jpeg","type":"image\/jpeg"}],"twitter_card":"summary_large_image","twitter_misc":{"Tiempo de lectura":"1 minuto"},"schema":{"@context":"https:\/\/schema.org","@graph":[{"@type":"WebPage","@id":"https:\/\/www.ull.es\/portal\/aulasycatedrasculturales\/francisco-tomas-y-valiente\/","url":"https:\/\/www.ull.es\/portal\/aulasycatedrasculturales\/francisco-tomas-y-valiente\/","name":"C\u00e1tedra cultural Francisco Tom\u00e1s y Valiente - Aulas y C\u00e1tedras Culturales","isPartOf":{"@id":"https:\/\/www.ull.es\/portal\/aulasycatedrasculturales\/#website"},"datePublished":"2016-10-19T09:11:36+00:00","dateModified":"2023-03-31T12:42:54+00:00","breadcrumb":{"@id":"https:\/\/www.ull.es\/portal\/aulasycatedrasculturales\/francisco-tomas-y-valiente\/#breadcrumb"},"inLanguage":"es","potentialAction":[{"@type":"ReadAction","target":["https:\/\/www.ull.es\/portal\/aulasycatedrasculturales\/francisco-tomas-y-valiente\/"]}]},{"@type":"BreadcrumbList","@id":"https:\/\/www.ull.es\/portal\/aulasycatedrasculturales\/francisco-tomas-y-valiente\/#breadcrumb","itemListElement":[{"@type":"ListItem","position":1,"name":"Portada","item":"https:\/\/www.ull.es\/portal\/aulasycatedrasculturales\/"},{"@type":"ListItem","position":2,"name":"C\u00e1tedra cultural Francisco Tom\u00e1s y Valiente"}]},{"@type":"WebSite","@id":"https:\/\/www.ull.es\/portal\/aulasycatedrasculturales\/#website","url":"https:\/\/www.ull.es\/portal\/aulasycatedrasculturales\/","name":"Aulas y C\u00e1tedras Culturales","description":"","potentialAction":[{"@type":"SearchAction","target":{"@type":"EntryPoint","urlTemplate":"https:\/\/www.ull.es\/portal\/aulasycatedrasculturales\/?s={search_term_string}"},"query-input":"required name=search_term_string"}],"inLanguage":"es"}]}},"_links":{"self":[{"href":"https:\/\/www.ull.es\/portal\/aulasycatedrasculturales\/wp-json\/wp\/v2\/pages\/56"}],"collection":[{"href":"https:\/\/www.ull.es\/portal\/aulasycatedrasculturales\/wp-json\/wp\/v2\/pages"}],"about":[{"href":"https:\/\/www.ull.es\/portal\/aulasycatedrasculturales\/wp-json\/wp\/v2\/types\/page"}],"author":[{"embeddable":true,"href":"https:\/\/www.ull.es\/portal\/aulasycatedrasculturales\/wp-json\/wp\/v2\/users\/22"}],"replies":[{"embeddable":true,"href":"https:\/\/www.ull.es\/portal\/aulasycatedrasculturales\/wp-json\/wp\/v2\/comments?post=56"}],"version-history":[{"count":7,"href":"https:\/\/www.ull.es\/portal\/aulasycatedrasculturales\/wp-json\/wp\/v2\/pages\/56\/revisions"}],"predecessor-version":[{"id":2279,"href":"https:\/\/www.ull.es\/portal\/aulasycatedrasculturales\/wp-json\/wp\/v2\/pages\/56\/revisions\/2279"}],"wp:featuredmedia":[{"embeddable":true,"href":"https:\/\/www.ull.es\/portal\/aulasycatedrasculturales\/wp-json\/wp\/v2\/media\/1510"}],"wp:attachment":[{"href":"https:\/\/www.ull.es\/portal\/aulasycatedrasculturales\/wp-json\/wp\/v2\/media?parent=56"}],"curies":[{"name":"wp","href":"https:\/\/api.w.org\/{rel}","templated":true}]}}