{"id":88,"date":"2016-12-19T11:04:27","date_gmt":"2016-12-19T11:04:27","guid":{"rendered":"https:\/\/www.ull.es\/portal\/aulasycatedrasculturales\/?page_id=88"},"modified":"2024-04-02T13:18:33","modified_gmt":"2024-04-02T13:18:33","slug":"aula-cultural-de-divulgacion-cientifica","status":"publish","type":"page","link":"https:\/\/www.ull.es\/portal\/aulasycatedrasculturales\/aula-cultural-de-divulgacion-cientifica\/","title":{"rendered":"Aula Cultural de Divulgaci\u00f3n Cient\u00edfica"},"content":{"rendered":"<p>[vc_row][vc_column width=\u00bb2\/3&#8243;][vc_empty_space][\/vc_column][vc_column width=\u00bb1\/3&#8243;][\/vc_column][\/vc_row][vc_row][vc_column width=\u00bb1\/3&#8243;][vc_single_image image=\u00bb1963&#8243; img_size=\u00bbfull\u00bb alignment=\u00bbcenter\u00bb][vc_column_text]<strong>Director: <\/strong>Carlos Javier \u00c1lvarez Gonz\u00e1lez<br \/>\n<strong>Co-director:<\/strong> Luis Javier Capote P\u00e9rez<\/p>\n<ul>\n<li><i class=\"fa fa-phone\"><\/i> (+34) 922 31 74 19 \/ 922 31 75 07<\/li>\n<li>acdcull@ull.es<\/li>\n<li><i class=\"fa fa-external-link\"><\/i> <a href=\"http:\/\/www.divulgacioncientifica.org\/\" target=\"_blank\" rel=\"noopener\">web<\/a><\/li>\n<\/ul>\n<p>[\/vc_column_text][\/vc_column][vc_column width=\u00bb2\/3&#8243;][vc_column_text]<\/p>\n<h2><strong>Aula Cultural de Divulgaci\u00f3n Cient\u00edfica<\/strong><\/h2>\n<p>[\/vc_column_text][vc_column_text]<\/p>\n<p style=\"text-align: justify;\">El Aula Cultural de Divulgaci\u00f3n Cient\u00edfica (ACDC) es una entidad aut\u00f3noma especializada de la Universidad de La Laguna dependiente del Vicerrectorado de Relaciones con la Sociedad.<\/p>\n<p style=\"text-align: justify;\">Sus objetivos son la divulgaci\u00f3n cient\u00edfica, el an\u00e1lisis objetivo de las pseudociencias y la difusi\u00f3n del pensamiento cr\u00edtico. Tres objetivos que van unidos indisolublemente.<\/p>\n<p>[\/vc_column_text][\/vc_column][\/vc_row]<\/p>\n","protected":false},"excerpt":{"rendered":"<p>[vc_row][vc_column width=\u00bb2\/3&#8243;][vc_empty_space][\/vc_column][vc_column width=\u00bb1\/3&#8243;][\/vc_column][\/vc_row][vc_row][vc_column width=\u00bb1\/3&#8243;][vc_single_image image=\u00bb1963&#8243; img_size=\u00bbfull\u00bb alignment=\u00bbcenter\u00bb][vc_column_text]Director: Carlos Javier \u00c1lvarez Gonz\u00e1lez Co-director: Luis Javier Capote P\u00e9rez (+34) 922 31 74&#8230;<\/p>\n","protected":false},"author":22,"featured_media":1963,"parent":0,"menu_order":0,"comment_status":"closed","ping_status":"closed","template":"","meta":{"inline_featured_image":false,"footnotes":""},"acf":[],"yoast_head":"<!-- This site is optimized with the Yoast SEO plugin v21.3 - https:\/\/yoast.com\/wordpress\/plugins\/seo\/ -->\n<title>Aula Cultural de Divulgaci\u00f3n Cient\u00edfica - Aulas y C\u00e1tedras Culturales<\/title>\n<meta name=\"robots\" content=\"index, follow, max-snippet:-1, max-image-preview:large, max-video-preview:-1\" \/>\n<link rel=\"canonical\" href=\"https:\/\/www.ull.es\/portal\/aulasycatedrasculturales\/aula-cultural-de-divulgacion-cientifica\/\" \/>\n<meta property=\"og:locale\" content=\"es_ES\" \/>\n<meta property=\"og:type\" content=\"article\" \/>\n<meta property=\"og:title\" content=\"Aula Cultural de Divulgaci\u00f3n Cient\u00edfica - Aulas y C\u00e1tedras Culturales\" \/>\n<meta property=\"og:description\" content=\"[vc_row][vc_column width=\u00bb2\/3&#8243;][vc_empty_space][\/vc_column][vc_column width=\u00bb1\/3&#8243;][\/vc_column][\/vc_row][vc_row][vc_column width=\u00bb1\/3&#8243;][vc_single_image image=\u00bb1963&#8243; img_size=\u00bbfull\u00bb alignment=\u00bbcenter\u00bb][vc_column_text]Director: Carlos Javier \u00c1lvarez Gonz\u00e1lez Co-director: Luis Javier Capote P\u00e9rez (+34) 922 31 74...\" \/>\n<meta property=\"og:url\" content=\"https:\/\/www.ull.es\/portal\/aulasycatedrasculturales\/aula-cultural-de-divulgacion-cientifica\/\" \/>\n<meta property=\"og:site_name\" content=\"Aulas y C\u00e1tedras Culturales\" \/>\n<meta property=\"article:modified_time\" content=\"2024-04-02T13:18:33+00:00\" \/>\n<meta property=\"og:image\" content=\"https:\/\/www.ull.es\/portal\/aulasycatedrasculturales\/wp-content\/uploads\/sites\/19\/2018\/12\/aula-divulgaci\u00f3n-cinet\u00edfica.jpg\" \/>\n\t<meta property=\"og:image:width\" content=\"360\" \/>\n\t<meta property=\"og:image:height\" content=\"360\" \/>\n\t<meta property=\"og:image:type\" content=\"image\/jpeg\" \/>\n<meta name=\"twitter:card\" content=\"summary_large_image\" \/>\n<meta name=\"twitter:label1\" content=\"Tiempo de lectura\" \/>\n\t<meta name=\"twitter:data1\" content=\"1 minuto\" \/>\n<script type=\"application\/ld+json\" class=\"yoast-schema-graph\">{\"@context\":\"https:\/\/schema.org\",\"@graph\":[{\"@type\":\"WebPage\",\"@id\":\"https:\/\/www.ull.es\/portal\/aulasycatedrasculturales\/aula-cultural-de-divulgacion-cientifica\/\",\"url\":\"https:\/\/www.ull.es\/portal\/aulasycatedrasculturales\/aula-cultural-de-divulgacion-cientifica\/\",\"name\":\"Aula Cultural de Divulgaci\u00f3n Cient\u00edfica - Aulas y C\u00e1tedras Culturales\",\"isPartOf\":{\"@id\":\"https:\/\/www.ull.es\/portal\/aulasycatedrasculturales\/#website\"},\"datePublished\":\"2016-12-19T11:04:27+00:00\",\"dateModified\":\"2024-04-02T13:18:33+00:00\",\"breadcrumb\":{\"@id\":\"https:\/\/www.ull.es\/portal\/aulasycatedrasculturales\/aula-cultural-de-divulgacion-cientifica\/#breadcrumb\"},\"inLanguage\":\"es\",\"potentialAction\":[{\"@type\":\"ReadAction\",\"target\":[\"https:\/\/www.ull.es\/portal\/aulasycatedrasculturales\/aula-cultural-de-divulgacion-cientifica\/\"]}]},{\"@type\":\"BreadcrumbList\",\"@id\":\"https:\/\/www.ull.es\/portal\/aulasycatedrasculturales\/aula-cultural-de-divulgacion-cientifica\/#breadcrumb\",\"itemListElement\":[{\"@type\":\"ListItem\",\"position\":1,\"name\":\"Portada\",\"item\":\"https:\/\/www.ull.es\/portal\/aulasycatedrasculturales\/\"},{\"@type\":\"ListItem\",\"position\":2,\"name\":\"Aula Cultural de Divulgaci\u00f3n Cient\u00edfica\"}]},{\"@type\":\"WebSite\",\"@id\":\"https:\/\/www.ull.es\/portal\/aulasycatedrasculturales\/#website\",\"url\":\"https:\/\/www.ull.es\/portal\/aulasycatedrasculturales\/\",\"name\":\"Aulas y C\u00e1tedras Culturales\",\"description\":\"\",\"potentialAction\":[{\"@type\":\"SearchAction\",\"target\":{\"@type\":\"EntryPoint\",\"urlTemplate\":\"https:\/\/www.ull.es\/portal\/aulasycatedrasculturales\/?s={search_term_string}\"},\"query-input\":\"required name=search_term_string\"}],\"inLanguage\":\"es\"}]}<\/script>\n<!-- \/ Yoast SEO plugin. -->","yoast_head_json":{"title":"Aula Cultural de Divulgaci\u00f3n Cient\u00edfica - Aulas y C\u00e1tedras Culturales","robots":{"index":"index","follow":"follow","max-snippet":"max-snippet:-1","max-image-preview":"max-image-preview:large","max-video-preview":"max-video-preview:-1"},"canonical":"https:\/\/www.ull.es\/portal\/aulasycatedrasculturales\/aula-cultural-de-divulgacion-cientifica\/","og_locale":"es_ES","og_type":"article","og_title":"Aula Cultural de Divulgaci\u00f3n Cient\u00edfica - Aulas y C\u00e1tedras Culturales","og_description":"[vc_row][vc_column width=\u00bb2\/3&#8243;][vc_empty_space][\/vc_column][vc_column width=\u00bb1\/3&#8243;][\/vc_column][\/vc_row][vc_row][vc_column width=\u00bb1\/3&#8243;][vc_single_image image=\u00bb1963&#8243; img_size=\u00bbfull\u00bb alignment=\u00bbcenter\u00bb][vc_column_text]Director: Carlos Javier \u00c1lvarez Gonz\u00e1lez Co-director: Luis Javier Capote P\u00e9rez (+34) 922 31 74...","og_url":"https:\/\/www.ull.es\/portal\/aulasycatedrasculturales\/aula-cultural-de-divulgacion-cientifica\/","og_site_name":"Aulas y C\u00e1tedras Culturales","article_modified_time":"2024-04-02T13:18:33+00:00","og_image":[{"width":360,"height":360,"url":"https:\/\/www.ull.es\/portal\/aulasycatedrasculturales\/wp-content\/uploads\/sites\/19\/2018\/12\/aula-divulgaci\u00f3n-cinet\u00edfica.jpg","type":"image\/jpeg"}],"twitter_card":"summary_large_image","twitter_misc":{"Tiempo de lectura":"1 minuto"},"schema":{"@context":"https:\/\/schema.org","@graph":[{"@type":"WebPage","@id":"https:\/\/www.ull.es\/portal\/aulasycatedrasculturales\/aula-cultural-de-divulgacion-cientifica\/","url":"https:\/\/www.ull.es\/portal\/aulasycatedrasculturales\/aula-cultural-de-divulgacion-cientifica\/","name":"Aula Cultural de Divulgaci\u00f3n Cient\u00edfica - Aulas y C\u00e1tedras Culturales","isPartOf":{"@id":"https:\/\/www.ull.es\/portal\/aulasycatedrasculturales\/#website"},"datePublished":"2016-12-19T11:04:27+00:00","dateModified":"2024-04-02T13:18:33+00:00","breadcrumb":{"@id":"https:\/\/www.ull.es\/portal\/aulasycatedrasculturales\/aula-cultural-de-divulgacion-cientifica\/#breadcrumb"},"inLanguage":"es","potentialAction":[{"@type":"ReadAction","target":["https:\/\/www.ull.es\/portal\/aulasycatedrasculturales\/aula-cultural-de-divulgacion-cientifica\/"]}]},{"@type":"BreadcrumbList","@id":"https:\/\/www.ull.es\/portal\/aulasycatedrasculturales\/aula-cultural-de-divulgacion-cientifica\/#breadcrumb","itemListElement":[{"@type":"ListItem","position":1,"name":"Portada","item":"https:\/\/www.ull.es\/portal\/aulasycatedrasculturales\/"},{"@type":"ListItem","position":2,"name":"Aula Cultural de Divulgaci\u00f3n Cient\u00edfica"}]},{"@type":"WebSite","@id":"https:\/\/www.ull.es\/portal\/aulasycatedrasculturales\/#website","url":"https:\/\/www.ull.es\/portal\/aulasycatedrasculturales\/","name":"Aulas y C\u00e1tedras Culturales","description":"","potentialAction":[{"@type":"SearchAction","target":{"@type":"EntryPoint","urlTemplate":"https:\/\/www.ull.es\/portal\/aulasycatedrasculturales\/?s={search_term_string}"},"query-input":"required name=search_term_string"}],"inLanguage":"es"}]}},"_links":{"self":[{"href":"https:\/\/www.ull.es\/portal\/aulasycatedrasculturales\/wp-json\/wp\/v2\/pages\/88"}],"collection":[{"href":"https:\/\/www.ull.es\/portal\/aulasycatedrasculturales\/wp-json\/wp\/v2\/pages"}],"about":[{"href":"https:\/\/www.ull.es\/portal\/aulasycatedrasculturales\/wp-json\/wp\/v2\/types\/page"}],"author":[{"embeddable":true,"href":"https:\/\/www.ull.es\/portal\/aulasycatedrasculturales\/wp-json\/wp\/v2\/users\/22"}],"replies":[{"embeddable":true,"href":"https:\/\/www.ull.es\/portal\/aulasycatedrasculturales\/wp-json\/wp\/v2\/comments?post=88"}],"version-history":[{"count":7,"href":"https:\/\/www.ull.es\/portal\/aulasycatedrasculturales\/wp-json\/wp\/v2\/pages\/88\/revisions"}],"predecessor-version":[{"id":2322,"href":"https:\/\/www.ull.es\/portal\/aulasycatedrasculturales\/wp-json\/wp\/v2\/pages\/88\/revisions\/2322"}],"wp:featuredmedia":[{"embeddable":true,"href":"https:\/\/www.ull.es\/portal\/aulasycatedrasculturales\/wp-json\/wp\/v2\/media\/1963"}],"wp:attachment":[{"href":"https:\/\/www.ull.es\/portal\/aulasycatedrasculturales\/wp-json\/wp\/v2\/media?parent=88"}],"curies":[{"name":"wp","href":"https:\/\/api.w.org\/{rel}","templated":true}]}}

Aula Cultural de Divulgación Científica

<p>[vc_row][vc_column width=»2/3&#8243;][vc_empty_space][/vc_column][vc_column width=»1/3&#8243;][/vc_column][/vc_row][vc_row][vc_column width=»1/3&#8243;][vc_single_image image=»1963&#8243; img_size=»full» alignment=»center»][vc_column_text]<strong>Director: </strong>Carlos Javier Álvarez González<br />
<strong>Co-director:</strong> Luis Javier Capote Pérez</p>
<ul>
<li><i class="fa fa-phone"></i> (+34) 922 31 74 19 / 922 31 75 07</li>
<li>acdcull@ull.es</li>
<li><i class="fa fa-external-link"></i> <a href="http://www.divulgacioncientifica.org/" target="_blank" rel="noopener">web</a></li>
</ul>
<p>[/vc_column_text][/vc_column][vc_column width=»2/3&#8243;][vc_column_text]</p>
<h2><strong>Aula Cultural de Divulgación Científica</strong></h2>
<p>[/vc_column_text][vc_column_text]</p>
<p style="text-align: justify;">El Aula Cultural de Divulgación Científica (ACDC) es una entidad autónoma especializada de la Universidad de La Laguna dependiente del Vicerrectorado de Relaciones con la Sociedad.</p>
<p style="text-align: justify;">Sus objetivos son la divulgación científica, el análisis objetivo de las pseudociencias y la difusión del pensamiento crítico. Tres objetivos que van unidos indisolublemente.</p>
<p>[/vc_column_text][/vc_column][/vc_row]</p>

<p>[vc_row][vc_column width=»2/3&#8243;][vc_empty_space][/vc_column][vc_column width=»1/3&#8243;][/vc_column][/vc_row][vc_row][vc_column width=»1/3&#8243;][vc_single_image image=»1963&#8243; img_size=»full» alignment=»center»][vc_column_text]Director: Carlos Javier Álvarez González Co-director: Luis Javier Capote Pérez (+34) 922 31 74&#8230;</p>

<!-- This site is optimized with the Yoast SEO plugin v21.3 - https://yoast.com/wordpress/plugins/seo/ -->
<title>Aula Cultural de Divulgación Científica - Aulas y Cátedras Culturales</title>
<meta name="robots" content="index, follow, max-snippet:-1, max-image-preview:large, max-video-preview:-1" />
<link rel="canonical" href="https://www.ull.es/portal/aulasycatedrasculturales/aula-cultural-de-divulgacion-cientifica/" />
<meta property="og:locale" content="es_ES" />
<meta property="og:type" content="article" />
<meta property="og:title" content="Aula Cultural de Divulgación Científica - Aulas y Cátedras Culturales" />
<meta property="og:description" content="[vc_row][vc_column width=»2/3&#8243;][vc_empty_space][/vc_column][vc_column width=»1/3&#8243;][/vc_column][/vc_row][vc_row][vc_column width=»1/3&#8243;][vc_single_image image=»1963&#8243; img_size=»full» alignment=»center»][vc_column_text]Director: Carlos Javier Álvarez González Co-director: Luis Javier Capote Pérez (+34) 922 31 74..." />
<meta property="og:url" content="https://www.ull.es/portal/aulasycatedrasculturales/aula-cultural-de-divulgacion-cientifica/" />
<meta property="og:site_name" content="Aulas y Cátedras Culturales" />
<meta property="article:modified_time" content="2024-04-02T13:18:33+00:00" />
<meta property="og:image" content="https://www.ull.es/portal/aulasycatedrasculturales/wp-content/uploads/sites/19/2018/12/aula-divulgación-cinetífica.jpg" />
	<meta property="og:image:width" content="360" />
	<meta property="og:image:height" content="360" />
	<meta property="og:image:type" content="image/jpeg" />
<meta name="twitter:card" content="summary_large_image" />
<meta name="twitter:label1" content="Tiempo de lectura" />
	<meta name="twitter:data1" content="1 minuto" />
<script type="application/ld+json" class="yoast-schema-graph">{"@context":"https://schema.org","@graph":[{"@type":"WebPage","@id":"https://www.ull.es/portal/aulasycatedrasculturales/aula-cultural-de-divulgacion-cientifica/","url":"https://www.ull.es/portal/aulasycatedrasculturales/aula-cultural-de-divulgacion-cientifica/","name":"Aula Cultural de Divulgación Científica - Aulas y Cátedras Culturales","isPartOf":{"@id":"https://www.ull.es/portal/aulasycatedrasculturales/#website"},"datePublished":"2016-12-19T11:04:27+00:00","dateModified":"2024-04-02T13:18:33+00:00","breadcrumb":{"@id":"https://www.ull.es/portal/aulasycatedrasculturales/aula-cultural-de-divulgacion-cientifica/#breadcrumb"},"inLanguage":"es","potentialAction":[{"@type":"ReadAction","target":["https://www.ull.es/portal/aulasycatedrasculturales/aula-cultural-de-divulgacion-cientifica/"]}]},{"@type":"BreadcrumbList","@id":"https://www.ull.es/portal/aulasycatedrasculturales/aula-cultural-de-divulgacion-cientifica/#breadcrumb","itemListElement":[{"@type":"ListItem","position":1,"name":"Portada","item":"https://www.ull.es/portal/aulasycatedrasculturales/"},{"@type":"ListItem","position":2,"name":"Aula Cultural de Divulgación Científica"}]},{"@type":"WebSite","@id":"https://www.ull.es/portal/aulasycatedrasculturales/#website","url":"https://www.ull.es/portal/aulasycatedrasculturales/","name":"Aulas y Cátedras Culturales","description":"","potentialAction":[{"@type":"SearchAction","target":{"@type":"EntryPoint","urlTemplate":"https://www.ull.es/portal/aulasycatedrasculturales/?s={search_term_string}"},"query-input":"required name=search_term_string"}],"inLanguage":"es"}]}</script>
<!-- / Yoast SEO plugin. -->

Aula Cultural de Divulgación Científica - Aulas y Cátedras Culturales

[vc_row][vc_column width=»2/3&#8243;][vc_empty_space][/vc_column][vc_column width=»1/3&#8243;][/vc_column][/vc_row][vc_row][vc_column width=»1/3&#8243;][vc_single_image image=»1963&#8243; img_size=»full» alignment=»center»][vc_column_text]Director: Carlos Javier Álvarez González Co-director: Luis Javier Capote Pérez (+34) 922 31 74...

Aulas y Cátedras Culturales

https://www.ull.es/portal/aulasycatedrasculturales/wp-content/uploads/sites/19/2018/12/aula-divulgación-cinetífica.jpg
