{"id":232,"date":"2021-04-30T11:52:53","date_gmt":"2021-04-30T11:52:53","guid":{"rendered":"https:\/\/www.ull.es\/portal\/boletininnovacion2\/?page_id=232"},"modified":"2021-04-30T11:52:53","modified_gmt":"2021-04-30T11:52:53","slug":"el-consejo-social-de-la-ull-premia-la-lucha-contra-la-pandemia-y-la-excelencia-academica","status":"publish","type":"page","link":"https:\/\/www.ull.es\/portal\/boletininnovacion2\/el-consejo-social-de-la-ull-premia-la-lucha-contra-la-pandemia-y-la-excelencia-academica\/","title":{"rendered":"El Consejo Social de la ULL premia la lucha contra la pandemia y la excelencia acad\u00e9mica"},"content":{"rendered":"<p>[vc_row][vc_column][vc_empty_space][\/vc_column][\/vc_row][vc_row full_width=\u00bbstretch_row\u00bb equal_height=\u00bbyes\u00bb][vc_column width=\u00bb1\/2&#8243; css=\u00bb.vc_custom_1619783433887{background-image: url(https:\/\/www.ull.es\/portal\/boletininnovacion2\/wp-content\/uploads\/sites\/45\/2021\/04\/Personal-Inst.-Enfermedades-Tropicales.jpg?id=233) !important;background-position: center !important;background-repeat: no-repeat !important;background-size: cover !important;}\u00bb][vc_empty_space height=\u00bb400px\u00bb][\/vc_column][vc_column width=\u00bb1\/2&#8243; css=\u00bb.vc_custom_1616593459031{background-color: #9f416b !important;}\u00bb][vc_column_text]<\/p>\n<h1><span style=\"font-weight: 400;color: #ffffff\">El Consejo Social de la ULL premia la lucha contra la pandemia y la excelencia acad\u00e9mica<br \/>\n<\/span><\/h1>\n<p>[\/vc_column_text][\/vc_column][\/vc_row][vc_row][vc_column][vc_empty_space][\/vc_column][\/vc_row][vc_row][vc_column][vc_empty_space][vc_column_text]La tercera edici\u00f3n de los premios del\u00a0<a href=\"http:\/\/www.csocial.ull.es\/\" target=\"_blank\" rel=\"noopener\">Consejo Social de la Universidad de La Laguna<\/a>\u00a0ya tiene ganadores. Recientemente se ha dado a conocer el fallo del jurado en las dos modalidades del concurso: en la modalidad de la labor desarrollada para combatir la pandemia, el galard\u00f3n ha reca\u00eddo en el Instituto Universitario de Enfermedades Tropicales y Salud P\u00fablica de Canarias; mientras que el premio a la excelencia acad\u00e9mica ha sido para el profesor de Did\u00e1ctica e Investigaci\u00f3n Educativa Pedro \u00c1lvarez P\u00e9rez.<\/p>\n<p>El Consejo Social quiere as\u00ed reconocer el trabajo realizado por personas y colectivos que hayan contribuido a dar un nuevo impulso a la colaboraci\u00f3n entre el centro acad\u00e9mico y los estamentos cient\u00edficos, econ\u00f3micos, profesionales y culturales de la sociedad canaria. En esta tercera edici\u00f3n ha puesto el foco sobre dos vectores estrat\u00e9gicos: La labor desarrollada para combatir la pandemia, cuya finalidad es reconocer los meritorios trabajos y acciones que han desarrollado los colectivos y las personas que han tratado de combatir la crisis sanitaria y sus consecuencias; y la excelencia docente, que pretende reconocer y premiar las iniciativas y trayectorias individuales realizadas por los docentes de la instituci\u00f3n acad\u00e9mica.<\/p>\n<p>En la primera categor\u00eda el premio ha reca\u00eddo en el Instituto Universitario de Enfermedades Tropicales, instituci\u00f3n dependiente de la Universidad de La Laguna e integrada por profesores, investigadores y profesionales relacionados con el \u00e1mbito de la salud p\u00fablica y la biotecnolog\u00eda, por su\u00a0<a href=\"https:\/\/www.ull.es\/portal\/noticias\/2020\/la-universidad-se-testea\/\" target=\"_blank\" rel=\"noopener\">campa\u00f1a de cribado de la comunidad universitaria<\/a>\u00a0para detectar de manera precoz focos de contagio de la Covid-19 en la instituci\u00f3n.<\/p>\n<p>Se trata una iniciativa que se puso en marcha en el verano de 2020 y que ha seguido adelante durante todo este curso acad\u00e9mico, convirtiendo a la organizaci\u00f3n en uno de los centros nacionales capacitados para la realizaci\u00f3n de estas PCR, por cumplir los requisitos de bioseguridad y personal cualificado para ejecutarlas. Los test se realizan semanalmente a cualquier persona vinculada a la instituci\u00f3n acad\u00e9mica que haya solicitado\u00a0<a href=\"https:\/\/citaprevia.ull.es\/index.php?s=covid\" target=\"_blank\" rel=\"noopener\">cita previa<\/a>\u00a0a trav\u00e9s de la Sede Electr\u00f3nica y que haya resultado seleccionada de manera aleatoria para acudir al centro esa semana.\u00a0El director de la organizaci\u00f3n, Jacob Lorenzo, destaca el honor que ha supuesto para el centro obtener este reconocimiento. \u201cNos da fuerzas para seguir adelante en el d\u00eda a d\u00eda, apoyando a nuestra sociedad durante esta pandemia\u201d, asegura. Adem\u00e1s, agradece especialmente el apoyo del rectorado, gerencia, vicerrectorados de investigaci\u00f3n, internacionalizaci\u00f3n y TIC, as\u00ed como al Cabildo de Tenerife.[\/vc_column_text][vc_empty_space][\/vc_column][\/vc_row][vc_row equal_height=\u00bbyes\u00bb css=\u00bb.vc_custom_1616594513922{background-color: #9f416b !important;}\u00bb][vc_column css=\u00bb.vc_custom_1616594417780{background-position: center !important;background-repeat: no-repeat !important;background-size: cover !important;}\u00bb][vc_column_text]<span style=\"font-weight: 400;font-size: 20px;color: #ffffff\">Excelencia acad\u00e9mica<br \/>\n<\/span>[\/vc_column_text][\/vc_column][\/vc_row][vc_row][vc_column][vc_row_inner equal_height=\u00bbyes\u00bb content_placement=\u00bbmiddle\u00bb gap=\u00bb2&#8243;][vc_column_inner width=\u00bb1\/2&#8243;][vc_column_text]<\/p>\n<div class=\"post-content\">\n<p>Por su parte, el profesor Pedro \u00c1lvarez ha obtenido el premio a la excelencia acad\u00e9mica. Constituye un galard\u00f3n reservado a los docentes que trabajan activamente en la implantaci\u00f3n de un modelo educativo basado en criterios de calidad y mejora continua de sus programas formativos. Para \u00c1lvarez la profesi\u00f3n docente exige responsabilidad y un gran compromiso con el reto que plantea diariamente el aprendizaje de los estudiantes. \u201cYa no vale con ser un gran experto en contenidos, porque ense\u00f1ar consiste en algo m\u00e1s que transmitir conocimientos; es algo m\u00e1s universal, integral, que no se improvisa, que se siente, se vive y se practica\u201d, comenta el docente.<\/p>\n<p>\u00c1lvarez asegura tambi\u00e9n que la manera de ense\u00f1ar, el rol docente y tutorial del profesorado tienen una gran influencia en las percepciones y expectativas del alumnado, motivo por el que, afirma, se esfuerza cada d\u00eda por crear condiciones propicias de ense\u00f1anza para que cada estudiante aprenda. \u201cTrato de despertar la inquietud y la motivaci\u00f3n que le d\u00e9 sentido a \u201cser aprendiz\u201d, para que el paso de cada uno por la educaci\u00f3n superior sea algo significativo como persona, como estudiante y como futuro trabajador\u201d, se\u00f1ala el premiado, que agradece tambi\u00e9n el galard\u00f3n al Consejo Social.<\/p>\n<p>La ceremonia de entrega de premios tendr\u00e1 lugar el pr\u00f3ximo 28 de abril en el Aula Magna de F\u00edsica de la Facultad de Ciencias. En el acto estar\u00e1n presentes Manuela de Armas, consejera de Educaci\u00f3n, Universidades, Cultura y Deportes del Gobierno de Canarias; Dolores Pelayo, presidenta del Consejo Social; Luis Balbuena, presidente del Jurado de los Premios del Consejo Social; y Rosa Aguilar, rectora de la Instituci\u00f3n acad\u00e9mica.<\/p>\n<\/div>\n<hr \/>\n<p><strong>Archivado en:<\/strong>\u00a0<a href=\"https:\/\/www.ull.es\/portal\/noticias\/category\/destacado\/\" rel=\"category tag\" target=\"_blank\" rel=\"noopener\">Destacado<\/a>,\u00a0<a href=\"https:\/\/www.ull.es\/portal\/noticias\/category\/facultades-y-escuelas\/noticias-centro-facultad-educacion\/\" rel=\"category tag\" target=\"_blank\" rel=\"noopener\">Facultad de Educaci\u00f3n<\/a>,\u00a0<a href=\"https:\/\/www.ull.es\/portal\/noticias\/category\/institucion\/\" rel=\"category tag\" target=\"_blank\" rel=\"noopener\">Instituci\u00f3n<\/a>,\u00a0<a href=\"https:\/\/www.ull.es\/portal\/noticias\/category\/noticias-institutos-universitarios\/instituto-universitario-de-enfermedades-tropicales-y-salud-publica-de-canarias\/\" rel=\"category tag\" target=\"_blank\" rel=\"noopener\">Instituto Universitario de Enfermedades Tropicales y Salud P\u00fablica de Canarias<\/a>,\u00a0<a href=\"https:\/\/www.ull.es\/portal\/noticias\/category\/portada-ull\/\" rel=\"category tag\" target=\"_blank\" rel=\"noopener\">Portada ULL<\/a><\/p>\n<p><strong>Etiquetas:\u00a0<\/strong><a href=\"https:\/\/www.ull.es\/portal\/noticias\/tag\/consejo-social\/\" rel=\"tag\" target=\"_blank\" rel=\"noopener\">Consejo Social<\/a>[\/vc_column_text][\/vc_column_inner][vc_column_inner width=\u00bb1\/2&#8243;][vc_single_image image=\u00bb234&#8243; img_size=\u00bbfull\u00bb][\/vc_column_inner][\/vc_row_inner][vc_empty_space][\/vc_column][\/vc_row]<\/p>\n","protected":false},"excerpt":{"rendered":"<p>[vc_row][vc_column][vc_empty_space][\/vc_column][\/vc_row][vc_row full_width=\u00bbstretch_row\u00bb equal_height=\u00bbyes\u00bb][vc_column width=\u00bb1\/2&#8243; css=\u00bb.vc_custom_1619783433887{background-image: url(https:\/\/www.ull.es\/portal\/boletininnovacion2\/wp-content\/uploads\/sites\/45\/2021\/04\/Personal-Inst.-Enfermedades-Tropicales.jpg?id=233) !important;background-position: center !important;background-repeat: no-repeat !important;background-size: cover !important;}\u00bb][vc_empty_space height=\u00bb400px\u00bb][\/vc_column][vc_column width=\u00bb1\/2&#8243; css=\u00bb.vc_custom_1616593459031{background-color: #9f416b !important;}\u00bb][vc_column_text] El Consejo Social de la ULL premia la lucha contra la pandemia y la excelencia acad\u00e9mica [\/vc_column_text][\/vc_column][\/vc_row][vc_row][vc_column][vc_empty_space][\/vc_column][\/vc_row][vc_row][vc_column][vc_empty_space][vc_column_text]La tercera edici\u00f3n de los premios del\u00a0Consejo Social de la Universidad de La Laguna\u00a0ya tiene ganadores. Recientemente se ha dado a&#8230;<\/p>\n","protected":false},"author":41,"featured_media":0,"parent":0,"menu_order":0,"comment_status":"closed","ping_status":"closed","template":"templates\/template-no-title.php","meta":{"inline_featured_image":false,"footnotes":""},"acf":[],"yoast_head":"<!-- This site is optimized with the Yoast SEO plugin v21.3 - https:\/\/yoast.com\/wordpress\/plugins\/seo\/ -->\n<title>El Consejo Social de la ULL premia la lucha contra la pandemia y la excelencia acad\u00e9mica - Boletin de Innovaci\u00f3n<\/title>\n<meta name=\"robots\" content=\"index, follow, max-snippet:-1, max-image-preview:large, max-video-preview:-1\" \/>\n<link rel=\"canonical\" href=\"https:\/\/www.ull.es\/portal\/boletininnovacion2\/el-consejo-social-de-la-ull-premia-la-lucha-contra-la-pandemia-y-la-excelencia-academica\/\" \/>\n<meta property=\"og:locale\" content=\"es_ES\" \/>\n<meta property=\"og:type\" content=\"article\" \/>\n<meta property=\"og:title\" content=\"El Consejo Social de la ULL premia la lucha contra la pandemia y la excelencia acad\u00e9mica - Boletin de Innovaci\u00f3n\" \/>\n<meta property=\"og:description\" content=\"[vc_row][vc_column][vc_empty_space][\/vc_column][\/vc_row][vc_row full_width=\u00bbstretch_row\u00bb equal_height=\u00bbyes\u00bb][vc_column width=\u00bb1\/2&#8243; css=\u00bb.vc_custom_1619783433887{background-image: url(https:\/\/www.ull.es\/portal\/boletininnovacion2\/wp-content\/uploads\/sites\/45\/2021\/04\/Personal-Inst.-Enfermedades-Tropicales.jpg?id=233) !important;background-position: center !important;background-repeat: no-repeat !important;background-size: cover !important;}\u00bb][vc_empty_space height=\u00bb400px\u00bb][\/vc_column][vc_column width=\u00bb1\/2&#8243; css=\u00bb.vc_custom_1616593459031{background-color: #9f416b !important;}\u00bb][vc_column_text] El Consejo Social de la ULL premia la lucha contra la pandemia y la excelencia acad\u00e9mica [\/vc_column_text][\/vc_column][\/vc_row][vc_row][vc_column][vc_empty_space][\/vc_column][\/vc_row][vc_row][vc_column][vc_empty_space][vc_column_text]La tercera edici\u00f3n de los premios del\u00a0Consejo Social de la Universidad de La Laguna\u00a0ya tiene ganadores. Recientemente se ha dado a...\" \/>\n<meta property=\"og:url\" content=\"https:\/\/www.ull.es\/portal\/boletininnovacion2\/el-consejo-social-de-la-ull-premia-la-lucha-contra-la-pandemia-y-la-excelencia-academica\/\" \/>\n<meta property=\"og:site_name\" content=\"Boletin de Innovaci\u00f3n\" \/>\n<meta name=\"twitter:card\" content=\"summary_large_image\" \/>\n<meta name=\"twitter:label1\" content=\"Tiempo de lectura\" \/>\n\t<meta name=\"twitter:data1\" content=\"4 minutos\" \/>\n<script type=\"application\/ld+json\" class=\"yoast-schema-graph\">{\"@context\":\"https:\/\/schema.org\",\"@graph\":[{\"@type\":\"WebPage\",\"@id\":\"https:\/\/www.ull.es\/portal\/boletininnovacion2\/el-consejo-social-de-la-ull-premia-la-lucha-contra-la-pandemia-y-la-excelencia-academica\/\",\"url\":\"https:\/\/www.ull.es\/portal\/boletininnovacion2\/el-consejo-social-de-la-ull-premia-la-lucha-contra-la-pandemia-y-la-excelencia-academica\/\",\"name\":\"El Consejo Social de la ULL premia la lucha contra la pandemia y la excelencia acad\u00e9mica - Boletin de Innovaci\u00f3n\",\"isPartOf\":{\"@id\":\"https:\/\/www.ull.es\/portal\/boletininnovacion2\/#website\"},\"datePublished\":\"2021-04-30T11:52:53+00:00\",\"dateModified\":\"2021-04-30T11:52:53+00:00\",\"breadcrumb\":{\"@id\":\"https:\/\/www.ull.es\/portal\/boletininnovacion2\/el-consejo-social-de-la-ull-premia-la-lucha-contra-la-pandemia-y-la-excelencia-academica\/#breadcrumb\"},\"inLanguage\":\"es\",\"potentialAction\":[{\"@type\":\"ReadAction\",\"target\":[\"https:\/\/www.ull.es\/portal\/boletininnovacion2\/el-consejo-social-de-la-ull-premia-la-lucha-contra-la-pandemia-y-la-excelencia-academica\/\"]}]},{\"@type\":\"BreadcrumbList\",\"@id\":\"https:\/\/www.ull.es\/portal\/boletininnovacion2\/el-consejo-social-de-la-ull-premia-la-lucha-contra-la-pandemia-y-la-excelencia-academica\/#breadcrumb\",\"itemListElement\":[{\"@type\":\"ListItem\",\"position\":1,\"name\":\"Portada\",\"item\":\"https:\/\/www.ull.es\/portal\/boletininnovacion2\/\"},{\"@type\":\"ListItem\",\"position\":2,\"name\":\"El Consejo Social de la ULL premia la lucha contra la pandemia y la excelencia acad\u00e9mica\"}]},{\"@type\":\"WebSite\",\"@id\":\"https:\/\/www.ull.es\/portal\/boletininnovacion2\/#website\",\"url\":\"https:\/\/www.ull.es\/portal\/boletininnovacion2\/\",\"name\":\"Boletin de Innovaci\u00f3n\",\"description\":\"\",\"potentialAction\":[{\"@type\":\"SearchAction\",\"target\":{\"@type\":\"EntryPoint\",\"urlTemplate\":\"https:\/\/www.ull.es\/portal\/boletininnovacion2\/?s={search_term_string}\"},\"query-input\":\"required name=search_term_string\"}],\"inLanguage\":\"es\"}]}<\/script>\n<!-- \/ Yoast SEO plugin. -->","yoast_head_json":{"title":"El Consejo Social de la ULL premia la lucha contra la pandemia y la excelencia acad\u00e9mica - Boletin de Innovaci\u00f3n","robots":{"index":"index","follow":"follow","max-snippet":"max-snippet:-1","max-image-preview":"max-image-preview:large","max-video-preview":"max-video-preview:-1"},"canonical":"https:\/\/www.ull.es\/portal\/boletininnovacion2\/el-consejo-social-de-la-ull-premia-la-lucha-contra-la-pandemia-y-la-excelencia-academica\/","og_locale":"es_ES","og_type":"article","og_title":"El Consejo Social de la ULL premia la lucha contra la pandemia y la excelencia acad\u00e9mica - Boletin de Innovaci\u00f3n","og_description":"[vc_row][vc_column][vc_empty_space][\/vc_column][\/vc_row][vc_row full_width=\u00bbstretch_row\u00bb equal_height=\u00bbyes\u00bb][vc_column width=\u00bb1\/2&#8243; css=\u00bb.vc_custom_1619783433887{background-image: url(https:\/\/www.ull.es\/portal\/boletininnovacion2\/wp-content\/uploads\/sites\/45\/2021\/04\/Personal-Inst.-Enfermedades-Tropicales.jpg?id=233) !important;background-position: center !important;background-repeat: no-repeat !important;background-size: cover !important;}\u00bb][vc_empty_space height=\u00bb400px\u00bb][\/vc_column][vc_column width=\u00bb1\/2&#8243; css=\u00bb.vc_custom_1616593459031{background-color: #9f416b !important;}\u00bb][vc_column_text] El Consejo Social de la ULL premia la lucha contra la pandemia y la excelencia acad\u00e9mica [\/vc_column_text][\/vc_column][\/vc_row][vc_row][vc_column][vc_empty_space][\/vc_column][\/vc_row][vc_row][vc_column][vc_empty_space][vc_column_text]La tercera edici\u00f3n de los premios del\u00a0Consejo Social de la Universidad de La Laguna\u00a0ya tiene ganadores. Recientemente se ha dado a...","og_url":"https:\/\/www.ull.es\/portal\/boletininnovacion2\/el-consejo-social-de-la-ull-premia-la-lucha-contra-la-pandemia-y-la-excelencia-academica\/","og_site_name":"Boletin de Innovaci\u00f3n","twitter_card":"summary_large_image","twitter_misc":{"Tiempo de lectura":"4 minutos"},"schema":{"@context":"https:\/\/schema.org","@graph":[{"@type":"WebPage","@id":"https:\/\/www.ull.es\/portal\/boletininnovacion2\/el-consejo-social-de-la-ull-premia-la-lucha-contra-la-pandemia-y-la-excelencia-academica\/","url":"https:\/\/www.ull.es\/portal\/boletininnovacion2\/el-consejo-social-de-la-ull-premia-la-lucha-contra-la-pandemia-y-la-excelencia-academica\/","name":"El Consejo Social de la ULL premia la lucha contra la pandemia y la excelencia acad\u00e9mica - Boletin de Innovaci\u00f3n","isPartOf":{"@id":"https:\/\/www.ull.es\/portal\/boletininnovacion2\/#website"},"datePublished":"2021-04-30T11:52:53+00:00","dateModified":"2021-04-30T11:52:53+00:00","breadcrumb":{"@id":"https:\/\/www.ull.es\/portal\/boletininnovacion2\/el-consejo-social-de-la-ull-premia-la-lucha-contra-la-pandemia-y-la-excelencia-academica\/#breadcrumb"},"inLanguage":"es","potentialAction":[{"@type":"ReadAction","target":["https:\/\/www.ull.es\/portal\/boletininnovacion2\/el-consejo-social-de-la-ull-premia-la-lucha-contra-la-pandemia-y-la-excelencia-academica\/"]}]},{"@type":"BreadcrumbList","@id":"https:\/\/www.ull.es\/portal\/boletininnovacion2\/el-consejo-social-de-la-ull-premia-la-lucha-contra-la-pandemia-y-la-excelencia-academica\/#breadcrumb","itemListElement":[{"@type":"ListItem","position":1,"name":"Portada","item":"https:\/\/www.ull.es\/portal\/boletininnovacion2\/"},{"@type":"ListItem","position":2,"name":"El Consejo Social de la ULL premia la lucha contra la pandemia y la excelencia acad\u00e9mica"}]},{"@type":"WebSite","@id":"https:\/\/www.ull.es\/portal\/boletininnovacion2\/#website","url":"https:\/\/www.ull.es\/portal\/boletininnovacion2\/","name":"Boletin de Innovaci\u00f3n","description":"","potentialAction":[{"@type":"SearchAction","target":{"@type":"EntryPoint","urlTemplate":"https:\/\/www.ull.es\/portal\/boletininnovacion2\/?s={search_term_string}"},"query-input":"required name=search_term_string"}],"inLanguage":"es"}]}},"_links":{"self":[{"href":"https:\/\/www.ull.es\/portal\/boletininnovacion2\/wp-json\/wp\/v2\/pages\/232"}],"collection":[{"href":"https:\/\/www.ull.es\/portal\/boletininnovacion2\/wp-json\/wp\/v2\/pages"}],"about":[{"href":"https:\/\/www.ull.es\/portal\/boletininnovacion2\/wp-json\/wp\/v2\/types\/page"}],"author":[{"embeddable":true,"href":"https:\/\/www.ull.es\/portal\/boletininnovacion2\/wp-json\/wp\/v2\/users\/41"}],"replies":[{"embeddable":true,"href":"https:\/\/www.ull.es\/portal\/boletininnovacion2\/wp-json\/wp\/v2\/comments?post=232"}],"version-history":[{"count":1,"href":"https:\/\/www.ull.es\/portal\/boletininnovacion2\/wp-json\/wp\/v2\/pages\/232\/revisions"}],"predecessor-version":[{"id":235,"href":"https:\/\/www.ull.es\/portal\/boletininnovacion2\/wp-json\/wp\/v2\/pages\/232\/revisions\/235"}],"wp:attachment":[{"href":"https:\/\/www.ull.es\/portal\/boletininnovacion2\/wp-json\/wp\/v2\/media?parent=232"}],"curies":[{"name":"wp","href":"https:\/\/api.w.org\/{rel}","templated":true}]}}