{"id":89,"date":"2021-03-24T18:03:05","date_gmt":"2021-03-24T18:03:05","guid":{"rendered":"https:\/\/www.ull.es\/portal\/boletininnovacion2\/?page_id=89"},"modified":"2021-04-14T11:56:42","modified_gmt":"2021-04-14T11:56:42","slug":"innovacion-en-marcha","status":"publish","type":"page","link":"https:\/\/www.ull.es\/portal\/boletininnovacion2\/innovacion-en-marcha\/","title":{"rendered":"Innovaci\u00f3n en Marcha"},"content":{"rendered":"<p>[vc_row][vc_column][vc_empty_space][\/vc_column][\/vc_row][vc_row equal_height=\u00bbyes\u00bb css=\u00bb.vc_custom_1616594513922{background-color: #9f416b !important;}\u00bb][vc_column css=\u00bb.vc_custom_1616594417780{background-position: center !important;background-repeat: no-repeat !important;background-size: cover !important;}\u00bb][vc_column_text]<span style=\"font-weight: 400;font-size: 20px;color: #ffffff\">Innovaci\u00f3n en marcha<\/span>[\/vc_column_text][\/vc_column][\/vc_row][vc_row gap=\u00bb5&#8243; equal_height=\u00bbyes\u00bb][vc_column width=\u00bb1\/2&#8243; css=\u00bb.vc_custom_1616608878017{background-color: #d6d6d6 !important;}\u00bb][vc_single_image image=\u00bb100&#8243; img_size=\u00bbfull\u00bb onclick=\u00bbcustom_link\u00bb img_link_target=\u00bb_blank\u00bb link=\u00bbhttps:\/\/www.ull.es\/portal\/boletininnovacion2\/aprender-en-comunidad\/\u00bb][vc_row_inner el_class=\u00bbalto-titulo\u00bb][vc_column_inner][vc_column_text]<\/p>\n<h2><a href=\"https:\/\/www.ull.es\/portal\/boletininnovacion2\/aprender-en-comunidad\/\" target=\"_blank\" rel=\"noopener\" target=\"_blank\" rel=\"noopener\"><span style=\"font-weight: 400\">Aprender en comunidad<\/span><\/a><\/h2>\n<p>[\/vc_column_text][\/vc_column_inner][\/vc_row_inner][vc_row_inner el_class=\u00bbalto-texto2&#8243;][vc_column_inner][vc_column_text]<span style=\"font-weight: 400\">El aprendizaje-servicio universitario (ApSU) en el \u00e1mbito de la actividad f\u00edsica y el deporte y su aplicaci\u00f3n en contextos socioeducativos vulnerables<\/span><\/p>\n<p><a href=\"https:\/\/www.ull.es\/portal\/boletininnovacion2\/aprender-en-comunidad\/\" target=\"_blank\" rel=\"noopener\" target=\"_blank\" rel=\"noopener\">M\u00e1s info<\/a>[\/vc_column_text][\/vc_column_inner][\/vc_row_inner][\/vc_column][vc_column width=\u00bb1\/2&#8243; css=\u00bb.vc_custom_1616608885051{background-color: #d6d6d6 !important;}\u00bb][vc_single_image image=\u00bb75&#8243; img_size=\u00bbfull\u00bb onclick=\u00bbcustom_link\u00bb img_link_target=\u00bb_blank\u00bb link=\u00bbhttp:\/\/https:\/\/www.ull.es\/portal\/boletininnovacion2\/oigo-y-olvido-veo-y-recuerdo-hago-y-entiendo-el-principio-que-seguir-en-el-aula-invertida\/\u00bb][vc_row_inner el_class=\u00bbalto-titulo\u00bb][vc_column_inner][vc_column_text]<\/p>\n<h2><a href=\"https:\/\/www.ull.es\/portal\/boletininnovacion2\/oigo-y-olvido-veo-y-recuerdo-hago-y-entiendo-el-principio-que-seguir-en-el-aula-invertida\/\" target=\"_blank\" rel=\"noopener\" target=\"_blank\" rel=\"noopener\"><span style=\"font-weight: 400\">Oigo y olvido, veo y recuerdo, hago y entiendo\u201d, el principio que seguir en el aula invertida<\/span><\/a><\/h2>\n<p>[\/vc_column_text][\/vc_column_inner][\/vc_row_inner][vc_row_inner el_class=\u00bbalto-texto2&#8243;][vc_column_inner][vc_column_text]<span style=\"font-weight: 400\">Un m\u00e9todo en el que el alumnado es part\u00edcipe del proceso formativo<\/span><\/p>\n<p><a href=\"https:\/\/www.ull.es\/portal\/boletininnovacion2\/oigo-y-olvido-veo-y-recuerdo-hago-y-entiendo-el-principio-que-seguir-en-el-aula-invertida\/\" target=\"_blank\" rel=\"noopener\" target=\"_blank\" rel=\"noopener\">M\u00e1s info<\/a>[\/vc_column_text][\/vc_column_inner][\/vc_row_inner][\/vc_column][\/vc_row][vc_row gap=\u00bb5&#8243; equal_height=\u00bbyes\u00bb][vc_column width=\u00bb1\/2&#8243; css=\u00bb.vc_custom_1616608878017{background-color: #d6d6d6 !important;}\u00bb][vc_single_image image=\u00bb124&#8243; img_size=\u00bbfull\u00bb onclick=\u00bbcustom_link\u00bb img_link_target=\u00bb_blank\u00bb link=\u00bbhttps:\/\/www.ull.es\/portal\/boletininnovacion2\/el-equipo-un-impulso-para-el-desarrollo\/\u00bb][vc_row_inner el_class=\u00bbalto-titulo2&#8243;][vc_column_inner][vc_column_text]<\/p>\n<h2><a href=\"https:\/\/www.ull.es\/portal\/boletininnovacion2\/el-equipo-un-impulso-para-el-desarrollo\/\" target=\"_blank\" rel=\"noopener\" target=\"_blank\" rel=\"noopener\"><span style=\"font-weight: 400\">El equipo, un impulso para el desarrollo<\/span><\/a><\/h2>\n<p>[\/vc_column_text][\/vc_column_inner][\/vc_row_inner][vc_row_inner el_class=\u00bbalto-texto\u00bb][vc_column_inner][vc_column_text]<span style=\"font-weight: 400\">La coordinaci\u00f3n y creaci\u00f3n de equipo en el M.U. en Desarrollo de Videojuegos<\/span><\/p>\n<p><a href=\"https:\/\/www.ull.es\/portal\/boletininnovacion2\/el-equipo-un-impulso-para-el-desarrollo\/\" target=\"_blank\" rel=\"noopener\" target=\"_blank\" rel=\"noopener\">M\u00e1s info<\/a>[\/vc_column_text][\/vc_column_inner][\/vc_row_inner][\/vc_column][vc_column width=\u00bb1\/2&#8243; css=\u00bb.vc_custom_1616608885051{background-color: #d6d6d6 !important;}\u00bb][vc_single_image image=\u00bb131&#8243; img_size=\u00bbfull\u00bb onclick=\u00bbcustom_link\u00bb img_link_target=\u00bb_blank\u00bb link=\u00bbhttps:\/\/www.ull.es\/portal\/boletininnovacion2\/experiencia-practica-la-clave-para-la-insercion-laboral\/\u00bb][vc_row_inner el_class=\u00bbalto-titulo2&#8243;][vc_column_inner][vc_column_text]<\/p>\n<h2><a href=\"https:\/\/www.ull.es\/portal\/boletininnovacion2\/experiencia-practica-la-clave-para-la-insercion-laboral\/\" target=\"_blank\" rel=\"noopener\" target=\"_blank\" rel=\"noopener\"><span style=\"font-weight: 400\">Experiencia pr\u00e1ctica, la clave para la inserci\u00f3n laboral<\/span><\/a><\/h2>\n<p>[\/vc_column_text][\/vc_column_inner][\/vc_row_inner][vc_row_inner el_class=\u00bbalto-texto\u00bb][vc_column_inner][vc_column_text]<span style=\"font-weight: 400\">El m\u00e9todo ABP como enriquecedor de la formaci\u00f3n profesional<\/span><\/p>\n<p><a href=\"https:\/\/www.ull.es\/portal\/boletininnovacion2\/experiencia-practica-la-clave-para-la-insercion-laboral\/\" target=\"_blank\" rel=\"noopener\" target=\"_blank\" rel=\"noopener\">M\u00e1s info<\/a>[\/vc_column_text][\/vc_column_inner][\/vc_row_inner][\/vc_column][\/vc_row][vc_row][vc_column][vc_empty_space][\/vc_column][\/vc_row]<\/p>\n","protected":false},"excerpt":{"rendered":"<p>[vc_row][vc_column][vc_empty_space][\/vc_column][\/vc_row][vc_row equal_height=\u00bbyes\u00bb css=\u00bb.vc_custom_1616594513922{background-color: #9f416b !important;}\u00bb][vc_column css=\u00bb.vc_custom_1616594417780{background-position: center !important;background-repeat: no-repeat !important;background-size: cover !important;}\u00bb][vc_column_text]Innovaci\u00f3n en marcha[\/vc_column_text][\/vc_column][\/vc_row][vc_row gap=\u00bb5&#8243; equal_height=\u00bbyes\u00bb][vc_column width=\u00bb1\/2&#8243; css=\u00bb.vc_custom_1616608878017{background-color: #d6d6d6 !important;}\u00bb][vc_single_image image=\u00bb100&#8243; img_size=\u00bbfull\u00bb onclick=\u00bbcustom_link\u00bb img_link_target=\u00bb_blank\u00bb link=\u00bbhttps:\/\/www.ull.es\/portal\/boletininnovacion2\/aprender-en-comunidad\/\u00bb][vc_row_inner el_class=\u00bbalto-titulo\u00bb][vc_column_inner][vc_column_text] Aprender en comunidad [\/vc_column_text][\/vc_column_inner][\/vc_row_inner][vc_row_inner el_class=\u00bbalto-texto2&#8243;][vc_column_inner][vc_column_text]El aprendizaje-servicio universitario (ApSU) en el \u00e1mbito de la actividad f\u00edsica y el deporte y su aplicaci\u00f3n en contextos socioeducativos vulnerables M\u00e1s info[\/vc_column_text][\/vc_column_inner][\/vc_row_inner][\/vc_column][vc_column width=\u00bb1\/2&#8243; css=\u00bb.vc_custom_1616608885051{background-color:&#8230;<\/p>\n","protected":false},"author":41,"featured_media":0,"parent":0,"menu_order":0,"comment_status":"closed","ping_status":"closed","template":"templates\/template-no-title.php","meta":{"inline_featured_image":false,"footnotes":""},"acf":[],"yoast_head":"<!-- This site is optimized with the Yoast SEO plugin v21.3 - https:\/\/yoast.com\/wordpress\/plugins\/seo\/ -->\n<title>Innovaci\u00f3n en Marcha - Boletin de Innovaci\u00f3n<\/title>\n<meta name=\"robots\" content=\"index, follow, max-snippet:-1, max-image-preview:large, max-video-preview:-1\" \/>\n<link rel=\"canonical\" href=\"https:\/\/www.ull.es\/portal\/boletininnovacion2\/innovacion-en-marcha\/\" \/>\n<meta property=\"og:locale\" content=\"es_ES\" \/>\n<meta property=\"og:type\" content=\"article\" \/>\n<meta property=\"og:title\" content=\"Innovaci\u00f3n en Marcha - Boletin de Innovaci\u00f3n\" \/>\n<meta property=\"og:description\" content=\"[vc_row][vc_column][vc_empty_space][\/vc_column][\/vc_row][vc_row equal_height=\u00bbyes\u00bb css=\u00bb.vc_custom_1616594513922{background-color: #9f416b !important;}\u00bb][vc_column css=\u00bb.vc_custom_1616594417780{background-position: center !important;background-repeat: no-repeat !important;background-size: cover !important;}\u00bb][vc_column_text]Innovaci\u00f3n en marcha[\/vc_column_text][\/vc_column][\/vc_row][vc_row gap=\u00bb5&#8243; equal_height=\u00bbyes\u00bb][vc_column width=\u00bb1\/2&#8243; css=\u00bb.vc_custom_1616608878017{background-color: #d6d6d6 !important;}\u00bb][vc_single_image image=\u00bb100&#8243; img_size=\u00bbfull\u00bb onclick=\u00bbcustom_link\u00bb img_link_target=\u00bb_blank\u00bb link=\u00bbhttps:\/\/www.ull.es\/portal\/boletininnovacion2\/aprender-en-comunidad\/\u00bb][vc_row_inner el_class=\u00bbalto-titulo\u00bb][vc_column_inner][vc_column_text] Aprender en comunidad [\/vc_column_text][\/vc_column_inner][\/vc_row_inner][vc_row_inner el_class=\u00bbalto-texto2&#8243;][vc_column_inner][vc_column_text]El aprendizaje-servicio universitario (ApSU) en el \u00e1mbito de la actividad f\u00edsica y el deporte y su aplicaci\u00f3n en contextos socioeducativos vulnerables M\u00e1s info[\/vc_column_text][\/vc_column_inner][\/vc_row_inner][\/vc_column][vc_column width=\u00bb1\/2&#8243; css=\u00bb.vc_custom_1616608885051{background-color:...\" \/>\n<meta property=\"og:url\" content=\"https:\/\/www.ull.es\/portal\/boletininnovacion2\/innovacion-en-marcha\/\" \/>\n<meta property=\"og:site_name\" content=\"Boletin de Innovaci\u00f3n\" \/>\n<meta property=\"article:modified_time\" content=\"2021-04-14T11:56:42+00:00\" \/>\n<meta name=\"twitter:card\" content=\"summary_large_image\" \/>\n<meta name=\"twitter:label1\" content=\"Tiempo de lectura\" \/>\n\t<meta name=\"twitter:data1\" content=\"1 minuto\" \/>\n<script type=\"application\/ld+json\" class=\"yoast-schema-graph\">{\"@context\":\"https:\/\/schema.org\",\"@graph\":[{\"@type\":\"WebPage\",\"@id\":\"https:\/\/www.ull.es\/portal\/boletininnovacion2\/innovacion-en-marcha\/\",\"url\":\"https:\/\/www.ull.es\/portal\/boletininnovacion2\/innovacion-en-marcha\/\",\"name\":\"Innovaci\u00f3n en Marcha - Boletin de Innovaci\u00f3n\",\"isPartOf\":{\"@id\":\"https:\/\/www.ull.es\/portal\/boletininnovacion2\/#website\"},\"datePublished\":\"2021-03-24T18:03:05+00:00\",\"dateModified\":\"2021-04-14T11:56:42+00:00\",\"breadcrumb\":{\"@id\":\"https:\/\/www.ull.es\/portal\/boletininnovacion2\/innovacion-en-marcha\/#breadcrumb\"},\"inLanguage\":\"es\",\"potentialAction\":[{\"@type\":\"ReadAction\",\"target\":[\"https:\/\/www.ull.es\/portal\/boletininnovacion2\/innovacion-en-marcha\/\"]}]},{\"@type\":\"BreadcrumbList\",\"@id\":\"https:\/\/www.ull.es\/portal\/boletininnovacion2\/innovacion-en-marcha\/#breadcrumb\",\"itemListElement\":[{\"@type\":\"ListItem\",\"position\":1,\"name\":\"Portada\",\"item\":\"https:\/\/www.ull.es\/portal\/boletininnovacion2\/\"},{\"@type\":\"ListItem\",\"position\":2,\"name\":\"Innovaci\u00f3n en Marcha\"}]},{\"@type\":\"WebSite\",\"@id\":\"https:\/\/www.ull.es\/portal\/boletininnovacion2\/#website\",\"url\":\"https:\/\/www.ull.es\/portal\/boletininnovacion2\/\",\"name\":\"Boletin de Innovaci\u00f3n\",\"description\":\"\",\"potentialAction\":[{\"@type\":\"SearchAction\",\"target\":{\"@type\":\"EntryPoint\",\"urlTemplate\":\"https:\/\/www.ull.es\/portal\/boletininnovacion2\/?s={search_term_string}\"},\"query-input\":\"required name=search_term_string\"}],\"inLanguage\":\"es\"}]}<\/script>\n<!-- \/ Yoast SEO plugin. -->","yoast_head_json":{"title":"Innovaci\u00f3n en Marcha - Boletin de Innovaci\u00f3n","robots":{"index":"index","follow":"follow","max-snippet":"max-snippet:-1","max-image-preview":"max-image-preview:large","max-video-preview":"max-video-preview:-1"},"canonical":"https:\/\/www.ull.es\/portal\/boletininnovacion2\/innovacion-en-marcha\/","og_locale":"es_ES","og_type":"article","og_title":"Innovaci\u00f3n en Marcha - Boletin de Innovaci\u00f3n","og_description":"[vc_row][vc_column][vc_empty_space][\/vc_column][\/vc_row][vc_row equal_height=\u00bbyes\u00bb css=\u00bb.vc_custom_1616594513922{background-color: #9f416b !important;}\u00bb][vc_column css=\u00bb.vc_custom_1616594417780{background-position: center !important;background-repeat: no-repeat !important;background-size: cover !important;}\u00bb][vc_column_text]Innovaci\u00f3n en marcha[\/vc_column_text][\/vc_column][\/vc_row][vc_row gap=\u00bb5&#8243; equal_height=\u00bbyes\u00bb][vc_column width=\u00bb1\/2&#8243; css=\u00bb.vc_custom_1616608878017{background-color: #d6d6d6 !important;}\u00bb][vc_single_image image=\u00bb100&#8243; img_size=\u00bbfull\u00bb onclick=\u00bbcustom_link\u00bb img_link_target=\u00bb_blank\u00bb link=\u00bbhttps:\/\/www.ull.es\/portal\/boletininnovacion2\/aprender-en-comunidad\/\u00bb][vc_row_inner el_class=\u00bbalto-titulo\u00bb][vc_column_inner][vc_column_text] Aprender en comunidad [\/vc_column_text][\/vc_column_inner][\/vc_row_inner][vc_row_inner el_class=\u00bbalto-texto2&#8243;][vc_column_inner][vc_column_text]El aprendizaje-servicio universitario (ApSU) en el \u00e1mbito de la actividad f\u00edsica y el deporte y su aplicaci\u00f3n en contextos socioeducativos vulnerables M\u00e1s info[\/vc_column_text][\/vc_column_inner][\/vc_row_inner][\/vc_column][vc_column width=\u00bb1\/2&#8243; css=\u00bb.vc_custom_1616608885051{background-color:...","og_url":"https:\/\/www.ull.es\/portal\/boletininnovacion2\/innovacion-en-marcha\/","og_site_name":"Boletin de Innovaci\u00f3n","article_modified_time":"2021-04-14T11:56:42+00:00","twitter_card":"summary_large_image","twitter_misc":{"Tiempo de lectura":"1 minuto"},"schema":{"@context":"https:\/\/schema.org","@graph":[{"@type":"WebPage","@id":"https:\/\/www.ull.es\/portal\/boletininnovacion2\/innovacion-en-marcha\/","url":"https:\/\/www.ull.es\/portal\/boletininnovacion2\/innovacion-en-marcha\/","name":"Innovaci\u00f3n en Marcha - Boletin de Innovaci\u00f3n","isPartOf":{"@id":"https:\/\/www.ull.es\/portal\/boletininnovacion2\/#website"},"datePublished":"2021-03-24T18:03:05+00:00","dateModified":"2021-04-14T11:56:42+00:00","breadcrumb":{"@id":"https:\/\/www.ull.es\/portal\/boletininnovacion2\/innovacion-en-marcha\/#breadcrumb"},"inLanguage":"es","potentialAction":[{"@type":"ReadAction","target":["https:\/\/www.ull.es\/portal\/boletininnovacion2\/innovacion-en-marcha\/"]}]},{"@type":"BreadcrumbList","@id":"https:\/\/www.ull.es\/portal\/boletininnovacion2\/innovacion-en-marcha\/#breadcrumb","itemListElement":[{"@type":"ListItem","position":1,"name":"Portada","item":"https:\/\/www.ull.es\/portal\/boletininnovacion2\/"},{"@type":"ListItem","position":2,"name":"Innovaci\u00f3n en Marcha"}]},{"@type":"WebSite","@id":"https:\/\/www.ull.es\/portal\/boletininnovacion2\/#website","url":"https:\/\/www.ull.es\/portal\/boletininnovacion2\/","name":"Boletin de Innovaci\u00f3n","description":"","potentialAction":[{"@type":"SearchAction","target":{"@type":"EntryPoint","urlTemplate":"https:\/\/www.ull.es\/portal\/boletininnovacion2\/?s={search_term_string}"},"query-input":"required name=search_term_string"}],"inLanguage":"es"}]}},"_links":{"self":[{"href":"https:\/\/www.ull.es\/portal\/boletininnovacion2\/wp-json\/wp\/v2\/pages\/89"}],"collection":[{"href":"https:\/\/www.ull.es\/portal\/boletininnovacion2\/wp-json\/wp\/v2\/pages"}],"about":[{"href":"https:\/\/www.ull.es\/portal\/boletininnovacion2\/wp-json\/wp\/v2\/types\/page"}],"author":[{"embeddable":true,"href":"https:\/\/www.ull.es\/portal\/boletininnovacion2\/wp-json\/wp\/v2\/users\/41"}],"replies":[{"embeddable":true,"href":"https:\/\/www.ull.es\/portal\/boletininnovacion2\/wp-json\/wp\/v2\/comments?post=89"}],"version-history":[{"count":25,"href":"https:\/\/www.ull.es\/portal\/boletininnovacion2\/wp-json\/wp\/v2\/pages\/89\/revisions"}],"predecessor-version":[{"id":209,"href":"https:\/\/www.ull.es\/portal\/boletininnovacion2\/wp-json\/wp\/v2\/pages\/89\/revisions\/209"}],"wp:attachment":[{"href":"https:\/\/www.ull.es\/portal\/boletininnovacion2\/wp-json\/wp\/v2\/media?parent=89"}],"curies":[{"name":"wp","href":"https:\/\/api.w.org\/{rel}","templated":true}]}}