{"id":1105,"date":"2024-11-25T08:18:35","date_gmt":"2024-11-25T08:18:35","guid":{"rendered":"https:\/\/www.ull.es\/portal\/campus-y-sostenibilidad\/?page_id=1105"},"modified":"2024-11-25T10:52:19","modified_gmt":"2024-11-25T10:52:19","slug":"contratacion-de-servicios","status":"publish","type":"page","link":"https:\/\/www.ull.es\/portal\/campus-y-sostenibilidad\/guia-para-eventos-sostenibles-de-la-ull-2\/contratacion-de-servicios\/","title":{"rendered":"Contrataci\u00f3n de servicios"},"content":{"rendered":"[vc_row full_width=\u00bbstretch_row_content_no_spaces\u00bb equal_height=\u00bbyes\u00bb content_placement=\u00bbmiddle\u00bb css=\u00bb.vc_custom_1616003515830{padding-right: 5% !important;padding-left: 5% !important;background-color: #ededed !important;}\u00bb][vc_column width=\u00bb1\/2&#8243; css=\u00bb.vc_custom_1616061984666{padding-right: 5% !important;}\u00bb][vc_empty_space height=\u00bb20px\u00bb][vc_column_text el_class=\u00bbsmall-text\u00bb]\n<h5 style=\"text-align: left; color: #909090;\">Campus y sostenibilidad<\/h5>\n<h1 style=\"text-align: left; color: #004d7a;\">Contrataci\u00f3n de servicios<\/h1>\n[\/vc_column_text][vc_empty_space height=\u00bb20px\u00bb][vc_column_text]<b>Reducir el desperdicio de alimentos.<\/b> <span style=\"font-weight: 400;\">Realizar un c\u00e1lculo adecuado y preciso de los asistentes para comprar o reservar los productos necesarios.<\/span><\/p>\n<p><b>Horario del evento.<\/b> <span style=\"font-weight: 400;\">Se considerar\u00e1 el horario del evento para elegir los productos m\u00e1s consumidos.<\/span><\/p>\n<p><b>Soportes comestibles.<\/b> <span style=\"font-weight: 400;\">Uso de soportes comestibles (pan, fajitas, empanadas), reutilizables (cubiertos met\u00e1licos, vidrio, cer\u00e1mica, latas) u org\u00e1nicos (servilletas biodegradables).<\/span><\/p>\n<p><b>Recipientes y envases retornables o biodegradables.<\/b> <span style=\"font-weight: 400;\">Evitar envases de un solo uso, que generen residuos no deseados. Se fomentar\u00e1 el uso de botellas de vidrio o envases reutilizables.<\/span><\/p>\n<p><b>Reducci\u00f3n de residuos.<\/b><span style=\"font-weight: 400;\"> Los residuos generados se gestionar\u00e1n de forma correcta, para lo cual se contar\u00e1n con contenedores de papel, pl\u00e1stico, org\u00e1nico y general, dispuestos en puntos estrat\u00e9gicos para su correcta visualizaci\u00f3n y uso.<\/span><\/p>\n<p><b>Composteras comunitarias.<\/b> <span style=\"font-weight: 400;\">Uno de los contenedores m\u00e1s olvidados en los eventos en el \u00e1mbito universitario, es el de materia org\u00e1nica compostable. En dicho contenedor, se eliminar\u00e1 solo la materia org\u00e1nica y una vez recopilada se podr\u00e1 depositar en las distintas composteras comunitarias ubicadas en los campus de la Universidad de La Laguna.\u00a0<\/span><\/p>\n<p><b>Botellas y vasos de vidrio disponibles para eventos.<\/b><span style=\"font-weight: 400;\"> para peque\u00f1os eventos como lecturas de tesis o mesas redondas, en las consejer\u00edas de los centros de nuestra universidad se dispone de botellas y vasos realizados con vidrio 100% reciclados.<\/span><\/p>\n<p><b>Iluminaci\u00f3n natural.<\/b><span style=\"font-weight: 400;\"> por \u00faltimo, trata de elegir un lugar bien iluminado para desarrollar el catering o restauraci\u00f3n del evento, buscando la reducci\u00f3n del uso de energ\u00eda en iluminaci\u00f3n y aire acondicionado.<\/span>[\/vc_column_text][vc_empty_space height=\u00bb20px\u00bb][\/vc_column][vc_column width=\u00bb1\/2&#8243;][vc_empty_space height=\u00bb20px\u00bb][vc_single_image image=\u00bb1050&#8243; img_size=\u00bb550&#215;550&#8243;][vc_empty_space height=\u00bb20px\u00bb][\/vc_column][\/vc_row][vc_row full_width=\u00bbstretch_row_content_no_spaces\u00bb equal_height=\u00bbyes\u00bb content_placement=\u00bbmiddle\u00bb disable_element=\u00bbyes\u00bb css=\u00bb.vc_custom_1732531933074{padding-right: 5% !important;padding-left: 5% !important;background-color: #ededed !important;}\u00bb][vc_column width=\u00bb1\/2&#8243; css=\u00bb.vc_custom_1616061984666{padding-right: 5% !important;}\u00bb][vc_empty_space height=\u00bb20px\u00bb][vc_column_text el_class=\u00bbsmall-text\u00bb]\n<h5 style=\"text-align: left; color: #909090;\">Campus y sostenibilidad<\/h5>\n<h1 style=\"text-align: left; color: #004d7a;\">Contrataci\u00f3n de servicios<\/h1>\n[\/vc_column_text][vc_empty_space height=\u00bb20px\u00bb][vc_tta_accordion active_section=\u00bb0&#8243; collapsible_all=\u00bbtrue\u00bb][vc_tta_section title=\u00bbReducir el desperdicio de alimentos\u00bb tab_id=\u00bb1732531842221-0003f90b-7051&#8243;][vc_column_text]Realizar un c\u00e1lculo adecuado y preciso de los asistentes para comprar o reservar los productos necesarios.[\/vc_column_text][\/vc_tta_section][vc_tta_section title=\u00bbHorario del evento\u00bb tab_id=\u00bb1732531842252-a90be43f-e6b4&#8243;][vc_column_text]Se considerar\u00e1 el horario del evento para elegir los productos m\u00e1s consumidos.[\/vc_column_text][\/vc_tta_section][vc_tta_section title=\u00bbSoportes comestibles\u00bb tab_id=\u00bb1732531842283-fbfcb794-29bb\u00bb][vc_column_text]Uso de soportes comestibles (pan, fajitas, empanadas), reutilizables (cubiertos met\u00e1licos, vidrio, cer\u00e1mica, latas) u org\u00e1nicos (servilletas biodegradables).[\/vc_column_text][\/vc_tta_section][vc_tta_section title=\u00bbRecipientes y envases retornables o biodegradables\u00bb tab_id=\u00bb1732531842311-c524592f-0877&#8243;][vc_column_text]Evitar envases de un solo uso, que generen residuos no deseados. Se fomentar\u00e1 el uso de botellas de vidrio o envases reutilizables.[\/vc_column_text][\/vc_tta_section][vc_tta_section title=\u00bbReducci\u00f3n de residuos\u00bb tab_id=\u00bb1732531842346-8c121f59-34f0&#8243;][vc_column_text]Los residuos generados se gestionar\u00e1n de forma correcta, para lo cual se contar\u00e1n con contenedores de papel, pl\u00e1stico, org\u00e1nico y general, dispuestos en puntos estrat\u00e9gicos para su correcta visualizaci\u00f3n y uso.[\/vc_column_text][\/vc_tta_section][vc_tta_section title=\u00bbComposteras comunitarias\u00bb tab_id=\u00bb1732531842372-71f142ce-5717&#8243;][vc_column_text]Uno de los contenedores m\u00e1s olvidados en los eventos en el \u00e1mbito universitario, es el de materia org\u00e1nica compostable. En dicho contenedor, se eliminar\u00e1 solo la materia org\u00e1nica y una vez recopilada se podr\u00e1 depositar en las distintas composteras comunitarias ubicadas en los campus de la Universidad de La Laguna.[\/vc_column_text][\/vc_tta_section][vc_tta_section title=\u00bbBotellas y vasos de vidrio disponibles para eventos\u00bb tab_id=\u00bb1732531842408-786577a5-9c81&#8243;][vc_column_text]Para peque\u00f1os eventos como lecturas de tesis o mesas redondas, en las consejer\u00edas de los centros de nuestra universidad se dispone de botellas y vasos realizados con vidrio 100% reciclados.[\/vc_column_text][\/vc_tta_section][vc_tta_section title=\u00bbIluminaci\u00f3n natural\u00bb tab_id=\u00bb1732531842441-96f2f13a-049a\u00bb][vc_column_text]Por \u00faltimo, trata de elegir un lugar bien iluminado para desarrollar el catering o restauraci\u00f3n del evento, buscando la reducci\u00f3n del uso de energ\u00eda en iluminaci\u00f3n y aire acondicionado.[\/vc_column_text][\/vc_tta_section][\/vc_tta_accordion][vc_empty_space height=\u00bb20px\u00bb][\/vc_column][vc_column width=\u00bb1\/2&#8243;][vc_empty_space height=\u00bb20px\u00bb][vc_single_image image=\u00bb1050&#8243; img_size=\u00bb550&#215;550&#8243;][vc_empty_space height=\u00bb20px\u00bb][\/vc_column][\/vc_row][vc_row][vc_column][\/vc_column][\/vc_row]\n","protected":false},"excerpt":{"rendered":"<p>[vc_row full_width=\u00bbstretch_row_content_no_spaces\u00bb equal_height=\u00bbyes\u00bb content_placement=\u00bbmiddle\u00bb css=\u00bb.vc_custom_1616003515830{padding-right: 5% !important;padding-left: 5% !important;background-color: #ededed !important;}\u00bb][vc_column width=\u00bb1\/2&#8243; css=\u00bb.vc_custom_1616061984666{padding-right: 5% !important;}\u00bb][vc_empty_space height=\u00bb20px\u00bb][vc_column_text el_class=\u00bbsmall-text\u00bb] Campus y sostenibilidad Contrataci\u00f3n de servicios [\/vc_column_text][vc_empty_space height=\u00bb20px\u00bb][vc_column_text]Reducir el desperdicio de alimentos. Realizar un c\u00e1lculo adecuado y preciso de los asistentes para comprar o reservar los productos necesarios. Horario del evento. Se considerar\u00e1 el horario del evento para&#8230;<\/p>\n","protected":false},"author":102,"featured_media":0,"parent":1048,"menu_order":0,"comment_status":"closed","ping_status":"closed","template":"templates\/template-no-title.php","meta":{"inline_featured_image":false,"footnotes":""},"acf":[],"yoast_head":"<!-- This site is optimized with the Yoast SEO plugin v21.3 - https:\/\/yoast.com\/wordpress\/plugins\/seo\/ -->\n<title>Contrataci\u00f3n de servicios - Sostenibilidad<\/title>\n<meta name=\"robots\" content=\"index, follow, max-snippet:-1, max-image-preview:large, max-video-preview:-1\" \/>\n<link rel=\"canonical\" href=\"https:\/\/www.ull.es\/portal\/campus-y-sostenibilidad\/guia-para-eventos-sostenibles-de-la-ull-2\/contratacion-de-servicios\/\" \/>\n<meta property=\"og:locale\" content=\"es_ES\" \/>\n<meta property=\"og:type\" content=\"article\" \/>\n<meta property=\"og:title\" content=\"Contrataci\u00f3n de servicios - Sostenibilidad\" \/>\n<meta property=\"og:description\" content=\"[vc_row full_width=\u00bbstretch_row_content_no_spaces\u00bb equal_height=\u00bbyes\u00bb content_placement=\u00bbmiddle\u00bb css=\u00bb.vc_custom_1616003515830{padding-right: 5% !important;padding-left: 5% !important;background-color: #ededed !important;}\u00bb][vc_column width=\u00bb1\/2&#8243; css=\u00bb.vc_custom_1616061984666{padding-right: 5% !important;}\u00bb][vc_empty_space height=\u00bb20px\u00bb][vc_column_text el_class=\u00bbsmall-text\u00bb] Campus y sostenibilidad Contrataci\u00f3n de servicios [\/vc_column_text][vc_empty_space height=\u00bb20px\u00bb][vc_column_text]Reducir el desperdicio de alimentos. Realizar un c\u00e1lculo adecuado y preciso de los asistentes para comprar o reservar los productos necesarios. Horario del evento. Se considerar\u00e1 el horario del evento para...\" \/>\n<meta property=\"og:url\" content=\"https:\/\/www.ull.es\/portal\/campus-y-sostenibilidad\/guia-para-eventos-sostenibles-de-la-ull-2\/contratacion-de-servicios\/\" \/>\n<meta property=\"og:site_name\" content=\"Sostenibilidad\" \/>\n<meta property=\"article:modified_time\" content=\"2024-11-25T10:52:19+00:00\" \/>\n<meta name=\"twitter:card\" content=\"summary_large_image\" \/>\n<meta name=\"twitter:label1\" content=\"Tiempo de lectura\" \/>\n\t<meta name=\"twitter:data1\" content=\"3 minutos\" \/>\n<script type=\"application\/ld+json\" class=\"yoast-schema-graph\">{\"@context\":\"https:\/\/schema.org\",\"@graph\":[{\"@type\":\"WebPage\",\"@id\":\"https:\/\/www.ull.es\/portal\/campus-y-sostenibilidad\/guia-para-eventos-sostenibles-de-la-ull-2\/contratacion-de-servicios\/\",\"url\":\"https:\/\/www.ull.es\/portal\/campus-y-sostenibilidad\/guia-para-eventos-sostenibles-de-la-ull-2\/contratacion-de-servicios\/\",\"name\":\"Contrataci\u00f3n de servicios - Sostenibilidad\",\"isPartOf\":{\"@id\":\"https:\/\/www.ull.es\/portal\/campus-y-sostenibilidad\/#website\"},\"datePublished\":\"2024-11-25T08:18:35+00:00\",\"dateModified\":\"2024-11-25T10:52:19+00:00\",\"breadcrumb\":{\"@id\":\"https:\/\/www.ull.es\/portal\/campus-y-sostenibilidad\/guia-para-eventos-sostenibles-de-la-ull-2\/contratacion-de-servicios\/#breadcrumb\"},\"inLanguage\":\"es\",\"potentialAction\":[{\"@type\":\"ReadAction\",\"target\":[\"https:\/\/www.ull.es\/portal\/campus-y-sostenibilidad\/guia-para-eventos-sostenibles-de-la-ull-2\/contratacion-de-servicios\/\"]}]},{\"@type\":\"BreadcrumbList\",\"@id\":\"https:\/\/www.ull.es\/portal\/campus-y-sostenibilidad\/guia-para-eventos-sostenibles-de-la-ull-2\/contratacion-de-servicios\/#breadcrumb\",\"itemListElement\":[{\"@type\":\"ListItem\",\"position\":1,\"name\":\"Portada\",\"item\":\"https:\/\/www.ull.es\/portal\/campus-y-sostenibilidad\/\"},{\"@type\":\"ListItem\",\"position\":2,\"name\":\"Gu\u00eda para eventos sostenibles de la ULL\",\"item\":\"https:\/\/www.ull.es\/portal\/campus-y-sostenibilidad\/guia-para-eventos-sostenibles-de-la-ull-2\/\"},{\"@type\":\"ListItem\",\"position\":3,\"name\":\"Contrataci\u00f3n de servicios\"}]},{\"@type\":\"WebSite\",\"@id\":\"https:\/\/www.ull.es\/portal\/campus-y-sostenibilidad\/#website\",\"url\":\"https:\/\/www.ull.es\/portal\/campus-y-sostenibilidad\/\",\"name\":\"Sostenibilidad\",\"description\":\"\",\"potentialAction\":[{\"@type\":\"SearchAction\",\"target\":{\"@type\":\"EntryPoint\",\"urlTemplate\":\"https:\/\/www.ull.es\/portal\/campus-y-sostenibilidad\/?s={search_term_string}\"},\"query-input\":\"required name=search_term_string\"}],\"inLanguage\":\"es\"}]}<\/script>\n<!-- \/ Yoast SEO plugin. -->","yoast_head_json":{"title":"Contrataci\u00f3n de servicios - Sostenibilidad","robots":{"index":"index","follow":"follow","max-snippet":"max-snippet:-1","max-image-preview":"max-image-preview:large","max-video-preview":"max-video-preview:-1"},"canonical":"https:\/\/www.ull.es\/portal\/campus-y-sostenibilidad\/guia-para-eventos-sostenibles-de-la-ull-2\/contratacion-de-servicios\/","og_locale":"es_ES","og_type":"article","og_title":"Contrataci\u00f3n de servicios - Sostenibilidad","og_description":"[vc_row full_width=\u00bbstretch_row_content_no_spaces\u00bb equal_height=\u00bbyes\u00bb content_placement=\u00bbmiddle\u00bb css=\u00bb.vc_custom_1616003515830{padding-right: 5% !important;padding-left: 5% !important;background-color: #ededed !important;}\u00bb][vc_column width=\u00bb1\/2&#8243; css=\u00bb.vc_custom_1616061984666{padding-right: 5% !important;}\u00bb][vc_empty_space height=\u00bb20px\u00bb][vc_column_text el_class=\u00bbsmall-text\u00bb] Campus y sostenibilidad Contrataci\u00f3n de servicios [\/vc_column_text][vc_empty_space height=\u00bb20px\u00bb][vc_column_text]Reducir el desperdicio de alimentos. Realizar un c\u00e1lculo adecuado y preciso de los asistentes para comprar o reservar los productos necesarios. Horario del evento. Se considerar\u00e1 el horario del evento para...","og_url":"https:\/\/www.ull.es\/portal\/campus-y-sostenibilidad\/guia-para-eventos-sostenibles-de-la-ull-2\/contratacion-de-servicios\/","og_site_name":"Sostenibilidad","article_modified_time":"2024-11-25T10:52:19+00:00","twitter_card":"summary_large_image","twitter_misc":{"Tiempo de lectura":"3 minutos"},"schema":{"@context":"https:\/\/schema.org","@graph":[{"@type":"WebPage","@id":"https:\/\/www.ull.es\/portal\/campus-y-sostenibilidad\/guia-para-eventos-sostenibles-de-la-ull-2\/contratacion-de-servicios\/","url":"https:\/\/www.ull.es\/portal\/campus-y-sostenibilidad\/guia-para-eventos-sostenibles-de-la-ull-2\/contratacion-de-servicios\/","name":"Contrataci\u00f3n de servicios - Sostenibilidad","isPartOf":{"@id":"https:\/\/www.ull.es\/portal\/campus-y-sostenibilidad\/#website"},"datePublished":"2024-11-25T08:18:35+00:00","dateModified":"2024-11-25T10:52:19+00:00","breadcrumb":{"@id":"https:\/\/www.ull.es\/portal\/campus-y-sostenibilidad\/guia-para-eventos-sostenibles-de-la-ull-2\/contratacion-de-servicios\/#breadcrumb"},"inLanguage":"es","potentialAction":[{"@type":"ReadAction","target":["https:\/\/www.ull.es\/portal\/campus-y-sostenibilidad\/guia-para-eventos-sostenibles-de-la-ull-2\/contratacion-de-servicios\/"]}]},{"@type":"BreadcrumbList","@id":"https:\/\/www.ull.es\/portal\/campus-y-sostenibilidad\/guia-para-eventos-sostenibles-de-la-ull-2\/contratacion-de-servicios\/#breadcrumb","itemListElement":[{"@type":"ListItem","position":1,"name":"Portada","item":"https:\/\/www.ull.es\/portal\/campus-y-sostenibilidad\/"},{"@type":"ListItem","position":2,"name":"Gu\u00eda para eventos sostenibles de la ULL","item":"https:\/\/www.ull.es\/portal\/campus-y-sostenibilidad\/guia-para-eventos-sostenibles-de-la-ull-2\/"},{"@type":"ListItem","position":3,"name":"Contrataci\u00f3n de servicios"}]},{"@type":"WebSite","@id":"https:\/\/www.ull.es\/portal\/campus-y-sostenibilidad\/#website","url":"https:\/\/www.ull.es\/portal\/campus-y-sostenibilidad\/","name":"Sostenibilidad","description":"","potentialAction":[{"@type":"SearchAction","target":{"@type":"EntryPoint","urlTemplate":"https:\/\/www.ull.es\/portal\/campus-y-sostenibilidad\/?s={search_term_string}"},"query-input":"required name=search_term_string"}],"inLanguage":"es"}]}},"_links":{"self":[{"href":"https:\/\/www.ull.es\/portal\/campus-y-sostenibilidad\/wp-json\/wp\/v2\/pages\/1105"}],"collection":[{"href":"https:\/\/www.ull.es\/portal\/campus-y-sostenibilidad\/wp-json\/wp\/v2\/pages"}],"about":[{"href":"https:\/\/www.ull.es\/portal\/campus-y-sostenibilidad\/wp-json\/wp\/v2\/types\/page"}],"author":[{"embeddable":true,"href":"https:\/\/www.ull.es\/portal\/campus-y-sostenibilidad\/wp-json\/wp\/v2\/users\/102"}],"replies":[{"embeddable":true,"href":"https:\/\/www.ull.es\/portal\/campus-y-sostenibilidad\/wp-json\/wp\/v2\/comments?post=1105"}],"version-history":[{"count":6,"href":"https:\/\/www.ull.es\/portal\/campus-y-sostenibilidad\/wp-json\/wp\/v2\/pages\/1105\/revisions"}],"predecessor-version":[{"id":1124,"href":"https:\/\/www.ull.es\/portal\/campus-y-sostenibilidad\/wp-json\/wp\/v2\/pages\/1105\/revisions\/1124"}],"up":[{"embeddable":true,"href":"https:\/\/www.ull.es\/portal\/campus-y-sostenibilidad\/wp-json\/wp\/v2\/pages\/1048"}],"wp:attachment":[{"href":"https:\/\/www.ull.es\/portal\/campus-y-sostenibilidad\/wp-json\/wp\/v2\/media?parent=1105"}],"curies":[{"name":"wp","href":"https:\/\/api.w.org\/{rel}","templated":true}]}}