{"id":22,"date":"2018-12-10T09:36:01","date_gmt":"2018-12-10T09:36:01","guid":{"rendered":"https:\/\/www.ull.es\/portal\/sostenibilidad\/?page_id=22"},"modified":"2021-03-18T10:01:32","modified_gmt":"2021-03-18T10:01:32","slug":"gestion-ambiental","status":"publish","type":"page","link":"https:\/\/www.ull.es\/portal\/campus-y-sostenibilidad\/gestion-ambiental\/","title":{"rendered":"Gesti\u00f3n Ambiental"},"content":{"rendered":"[vc_row full_width=\u00bbstretch_row_content\u00bb equal_height=\u00bbyes\u00bb content_placement=\u00bbmiddle\u00bb css=\u00bb.vc_custom_1616059795234{padding-right: 5% !important;padding-left: 5% !important;background-color: #ededed !important;}\u00bb][vc_column width=\u00bb1\/2&#8243;][vc_empty_space height=\u00bb20px\u00bb][vc_column_text el_class=\u00bbsmall-text\u00bb]\n<h5 style=\"text-align: left;color: #909090\">Campus y sostenibilidad<\/h5>\n<h1 style=\"text-align: left;color: #004d7a\">Gesti\u00f3n ambiental<\/h1>\n[\/vc_column_text][vc_empty_space height=\u00bb20px\u00bb][vc_column_text]\n<p style=\"font-weight: 400\">La Universidad de La Laguna viene trabajando en los \u00faltimos a\u00f1os en el fomento del uso racional de los recursos en el entorno de sus Campus para su conservaci\u00f3n. El Programa de\u00a0<strong><em>Campus Sostenible ULL<\/em><\/strong>, impulsa una serie de iniciativas como instrumento para fomentar actuaciones respetuosas con el medio ambiente, de forma que esta actitud se extrapole a la vida cotidiana de los usuarios m\u00e1s all\u00e1 de las instalaciones universitarias.<\/p>\n<p style=\"font-weight: 400\">Los objetivos que plantea el programa son:<\/p>\n<ol>\n<li style=\"font-weight: 400\">Optimizar el uso de los recursos.<\/li>\n<li style=\"font-weight: 400\">Impulsar la renovaci\u00f3n de las instalaciones utilizando tecnolog\u00edas m\u00e1s sostenibles.<\/li>\n<li style=\"font-weight: 400\">Impulsar el uso de energ\u00edas renovables en nuestros campus.<\/li>\n<li style=\"font-weight: 400\">La correcta gesti\u00f3n de residuos.<\/li>\n<li style=\"font-weight: 400\">La conservaci\u00f3n de espacios verdes como fuente de biodiversidad, adapt\u00e1ndolos de forma progresiva a nuestro contexto canario.<\/li>\n<li style=\"font-weight: 400\">Mejora en la gesti\u00f3n del agua a trav\u00e9s del uso de la planificaci\u00f3n de nuevos proyectos con tecnolog\u00edas verdes.<\/li>\n<li style=\"font-weight: 400\">Mejorar la calidad ambiental de nuestras instalaciones.<\/li>\n<li style=\"font-weight: 400\">Una movilidad m\u00e1s sostenible, apoyada en transportes alternativos mediante convenios de colaboraci\u00f3n con ayuntamientos, cabildos y gobierno de canarias.<\/li>\n<li style=\"font-weight: 400\">Educaci\u00f3n ambiental del colectivo universitario, a trav\u00e9s de las c\u00e1tedras institucionales y de empresa, especialmente la\u00a0<a href=\"https:\/\/www.facebook.com\/CatedraSostenibilidadULL\/\" data-saferedirecturl=\"https:\/\/www.google.com\/url?q=https:\/\/www.facebook.com\/CatedraSostenibilidadULL\/&amp;source=gmail&amp;ust=1552033260548000&amp;usg=AFQjCNEpt5JNdzGhELlqKhvEW38j12BGig\" target=\"_blank\" rel=\"noopener\">C\u00e1tedra de Medio Ambiente y Sostenibilidad<\/a>, la\u00a0<a href=\"http:\/\/catedraecomovil.es\/\" data-saferedirecturl=\"https:\/\/www.google.com\/url?q=http:\/\/catedraecomovil.es\/&amp;source=gmail&amp;ust=1552033260548000&amp;usg=AFQjCNGvZhyeApJwpEYBLy64U7VBQz5AwA\" target=\"_blank\" rel=\"noopener\">C\u00e1tedra de Econom\u00eda y Movilidad CajaCanarias- Cabildo de Tenerife<\/a>, la\u00a0<a href=\"https:\/\/www.facebook.com\/catedraCESCO\/\" data-saferedirecturl=\"https:\/\/www.google.com\/url?q=https:\/\/www.facebook.com\/catedraCESCO\/&amp;source=gmail&amp;ust=1552033260548000&amp;usg=AFQjCNHztEcw48zQQUzM7rJxpt8Qqmmt3w\" target=\"_blank\" rel=\"noopener\">C\u00e1tedra Cajasiete de Econom\u00eda Social y Cooperativa<\/a>, la\u00a0<a href=\"http:\/\/catedraturismoull.blogspot.com\/\" data-saferedirecturl=\"https:\/\/www.google.com\/url?q=http:\/\/catedraturismoull.blogspot.com\/&amp;source=gmail&amp;ust=1552033260548000&amp;usg=AFQjCNHEgsPonZGtQNzE6bKJ0dFzvcgUvA\" target=\"_blank\" rel=\"noopener\">C\u00e1tedra de Turismo CajaCanarias-Ashotel<\/a>&#8211; ULL, etc.<\/li>\n<li style=\"font-weight: 400\">Impulsar iniciativas de desarrollo sostenible en nuestros Campus, tambi\u00e9n a trav\u00e9s de colectivos universitarios implicados en la sostenibilidad.<\/li>\n<\/ol>\n[\/vc_column_text][vc_empty_space height=\u00bb40px\u00bb][\/vc_column][vc_column width=\u00bb1\/2&#8243;][vc_empty_space height=\u00bb20px\u00bb][vc_single_image image=\u00bb336&#8243; img_size=\u00bbfull\u00bb][vc_empty_space height=\u00bb20px\u00bb][\/vc_column][\/vc_row][vc_row disable_element=\u00bbyes\u00bb][vc_column][vc_raw_html]JTNDZGl2JTIwY2xhc3MlM0QlMjJ0b2RvJTIyJTNFJTBBJTNDZGl2JTIwY2xhc3MlM0QlMjJjb250YWluZXIxJTIyJTNFJTBBJTBBJTA5JTNDYSUyMGNsYXNzJTNEJTIybGVhJTIyJTIwc3R5bGUlM0QlMjJjb2xvciUzQSUyMzVjMDY4YyUyMiUyMGhyZWYlM0QlMjIlMkZwb3J0YWwlMkZjYW1wdXMteS1zb3N0ZW5pYmlsaWRhZCUyRmFndWEtMiUyRiUyMiUzRSUzQ2RpdiUyMGNsYXNzJTNEJTIyY2xpZW50MSUyMiUzRSUwQSUwQSUwOSUwOSUzQ2RpdiUyMGNsYXNzJTNEJTIybG9nbyUyMiUzRSUwQSUwQSUwOSUwOSUzQ2RpdiUyMGNsYXNzJTNEJTIydmNfaWNvbl9lbGVtZW50LWljb24lMjBmYSUyMGZhLXRpbnQlMjIlMjBzdHlsZSUzRCUyMmZvbnQtc2l6ZSUzQSUyMDMwcHglMjAlMjFpbXBvcnRhbnQlM0IlMjBtYXJnaW4tdG9wJTNBJTIwMThweCUyMCUyMWltcG9ydGFudCUzQiUyMG1hcmdpbi1sZWZ0JTNBJTIwMnB4JTIwJTIxaW1wb3J0YW50JTNCJTIyJTNFJTNDJTJGZGl2JTNFJTBBJTA5JTA5JTNDJTJGZGl2JTNFJTBBJTA5JTA5JTNDaDIlM0VBR1VBJTNDJTJGaDIlM0UlMEElMDklMDklM0NoMyUzRSUzQyUyRmgzJTNFJTBBJTBBJTA5JTNDJTJGZGl2JTNFJTNDJTJGYSUzRSUwQSUzQyUyRmRpdiUzRSUwQSUwQSUwQSUwQSUzQ2RpdiUyMGNsYXNzJTNEJTIyY29udGFpbmVyMSUyMiUzRSUwQSUwQSUwOSUzQ2ElMjBjbGFzcyUzRCUyMmxlYSUyMiUyMHN0eWxlJTNEJTIyY29sb3IlM0ElMjM1YzA2OGMlMjIlMjBocmVmJTNEJTIyJTJGcG9ydGFsJTJGY2FtcHVzLXktc29zdGVuaWJpbGlkYWQlMkZlbGVjdHJpY2lkYWQlMkYlMjIlM0UlM0NkaXYlMjBjbGFzcyUzRCUyMmNsaWVudDElMjIlM0UlMEElMEElMEElMDklMDklM0NkaXYlMjBjbGFzcyUzRCUyMmxvZ28lMjIlM0UlMEElMEElMDklMDklM0NkaXYlMjBjbGFzcyUzRCUyMnZjX2ljb25fZWxlbWVudC1pY29uJTIwZmElMjBmYS1ib2x0JTIyJTIwc3R5bGUlM0QlMjJmb250LXNpemUlM0ElMjAzMHB4JTIwJTIxaW1wb3J0YW50JTNCJTIwbWFyZ2luLXRvcCUzQSUyMDE5cHglMjAlMjFpbXBvcnRhbnQlM0IlMjBtYXJnaW4tbGVmdCUzQSUyMDVweCUyMCUyMWltcG9ydGFudCUzQiUyMiUzRSUzQyUyRmRpdiUzRSUwQSUwOSUwOSUzQyUyRmRpdiUzRSUwQSUwOSUwOSUzQ2gyJTNFRUxFQ1RSSUNJREFEJTNDJTJGaDIlM0UlMEElMDklMDklM0NoMyUzRSUzQyUyRmgzJTNFJTBBJTBBJTA5JTNDJTJGZGl2JTNFJTNDJTJGYSUzRSUwQSUzQyUyRmRpdiUzRSUwQSUwQSUwQSUwQSUzQ2RpdiUyMGNsYXNzJTNEJTIyY29udGFpbmVyMSUyMiUzRSUwQSUyMCUyMCUyMCUyMCUyMCUyMCUyMCUzQ2ElMjBjbGFzcyUzRCUyMmxlYSUyMiUyMHN0eWxlJTNEJTIyY29sb3IlM0ElMjM1YzA2OGMlMjIlMjBocmVmJTNEJTIyJTJGcG9ydGFsJTJGY2FtcHVzLXktc29zdGVuaWJpbGlkYWQlMkZyZXNpZHVvcy0yJTJGJTIyJTNFJTNDZGl2JTIwY2xhc3MlM0QlMjJjbGllbnQxJTIyJTNFJTBBJTA5JTA5JTNDZGl2JTIwY2xhc3MlM0QlMjJsb2dvJTIyJTNFJTBBJTA5JTA5JTNDZGl2JTIwY2xhc3MlM0QlMjJ2Y19pY29uX2VsZW1lbnQtaWNvbiUyMGZhJTIwZmEtdHJhc2gtbyUyMiUyMHN0eWxlJTNEJTIyZm9udC1zaXplJTNBJTIwMzBweCUyMCUyMWltcG9ydGFudCUzQiUyMG1hcmdpbi10b3AlM0ElMjAxOXB4JTIwJTIxaW1wb3J0YW50JTNCJTIwbWFyZ2luLWxlZnQlM0ElMjAycHglMjAlMjFpbXBvcnRhbnQlM0IlMjIlM0UlM0MlMkZkaXYlM0UlMEElMDklMDklM0MlMkZkaXYlM0UlMEElMDklMDklM0NoMiUzRVJFU0lEVU9TJTNDJTJGaDIlM0UlMEElMDklMDklM0NoMyUzRSUzQyUyRmgzJTNFJTBBJTA5JTNDJTJGZGl2JTNFJTNDJTJGYSUzRSUwQSUwQSUzQyUyRmRpdiUzRSUwQSUwQSUzQ2RpdiUyMGNsYXNzJTNEJTIyY29udGFpbmVyMSUyMiUzRSUwQSUwQSUwOSUzQ2ElMjBjbGFzcyUzRCUyMmxlYSUyMiUyMHN0eWxlJTNEJTIyY29sb3IlM0ElMjM1YzA2OGMlMjIlMjBocmVmJTNEJTIyJTJGcG9ydGFsJTJGY2FtcHVzLXktc29zdGVuaWJpbGlkYWQlMkZlbmVyZ2lhLTMlMkYlMjIlM0UlM0NkaXYlMjBjbGFzcyUzRCUyMmNsaWVudDElMjIlM0UlMEElMEElMDklMDklM0NkaXYlMjBjbGFzcyUzRCUyMmxvZ28lMjIlM0UlMEElMEElMDklMDklM0NkaXYlMjBjbGFzcyUzRCUyMnZjX2ljb25fZWxlbWVudC1pY29uJTIwZmElMjBmYS1ib2x0JTIyJTIwc3R5bGUlM0QlMjJmb250LXNpemUlM0ElMjAzMHB4JTIwJTIxaW1wb3J0YW50JTNCJTIwbWFyZ2luLXRvcCUzQSUyMDE5cHglMjAlMjFpbXBvcnRhbnQlM0IlMjBtYXJnaW4tbGVmdCUzQSUyMDVweCUyMCUyMWltcG9ydGFudCUzQiUyMiUzRSUzQyUyRmRpdiUzRSUwQSUwOSUwOSUzQyUyRmRpdiUzRSUwQSUwOSUwOSUzQ2gyJTNFRU5FUkclQzMlOERBJTNDJTJGaDIlM0UlMEElMDklMDklM0NoMyUzRSUzQyUyRmgzJTNFJTBBJTBBJTA5JTNDJTJGZGl2JTNFJTNDJTJGYSUzRSUwQSUzQyUyRmRpdiUzRSUwQSUwQSUzQ2RpdiUyMGNsYXNzJTNEJTIyY29udGFpbmVyMSUyMiUzRSUwOSUwQSUyMCUyMCUyMCUyMCUyMCUyMCUyMCUyMCUzQ2ElMjBjbGFzcyUzRCUyMmxlYSUyMiUyMHN0eWxlJTNEJTIyY29sb3IlM0ElMjM1YzA2OGMlMjIlMjBocmVmJTNEJTIyJTJGcG9ydGFsJTJGY2FtcHVzLXktc29zdGVuaWJpbGlkYWQlMkZjb21wcmEtdmVyZGUlMkYlMjIlM0UlM0NkaXYlMjBjbGFzcyUzRCUyMmNsaWVudDElMjIlM0UlMEElMDklMDklM0NkaXYlMjBjbGFzcyUzRCUyMmxvZ28lMjIlM0UlMEElMDklMDklM0NkaXYlMjBjbGFzcyUzRCUyMnZjX2ljb25fZWxlbWVudC1pY29uJTIwZmElMjBmYS1wcmludCUyMiUyMHN0eWxlJTNEJTIyZm9udC1zaXplJTNBJTIwMzBweCUyMCUyMWltcG9ydGFudCUzQiUyMG1hcmdpbi10b3AlM0ElMjAxOHB4JTIwJTIxaW1wb3J0YW50JTNCJTIwbWFyZ2luLWxlZnQlM0ElMjAycHglMjAlMjFpbXBvcnRhbnQlM0IlMjIlM0UlM0MlMkZkaXYlM0UlMEElMDklMDklM0MlMkZkaXYlM0UlMEElMDklMDklM0NoMiUzRUNPTVBSQSUyMFZFUkRFJTNDJTJGaDIlM0UlMEElMDklMDklM0NoMyUzRSUzQyUyRmgzJTNFJTBBJTA5JTNDJTJGZGl2JTNFJTNDJTJGYSUzRSUwQSUwQSUzQyUyRmRpdiUzRSUwQSUwQSUzQyUyRmRpdiUzRQ==[\/vc_raw_html][\/vc_column][\/vc_row]\n","protected":false},"excerpt":{"rendered":"<p>[vc_row full_width=\u00bbstretch_row_content\u00bb equal_height=\u00bbyes\u00bb content_placement=\u00bbmiddle\u00bb css=\u00bb.vc_custom_1616059795234{padding-right: 5% !important;padding-left: 5% !important;background-color: #ededed !important;}\u00bb][vc_column width=\u00bb1\/2&#8243;][vc_empty_space height=\u00bb20px\u00bb][vc_column_text el_class=\u00bbsmall-text\u00bb] Campus y sostenibilidad Gesti\u00f3n ambiental [\/vc_column_text][vc_empty_space height=\u00bb20px\u00bb][vc_column_text] La Universidad de La Laguna viene trabajando en los \u00faltimos a\u00f1os en el fomento del uso racional de los recursos en el entorno de sus Campus para su conservaci\u00f3n. El Programa de\u00a0Campus Sostenible ULL,&#8230;<\/p>\n","protected":false},"author":41,"featured_media":0,"parent":0,"menu_order":0,"comment_status":"closed","ping_status":"closed","template":"templates\/template-no-title.php","meta":{"inline_featured_image":false,"footnotes":""},"acf":[],"yoast_head":"<!-- This site is optimized with the Yoast SEO plugin v21.3 - https:\/\/yoast.com\/wordpress\/plugins\/seo\/ -->\n<title>Gesti\u00f3n Ambiental - Sostenibilidad<\/title>\n<meta name=\"robots\" content=\"index, follow, max-snippet:-1, max-image-preview:large, max-video-preview:-1\" \/>\n<link rel=\"canonical\" href=\"https:\/\/www.ull.es\/portal\/campus-y-sostenibilidad\/gestion-ambiental\/\" \/>\n<meta property=\"og:locale\" content=\"es_ES\" \/>\n<meta property=\"og:type\" content=\"article\" \/>\n<meta property=\"og:title\" content=\"Gesti\u00f3n Ambiental - Sostenibilidad\" \/>\n<meta property=\"og:description\" content=\"[vc_row full_width=\u00bbstretch_row_content\u00bb equal_height=\u00bbyes\u00bb content_placement=\u00bbmiddle\u00bb css=\u00bb.vc_custom_1616059795234{padding-right: 5% !important;padding-left: 5% !important;background-color: #ededed !important;}\u00bb][vc_column width=\u00bb1\/2&#8243;][vc_empty_space height=\u00bb20px\u00bb][vc_column_text el_class=\u00bbsmall-text\u00bb] Campus y sostenibilidad Gesti\u00f3n ambiental [\/vc_column_text][vc_empty_space height=\u00bb20px\u00bb][vc_column_text] La Universidad de La Laguna viene trabajando en los \u00faltimos a\u00f1os en el fomento del uso racional de los recursos en el entorno de sus Campus para su conservaci\u00f3n. El Programa de\u00a0Campus Sostenible ULL,...\" \/>\n<meta property=\"og:url\" content=\"https:\/\/www.ull.es\/portal\/campus-y-sostenibilidad\/gestion-ambiental\/\" \/>\n<meta property=\"og:site_name\" content=\"Sostenibilidad\" \/>\n<meta property=\"article:modified_time\" content=\"2021-03-18T10:01:32+00:00\" \/>\n<meta name=\"twitter:card\" content=\"summary_large_image\" \/>\n<meta name=\"twitter:label1\" content=\"Tiempo de lectura\" \/>\n\t<meta name=\"twitter:data1\" content=\"3 minutos\" \/>\n<script type=\"application\/ld+json\" class=\"yoast-schema-graph\">{\"@context\":\"https:\/\/schema.org\",\"@graph\":[{\"@type\":\"WebPage\",\"@id\":\"https:\/\/www.ull.es\/portal\/campus-y-sostenibilidad\/gestion-ambiental\/\",\"url\":\"https:\/\/www.ull.es\/portal\/campus-y-sostenibilidad\/gestion-ambiental\/\",\"name\":\"Gesti\u00f3n Ambiental - Sostenibilidad\",\"isPartOf\":{\"@id\":\"https:\/\/www.ull.es\/portal\/campus-y-sostenibilidad\/#website\"},\"datePublished\":\"2018-12-10T09:36:01+00:00\",\"dateModified\":\"2021-03-18T10:01:32+00:00\",\"breadcrumb\":{\"@id\":\"https:\/\/www.ull.es\/portal\/campus-y-sostenibilidad\/gestion-ambiental\/#breadcrumb\"},\"inLanguage\":\"es\",\"potentialAction\":[{\"@type\":\"ReadAction\",\"target\":[\"https:\/\/www.ull.es\/portal\/campus-y-sostenibilidad\/gestion-ambiental\/\"]}]},{\"@type\":\"BreadcrumbList\",\"@id\":\"https:\/\/www.ull.es\/portal\/campus-y-sostenibilidad\/gestion-ambiental\/#breadcrumb\",\"itemListElement\":[{\"@type\":\"ListItem\",\"position\":1,\"name\":\"Portada\",\"item\":\"https:\/\/www.ull.es\/portal\/campus-y-sostenibilidad\/\"},{\"@type\":\"ListItem\",\"position\":2,\"name\":\"Gesti\u00f3n Ambiental\"}]},{\"@type\":\"WebSite\",\"@id\":\"https:\/\/www.ull.es\/portal\/campus-y-sostenibilidad\/#website\",\"url\":\"https:\/\/www.ull.es\/portal\/campus-y-sostenibilidad\/\",\"name\":\"Sostenibilidad\",\"description\":\"\",\"potentialAction\":[{\"@type\":\"SearchAction\",\"target\":{\"@type\":\"EntryPoint\",\"urlTemplate\":\"https:\/\/www.ull.es\/portal\/campus-y-sostenibilidad\/?s={search_term_string}\"},\"query-input\":\"required name=search_term_string\"}],\"inLanguage\":\"es\"}]}<\/script>\n<!-- \/ Yoast SEO plugin. -->","yoast_head_json":{"title":"Gesti\u00f3n Ambiental - Sostenibilidad","robots":{"index":"index","follow":"follow","max-snippet":"max-snippet:-1","max-image-preview":"max-image-preview:large","max-video-preview":"max-video-preview:-1"},"canonical":"https:\/\/www.ull.es\/portal\/campus-y-sostenibilidad\/gestion-ambiental\/","og_locale":"es_ES","og_type":"article","og_title":"Gesti\u00f3n Ambiental - Sostenibilidad","og_description":"[vc_row full_width=\u00bbstretch_row_content\u00bb equal_height=\u00bbyes\u00bb content_placement=\u00bbmiddle\u00bb css=\u00bb.vc_custom_1616059795234{padding-right: 5% !important;padding-left: 5% !important;background-color: #ededed !important;}\u00bb][vc_column width=\u00bb1\/2&#8243;][vc_empty_space height=\u00bb20px\u00bb][vc_column_text el_class=\u00bbsmall-text\u00bb] Campus y sostenibilidad Gesti\u00f3n ambiental [\/vc_column_text][vc_empty_space height=\u00bb20px\u00bb][vc_column_text] La Universidad de La Laguna viene trabajando en los \u00faltimos a\u00f1os en el fomento del uso racional de los recursos en el entorno de sus Campus para su conservaci\u00f3n. El Programa de\u00a0Campus Sostenible ULL,...","og_url":"https:\/\/www.ull.es\/portal\/campus-y-sostenibilidad\/gestion-ambiental\/","og_site_name":"Sostenibilidad","article_modified_time":"2021-03-18T10:01:32+00:00","twitter_card":"summary_large_image","twitter_misc":{"Tiempo de lectura":"3 minutos"},"schema":{"@context":"https:\/\/schema.org","@graph":[{"@type":"WebPage","@id":"https:\/\/www.ull.es\/portal\/campus-y-sostenibilidad\/gestion-ambiental\/","url":"https:\/\/www.ull.es\/portal\/campus-y-sostenibilidad\/gestion-ambiental\/","name":"Gesti\u00f3n Ambiental - Sostenibilidad","isPartOf":{"@id":"https:\/\/www.ull.es\/portal\/campus-y-sostenibilidad\/#website"},"datePublished":"2018-12-10T09:36:01+00:00","dateModified":"2021-03-18T10:01:32+00:00","breadcrumb":{"@id":"https:\/\/www.ull.es\/portal\/campus-y-sostenibilidad\/gestion-ambiental\/#breadcrumb"},"inLanguage":"es","potentialAction":[{"@type":"ReadAction","target":["https:\/\/www.ull.es\/portal\/campus-y-sostenibilidad\/gestion-ambiental\/"]}]},{"@type":"BreadcrumbList","@id":"https:\/\/www.ull.es\/portal\/campus-y-sostenibilidad\/gestion-ambiental\/#breadcrumb","itemListElement":[{"@type":"ListItem","position":1,"name":"Portada","item":"https:\/\/www.ull.es\/portal\/campus-y-sostenibilidad\/"},{"@type":"ListItem","position":2,"name":"Gesti\u00f3n Ambiental"}]},{"@type":"WebSite","@id":"https:\/\/www.ull.es\/portal\/campus-y-sostenibilidad\/#website","url":"https:\/\/www.ull.es\/portal\/campus-y-sostenibilidad\/","name":"Sostenibilidad","description":"","potentialAction":[{"@type":"SearchAction","target":{"@type":"EntryPoint","urlTemplate":"https:\/\/www.ull.es\/portal\/campus-y-sostenibilidad\/?s={search_term_string}"},"query-input":"required name=search_term_string"}],"inLanguage":"es"}]}},"_links":{"self":[{"href":"https:\/\/www.ull.es\/portal\/campus-y-sostenibilidad\/wp-json\/wp\/v2\/pages\/22"}],"collection":[{"href":"https:\/\/www.ull.es\/portal\/campus-y-sostenibilidad\/wp-json\/wp\/v2\/pages"}],"about":[{"href":"https:\/\/www.ull.es\/portal\/campus-y-sostenibilidad\/wp-json\/wp\/v2\/types\/page"}],"author":[{"embeddable":true,"href":"https:\/\/www.ull.es\/portal\/campus-y-sostenibilidad\/wp-json\/wp\/v2\/users\/41"}],"replies":[{"embeddable":true,"href":"https:\/\/www.ull.es\/portal\/campus-y-sostenibilidad\/wp-json\/wp\/v2\/comments?post=22"}],"version-history":[{"count":21,"href":"https:\/\/www.ull.es\/portal\/campus-y-sostenibilidad\/wp-json\/wp\/v2\/pages\/22\/revisions"}],"predecessor-version":[{"id":920,"href":"https:\/\/www.ull.es\/portal\/campus-y-sostenibilidad\/wp-json\/wp\/v2\/pages\/22\/revisions\/920"}],"wp:attachment":[{"href":"https:\/\/www.ull.es\/portal\/campus-y-sostenibilidad\/wp-json\/wp\/v2\/media?parent=22"}],"curies":[{"name":"wp","href":"https:\/\/api.w.org\/{rel}","templated":true}]}}