{"id":767,"date":"2020-12-17T15:11:56","date_gmt":"2020-12-17T15:11:56","guid":{"rendered":"https:\/\/www.ull.es\/portal\/campus-y-sostenibilidad\/?page_id=767"},"modified":"2020-12-18T09:03:38","modified_gmt":"2020-12-18T09:03:38","slug":"recarga-de-vehiculos-electricos","status":"publish","type":"page","link":"https:\/\/www.ull.es\/portal\/campus-y-sostenibilidad\/recarga-de-vehiculos-electricos\/","title":{"rendered":"Recarga de veh\u00edculos el\u00e9ctricos"},"content":{"rendered":"[vc_row][vc_column][vc_column_text]\n<h1><span style=\"font-weight: 400;\">Recarga de veh\u00edculos el\u00e9ctricos<\/span><\/h1>\n[\/vc_column_text][\/vc_column][\/vc_row][vc_row][vc_column width=\u00bb1\/2&#8243;][vc_empty_space][vc_column_text]<span style=\"font-weight: 400;\">La ULL cuenta con marquesinas fotovoltaicas para carga de veh\u00edculos el\u00e9ctricos, ubicadas en el aparcamiento del Campus Central y de la Escuela Superior de Ingenier\u00eda y Tecnolog\u00eda.<\/span><\/p>\n<p><span style=\"font-weight: 400;\"><a href=\"https:\/\/www.ull.es\/portal\/noticias\/2018\/la-ull-contara-con-la-primera-marquesina-solar-fotovoltaica-con-recarga-para-vehiculos-electricos\/\" target=\"_blank\" rel=\"noopener noreferrer\" target=\"_blank\" rel=\"noopener\">La primera marquesina fue inaugurada en junio de 2018<\/a> y <a href=\"https:\/\/www.ull.es\/portal\/noticias\/2019\/ull-instala-otra-marquesina-fotovoltaica\/\" target=\"_blank\" rel=\"noopener noreferrer\" target=\"_blank\" rel=\"noopener\">la segunda en enero de 2019.<\/a><\/span><\/p>\n<p><span style=\"font-weight: 400;\">Cada instalaci\u00f3n cuenta con un amplio aparcamiento para veh\u00edculos el\u00e9ctricos bajo una marquesina fotovoltaica, conjuntamente con un sistema de recarga para bicicletas y patinetes el\u00e9ctricos. Dispone de seis paneles fotovoltaicos para suministro de un punto de recarga para veh\u00edculos el\u00e9ctricos con modo de recarga 1,2,3, con un conector tipo 2 y conectores Shucko.<\/span>[\/vc_column_text][\/vc_column][vc_column width=\u00bb1\/2&#8243;][vc_empty_space][vc_single_image image=\u00bb782&#8243; img_size=\u00bbfull\u00bb][\/vc_column][\/vc_row][vc_row][vc_column][\/vc_column][\/vc_row]\n","protected":false},"excerpt":{"rendered":"<p>[vc_row][vc_column][vc_column_text] Recarga de veh\u00edculos el\u00e9ctricos [\/vc_column_text][\/vc_column][\/vc_row][vc_row][vc_column width=\u00bb1\/2&#8243;][vc_empty_space][vc_column_text]La ULL cuenta con marquesinas fotovoltaicas para carga de veh\u00edculos el\u00e9ctricos, ubicadas en el aparcamiento del Campus Central y de la Escuela Superior de Ingenier\u00eda y Tecnolog\u00eda. La primera marquesina fue inaugurada en junio de 2018 y la segunda en enero de 2019. Cada instalaci\u00f3n cuenta con un amplio&#8230;<\/p>\n","protected":false},"author":65,"featured_media":0,"parent":0,"menu_order":0,"comment_status":"closed","ping_status":"closed","template":"","meta":{"inline_featured_image":false,"footnotes":""},"acf":[],"yoast_head":"<!-- This site is optimized with the Yoast SEO plugin v21.3 - https:\/\/yoast.com\/wordpress\/plugins\/seo\/ -->\n<title>Recarga de veh\u00edculos el\u00e9ctricos - Sostenibilidad<\/title>\n<meta name=\"robots\" content=\"index, follow, max-snippet:-1, max-image-preview:large, max-video-preview:-1\" \/>\n<link rel=\"canonical\" href=\"https:\/\/www.ull.es\/portal\/campus-y-sostenibilidad\/recarga-de-vehiculos-electricos\/\" \/>\n<meta property=\"og:locale\" content=\"es_ES\" \/>\n<meta property=\"og:type\" content=\"article\" \/>\n<meta property=\"og:title\" content=\"Recarga de veh\u00edculos el\u00e9ctricos - Sostenibilidad\" \/>\n<meta property=\"og:description\" content=\"[vc_row][vc_column][vc_column_text] Recarga de veh\u00edculos el\u00e9ctricos [\/vc_column_text][\/vc_column][\/vc_row][vc_row][vc_column width=\u00bb1\/2&#8243;][vc_empty_space][vc_column_text]La ULL cuenta con marquesinas fotovoltaicas para carga de veh\u00edculos el\u00e9ctricos, ubicadas en el aparcamiento del Campus Central y de la Escuela Superior de Ingenier\u00eda y Tecnolog\u00eda. La primera marquesina fue inaugurada en junio de 2018 y la segunda en enero de 2019. Cada instalaci\u00f3n cuenta con un amplio...\" \/>\n<meta property=\"og:url\" content=\"https:\/\/www.ull.es\/portal\/campus-y-sostenibilidad\/recarga-de-vehiculos-electricos\/\" \/>\n<meta property=\"og:site_name\" content=\"Sostenibilidad\" \/>\n<meta property=\"article:modified_time\" content=\"2020-12-18T09:03:38+00:00\" \/>\n<meta name=\"twitter:card\" content=\"summary_large_image\" \/>\n<meta name=\"twitter:label1\" content=\"Tiempo de lectura\" \/>\n\t<meta name=\"twitter:data1\" content=\"1 minuto\" \/>\n<script type=\"application\/ld+json\" class=\"yoast-schema-graph\">{\"@context\":\"https:\/\/schema.org\",\"@graph\":[{\"@type\":\"WebPage\",\"@id\":\"https:\/\/www.ull.es\/portal\/campus-y-sostenibilidad\/recarga-de-vehiculos-electricos\/\",\"url\":\"https:\/\/www.ull.es\/portal\/campus-y-sostenibilidad\/recarga-de-vehiculos-electricos\/\",\"name\":\"Recarga de veh\u00edculos el\u00e9ctricos - Sostenibilidad\",\"isPartOf\":{\"@id\":\"https:\/\/www.ull.es\/portal\/campus-y-sostenibilidad\/#website\"},\"datePublished\":\"2020-12-17T15:11:56+00:00\",\"dateModified\":\"2020-12-18T09:03:38+00:00\",\"breadcrumb\":{\"@id\":\"https:\/\/www.ull.es\/portal\/campus-y-sostenibilidad\/recarga-de-vehiculos-electricos\/#breadcrumb\"},\"inLanguage\":\"es\",\"potentialAction\":[{\"@type\":\"ReadAction\",\"target\":[\"https:\/\/www.ull.es\/portal\/campus-y-sostenibilidad\/recarga-de-vehiculos-electricos\/\"]}]},{\"@type\":\"BreadcrumbList\",\"@id\":\"https:\/\/www.ull.es\/portal\/campus-y-sostenibilidad\/recarga-de-vehiculos-electricos\/#breadcrumb\",\"itemListElement\":[{\"@type\":\"ListItem\",\"position\":1,\"name\":\"Portada\",\"item\":\"https:\/\/www.ull.es\/portal\/campus-y-sostenibilidad\/\"},{\"@type\":\"ListItem\",\"position\":2,\"name\":\"Recarga de veh\u00edculos el\u00e9ctricos\"}]},{\"@type\":\"WebSite\",\"@id\":\"https:\/\/www.ull.es\/portal\/campus-y-sostenibilidad\/#website\",\"url\":\"https:\/\/www.ull.es\/portal\/campus-y-sostenibilidad\/\",\"name\":\"Sostenibilidad\",\"description\":\"\",\"potentialAction\":[{\"@type\":\"SearchAction\",\"target\":{\"@type\":\"EntryPoint\",\"urlTemplate\":\"https:\/\/www.ull.es\/portal\/campus-y-sostenibilidad\/?s={search_term_string}\"},\"query-input\":\"required name=search_term_string\"}],\"inLanguage\":\"es\"}]}<\/script>\n<!-- \/ Yoast SEO plugin. -->","yoast_head_json":{"title":"Recarga de veh\u00edculos el\u00e9ctricos - Sostenibilidad","robots":{"index":"index","follow":"follow","max-snippet":"max-snippet:-1","max-image-preview":"max-image-preview:large","max-video-preview":"max-video-preview:-1"},"canonical":"https:\/\/www.ull.es\/portal\/campus-y-sostenibilidad\/recarga-de-vehiculos-electricos\/","og_locale":"es_ES","og_type":"article","og_title":"Recarga de veh\u00edculos el\u00e9ctricos - Sostenibilidad","og_description":"[vc_row][vc_column][vc_column_text] Recarga de veh\u00edculos el\u00e9ctricos [\/vc_column_text][\/vc_column][\/vc_row][vc_row][vc_column width=\u00bb1\/2&#8243;][vc_empty_space][vc_column_text]La ULL cuenta con marquesinas fotovoltaicas para carga de veh\u00edculos el\u00e9ctricos, ubicadas en el aparcamiento del Campus Central y de la Escuela Superior de Ingenier\u00eda y Tecnolog\u00eda. La primera marquesina fue inaugurada en junio de 2018 y la segunda en enero de 2019. Cada instalaci\u00f3n cuenta con un amplio...","og_url":"https:\/\/www.ull.es\/portal\/campus-y-sostenibilidad\/recarga-de-vehiculos-electricos\/","og_site_name":"Sostenibilidad","article_modified_time":"2020-12-18T09:03:38+00:00","twitter_card":"summary_large_image","twitter_misc":{"Tiempo de lectura":"1 minuto"},"schema":{"@context":"https:\/\/schema.org","@graph":[{"@type":"WebPage","@id":"https:\/\/www.ull.es\/portal\/campus-y-sostenibilidad\/recarga-de-vehiculos-electricos\/","url":"https:\/\/www.ull.es\/portal\/campus-y-sostenibilidad\/recarga-de-vehiculos-electricos\/","name":"Recarga de veh\u00edculos el\u00e9ctricos - Sostenibilidad","isPartOf":{"@id":"https:\/\/www.ull.es\/portal\/campus-y-sostenibilidad\/#website"},"datePublished":"2020-12-17T15:11:56+00:00","dateModified":"2020-12-18T09:03:38+00:00","breadcrumb":{"@id":"https:\/\/www.ull.es\/portal\/campus-y-sostenibilidad\/recarga-de-vehiculos-electricos\/#breadcrumb"},"inLanguage":"es","potentialAction":[{"@type":"ReadAction","target":["https:\/\/www.ull.es\/portal\/campus-y-sostenibilidad\/recarga-de-vehiculos-electricos\/"]}]},{"@type":"BreadcrumbList","@id":"https:\/\/www.ull.es\/portal\/campus-y-sostenibilidad\/recarga-de-vehiculos-electricos\/#breadcrumb","itemListElement":[{"@type":"ListItem","position":1,"name":"Portada","item":"https:\/\/www.ull.es\/portal\/campus-y-sostenibilidad\/"},{"@type":"ListItem","position":2,"name":"Recarga de veh\u00edculos el\u00e9ctricos"}]},{"@type":"WebSite","@id":"https:\/\/www.ull.es\/portal\/campus-y-sostenibilidad\/#website","url":"https:\/\/www.ull.es\/portal\/campus-y-sostenibilidad\/","name":"Sostenibilidad","description":"","potentialAction":[{"@type":"SearchAction","target":{"@type":"EntryPoint","urlTemplate":"https:\/\/www.ull.es\/portal\/campus-y-sostenibilidad\/?s={search_term_string}"},"query-input":"required name=search_term_string"}],"inLanguage":"es"}]}},"_links":{"self":[{"href":"https:\/\/www.ull.es\/portal\/campus-y-sostenibilidad\/wp-json\/wp\/v2\/pages\/767"}],"collection":[{"href":"https:\/\/www.ull.es\/portal\/campus-y-sostenibilidad\/wp-json\/wp\/v2\/pages"}],"about":[{"href":"https:\/\/www.ull.es\/portal\/campus-y-sostenibilidad\/wp-json\/wp\/v2\/types\/page"}],"author":[{"embeddable":true,"href":"https:\/\/www.ull.es\/portal\/campus-y-sostenibilidad\/wp-json\/wp\/v2\/users\/65"}],"replies":[{"embeddable":true,"href":"https:\/\/www.ull.es\/portal\/campus-y-sostenibilidad\/wp-json\/wp\/v2\/comments?post=767"}],"version-history":[{"count":4,"href":"https:\/\/www.ull.es\/portal\/campus-y-sostenibilidad\/wp-json\/wp\/v2\/pages\/767\/revisions"}],"predecessor-version":[{"id":784,"href":"https:\/\/www.ull.es\/portal\/campus-y-sostenibilidad\/wp-json\/wp\/v2\/pages\/767\/revisions\/784"}],"wp:attachment":[{"href":"https:\/\/www.ull.es\/portal\/campus-y-sostenibilidad\/wp-json\/wp\/v2\/media?parent=767"}],"curies":[{"name":"wp","href":"https:\/\/api.w.org\/{rel}","templated":true}]}}