{"id":1040,"date":"2018-12-30T11:03:19","date_gmt":"2018-12-30T11:03:19","guid":{"rendered":"https:\/\/www.ull.es\/portal\/cienciaull\/?page_id=1040"},"modified":"2021-08-03T11:36:00","modified_gmt":"2021-08-03T11:36:00","slug":"programa-conecta-cienciull","status":"publish","type":"page","link":"https:\/\/www.ull.es\/portal\/cienciaull\/programa-conecta-cienciull\/","title":{"rendered":"Programa Conecta Cienci@ULL"},"content":{"rendered":"<p>[vc_row][vc_column]\n<div id=\"rev_slider_66_1_wrapper\" class=\"rev_slider_wrapper fullwidthbanner-container\" data-source=\"gallery\" style=\"margin:0px auto;background:transparent;padding:0px;margin-top:0px;margin-bottom:0px;\">\n<!-- START REVOLUTION SLIDER 5.4.7.3 fullwidth mode -->\n\t<div id=\"rev_slider_66_1\" class=\"rev_slider fullwidthabanner\" style=\"display:none;\" data-version=\"5.4.7.3\">\n<ul>\t<!-- SLIDE  -->\n\t<li data-index=\"rs-94\" data-transition=\"fade\" data-slotamount=\"default\" data-hideafterloop=\"0\" data-hideslideonmobile=\"off\"  data-easein=\"default\" data-easeout=\"default\" data-masterspeed=\"300\"  data-rotate=\"0\"  data-saveperformance=\"off\"  data-title=\"Slide\" data-param1=\"\" data-param2=\"\" data-param3=\"\" data-param4=\"\" data-param5=\"\" data-param6=\"\" data-param7=\"\" data-param8=\"\" data-param9=\"\" data-param10=\"\" data-description=\"\">\n\t\t<!-- MAIN IMAGE -->\n\t\t<img src=\"https:\/\/s6.gifyu.com\/images\/Banner-twitter--1500x500.jpg\"  alt=\"\"  width=\"1920\" height=\"1080\" data-bgposition=\"center center\" data-bgfit=\"contain\" data-bgrepeat=\"no-repeat\" class=\"rev-slidebg\" data-no-retina>\n\t\t<!-- LAYERS -->\n\t<\/li>\n<\/ul>\n<div class=\"tp-bannertimer tp-bottom\" style=\"visibility: hidden !important;\"><\/div>\t<\/div>\n<script>var htmlDiv = document.getElementById(\"rs-plugin-settings-inline-css\"); var htmlDivCss=\"\";\r\n\t\t\t\tif(htmlDiv) {\r\n\t\t\t\t\thtmlDiv.innerHTML = htmlDiv.innerHTML + htmlDivCss;\r\n\t\t\t\t}else{\r\n\t\t\t\t\tvar htmlDiv = document.createElement(\"div\");\r\n\t\t\t\t\thtmlDiv.innerHTML = \"<style>\" + htmlDivCss + \"<\/style>\";\r\n\t\t\t\t\tdocument.getElementsByTagName(\"head\")[0].appendChild(htmlDiv.childNodes[0]);\r\n\t\t\t\t}\r\n\t\t\t<\/script>\n\t\t<script type=\"text\/javascript\">\r\nif (setREVStartSize!==undefined) setREVStartSize(\r\n\t{c: '#rev_slider_66_1', gridwidth: [1500], gridheight: [500], sliderLayout: 'auto'});\r\n\t\t\t\r\nvar revapi66,\r\n\ttpj;\t\r\n(function() {\t\t\t\r\n\tif (!\/loaded|interactive|complete\/.test(document.readyState)) document.addEventListener(\"DOMContentLoaded\",onLoad); else onLoad();\t\r\n\tfunction onLoad() {\t\t\t\t\r\n\t\tif (tpj===undefined) { tpj = jQuery; if(\"off\" == \"on\") tpj.noConflict();}\r\n\tif(tpj(\"#rev_slider_66_1\").revolution == undefined){\n\t\trevslider_showDoubleJqueryError(\"#rev_slider_66_1\");\n\t}else{\n\t\trevapi66 = tpj(\"#rev_slider_66_1\").show().revolution({\n\t\t\tsliderType:\"hero\",\n\t\t\tjsFileLocation:\"\/\/www.ull.es\/portal\/cienciaull\/wp-content\/plugins\/revslider\/public\/assets\/js\/\",\n\t\t\tsliderLayout:\"auto\",\n\t\t\tdottedOverlay:\"none\",\n\t\t\tdelay:9000,\n\t\t\tvisibilityLevels:[1240,1024,778,480],\n\t\t\tgridwidth:1500,\n\t\t\tgridheight:500,\n\t\t\tlazyType:\"none\",\n\t\t\tshadow:0,\n\t\t\tspinner:\"spinner0\",\n\t\t\tautoHeight:\"off\",\n\t\t\tdisableProgressBar:\"on\",\n\t\t\thideThumbsOnMobile:\"off\",\n\t\t\thideSliderAtLimit:0,\n\t\t\thideCaptionAtLimit:0,\n\t\t\thideAllCaptionAtLilmit:0,\n\t\t\tdebugMode:false,\n\t\t\tfallbacks: {\n\t\t\t\tsimplifyAll:\"off\",\n\t\t\t\tdisableFocusListener:false,\n\t\t\t}\n\t\t});\n\t}; \/* END OF revapi call *\/\n\t\n }; \/* END OF ON LOAD FUNCTION *\/\r\n}()); \/* END OF WRAPPING FUNCTION *\/\r\n<\/script>\r\n\t\t<\/div><!-- END REVOLUTION SLIDER -->[vc_separator color=\u00bbcustom\u00bb style=\u00bbdouble\u00bb border_width=\u00bb10&#8243; accent_color=\u00bb#76bee6&#8243;][\/vc_column][\/vc_row][vc_row][vc_column][vc_empty_space height=\u00bb50px\u00bb][vc_custom_heading text=\u00bbPresentaci\u00f3n\u00bb font_container=\u00bbtag:h2|text_align:left|color:%2376bee6&#8243; google_fonts=\u00bbfont_family:Roboto%20Slab%3A100%2C300%2Cregular%2C700|font_style:700%20bold%20regular%3A700%3Anormal\u00bb][\/vc_column][\/vc_row][vc_row][vc_column width=\u00bb2\/3&#8243;][vc_column_text]<\/p>\n<p style=\"text-align: justify\"><span style=\"color: #008000\"><strong>Conect@ Cienci@ULL<\/strong><\/span> es un proyecto de divulgaci\u00f3n cient\u00edfica que tiene como finalidad <span style=\"color: #ff6600\"><em>\u201cayudar a disminuir la tasa de fracaso escolar en Canarias, y fomentar entre los\/as j\u00f3venes el inter\u00e9s por realizar estudios superiores\u201d<\/em><\/span>. Para ello, se propone el desarrollo de un programa de actividades divulgativas, orientativas, motivadoras y complementarias a los programas formativos de educaci\u00f3n secundaria y bachillerato, donde se muestra la ciencia, la tecnolog\u00eda, las ciencias sociales, las humanidades y artes de una forma cercana y aplicada a las necesidades del d\u00eda a d\u00eda, utilizando como medio conductor la actividad de investigaci\u00f3n que se desarrolla en la Universidad de La Laguna en dichas disciplinas.<\/p>\n<p style=\"text-align: justify\"><span style=\"color: #008000\"><strong>Conect@ Cienci@ULL<\/strong><\/span> cuenta con un cat\u00e1logo de <span style=\"color: #3366ff\">talleres cient\u00edficos y jornadas de orientaci\u00f3n.<\/span>\u00a0Estos talleres han sido planificados de acuerdo a tres factores que influyen en el fracaso escolar: falta de orientaci\u00f3n y motivaci\u00f3n, por recursos econ\u00f3micos y, acoso escolar. En todas y cada una de las actividades, as\u00ed como en los materiales utilizados se incluir\u00e1 la perspectiva de g\u00e9nero. Adem\u00e1s, se crear\u00e1 un <span style=\"color: #3366ff\">repositorio web<\/span> <span style=\"color: #3366ff\">donde se recoger\u00e1 todos los materiales generados en el programa<\/span>.<\/p>\n<p style=\"text-align: justify\">El Programa <strong><span style=\"color: #008000\">Conecta Cienci@ULL<\/span><\/strong> es un proyecto desarrollado por la Universidad de La Laguna y su Fundaci\u00f3n General, desde el a\u00f1o 2017, cofinanciado a trav\u00e9s de una subvenci\u00f3n otorgada por la Fundaci\u00f3n Espa\u00f1ola para la Ciencia y la Tecnolog\u00eda.<\/p>\n<p style=\"text-align: justify\">Sus principales objetivos son:<\/p>\n<ul>\n<li>\n<p style=\"text-align: justify\"><strong><span style=\"color: #3366ff\">Mostrar la importancia del contenido de las asignaturas que estudia el alumnado en sus respectivos programas,<\/span>\u00a0<\/strong>mediante su aplicabilidad a las necesidades de la vida cotidiana y al \u00e1mbito cient\u00edfico.<\/p>\n<\/li>\n<li>\n<p style=\"text-align: justify\"><strong><span style=\"color: #008000\">Proporcionar una experiencia investigadora de la mano del personal investigador en formaci\u00f3n de la ULL<\/span>,<\/strong>\u00a0para que conozcan la realidad de ser un\/a investigador\/a y sembrar la curiosidad cient\u00edfica en aquellos estudiantes de los \u00faltimos niveles educativos que no han identificado su vocaci\u00f3n profesional.<\/p>\n<\/li>\n<li>\n<p style=\"text-align: justify\"><span style=\"color: #ff9900\"><strong>Dar a conocer al alumnado las principales salidas profesionales que ofrecen los diferentes programas formativos que se imparten en la ULL<\/strong><\/span>, para potenciar sus posibilidades de \u00e9xito en la elecci\u00f3n de su salida laboral en el \u00e1mbito cient\u00edfico o profesional.<\/p>\n<\/li>\n<li>\n<p style=\"text-align: justify\"><span style=\"color: #ff9900\"><span style=\"color: #3366ff\"><strong>Crear una herramienta interactiva<\/strong><\/span>\u00a0<\/span>que facilite el acceso de recursos did\u00e1cticos a todo el alumnado y profesorado de Canarias.<\/p>\n<\/li>\n<li>\n<p style=\"text-align: justify\"><span style=\"color: #008000\"><strong>Fomentar el inter\u00e9s y compromiso de los centros educativos y las entidades locales<\/strong><\/span>\u00a0con respecto a iniciativas complementarias a su formaci\u00f3n.<\/p>\n<\/li>\n<li>\n<p style=\"text-align: justify\"><strong><span style=\"color: #ff9900\">Sensibilizar al alumnado y al profesorado de los centros escolares contra el acoso escolar y el ciberacoso.<\/span>\u00a0<\/strong>Informarles de las consecuencias de este tipo de fen\u00f3menos.<\/p>\n<\/li>\n<\/ul>\n<h3>Beneficiarios<\/h3>\n<p style=\"text-align: justify\"><span style=\"color: #3366ff\"><strong>Directos.<\/strong><\/span> Alumnado de\u00a0\u00a03\u00ba y 4\u00ba de la ESO y bachillerato de los centros escolares p\u00fablicos y concertados de la isla de Tenerife.<\/p>\n<p style=\"text-align: justify\"><span style=\"color: #3366ff\"><strong>Indirectos.<\/strong><\/span>\u00a0Profesorado de los centros escolares participantes y doctorandos\/as y j\u00f3venes investigadores\/as de la Universidad de La Laguna.<\/p>\n<p>[\/vc_column_text][vc_column_text]<\/p>\n<h3>Laboratorio Virtual<\/h3>\n<p style=\"text-align: justify\">Debido a la aparici\u00f3n del Covid-19 la continuidad del programa <strong>Conecta Cienci@ULL<\/strong> se llevar\u00e1 a cabo de manera <strong>online<\/strong> a trav\u00e9s de la plataforma <span style=\"text-decoration: underline\">https:\/\/meet.google.com\/<\/span> y mediante la elaboraci\u00f3n de un <strong>Laboratorio Virtual<\/strong> en el que los centros educativos tendr\u00e1n acceso a diversas<strong> p\u00edldoras cient\u00edficas y divulgativas<\/strong> en donde investigadores\/as de La Universidad de La Laguna realizan diferentes talleres cient\u00edficos.<\/p>\n<p style=\"text-align: justify\">Asimismo, en el siguiente enlace podr\u00e1n encontrar p\u00edldoras cient\u00edficas realizadas por investigadores\/as de la Universidad de La Laguna:<\/p>\n<p>[\/vc_column_text][vc_btn title=\u00bbLaboratorio Virtual\u00bb color=\u00bbturquoise\u00bb size=\u00bblg\u00bb align=\u00bbcenter\u00bb link=\u00bburl:https%3A%2F%2Fwww.ull.es%2Fportal%2Fcienciaull%2Flaboratorio-virtual%2F|title:Aula%20Virtual\u00bb][\/vc_column][vc_column width=\u00bb1\/3&#8243;][vc_video link=\u00bbhttps:\/\/youtu.be\/ADeTCHxyndA\u00bb css=\u00bb.vc_custom_1589458576208{margin-top: 3px !important;border-top-width: 3px !important;padding-top: 3px !important;}\u00bb][vc_empty_space height=\u00bb20&#8243;][vc_media_grid style=\u00bbpagination\u00bb items_per_page=\u00bb1&#8243; element_width=\u00bb12&#8243; gap=\u00bb4&#8243; grid_id=\u00bbvc_gid:1627990285078-cf7f3377-0f88-10&#8243; include=\u00bb5856,5857,5858,5859,5860,5861,5862&#8243;][vc_btn title=\u00bbInscripci\u00f3n Centros Escolares 2020\/21&#8243; color=\u00bbprimary\u00bb size=\u00bblg\u00bb align=\u00bbcenter\u00bb button_block=\u00bbtrue\u00bb link=\u00bburl:https%3A%2F%2Fwww.ull.es%2Fportal%2Fcienciaull%2Fprograma-conecta-cienciull%2Finscripcion-para-centros-escolares%2F\u00bb css=\u00bb.vc_custom_1611148542723{margin-bottom: 5px !important;border-bottom-width: 5px !important;padding-bottom: 5px !important;}\u00bb][vc_btn title=\u00bbCentros participantes\u00bb color=\u00bbsuccess\u00bb size=\u00bblg\u00bb align=\u00bbcenter\u00bb button_block=\u00bbtrue\u00bb link=\u00bburl:https%3A%2F%2Fwww.ull.es%2Fportal%2Fcienciaull%2Fprograma-conecta-cienciull%2Fcentros-escolares-participantes%2F\u00bb css=\u00bb.vc_custom_1611148616916{margin-bottom: 5px !important;border-bottom-width: 5px !important;padding-bottom: 5px !important;}\u00bb][vc_btn title=\u00bbTalleres cient\u00edficos 2020\/21&#8243; color=\u00bbwarning\u00bb size=\u00bblg\u00bb align=\u00bbcenter\u00bb button_block=\u00bbtrue\u00bb link=\u00bburl:https%3A%2F%2Fwww.ull.es%2Fportal%2Fcienciaull%2Fprograma-conecta-cienciull%2Finscripcion-para-centros-escolares%2F\u00bb][\/vc_column][\/vc_row]<\/p>\n","protected":false},"excerpt":{"rendered":"<p>[vc_row][vc_column][vc_separator color=\u00bbcustom\u00bb style=\u00bbdouble\u00bb border_width=\u00bb10&#8243; accent_color=\u00bb#76bee6&#8243;][\/vc_column][\/vc_row][vc_row][vc_column][vc_empty_space height=\u00bb50px\u00bb][vc_custom_heading text=\u00bbPresentaci\u00f3n\u00bb font_container=\u00bbtag:h2|text_align:left|color:%2376bee6&#8243; google_fonts=\u00bbfont_family:Roboto%20Slab%3A100%2C300%2Cregular%2C700|font_style:700%20bold%20regular%3A700%3Anormal\u00bb][\/vc_column][\/vc_row][vc_row][vc_column width=\u00bb2\/3&#8243;][vc_column_text] Conect@ Cienci@ULL es un proyecto de divulgaci\u00f3n cient\u00edfica que tiene como finalidad \u201cayudar a disminuir la tasa de fracaso escolar en Canarias, y fomentar entre los\/as j\u00f3venes el inter\u00e9s por realizar estudios superiores\u201d. Para ello, se propone el desarrollo de un programa de actividades divulgativas,&#8230;<\/p>\n","protected":false},"author":56,"featured_media":0,"parent":0,"menu_order":0,"comment_status":"closed","ping_status":"closed","template":"templates\/cienciaull.php","meta":{"inline_featured_image":false,"footnotes":""},"acf":[],"yoast_head":"<!-- This site is optimized with the Yoast SEO plugin v21.3 - https:\/\/yoast.com\/wordpress\/plugins\/seo\/ -->\n<title>Programa Conecta Cienci@ULL -<\/title>\n<meta name=\"robots\" content=\"index, follow, max-snippet:-1, max-image-preview:large, max-video-preview:-1\" \/>\n<link rel=\"canonical\" href=\"https:\/\/www.ull.es\/portal\/cienciaull\/programa-conecta-cienciull\/\" \/>\n<meta property=\"og:locale\" content=\"es_ES\" \/>\n<meta property=\"og:type\" content=\"article\" \/>\n<meta property=\"og:title\" content=\"Programa Conecta Cienci@ULL -\" \/>\n<meta property=\"og:description\" content=\"[vc_row][vc_column][vc_separator color=\u00bbcustom\u00bb style=\u00bbdouble\u00bb border_width=\u00bb10&#8243; accent_color=\u00bb#76bee6&#8243;][\/vc_column][\/vc_row][vc_row][vc_column][vc_empty_space height=\u00bb50px\u00bb][vc_custom_heading text=\u00bbPresentaci\u00f3n\u00bb font_container=\u00bbtag:h2|text_align:left|color:%2376bee6&#8243; google_fonts=\u00bbfont_family:Roboto%20Slab%3A100%2C300%2Cregular%2C700|font_style:700%20bold%20regular%3A700%3Anormal\u00bb][\/vc_column][\/vc_row][vc_row][vc_column width=\u00bb2\/3&#8243;][vc_column_text] Conect@ Cienci@ULL es un proyecto de divulgaci\u00f3n cient\u00edfica que tiene como finalidad \u201cayudar a disminuir la tasa de fracaso escolar en Canarias, y fomentar entre los\/as j\u00f3venes el inter\u00e9s por realizar estudios superiores\u201d. Para ello, se propone el desarrollo de un programa de actividades divulgativas,...\" \/>\n<meta property=\"og:url\" content=\"https:\/\/www.ull.es\/portal\/cienciaull\/programa-conecta-cienciull\/\" \/>\n<meta property=\"article:publisher\" content=\"https:\/\/www.facebook.com\/CienciaULL\/\" \/>\n<meta property=\"article:modified_time\" content=\"2021-08-03T11:36:00+00:00\" \/>\n<meta name=\"twitter:card\" content=\"summary_large_image\" \/>\n<meta name=\"twitter:site\" content=\"@CienciaULL\" \/>\n<meta name=\"twitter:label1\" content=\"Tiempo de lectura\" \/>\n\t<meta name=\"twitter:data1\" content=\"3 minutos\" \/>\n<script type=\"application\/ld+json\" class=\"yoast-schema-graph\">{\"@context\":\"https:\/\/schema.org\",\"@graph\":[{\"@type\":\"WebPage\",\"@id\":\"https:\/\/www.ull.es\/portal\/cienciaull\/programa-conecta-cienciull\/\",\"url\":\"https:\/\/www.ull.es\/portal\/cienciaull\/programa-conecta-cienciull\/\",\"name\":\"Programa Conecta Cienci@ULL -\",\"isPartOf\":{\"@id\":\"https:\/\/www.ull.es\/portal\/cienciaull\/#website\"},\"datePublished\":\"2018-12-30T11:03:19+00:00\",\"dateModified\":\"2021-08-03T11:36:00+00:00\",\"breadcrumb\":{\"@id\":\"https:\/\/www.ull.es\/portal\/cienciaull\/programa-conecta-cienciull\/#breadcrumb\"},\"inLanguage\":\"es\",\"potentialAction\":[{\"@type\":\"ReadAction\",\"target\":[\"https:\/\/www.ull.es\/portal\/cienciaull\/programa-conecta-cienciull\/\"]}]},{\"@type\":\"BreadcrumbList\",\"@id\":\"https:\/\/www.ull.es\/portal\/cienciaull\/programa-conecta-cienciull\/#breadcrumb\",\"itemListElement\":[{\"@type\":\"ListItem\",\"position\":1,\"name\":\"Portada\",\"item\":\"https:\/\/www.ull.es\/portal\/cienciaull\/\"},{\"@type\":\"ListItem\",\"position\":2,\"name\":\"Programa Conecta Cienci@ULL\"}]},{\"@type\":\"WebSite\",\"@id\":\"https:\/\/www.ull.es\/portal\/cienciaull\/#website\",\"url\":\"https:\/\/www.ull.es\/portal\/cienciaull\/\",\"name\":\"\",\"description\":\"Unidad de Cultura Cient\u00edfica y de la Innovaci\u00f3n de la Universidad de La Laguna\",\"potentialAction\":[{\"@type\":\"SearchAction\",\"target\":{\"@type\":\"EntryPoint\",\"urlTemplate\":\"https:\/\/www.ull.es\/portal\/cienciaull\/?s={search_term_string}\"},\"query-input\":\"required name=search_term_string\"}],\"inLanguage\":\"es\"}]}<\/script>\n<!-- \/ Yoast SEO plugin. -->","yoast_head_json":{"title":"Programa Conecta Cienci@ULL -","robots":{"index":"index","follow":"follow","max-snippet":"max-snippet:-1","max-image-preview":"max-image-preview:large","max-video-preview":"max-video-preview:-1"},"canonical":"https:\/\/www.ull.es\/portal\/cienciaull\/programa-conecta-cienciull\/","og_locale":"es_ES","og_type":"article","og_title":"Programa Conecta Cienci@ULL -","og_description":"[vc_row][vc_column][vc_separator color=\u00bbcustom\u00bb style=\u00bbdouble\u00bb border_width=\u00bb10&#8243; accent_color=\u00bb#76bee6&#8243;][\/vc_column][\/vc_row][vc_row][vc_column][vc_empty_space height=\u00bb50px\u00bb][vc_custom_heading text=\u00bbPresentaci\u00f3n\u00bb font_container=\u00bbtag:h2|text_align:left|color:%2376bee6&#8243; google_fonts=\u00bbfont_family:Roboto%20Slab%3A100%2C300%2Cregular%2C700|font_style:700%20bold%20regular%3A700%3Anormal\u00bb][\/vc_column][\/vc_row][vc_row][vc_column width=\u00bb2\/3&#8243;][vc_column_text] Conect@ Cienci@ULL es un proyecto de divulgaci\u00f3n cient\u00edfica que tiene como finalidad \u201cayudar a disminuir la tasa de fracaso escolar en Canarias, y fomentar entre los\/as j\u00f3venes el inter\u00e9s por realizar estudios superiores\u201d. Para ello, se propone el desarrollo de un programa de actividades divulgativas,...","og_url":"https:\/\/www.ull.es\/portal\/cienciaull\/programa-conecta-cienciull\/","article_publisher":"https:\/\/www.facebook.com\/CienciaULL\/","article_modified_time":"2021-08-03T11:36:00+00:00","twitter_card":"summary_large_image","twitter_site":"@CienciaULL","twitter_misc":{"Tiempo de lectura":"3 minutos"},"schema":{"@context":"https:\/\/schema.org","@graph":[{"@type":"WebPage","@id":"https:\/\/www.ull.es\/portal\/cienciaull\/programa-conecta-cienciull\/","url":"https:\/\/www.ull.es\/portal\/cienciaull\/programa-conecta-cienciull\/","name":"Programa Conecta Cienci@ULL -","isPartOf":{"@id":"https:\/\/www.ull.es\/portal\/cienciaull\/#website"},"datePublished":"2018-12-30T11:03:19+00:00","dateModified":"2021-08-03T11:36:00+00:00","breadcrumb":{"@id":"https:\/\/www.ull.es\/portal\/cienciaull\/programa-conecta-cienciull\/#breadcrumb"},"inLanguage":"es","potentialAction":[{"@type":"ReadAction","target":["https:\/\/www.ull.es\/portal\/cienciaull\/programa-conecta-cienciull\/"]}]},{"@type":"BreadcrumbList","@id":"https:\/\/www.ull.es\/portal\/cienciaull\/programa-conecta-cienciull\/#breadcrumb","itemListElement":[{"@type":"ListItem","position":1,"name":"Portada","item":"https:\/\/www.ull.es\/portal\/cienciaull\/"},{"@type":"ListItem","position":2,"name":"Programa Conecta Cienci@ULL"}]},{"@type":"WebSite","@id":"https:\/\/www.ull.es\/portal\/cienciaull\/#website","url":"https:\/\/www.ull.es\/portal\/cienciaull\/","name":"","description":"Unidad de Cultura Cient\u00edfica y de la Innovaci\u00f3n de la Universidad de La Laguna","potentialAction":[{"@type":"SearchAction","target":{"@type":"EntryPoint","urlTemplate":"https:\/\/www.ull.es\/portal\/cienciaull\/?s={search_term_string}"},"query-input":"required name=search_term_string"}],"inLanguage":"es"}]}},"_links":{"self":[{"href":"https:\/\/www.ull.es\/portal\/cienciaull\/wp-json\/wp\/v2\/pages\/1040"}],"collection":[{"href":"https:\/\/www.ull.es\/portal\/cienciaull\/wp-json\/wp\/v2\/pages"}],"about":[{"href":"https:\/\/www.ull.es\/portal\/cienciaull\/wp-json\/wp\/v2\/types\/page"}],"author":[{"embeddable":true,"href":"https:\/\/www.ull.es\/portal\/cienciaull\/wp-json\/wp\/v2\/users\/56"}],"replies":[{"embeddable":true,"href":"https:\/\/www.ull.es\/portal\/cienciaull\/wp-json\/wp\/v2\/comments?post=1040"}],"version-history":[{"count":160,"href":"https:\/\/www.ull.es\/portal\/cienciaull\/wp-json\/wp\/v2\/pages\/1040\/revisions"}],"predecessor-version":[{"id":12600,"href":"https:\/\/www.ull.es\/portal\/cienciaull\/wp-json\/wp\/v2\/pages\/1040\/revisions\/12600"}],"wp:attachment":[{"href":"https:\/\/www.ull.es\/portal\/cienciaull\/wp-json\/wp\/v2\/media?parent=1040"}],"curies":[{"name":"wp","href":"https:\/\/api.w.org\/{rel}","templated":true}]}}