{"id":11058,"date":"2021-03-03T09:24:42","date_gmt":"2021-03-03T09:24:42","guid":{"rendered":"https:\/\/www.ull.es\/portal\/cienciaull\/?page_id=11058"},"modified":"2021-11-24T12:07:30","modified_gmt":"2021-11-24T12:07:30","slug":"colabora-con-nosotros","status":"publish","type":"page","link":"https:\/\/www.ull.es\/portal\/cienciaull\/simul\/colabora-con-nosotros\/","title":{"rendered":"Colabora con nosotros"},"content":{"rendered":"<p>[vc_row][vc_column][vc_custom_heading text=\u00bbColabora con nosotros\u00bb google_fonts=\u00bbfont_family:Roboto%20Slab%3A100%2C300%2Cregular%2C700|font_style:700%20bold%20regular%3A700%3Anormal\u00bb][vc_column_text]<\/p>\n<p style=\"text-align: justify\">El proyecto \u201cSIMUL\u201d sigue avanzando para que los y las j\u00f3venes est\u00e9n preparados para la formaci\u00f3n de los equipos intergeneracionales. A partir del mes de marzo se va a trabajar, entre otros temas, la comunicaci\u00f3n, como veh\u00edculo para la construcci\u00f3n de las <strong><em><span style=\"color: #0eb2e0\">relaciones interpersonales.<\/span>\u00a0 <\/em><\/strong>Los conocimientos \u201cse construyen\u201d a trav\u00e9s de la interacci\u00f3n con el grupo motor de SIMUL con personas adultas mayores de 65 a\u00f1os.<\/p>\n<p style=\"text-align: justify\">Las relaciones son un elemento pedag\u00f3gico b\u00e1sico para el aprendizaje. Sin duda, la pandemia ha afectado directamente a las relaciones interpersonales y, por tanto, al aprendizaje. Con la situaci\u00f3n ocasionada por la COVID-19, la poblaci\u00f3n ha vivenciado una disminuci\u00f3n de sus relaciones sociales, especialmente las relaciones sociales intergeneracionales. Esto supone la necesidad de retomar este tipo de relaciones aunque se realizan a trav\u00e9s del video-llamadas. Desde SIMUL te animamos a retomar a participar en este tipo de relaciones interpersonales, si tienes m\u00e1s de 65 a\u00f1os, <span style=\"color: #0eb2e0\"><strong><em>s\u00famate a SIMUL.<\/em><\/strong><\/span><\/p>\n<p>\u00a1Ap\u00fantate![\/vc_column_text][vc_btn title=\u00bbInscripci\u00f3n formulario\u00bb color=\u00bbinfo\u00bb align=\u00bbcenter\u00bb link=\u00bburl:https%3A%2F%2Fforms.gle%2F4PAEqdgsAZ5uybnz9|target:_blank\u00bb][\/vc_column][\/vc_row][vc_row][vc_column][\/vc_column][\/vc_row]<\/p>\n","protected":false},"excerpt":{"rendered":"<p>[vc_row][vc_column][vc_custom_heading text=\u00bbColabora con nosotros\u00bb google_fonts=\u00bbfont_family:Roboto%20Slab%3A100%2C300%2Cregular%2C700|font_style:700%20bold%20regular%3A700%3Anormal\u00bb][vc_column_text] El proyecto \u201cSIMUL\u201d sigue avanzando para que los y las j\u00f3venes est\u00e9n preparados para la formaci\u00f3n de los equipos intergeneracionales. A partir del mes de marzo se va a trabajar, entre otros temas, la comunicaci\u00f3n, como veh\u00edculo para la construcci\u00f3n de las relaciones interpersonales.\u00a0 Los conocimientos \u201cse construyen\u201d a trav\u00e9s&#8230;<\/p>\n","protected":false},"author":56,"featured_media":0,"parent":4950,"menu_order":3,"comment_status":"closed","ping_status":"closed","template":"","meta":{"inline_featured_image":false,"footnotes":""},"acf":[],"yoast_head":"<!-- This site is optimized with the Yoast SEO plugin v21.3 - https:\/\/yoast.com\/wordpress\/plugins\/seo\/ -->\n<title>Colabora con nosotros -<\/title>\n<meta name=\"robots\" content=\"index, follow, max-snippet:-1, max-image-preview:large, max-video-preview:-1\" \/>\n<link rel=\"canonical\" href=\"https:\/\/www.ull.es\/portal\/cienciaull\/simul\/colabora-con-nosotros\/\" \/>\n<meta property=\"og:locale\" content=\"es_ES\" \/>\n<meta property=\"og:type\" content=\"article\" \/>\n<meta property=\"og:title\" content=\"Colabora con nosotros -\" \/>\n<meta property=\"og:description\" content=\"[vc_row][vc_column][vc_custom_heading text=\u00bbColabora con nosotros\u00bb google_fonts=\u00bbfont_family:Roboto%20Slab%3A100%2C300%2Cregular%2C700|font_style:700%20bold%20regular%3A700%3Anormal\u00bb][vc_column_text] El proyecto \u201cSIMUL\u201d sigue avanzando para que los y las j\u00f3venes est\u00e9n preparados para la formaci\u00f3n de los equipos intergeneracionales. A partir del mes de marzo se va a trabajar, entre otros temas, la comunicaci\u00f3n, como veh\u00edculo para la construcci\u00f3n de las relaciones interpersonales.\u00a0 Los conocimientos \u201cse construyen\u201d a trav\u00e9s...\" \/>\n<meta property=\"og:url\" content=\"https:\/\/www.ull.es\/portal\/cienciaull\/simul\/colabora-con-nosotros\/\" \/>\n<meta property=\"article:publisher\" content=\"https:\/\/www.facebook.com\/CienciaULL\/\" \/>\n<meta property=\"article:modified_time\" content=\"2021-11-24T12:07:30+00:00\" \/>\n<meta name=\"twitter:card\" content=\"summary_large_image\" \/>\n<meta name=\"twitter:site\" content=\"@CienciaULL\" \/>\n<meta name=\"twitter:label1\" content=\"Tiempo de lectura\" \/>\n\t<meta name=\"twitter:data1\" content=\"1 minuto\" \/>\n<script type=\"application\/ld+json\" class=\"yoast-schema-graph\">{\"@context\":\"https:\/\/schema.org\",\"@graph\":[{\"@type\":\"WebPage\",\"@id\":\"https:\/\/www.ull.es\/portal\/cienciaull\/simul\/colabora-con-nosotros\/\",\"url\":\"https:\/\/www.ull.es\/portal\/cienciaull\/simul\/colabora-con-nosotros\/\",\"name\":\"Colabora con nosotros -\",\"isPartOf\":{\"@id\":\"https:\/\/www.ull.es\/portal\/cienciaull\/#website\"},\"datePublished\":\"2021-03-03T09:24:42+00:00\",\"dateModified\":\"2021-11-24T12:07:30+00:00\",\"breadcrumb\":{\"@id\":\"https:\/\/www.ull.es\/portal\/cienciaull\/simul\/colabora-con-nosotros\/#breadcrumb\"},\"inLanguage\":\"es\",\"potentialAction\":[{\"@type\":\"ReadAction\",\"target\":[\"https:\/\/www.ull.es\/portal\/cienciaull\/simul\/colabora-con-nosotros\/\"]}]},{\"@type\":\"BreadcrumbList\",\"@id\":\"https:\/\/www.ull.es\/portal\/cienciaull\/simul\/colabora-con-nosotros\/#breadcrumb\",\"itemListElement\":[{\"@type\":\"ListItem\",\"position\":1,\"name\":\"Portada\",\"item\":\"https:\/\/www.ull.es\/portal\/cienciaull\/\"},{\"@type\":\"ListItem\",\"position\":2,\"name\":\"Simul\",\"item\":\"https:\/\/www.ull.es\/portal\/cienciaull\/simul\/\"},{\"@type\":\"ListItem\",\"position\":3,\"name\":\"Colabora con nosotros\"}]},{\"@type\":\"WebSite\",\"@id\":\"https:\/\/www.ull.es\/portal\/cienciaull\/#website\",\"url\":\"https:\/\/www.ull.es\/portal\/cienciaull\/\",\"name\":\"\",\"description\":\"Unidad de Cultura Cient\u00edfica y de la Innovaci\u00f3n de la Universidad de La Laguna\",\"potentialAction\":[{\"@type\":\"SearchAction\",\"target\":{\"@type\":\"EntryPoint\",\"urlTemplate\":\"https:\/\/www.ull.es\/portal\/cienciaull\/?s={search_term_string}\"},\"query-input\":\"required name=search_term_string\"}],\"inLanguage\":\"es\"}]}<\/script>\n<!-- \/ Yoast SEO plugin. -->","yoast_head_json":{"title":"Colabora con nosotros -","robots":{"index":"index","follow":"follow","max-snippet":"max-snippet:-1","max-image-preview":"max-image-preview:large","max-video-preview":"max-video-preview:-1"},"canonical":"https:\/\/www.ull.es\/portal\/cienciaull\/simul\/colabora-con-nosotros\/","og_locale":"es_ES","og_type":"article","og_title":"Colabora con nosotros -","og_description":"[vc_row][vc_column][vc_custom_heading text=\u00bbColabora con nosotros\u00bb google_fonts=\u00bbfont_family:Roboto%20Slab%3A100%2C300%2Cregular%2C700|font_style:700%20bold%20regular%3A700%3Anormal\u00bb][vc_column_text] El proyecto \u201cSIMUL\u201d sigue avanzando para que los y las j\u00f3venes est\u00e9n preparados para la formaci\u00f3n de los equipos intergeneracionales. A partir del mes de marzo se va a trabajar, entre otros temas, la comunicaci\u00f3n, como veh\u00edculo para la construcci\u00f3n de las relaciones interpersonales.\u00a0 Los conocimientos \u201cse construyen\u201d a trav\u00e9s...","og_url":"https:\/\/www.ull.es\/portal\/cienciaull\/simul\/colabora-con-nosotros\/","article_publisher":"https:\/\/www.facebook.com\/CienciaULL\/","article_modified_time":"2021-11-24T12:07:30+00:00","twitter_card":"summary_large_image","twitter_site":"@CienciaULL","twitter_misc":{"Tiempo de lectura":"1 minuto"},"schema":{"@context":"https:\/\/schema.org","@graph":[{"@type":"WebPage","@id":"https:\/\/www.ull.es\/portal\/cienciaull\/simul\/colabora-con-nosotros\/","url":"https:\/\/www.ull.es\/portal\/cienciaull\/simul\/colabora-con-nosotros\/","name":"Colabora con nosotros -","isPartOf":{"@id":"https:\/\/www.ull.es\/portal\/cienciaull\/#website"},"datePublished":"2021-03-03T09:24:42+00:00","dateModified":"2021-11-24T12:07:30+00:00","breadcrumb":{"@id":"https:\/\/www.ull.es\/portal\/cienciaull\/simul\/colabora-con-nosotros\/#breadcrumb"},"inLanguage":"es","potentialAction":[{"@type":"ReadAction","target":["https:\/\/www.ull.es\/portal\/cienciaull\/simul\/colabora-con-nosotros\/"]}]},{"@type":"BreadcrumbList","@id":"https:\/\/www.ull.es\/portal\/cienciaull\/simul\/colabora-con-nosotros\/#breadcrumb","itemListElement":[{"@type":"ListItem","position":1,"name":"Portada","item":"https:\/\/www.ull.es\/portal\/cienciaull\/"},{"@type":"ListItem","position":2,"name":"Simul","item":"https:\/\/www.ull.es\/portal\/cienciaull\/simul\/"},{"@type":"ListItem","position":3,"name":"Colabora con nosotros"}]},{"@type":"WebSite","@id":"https:\/\/www.ull.es\/portal\/cienciaull\/#website","url":"https:\/\/www.ull.es\/portal\/cienciaull\/","name":"","description":"Unidad de Cultura Cient\u00edfica y de la Innovaci\u00f3n de la Universidad de La Laguna","potentialAction":[{"@type":"SearchAction","target":{"@type":"EntryPoint","urlTemplate":"https:\/\/www.ull.es\/portal\/cienciaull\/?s={search_term_string}"},"query-input":"required name=search_term_string"}],"inLanguage":"es"}]}},"_links":{"self":[{"href":"https:\/\/www.ull.es\/portal\/cienciaull\/wp-json\/wp\/v2\/pages\/11058"}],"collection":[{"href":"https:\/\/www.ull.es\/portal\/cienciaull\/wp-json\/wp\/v2\/pages"}],"about":[{"href":"https:\/\/www.ull.es\/portal\/cienciaull\/wp-json\/wp\/v2\/types\/page"}],"author":[{"embeddable":true,"href":"https:\/\/www.ull.es\/portal\/cienciaull\/wp-json\/wp\/v2\/users\/56"}],"replies":[{"embeddable":true,"href":"https:\/\/www.ull.es\/portal\/cienciaull\/wp-json\/wp\/v2\/comments?post=11058"}],"version-history":[{"count":7,"href":"https:\/\/www.ull.es\/portal\/cienciaull\/wp-json\/wp\/v2\/pages\/11058\/revisions"}],"predecessor-version":[{"id":14392,"href":"https:\/\/www.ull.es\/portal\/cienciaull\/wp-json\/wp\/v2\/pages\/11058\/revisions\/14392"}],"up":[{"embeddable":true,"href":"https:\/\/www.ull.es\/portal\/cienciaull\/wp-json\/wp\/v2\/pages\/4950"}],"wp:attachment":[{"href":"https:\/\/www.ull.es\/portal\/cienciaull\/wp-json\/wp\/v2\/media?parent=11058"}],"curies":[{"name":"wp","href":"https:\/\/api.w.org\/{rel}","templated":true}]}}