{"id":20459,"date":"2023-01-16T11:03:55","date_gmt":"2023-01-16T11:03:55","guid":{"rendered":"https:\/\/www.ull.es\/portal\/cienciaull\/?page_id=20459"},"modified":"2024-04-01T08:21:47","modified_gmt":"2024-04-01T08:21:47","slug":"calendario-investigaull","status":"publish","type":"page","link":"https:\/\/www.ull.es\/portal\/cienciaull\/calendario-investigaull\/","title":{"rendered":"Calendario de Conmemoraciones InvestigaULL"},"content":{"rendered":"<p>[vc_row][vc_column][vc_empty_space height=\u00bb32&#8243;]\n<div id=\"rev_slider_206_1_wrapper\" class=\"rev_slider_wrapper fullwidthbanner-container\" data-source=\"gallery\" style=\"margin:0px auto;background:transparent;padding:0px;margin-top:0px;margin-bottom:0px;\">\n<!-- START REVOLUTION SLIDER 5.4.7.3 auto mode -->\n\t<div id=\"rev_slider_206_1\" class=\"rev_slider fullwidthabanner\" style=\"display:none;\" data-version=\"5.4.7.3\">\n<ul>\t<!-- SLIDE  -->\n\t<li data-index=\"rs-238\" data-transition=\"fade\" data-slotamount=\"default\" data-hideafterloop=\"0\" data-hideslideonmobile=\"off\"  data-easein=\"default\" data-easeout=\"default\" data-masterspeed=\"300\"  data-rotate=\"0\"  data-saveperformance=\"off\"  data-title=\"Slide\" data-param1=\"\" data-param2=\"\" data-param3=\"\" data-param4=\"\" data-param5=\"\" data-param6=\"\" data-param7=\"\" data-param8=\"\" data-param9=\"\" data-param10=\"\" data-description=\"\">\n\t\t<!-- MAIN IMAGE -->\n\t\t<img src=\"https:\/\/s10.gifyu.com\/images\/Banner-Web-Calendario-de-Conmemoraciones-InvestigaULL-3335X1250.jpg\"  alt=\"\"  width=\"1920\" height=\"1080\" data-bgposition=\"center center\" data-bgfit=\"cover\" data-bgrepeat=\"no-repeat\" class=\"rev-slidebg\" data-no-retina>\n\t\t<!-- LAYERS -->\n\t<\/li>\n<\/ul>\n<div class=\"tp-bannertimer tp-bottom\" style=\"visibility: hidden !important;\"><\/div>\t<\/div>\n<script>var htmlDiv = document.getElementById(\"rs-plugin-settings-inline-css\"); var htmlDivCss=\"\";\r\n\t\t\t\tif(htmlDiv) {\r\n\t\t\t\t\thtmlDiv.innerHTML = htmlDiv.innerHTML + htmlDivCss;\r\n\t\t\t\t}else{\r\n\t\t\t\t\tvar htmlDiv = document.createElement(\"div\");\r\n\t\t\t\t\thtmlDiv.innerHTML = \"<style>\" + htmlDivCss + \"<\/style>\";\r\n\t\t\t\t\tdocument.getElementsByTagName(\"head\")[0].appendChild(htmlDiv.childNodes[0]);\r\n\t\t\t\t}\r\n\t\t\t<\/script>\n\t\t<script type=\"text\/javascript\">\r\nif (setREVStartSize!==undefined) setREVStartSize(\r\n\t{c: '#rev_slider_206_1', gridwidth: [3335], gridheight: [1250], sliderLayout: 'auto'});\r\n\t\t\t\r\nvar revapi206,\r\n\ttpj;\t\r\n(function() {\t\t\t\r\n\tif (!\/loaded|interactive|complete\/.test(document.readyState)) document.addEventListener(\"DOMContentLoaded\",onLoad); else onLoad();\t\r\n\tfunction onLoad() {\t\t\t\t\r\n\t\tif (tpj===undefined) { tpj = jQuery; if(\"off\" == \"on\") tpj.noConflict();}\r\n\tif(tpj(\"#rev_slider_206_1\").revolution == undefined){\n\t\trevslider_showDoubleJqueryError(\"#rev_slider_206_1\");\n\t}else{\n\t\trevapi206 = tpj(\"#rev_slider_206_1\").show().revolution({\n\t\t\tsliderType:\"hero\",\n\t\t\tjsFileLocation:\"\/\/www.ull.es\/portal\/cienciaull\/wp-content\/plugins\/revslider\/public\/assets\/js\/\",\n\t\t\tsliderLayout:\"auto\",\n\t\t\tdottedOverlay:\"none\",\n\t\t\tdelay:9000,\n\t\t\tvisibilityLevels:[1240,1024,778,480],\n\t\t\tgridwidth:3335,\n\t\t\tgridheight:1250,\n\t\t\tlazyType:\"none\",\n\t\t\tshadow:0,\n\t\t\tspinner:\"spinner0\",\n\t\t\tautoHeight:\"off\",\n\t\t\tdisableProgressBar:\"on\",\n\t\t\thideThumbsOnMobile:\"off\",\n\t\t\thideSliderAtLimit:0,\n\t\t\thideCaptionAtLimit:0,\n\t\t\thideAllCaptionAtLilmit:0,\n\t\t\tdebugMode:false,\n\t\t\tfallbacks: {\n\t\t\t\tsimplifyAll:\"off\",\n\t\t\t\tdisableFocusListener:false,\n\t\t\t}\n\t\t});\n\t}; \/* END OF revapi call *\/\n\t\n }; \/* END OF ON LOAD FUNCTION *\/\r\n}()); \/* END OF WRAPPING FUNCTION *\/\r\n<\/script>\r\n\t\t<\/div><!-- END REVOLUTION SLIDER -->[vc_separator color=\u00bbcustom\u00bb border_width=\u00bb10&#8243; accent_color=\u00bb#65b67e\u00bb css=\u00bb.vc_custom_1677235866736{margin-top: 5px !important;}\u00bb][vc_empty_space css=\u00bb.vc_custom_1677077416106{margin-top: 0px !important;border-top-width: 0px !important;padding-top: 0px !important;}\u00bb][\/vc_column][\/vc_row][vc_row][vc_column width=\u00bb2\/3&#8243; css=\u00bb.vc_custom_1677239612835{margin-top: -36px !important;}\u00bb][vc_empty_space][vc_single_image source=\u00bbexternal_link\u00bb external_img_size=\u00bb350&#215;350&#8243; custom_src=\u00bbhttps:\/\/s9.gifyu.com\/images\/Presentacion-Web.png\u00bb css=\u00bb.vc_custom_1677239402372{margin-left: -30px !important;}\u00bb][vc_column_text]<\/p>\n<p style=\"text-align: justify\">El <span style=\"color: #252953\"><strong>Calendario de Conmemoraciones InvestigaULL<\/strong><\/span> es un recurso divulgativo, que tiene como principal objetivo mostrar diariamente los principales acontecimientos, en el \u00e1mbito de la investigaci\u00f3n, de la Universidad de La Laguna a la sociedad.<\/p>\n<p style=\"text-align: justify\">Se trata de un calendario virtual que se difunde a trav\u00e9s de esta web y post diarios en los canales sociales de Cienci@ULL. Su contenido est\u00e1 clasificado por mes del a\u00f1o y tipo de acontecimientos.<\/p>\n<p>Los tipos de acontecimientos son:<\/p>\n<ul>\n<li><span style=\"color: #252953\"><strong>Figuras destacadas.<\/strong><\/span> Nacimientos de investigadores e investigadoras de la ULL que<br \/>\nhayan destacado en sus campos de investigaci\u00f3n.<\/li>\n<li><span style=\"color: #252953\"><strong>Eventos cient\u00edficos.<\/strong><\/span> Jornadas, congresos, actividades sobre de I+D, transferencia y<br \/>\ndivulgaci\u00f3n cient\u00edfica.<\/li>\n<li><strong>R<span style=\"color: #252953\">esultados de investigaci\u00f3n.<\/span><\/strong> Patentes o registros, creaci\u00f3n de empresas de base de<br \/>\nconocimiento (Spin-OFF), proyectos de I+D, colaboraciones con empresas o entidades<br \/>\ndonde se aplican resultados de investigaci\u00f3n.<\/li>\n<li><span style=\"color: #252953\"><strong>Instituci\u00f3n.<\/strong><\/span> D\u00edas se\u00f1alados que conmemoren creaciones de estructuras cient\u00edficas, el<br \/>\nnacimiento de la ULL y de las entidades asociadas.<\/li>\n<\/ul>\n<p>[\/vc_column_text][vc_empty_space height=\u00bb15px\u00bb][vc_column_text]<\/p>\n<p style=\"text-align: justify\">Este calendario es promovido por la <a href=\"https:\/\/www.ull.es\/la-universidad\/equipo-gobierno\/vicerrectorado-investigacion-transferencia-santa-cruz-sur\/\" target=\"_blank\" rel=\"noopener\"><b>el Vicerrectorado de Investigaci\u00f3n y Transferencia de <\/b><b>la ULL<\/b><\/a>, a trav\u00e9s de Cienci@ULL. Cuenta con la colaboraci\u00f3n de la\u00a0<a href=\"https:\/\/www.gobiernodecanarias.org\/juventud\/\" target=\"_blank\" rel=\"noopener\"><b>Direcci\u00f3n General de Juventud del Gobierno de Canarias<\/b><\/a>; mediante una subvenci\u00f3n \u00a0destinada a financiar \u00a0la contrataci\u00f3n laboral de personas j\u00f3venes desempleadas para la obtenci\u00f3n de una pr\u00e1ctica profesional inscritas en el Sistema Nacional de Garant\u00eda Juvenil Plus, vinculada a la realizaci\u00f3n de proyectos de inter\u00e9s p\u00fablico y social destinados a la juventud en la Comunidad Aut\u00f3noma de Canarias, susceptibles de ser cofinanciadas en el \u00e1mbito del nuevo marco financiero plurianual para el periodo 2021-2027 Fondo Social Europeo Plus (FSE+); <a href=\"https:\/\/www.cajasiete.com\/es\" target=\"_blank\" rel=\"noopener\"><b>CajaSiete<\/b><\/a>,\u00a0<a href=\"https:\/\/www.fecyt.es\/\" target=\"_blank\" rel=\"noopener\"><b>FECYT<\/b><\/a>\u00a0y\u00a0<a href=\"https:\/\/fundacion.cepsa.com\/es\" target=\"_blank\" rel=\"noopener\"><b>Fundaci\u00f3n CEPSA<\/b><\/a>.<\/p>\n<p>[\/vc_column_text][\/vc_column][vc_column width=\u00bb1\/3&#8243; css=\u00bb.vc_custom_1678969166440{margin-top: 405px !important;}\u00bb][vc_btn title=\u00bbCalendario\u00bb color=\u00bbsuccess\u00bb size=\u00bblg\u00bb align=\u00bbcenter\u00bb button_block=\u00bbtrue\u00bb link=\u00bburl:https%3A%2F%2Fwww.ull.es%2Fportal%2Fcienciaull%2Fcalendario-investigaull%2Fboton-calendario-investigaull%2F|title:Bot%C3%B3n%20Calendario%20%E2%80%93%20InvestigaULL\u00bb css=\u00bb.vc_custom_1678447698242{margin-bottom: 3px !important;border-bottom-width: 3px !important;padding-bottom: 3px !important;}\u00bb][vc_btn title=\u00bbUniverso InvestigaULL\u00bb color=\u00bbviolet\u00bb size=\u00bblg\u00bb align=\u00bbcenter\u00bb button_block=\u00bbtrue\u00bb css=\u00bb.vc_custom_1678447766433{margin-bottom: 3px !important;border-bottom-width: 3px !important;padding-bottom: 3px !important;}\u00bb][vc_btn title=\u00bbReportajes\u00bb color=\u00bbwarning\u00bb size=\u00bblg\u00bb align=\u00bbcenter\u00bb button_block=\u00bbtrue\u00bb link=\u00bburl:https%3A%2F%2Fwww.ull.es%2Fportal%2Fcienciaull%2Freportajes%2F\u00bb css=\u00bb.vc_custom_1711959695822{margin-bottom: 3px !important;border-bottom-width: 3px !important;padding-bottom: 3px !important;}\u00bb][vc_btn title=\u00bb\u00a1Participa!\u00bb color=\u00bbvista-blue\u00bb size=\u00bblg\u00bb align=\u00bbcenter\u00bb button_block=\u00bbtrue\u00bb link=\u00bburl:https%3A%2F%2Fdocs.google.com%2Fforms%2Fd%2F19HdkHiYwD39lAnFLPkWd-sXkaZVRZ7nQ6kt37jpDL5k%2Fedit%3Fts%3D6412dbe4&#8243; css=\u00bb.vc_custom_1711959705418{margin-bottom: 3px !important;border-bottom-width: 3px !important;padding-bottom: 3px !important;}\u00bb][vc_single_image source=\u00bbexternal_link\u00bb custom_src=\u00bbhttps:\/\/s3.gifyu.com\/images\/Cientifica.png\u00bb css=\u00bb.vc_custom_1678450340816{margin-top: -535px !important;}\u00bb][\/vc_column][\/vc_row][vc_row][vc_column][vc_empty_space height=\u00bb90px\u00bb]\n<div id=\"rev_slider_209_2_wrapper\" class=\"rev_slider_wrapper fullwidthbanner-container\" data-source=\"gallery\" style=\"margin:0px auto;background:transparent;padding:0px;margin-top:0px;margin-bottom:0px;\">\n<!-- START REVOLUTION SLIDER 5.4.7.3 fullwidth mode -->\n\t<div id=\"rev_slider_209_2\" class=\"rev_slider fullwidthabanner\" style=\"display:none;\" data-version=\"5.4.7.3\">\n<ul>\t<!-- SLIDE  -->\n\t<li data-index=\"rs-241\" data-transition=\"fade\" data-slotamount=\"default\" data-hideafterloop=\"0\" data-hideslideonmobile=\"off\"  data-easein=\"default\" data-easeout=\"default\" data-masterspeed=\"300\"  data-rotate=\"0\"  data-saveperformance=\"off\"  data-title=\"Slide\" data-param1=\"\" data-param2=\"\" data-param3=\"\" data-param4=\"\" data-param5=\"\" data-param6=\"\" data-param7=\"\" data-param8=\"\" data-param9=\"\" data-param10=\"\" data-description=\"\">\n\t\t<!-- MAIN IMAGE -->\n\t\t<img src=\"https:\/\/s10.gifyu.com\/images\/Logos-Proyecto-Calendario-de-Conmemoraciones-InvestigaULL-1500x106.png\"  alt=\"\"  width=\"1920\" height=\"1080\" data-bgposition=\"center center\" data-bgfit=\"cover\" data-bgrepeat=\"no-repeat\" class=\"rev-slidebg\" data-no-retina>\n\t\t<!-- LAYERS -->\n\t<\/li>\n<\/ul>\n<div class=\"tp-bannertimer tp-bottom\" style=\"visibility: hidden !important;\"><\/div>\t<\/div>\n<script>var htmlDiv = document.getElementById(\"rs-plugin-settings-inline-css\"); var htmlDivCss=\"\";\r\n\t\t\t\tif(htmlDiv) {\r\n\t\t\t\t\thtmlDiv.innerHTML = htmlDiv.innerHTML + htmlDivCss;\r\n\t\t\t\t}else{\r\n\t\t\t\t\tvar htmlDiv = document.createElement(\"div\");\r\n\t\t\t\t\thtmlDiv.innerHTML = \"<style>\" + htmlDivCss + \"<\/style>\";\r\n\t\t\t\t\tdocument.getElementsByTagName(\"head\")[0].appendChild(htmlDiv.childNodes[0]);\r\n\t\t\t\t}\r\n\t\t\t<\/script>\n\t\t<script type=\"text\/javascript\">\r\nif (setREVStartSize!==undefined) setREVStartSize(\r\n\t{c: '#rev_slider_209_2', gridwidth: [1500], gridheight: [106], sliderLayout: 'auto'});\r\n\t\t\t\r\nvar revapi209,\r\n\ttpj;\t\r\n(function() {\t\t\t\r\n\tif (!\/loaded|interactive|complete\/.test(document.readyState)) document.addEventListener(\"DOMContentLoaded\",onLoad); else onLoad();\t\r\n\tfunction onLoad() {\t\t\t\t\r\n\t\tif (tpj===undefined) { tpj = jQuery; if(\"off\" == \"on\") tpj.noConflict();}\r\n\tif(tpj(\"#rev_slider_209_2\").revolution == undefined){\n\t\trevslider_showDoubleJqueryError(\"#rev_slider_209_2\");\n\t}else{\n\t\trevapi209 = tpj(\"#rev_slider_209_2\").show().revolution({\n\t\t\tsliderType:\"hero\",\n\t\t\tjsFileLocation:\"\/\/www.ull.es\/portal\/cienciaull\/wp-content\/plugins\/revslider\/public\/assets\/js\/\",\n\t\t\tsliderLayout:\"auto\",\n\t\t\tdottedOverlay:\"none\",\n\t\t\tdelay:9000,\n\t\t\tvisibilityLevels:[1240,1024,778,480],\n\t\t\tgridwidth:1500,\n\t\t\tgridheight:106,\n\t\t\tlazyType:\"none\",\n\t\t\tshadow:0,\n\t\t\tspinner:\"spinner0\",\n\t\t\tautoHeight:\"off\",\n\t\t\tdisableProgressBar:\"on\",\n\t\t\thideThumbsOnMobile:\"off\",\n\t\t\thideSliderAtLimit:0,\n\t\t\thideCaptionAtLimit:0,\n\t\t\thideAllCaptionAtLilmit:0,\n\t\t\tdebugMode:false,\n\t\t\tfallbacks: {\n\t\t\t\tsimplifyAll:\"off\",\n\t\t\t\tdisableFocusListener:false,\n\t\t\t}\n\t\t});\n\t}; \/* END OF revapi call *\/\n\t\n }; \/* END OF ON LOAD FUNCTION *\/\r\n}()); \/* END OF WRAPPING FUNCTION *\/\r\n<\/script>\r\n\t\t<\/div><!-- END REVOLUTION SLIDER -->[vc_separator style=\u00bbshadow\u00bb border_width=\u00bb10&#8243;][\/vc_column][\/vc_row]<\/p>\n","protected":false},"excerpt":{"rendered":"<p>[vc_row][vc_column][vc_empty_space height=\u00bb32&#8243;][vc_separator color=\u00bbcustom\u00bb border_width=\u00bb10&#8243; accent_color=\u00bb#65b67e\u00bb css=\u00bb.vc_custom_1677235866736{margin-top: 5px !important;}\u00bb][vc_empty_space css=\u00bb.vc_custom_1677077416106{margin-top: 0px !important;border-top-width: 0px !important;padding-top: 0px !important;}\u00bb][\/vc_column][\/vc_row][vc_row][vc_column width=\u00bb2\/3&#8243; css=\u00bb.vc_custom_1677239612835{margin-top: -36px !important;}\u00bb][vc_empty_space][vc_single_image source=\u00bbexternal_link\u00bb external_img_size=\u00bb350&#215;350&#8243; custom_src=\u00bbhttps:\/\/s9.gifyu.com\/images\/Presentacion-Web.png\u00bb css=\u00bb.vc_custom_1677239402372{margin-left: -30px !important;}\u00bb][vc_column_text] El Calendario de Conmemoraciones InvestigaULL es un recurso divulgativo, que tiene como principal objetivo mostrar diariamente los principales acontecimientos, en el \u00e1mbito de la investigaci\u00f3n, de la Universidad de La&#8230;<\/p>\n","protected":false},"author":56,"featured_media":0,"parent":0,"menu_order":0,"comment_status":"closed","ping_status":"closed","template":"templates\/cienciaull.php","meta":{"inline_featured_image":false,"footnotes":""},"acf":[],"yoast_head":"<!-- This site is optimized with the Yoast SEO plugin v21.3 - https:\/\/yoast.com\/wordpress\/plugins\/seo\/ -->\n<title>Calendario de Conmemoraciones InvestigaULL -<\/title>\n<meta name=\"robots\" content=\"index, follow, max-snippet:-1, max-image-preview:large, max-video-preview:-1\" \/>\n<link rel=\"canonical\" href=\"https:\/\/www.ull.es\/portal\/cienciaull\/calendario-investigaull\/\" \/>\n<meta property=\"og:locale\" content=\"es_ES\" \/>\n<meta property=\"og:type\" content=\"article\" \/>\n<meta property=\"og:title\" content=\"Calendario de Conmemoraciones InvestigaULL -\" \/>\n<meta property=\"og:description\" content=\"[vc_row][vc_column][vc_empty_space height=\u00bb32&#8243;][vc_separator color=\u00bbcustom\u00bb border_width=\u00bb10&#8243; accent_color=\u00bb#65b67e\u00bb css=\u00bb.vc_custom_1677235866736{margin-top: 5px !important;}\u00bb][vc_empty_space css=\u00bb.vc_custom_1677077416106{margin-top: 0px !important;border-top-width: 0px !important;padding-top: 0px !important;}\u00bb][\/vc_column][\/vc_row][vc_row][vc_column width=\u00bb2\/3&#8243; css=\u00bb.vc_custom_1677239612835{margin-top: -36px !important;}\u00bb][vc_empty_space][vc_single_image source=\u00bbexternal_link\u00bb external_img_size=\u00bb350&#215;350&#8243; custom_src=\u00bbhttps:\/\/s9.gifyu.com\/images\/Presentacion-Web.png\u00bb css=\u00bb.vc_custom_1677239402372{margin-left: -30px !important;}\u00bb][vc_column_text] El Calendario de Conmemoraciones InvestigaULL es un recurso divulgativo, que tiene como principal objetivo mostrar diariamente los principales acontecimientos, en el \u00e1mbito de la investigaci\u00f3n, de la Universidad de La...\" \/>\n<meta property=\"og:url\" content=\"https:\/\/www.ull.es\/portal\/cienciaull\/calendario-investigaull\/\" \/>\n<meta property=\"article:publisher\" content=\"https:\/\/www.facebook.com\/CienciaULL\/\" \/>\n<meta property=\"article:modified_time\" content=\"2024-04-01T08:21:47+00:00\" \/>\n<meta name=\"twitter:card\" content=\"summary_large_image\" \/>\n<meta name=\"twitter:site\" content=\"@CienciaULL\" \/>\n<meta name=\"twitter:label1\" content=\"Tiempo de lectura\" \/>\n\t<meta name=\"twitter:data1\" content=\"2 minutos\" \/>\n<script type=\"application\/ld+json\" class=\"yoast-schema-graph\">{\"@context\":\"https:\/\/schema.org\",\"@graph\":[{\"@type\":\"WebPage\",\"@id\":\"https:\/\/www.ull.es\/portal\/cienciaull\/calendario-investigaull\/\",\"url\":\"https:\/\/www.ull.es\/portal\/cienciaull\/calendario-investigaull\/\",\"name\":\"Calendario de Conmemoraciones InvestigaULL -\",\"isPartOf\":{\"@id\":\"https:\/\/www.ull.es\/portal\/cienciaull\/#website\"},\"datePublished\":\"2023-01-16T11:03:55+00:00\",\"dateModified\":\"2024-04-01T08:21:47+00:00\",\"breadcrumb\":{\"@id\":\"https:\/\/www.ull.es\/portal\/cienciaull\/calendario-investigaull\/#breadcrumb\"},\"inLanguage\":\"es\",\"potentialAction\":[{\"@type\":\"ReadAction\",\"target\":[\"https:\/\/www.ull.es\/portal\/cienciaull\/calendario-investigaull\/\"]}]},{\"@type\":\"BreadcrumbList\",\"@id\":\"https:\/\/www.ull.es\/portal\/cienciaull\/calendario-investigaull\/#breadcrumb\",\"itemListElement\":[{\"@type\":\"ListItem\",\"position\":1,\"name\":\"Portada\",\"item\":\"https:\/\/www.ull.es\/portal\/cienciaull\/\"},{\"@type\":\"ListItem\",\"position\":2,\"name\":\"Calendario de Conmemoraciones InvestigaULL\"}]},{\"@type\":\"WebSite\",\"@id\":\"https:\/\/www.ull.es\/portal\/cienciaull\/#website\",\"url\":\"https:\/\/www.ull.es\/portal\/cienciaull\/\",\"name\":\"\",\"description\":\"Unidad de Cultura Cient\u00edfica y de la Innovaci\u00f3n de la Universidad de La Laguna\",\"potentialAction\":[{\"@type\":\"SearchAction\",\"target\":{\"@type\":\"EntryPoint\",\"urlTemplate\":\"https:\/\/www.ull.es\/portal\/cienciaull\/?s={search_term_string}\"},\"query-input\":\"required name=search_term_string\"}],\"inLanguage\":\"es\"}]}<\/script>\n<!-- \/ Yoast SEO plugin. -->","yoast_head_json":{"title":"Calendario de Conmemoraciones InvestigaULL -","robots":{"index":"index","follow":"follow","max-snippet":"max-snippet:-1","max-image-preview":"max-image-preview:large","max-video-preview":"max-video-preview:-1"},"canonical":"https:\/\/www.ull.es\/portal\/cienciaull\/calendario-investigaull\/","og_locale":"es_ES","og_type":"article","og_title":"Calendario de Conmemoraciones InvestigaULL -","og_description":"[vc_row][vc_column][vc_empty_space height=\u00bb32&#8243;][vc_separator color=\u00bbcustom\u00bb border_width=\u00bb10&#8243; accent_color=\u00bb#65b67e\u00bb css=\u00bb.vc_custom_1677235866736{margin-top: 5px !important;}\u00bb][vc_empty_space css=\u00bb.vc_custom_1677077416106{margin-top: 0px !important;border-top-width: 0px !important;padding-top: 0px !important;}\u00bb][\/vc_column][\/vc_row][vc_row][vc_column width=\u00bb2\/3&#8243; css=\u00bb.vc_custom_1677239612835{margin-top: -36px !important;}\u00bb][vc_empty_space][vc_single_image source=\u00bbexternal_link\u00bb external_img_size=\u00bb350&#215;350&#8243; custom_src=\u00bbhttps:\/\/s9.gifyu.com\/images\/Presentacion-Web.png\u00bb css=\u00bb.vc_custom_1677239402372{margin-left: -30px !important;}\u00bb][vc_column_text] El Calendario de Conmemoraciones InvestigaULL es un recurso divulgativo, que tiene como principal objetivo mostrar diariamente los principales acontecimientos, en el \u00e1mbito de la investigaci\u00f3n, de la Universidad de La...","og_url":"https:\/\/www.ull.es\/portal\/cienciaull\/calendario-investigaull\/","article_publisher":"https:\/\/www.facebook.com\/CienciaULL\/","article_modified_time":"2024-04-01T08:21:47+00:00","twitter_card":"summary_large_image","twitter_site":"@CienciaULL","twitter_misc":{"Tiempo de lectura":"2 minutos"},"schema":{"@context":"https:\/\/schema.org","@graph":[{"@type":"WebPage","@id":"https:\/\/www.ull.es\/portal\/cienciaull\/calendario-investigaull\/","url":"https:\/\/www.ull.es\/portal\/cienciaull\/calendario-investigaull\/","name":"Calendario de Conmemoraciones InvestigaULL -","isPartOf":{"@id":"https:\/\/www.ull.es\/portal\/cienciaull\/#website"},"datePublished":"2023-01-16T11:03:55+00:00","dateModified":"2024-04-01T08:21:47+00:00","breadcrumb":{"@id":"https:\/\/www.ull.es\/portal\/cienciaull\/calendario-investigaull\/#breadcrumb"},"inLanguage":"es","potentialAction":[{"@type":"ReadAction","target":["https:\/\/www.ull.es\/portal\/cienciaull\/calendario-investigaull\/"]}]},{"@type":"BreadcrumbList","@id":"https:\/\/www.ull.es\/portal\/cienciaull\/calendario-investigaull\/#breadcrumb","itemListElement":[{"@type":"ListItem","position":1,"name":"Portada","item":"https:\/\/www.ull.es\/portal\/cienciaull\/"},{"@type":"ListItem","position":2,"name":"Calendario de Conmemoraciones InvestigaULL"}]},{"@type":"WebSite","@id":"https:\/\/www.ull.es\/portal\/cienciaull\/#website","url":"https:\/\/www.ull.es\/portal\/cienciaull\/","name":"","description":"Unidad de Cultura Cient\u00edfica y de la Innovaci\u00f3n de la Universidad de La Laguna","potentialAction":[{"@type":"SearchAction","target":{"@type":"EntryPoint","urlTemplate":"https:\/\/www.ull.es\/portal\/cienciaull\/?s={search_term_string}"},"query-input":"required name=search_term_string"}],"inLanguage":"es"}]}},"_links":{"self":[{"href":"https:\/\/www.ull.es\/portal\/cienciaull\/wp-json\/wp\/v2\/pages\/20459"}],"collection":[{"href":"https:\/\/www.ull.es\/portal\/cienciaull\/wp-json\/wp\/v2\/pages"}],"about":[{"href":"https:\/\/www.ull.es\/portal\/cienciaull\/wp-json\/wp\/v2\/types\/page"}],"author":[{"embeddable":true,"href":"https:\/\/www.ull.es\/portal\/cienciaull\/wp-json\/wp\/v2\/users\/56"}],"replies":[{"embeddable":true,"href":"https:\/\/www.ull.es\/portal\/cienciaull\/wp-json\/wp\/v2\/comments?post=20459"}],"version-history":[{"count":71,"href":"https:\/\/www.ull.es\/portal\/cienciaull\/wp-json\/wp\/v2\/pages\/20459\/revisions"}],"predecessor-version":[{"id":27274,"href":"https:\/\/www.ull.es\/portal\/cienciaull\/wp-json\/wp\/v2\/pages\/20459\/revisions\/27274"}],"wp:attachment":[{"href":"https:\/\/www.ull.es\/portal\/cienciaull\/wp-json\/wp\/v2\/media?parent=20459"}],"curies":[{"name":"wp","href":"https:\/\/api.w.org\/{rel}","templated":true}]}}