{"id":21200,"date":"2023-03-10T09:15:37","date_gmt":"2023-03-10T09:15:37","guid":{"rendered":"https:\/\/www.ull.es\/portal\/cienciaull\/?page_id=21200"},"modified":"2025-06-12T11:21:18","modified_gmt":"2025-06-12T11:21:18","slug":"macaronight-2023","status":"publish","type":"page","link":"https:\/\/www.ull.es\/portal\/cienciaull\/macaronight-2023\/","title":{"rendered":"MacaroNight 2023"},"content":{"rendered":"<p>[vc_row][vc_column]\n<div id=\"rev_slider_233_1_wrapper\" class=\"rev_slider_wrapper fullwidthbanner-container\" data-source=\"gallery\" style=\"margin:0px auto;background:transparent;padding:0px;margin-top:0px;margin-bottom:0px;\">\n<!-- START REVOLUTION SLIDER 5.4.7.3 auto mode -->\n\t<div id=\"rev_slider_233_1\" class=\"rev_slider fullwidthabanner\" style=\"display:none;\" data-version=\"5.4.7.3\">\n<ul>\t<!-- SLIDE  -->\n\t<li data-index=\"rs-265\" data-transition=\"fade\" data-slotamount=\"default\" data-hideafterloop=\"0\" data-hideslideonmobile=\"off\"  data-easein=\"default\" data-easeout=\"default\" data-masterspeed=\"300\"  data-rotate=\"0\"  data-saveperformance=\"off\"  data-title=\"Slide\" data-param1=\"\" data-param2=\"\" data-param3=\"\" data-param4=\"\" data-param5=\"\" data-param6=\"\" data-param7=\"\" data-param8=\"\" data-param9=\"\" data-param10=\"\" data-description=\"\">\n\t\t<!-- MAIN IMAGE -->\n\t\t<img src=\"https:\/\/s12.gifyu.com\/images\/SfIle.jpg\"  alt=\"\"  width=\"1920\" height=\"1080\" data-bgposition=\"center center\" data-bgfit=\"cover\" data-bgrepeat=\"no-repeat\" class=\"rev-slidebg\" data-no-retina>\n\t\t<!-- LAYERS -->\n\t<\/li>\n<\/ul>\n<div class=\"tp-bannertimer tp-bottom\" style=\"visibility: hidden !important;\"><\/div>\t<\/div>\n<script>var htmlDiv = document.getElementById(\"rs-plugin-settings-inline-css\"); var htmlDivCss=\"\";\r\n\t\t\t\tif(htmlDiv) {\r\n\t\t\t\t\thtmlDiv.innerHTML = htmlDiv.innerHTML + htmlDivCss;\r\n\t\t\t\t}else{\r\n\t\t\t\t\tvar htmlDiv = document.createElement(\"div\");\r\n\t\t\t\t\thtmlDiv.innerHTML = \"<style>\" + htmlDivCss + \"<\/style>\";\r\n\t\t\t\t\tdocument.getElementsByTagName(\"head\")[0].appendChild(htmlDiv.childNodes[0]);\r\n\t\t\t\t}\r\n\t\t\t<\/script>\n\t\t<script type=\"text\/javascript\">\r\nif (setREVStartSize!==undefined) setREVStartSize(\r\n\t{c: '#rev_slider_233_1', gridwidth: [1774], gridheight: [658], sliderLayout: 'auto'});\r\n\t\t\t\r\nvar revapi233,\r\n\ttpj;\t\r\n(function() {\t\t\t\r\n\tif (!\/loaded|interactive|complete\/.test(document.readyState)) document.addEventListener(\"DOMContentLoaded\",onLoad); else onLoad();\t\r\n\tfunction onLoad() {\t\t\t\t\r\n\t\tif (tpj===undefined) { tpj = jQuery; if(\"off\" == \"on\") tpj.noConflict();}\r\n\tif(tpj(\"#rev_slider_233_1\").revolution == undefined){\n\t\trevslider_showDoubleJqueryError(\"#rev_slider_233_1\");\n\t}else{\n\t\trevapi233 = tpj(\"#rev_slider_233_1\").show().revolution({\n\t\t\tsliderType:\"hero\",\n\t\t\tjsFileLocation:\"\/\/www.ull.es\/portal\/cienciaull\/wp-content\/plugins\/revslider\/public\/assets\/js\/\",\n\t\t\tsliderLayout:\"auto\",\n\t\t\tdottedOverlay:\"none\",\n\t\t\tdelay:9000,\n\t\t\tvisibilityLevels:[1240,1024,778,480],\n\t\t\tgridwidth:1774,\n\t\t\tgridheight:658,\n\t\t\tlazyType:\"none\",\n\t\t\tshadow:0,\n\t\t\tspinner:\"spinner0\",\n\t\t\tautoHeight:\"off\",\n\t\t\tdisableProgressBar:\"on\",\n\t\t\thideThumbsOnMobile:\"off\",\n\t\t\thideSliderAtLimit:0,\n\t\t\thideCaptionAtLimit:0,\n\t\t\thideAllCaptionAtLilmit:0,\n\t\t\tdebugMode:false,\n\t\t\tfallbacks: {\n\t\t\t\tsimplifyAll:\"off\",\n\t\t\t\tdisableFocusListener:false,\n\t\t\t}\n\t\t});\n\t}; \/* END OF revapi call *\/\n\t\n }; \/* END OF ON LOAD FUNCTION *\/\r\n}()); \/* END OF WRAPPING FUNCTION *\/\r\n<\/script>\r\n\t\t<\/div><!-- END REVOLUTION SLIDER -->[vc_separator color=\u00bbcustom\u00bb border_width=\u00bb10&#8243; accent_color=\u00bb#1e73be\u00bb css=\u00bb.vc_custom_1678267444745{margin-top: 0px !important;border-top-width: 0px !important;padding-top: 0px !important;}\u00bb][\/vc_column][\/vc_row][vc_row][vc_column width=\u00bb2\/3&#8243;][vc_empty_space height=\u00bb40px\u00bb][vc_custom_heading text=\u00bbPresentaci\u00f3n\u00bb font_container=\u00bbtag:h2|text_align:left|color:%231e73be\u00bb google_fonts=\u00bbfont_family:Roboto%20Slab%3A100%2C300%2Cregular%2C700|font_style:700%20bold%20regular%3A700%3Anormal\u00bb css=\u00bb.vc_custom_1678267546203{margin-bottom: 7px !important;border-bottom-width: 7px !important;padding-bottom: 7px !important;}\u00bb][vc_column_text]<\/p>\n<p style=\"text-align: justify\"><strong><span style=\"color: #333399\">Macaro<\/span><span style=\"color: #c7c734\">Night<\/span><\/strong> es una iniciativa enmarcada en la \u00abNoche Europea de los Investigadores\u00bb que se celebra el \u00faltimo viernes de cada mes de septiembre en m\u00e1s de 300 ciudades desde el a\u00f1o 2018. Su objetivo es <span style=\"color: #cc99ff\">\u00abdifundir la actividad investigadora que se desarrolla en las universidades y centros de I+D europeos, de una forma cercana y atractiva, y fomentar las vocaciones cient\u00edficas entre los y las j\u00f3venes\u00bb<\/span>.<\/p>\n<p style=\"text-align: justify\">El proyecto <strong><span style=\"color: #333399\">Macaro<\/span><span style=\"color: #c7c734\">Night<\/span><\/strong> marca un antes y un despu\u00e9s al unir al archipi\u00e9lago macaron\u00e9sico en una \u00fanica noche donde compartir y mostrar nuestra actividad cient\u00edfica, cultura y pasado com\u00fan, a trav\u00e9s de un programa de actividades educativas y divulgativas por las ciudades m\u00e1s representativas de estas regiones.<\/p>\n<p style=\"text-align: justify\">Este proyecto es una iniciativa promovida por <a href=\"https:\/\/www.lapalmacentre.eu\/\" target=\"_blank\" rel=\"noopener\">La Palma Research Centre<\/a>; <a href=\"http:\/\/expolab.centrosciencia.azores.gov.pt\/expolab\/entidade-gestora\" target=\"_blank\" rel=\"noopener\">la Sociedade Afonso Chaves-Associa\u00e7\u00e3o de Estudos A\u00e7oreanos<\/a>; <a href=\"https:\/\/www.fpct.ulpgc.es\/es\/\" target=\"_blank\" rel=\"noopener\">la Fundaci\u00f3n del Parque Cient\u00edfico Tecnol\u00f3gico de la Universidad de Las Palmas de Gran Canaria<\/a>; <a href=\"https:\/\/www.uma.pt\/\" target=\"_blank\" rel=\"noopener\">la Universidad da Madeira<\/a> y la <a href=\"https:\/\/fg.ull.es\/\" target=\"_blank\" rel=\"noopener\">Fundaci\u00f3n General de la Universidad de La Laguna<\/a>. Es financiada por la Comisi\u00f3n Europea bajo las Acciones Marie Sk\u0142odowska-Curie (MSCA), iniciativa para fomentar las carreras cient\u00edficas en Europa, que se enmarca en <a href=\"https:\/\/www.horizonteeuropa.es\/\" target=\"_blank\" rel=\"noopener\">Horizonte Europa<\/a>; Programa Marco de Investigaci\u00f3n e Innovaci\u00f3n de la Uni\u00f3n Europea; y en Tenerife cuenta con la colaboraci\u00f3n de la <a href=\"https:\/\/fundacion.cepsa.com\/es\" target=\"_blank\" rel=\"noopener\">FUNDACI\u00d3N CEPSA<\/a>,\u00a0<a href=\"https:\/\/www.gobiernodecanarias.org\/conocimiento\/\" target=\"_blank\" rel=\"noopener\" data-saferedirecturl=\"https:\/\/www.google.com\/url?q=https:\/\/www.gobiernodecanarias.org\/conocimiento\/&amp;source=gmail&amp;ust=1683789900929000&amp;usg=AOvVaw1kBQyT5UjrnGgTUhOHS6dY\" target=\"_blank\" rel=\"noopener\">la Agencia Canaria de Investigaci\u00f3n, Innovaci\u00f3n y Sociedad de la Informaci\u00f3n del Gobierno de Canarias<\/a>,\u00a0<a href=\"https:\/\/www.cajasiete.com\/es\" target=\"_blank\" rel=\"noopener\" data-saferedirecturl=\"https:\/\/www.google.com\/url?q=https:\/\/www.cajasiete.com\/es&amp;source=gmail&amp;ust=1683789900929000&amp;usg=AOvVaw0OSs2WLqk08W2MKQxQ-gch\" target=\"_blank\" rel=\"noopener\">CajaSiete<\/a><span style=\"color: #3d3d3d;font-family: ArgentumSans, sans-serif\">, <a href=\"https:\/\/www.arona.org\/\" target=\"_blank\" rel=\"noopener\">el Ayuntamiento de Arona<\/a>, <a href=\"https:\/\/www.gobiernodecanarias.org\/juventud\/\" target=\"_blank\" rel=\"noopener\">la Direcci\u00f3n General de Juventud<\/a> y <a href=\"https:\/\/www.gobiernodecanarias.org\/educacion\/web\/\" target=\"_blank\" rel=\"noopener\">la Consejer\u00eda de Educaci\u00f3n, Universidades, Cultura y Deportes del Gobierno de Canarias<\/a><\/span>.<\/p>\n<p style=\"text-align: justify\">Este a\u00f1o, en la Universidad de La Laguna el evento se celebrar\u00e1 del <strong><span style=\"color: #ff0000\">25 al 29 de septiembre de 2023<\/span><\/strong>, en <span style=\"color: #339966\">modalidad semipresencial<\/span>. Se centrar\u00e1 en las tem\u00e1ticas de las cinco nuevas misiones establecidas por la <strong>Comisi\u00f3n Europea<\/strong> (<strong>Missions Starfish 2030<\/strong>) para aportar soluciones a los principales retos mundiales de aqu\u00ed a 2030:<\/p>\n<ul>\n<li style=\"text-align: justify\"><strong>Adaptaci\u00f3n al cambio clim\u00e1tico:<\/strong> apoyar al menos a 150 regiones y comunidades europeas para que sean resistentes al cambio clim\u00e1tico.<\/li>\n<li style=\"text-align: justify\"><strong>C\u00e1ncer:<\/strong> trabajar con el Plan Europeo de Lucha contra el C\u00e1ncer para mejorar la calidad de vida de m\u00e1s de tres millones de personas mediante la prevenci\u00f3n y la investigaci\u00f3n de soluciones para una cura.<\/li>\n<li style=\"text-align: justify\"><strong>Restaurar nuestro oc\u00e9ano y nuestras aguas.<\/strong><\/li>\n<li style=\"text-align: justify\">Contar con<strong> cien ciudades inteligentes y clim\u00e1ticamente neutras.<\/strong><\/li>\n<li style=\"text-align: justify\"><strong>Un pacto sobre el suelo para Europa:<\/strong> cien \u00ablaboratorios vivientes\u00bb y \u00abfaros\u00bb para liderar la transici\u00f3n hacia unos suelos sanos de aqu\u00ed a 2030.<\/li>\n<\/ul>\n<p>[\/vc_column_text][vc_single_image image=\u00bb21209&#8243; img_size=\u00bb1000&#215;450&#8243; alignment=\u00bbcenter\u00bb][vc_empty_space height=\u00bb20px\u00bb][vc_btn title=\u00bbDossier 2023&#8243; color=\u00bbturquoise\u00bb align=\u00bbcenter\u00bb link=\u00bburl:https%3A%2F%2Fdrive.google.com%2Ffile%2Fd%2F1c8KNmsPdFhtFZuVyokA3hYNmWdMFopb8%2Fview%3Fusp%3Dsharing\u00bb][\/vc_column][vc_column width=\u00bb1\/3&#8243;][vc_empty_space height=\u00bb80px\u00bb][vc_btn title=\u00bbPrograma de actividades 2023&#8243; color=\u00bbviolet\u00bb align=\u00bbcenter\u00bb button_block=\u00bbtrue\u00bb css=\u00bb.vc_custom_1678439647007{margin-bottom: 3px !important;border-bottom-width: 3px !important;padding-bottom: 3px !important;}\u00bb link=\u00bburl:https%3A%2F%2Fwww.ull.es%2Fportal%2Fcienciaull%2Fprograma-de-actividades-2023-macaronight%2F\u00bb][vc_btn title=\u00bbPre-actividades 2023&#8243; color=\u00bbblue\u00bb align=\u00bbcenter\u00bb button_block=\u00bbtrue\u00bb css=\u00bb.vc_custom_1678439658908{margin-bottom: 3px !important;border-bottom-width: 3px !important;padding-bottom: 3px !important;}\u00bb link=\u00bburl:https%3A%2F%2Fwww.ull.es%2Fportal%2Fcienciaull%2Fpre-actividades-macaronight-2023%2F\u00bb][vc_btn title=\u00bbPersonal investigador participante\u00bb color=\u00bbturquoise\u00bb align=\u00bbcenter\u00bb button_block=\u00bbtrue\u00bb css=\u00bb.vc_custom_1683709195964{margin-bottom: 3px !important;border-bottom-width: 3px !important;padding-bottom: 3px !important;}\u00bb link=\u00bburl:https%3A%2F%2Fwww.ull.es%2Fportal%2Fcienciaull%2Fmacaronight-2023-personal-investigador-participante%2F\u00bb][vc_btn title=\u00bbEntidades colaboradoras\u00bb color=\u00bbsky\u00bb align=\u00bbcenter\u00bb button_block=\u00bbtrue\u00bb css=\u00bb.vc_custom_1678443475211{margin-bottom: 3px !important;border-bottom-width: 3px !important;padding-bottom: 3px !important;}\u00bb link=\u00bburl:https%3A%2F%2Fwww.ull.es%2Fportal%2Fcienciaull%2Fmacaronight-2022%2Fentidades-colaboradoras-2%2F\u00bb][vc_btn title=\u00bbInscripci\u00f3n\u00bb color=\u00bbturquoise\u00bb align=\u00bbcenter\u00bb button_block=\u00bbtrue\u00bb css=\u00bb.vc_custom_1678439681344{margin-bottom: 3px !important;border-bottom-width: 3px !important;padding-bottom: 3px !important;}\u00bb link=\u00bburl:https%3A%2F%2Fwww.ull.es%2Fportal%2Fcienciaull%2Finscripcion-macaronight-2023%2F\u00bb][vc_btn title=\u00bbMacaronight 2022&#8243; color=\u00bbvista-blue\u00bb align=\u00bbcenter\u00bb button_block=\u00bbtrue\u00bb css=\u00bb.vc_custom_1678439527338{margin-bottom: 3px !important;border-bottom-width: 3px !important;padding-bottom: 3px !important;}\u00bb link=\u00bburl:https%3A%2F%2Fwww.ull.es%2Fportal%2Fcienciaull%2Fmacaronight-2022%2F\u00bb][vc_btn title=\u00bbMultimedia\u00bb color=\u00bbsky\u00bb align=\u00bbcenter\u00bb button_block=\u00bbtrue\u00bb css=\u00bb.vc_custom_1749727275884{margin-bottom: 3px !important;border-bottom-width: 3px !important;padding-bottom: 3px !important;}\u00bb link=\u00bburl:https%3A%2F%2Fwww.ull.es%2Fportal%2Fcienciaull%2Fmacaronight-multimedia\u00bb][vc_single_image image=\u00bb21234&#8243; img_size=\u00bblarge\u00bb alignment=\u00bbcenter\u00bb onclick=\u00bbcustom_link\u00bb link=\u00bbhttps:\/\/macaronight.eu\/\u00bb css=\u00bb.vc_custom_1678271592453{margin-top: 7px !important;border-top-width: 7px !important;padding-top: 7px !important;}\u00bb][vc_column_text css=\u00bb.vc_custom_1678271721172{margin-top: 10px !important;border-top-width: 10px !important;padding-top: 10px !important;}\u00bb]<\/p>\n<h2 style=\"text-align: center\"><strong><span style=\"color: #3366ff\">\u00a1\u00a1\u00a1No te las pierdas!!!<\/span><\/strong><\/h2>\n<p>[\/vc_column_text][\/vc_column][\/vc_row]<\/p>\n","protected":false},"excerpt":{"rendered":"<p>[vc_row][vc_column][vc_separator color=\u00bbcustom\u00bb border_width=\u00bb10&#8243; accent_color=\u00bb#1e73be\u00bb css=\u00bb.vc_custom_1678267444745{margin-top: 0px !important;border-top-width: 0px !important;padding-top: 0px !important;}\u00bb][\/vc_column][\/vc_row][vc_row][vc_column width=\u00bb2\/3&#8243;][vc_empty_space height=\u00bb40px\u00bb][vc_custom_heading text=\u00bbPresentaci\u00f3n\u00bb font_container=\u00bbtag:h2|text_align:left|color:%231e73be\u00bb google_fonts=\u00bbfont_family:Roboto%20Slab%3A100%2C300%2Cregular%2C700|font_style:700%20bold%20regular%3A700%3Anormal\u00bb css=\u00bb.vc_custom_1678267546203{margin-bottom: 7px !important;border-bottom-width: 7px !important;padding-bottom: 7px !important;}\u00bb][vc_column_text] MacaroNight es una iniciativa enmarcada en la \u00abNoche Europea de los Investigadores\u00bb que se celebra el \u00faltimo viernes de cada mes de septiembre en m\u00e1s de 300 ciudades desde el a\u00f1o 2018&#8230;.<\/p>\n","protected":false},"author":56,"featured_media":0,"parent":0,"menu_order":0,"comment_status":"closed","ping_status":"closed","template":"templates\/cienciaull.php","meta":{"inline_featured_image":false,"footnotes":""},"acf":[],"yoast_head":"<!-- This site is optimized with the Yoast SEO plugin v21.3 - https:\/\/yoast.com\/wordpress\/plugins\/seo\/ -->\n<title>MacaroNight 2023 -<\/title>\n<meta name=\"robots\" content=\"index, follow, max-snippet:-1, max-image-preview:large, max-video-preview:-1\" \/>\n<link rel=\"canonical\" href=\"https:\/\/www.ull.es\/portal\/cienciaull\/macaronight-2023\/\" \/>\n<meta property=\"og:locale\" content=\"es_ES\" \/>\n<meta property=\"og:type\" content=\"article\" \/>\n<meta property=\"og:title\" content=\"MacaroNight 2023 -\" \/>\n<meta property=\"og:description\" content=\"[vc_row][vc_column][vc_separator color=\u00bbcustom\u00bb border_width=\u00bb10&#8243; accent_color=\u00bb#1e73be\u00bb css=\u00bb.vc_custom_1678267444745{margin-top: 0px !important;border-top-width: 0px !important;padding-top: 0px !important;}\u00bb][\/vc_column][\/vc_row][vc_row][vc_column width=\u00bb2\/3&#8243;][vc_empty_space height=\u00bb40px\u00bb][vc_custom_heading text=\u00bbPresentaci\u00f3n\u00bb font_container=\u00bbtag:h2|text_align:left|color:%231e73be\u00bb google_fonts=\u00bbfont_family:Roboto%20Slab%3A100%2C300%2Cregular%2C700|font_style:700%20bold%20regular%3A700%3Anormal\u00bb css=\u00bb.vc_custom_1678267546203{margin-bottom: 7px !important;border-bottom-width: 7px !important;padding-bottom: 7px !important;}\u00bb][vc_column_text] MacaroNight es una iniciativa enmarcada en la \u00abNoche Europea de los Investigadores\u00bb que se celebra el \u00faltimo viernes de cada mes de septiembre en m\u00e1s de 300 ciudades desde el a\u00f1o 2018....\" \/>\n<meta property=\"og:url\" content=\"https:\/\/www.ull.es\/portal\/cienciaull\/macaronight-2023\/\" \/>\n<meta property=\"article:publisher\" content=\"https:\/\/www.facebook.com\/CienciaULL\/\" \/>\n<meta property=\"article:modified_time\" content=\"2025-06-12T11:21:18+00:00\" \/>\n<meta name=\"twitter:card\" content=\"summary_large_image\" \/>\n<meta name=\"twitter:site\" content=\"@CienciaULL\" \/>\n<meta name=\"twitter:label1\" content=\"Tiempo de lectura\" \/>\n\t<meta name=\"twitter:data1\" content=\"3 minutos\" \/>\n<script type=\"application\/ld+json\" class=\"yoast-schema-graph\">{\"@context\":\"https:\/\/schema.org\",\"@graph\":[{\"@type\":\"WebPage\",\"@id\":\"https:\/\/www.ull.es\/portal\/cienciaull\/macaronight-2023\/\",\"url\":\"https:\/\/www.ull.es\/portal\/cienciaull\/macaronight-2023\/\",\"name\":\"MacaroNight 2023 -\",\"isPartOf\":{\"@id\":\"https:\/\/www.ull.es\/portal\/cienciaull\/#website\"},\"datePublished\":\"2023-03-10T09:15:37+00:00\",\"dateModified\":\"2025-06-12T11:21:18+00:00\",\"breadcrumb\":{\"@id\":\"https:\/\/www.ull.es\/portal\/cienciaull\/macaronight-2023\/#breadcrumb\"},\"inLanguage\":\"es\",\"potentialAction\":[{\"@type\":\"ReadAction\",\"target\":[\"https:\/\/www.ull.es\/portal\/cienciaull\/macaronight-2023\/\"]}]},{\"@type\":\"BreadcrumbList\",\"@id\":\"https:\/\/www.ull.es\/portal\/cienciaull\/macaronight-2023\/#breadcrumb\",\"itemListElement\":[{\"@type\":\"ListItem\",\"position\":1,\"name\":\"Portada\",\"item\":\"https:\/\/www.ull.es\/portal\/cienciaull\/\"},{\"@type\":\"ListItem\",\"position\":2,\"name\":\"MacaroNight 2023\"}]},{\"@type\":\"WebSite\",\"@id\":\"https:\/\/www.ull.es\/portal\/cienciaull\/#website\",\"url\":\"https:\/\/www.ull.es\/portal\/cienciaull\/\",\"name\":\"\",\"description\":\"Unidad de Cultura Cient\u00edfica y de la Innovaci\u00f3n de la Universidad de La Laguna\",\"potentialAction\":[{\"@type\":\"SearchAction\",\"target\":{\"@type\":\"EntryPoint\",\"urlTemplate\":\"https:\/\/www.ull.es\/portal\/cienciaull\/?s={search_term_string}\"},\"query-input\":\"required name=search_term_string\"}],\"inLanguage\":\"es\"}]}<\/script>\n<!-- \/ Yoast SEO plugin. -->","yoast_head_json":{"title":"MacaroNight 2023 -","robots":{"index":"index","follow":"follow","max-snippet":"max-snippet:-1","max-image-preview":"max-image-preview:large","max-video-preview":"max-video-preview:-1"},"canonical":"https:\/\/www.ull.es\/portal\/cienciaull\/macaronight-2023\/","og_locale":"es_ES","og_type":"article","og_title":"MacaroNight 2023 -","og_description":"[vc_row][vc_column][vc_separator color=\u00bbcustom\u00bb border_width=\u00bb10&#8243; accent_color=\u00bb#1e73be\u00bb css=\u00bb.vc_custom_1678267444745{margin-top: 0px !important;border-top-width: 0px !important;padding-top: 0px !important;}\u00bb][\/vc_column][\/vc_row][vc_row][vc_column width=\u00bb2\/3&#8243;][vc_empty_space height=\u00bb40px\u00bb][vc_custom_heading text=\u00bbPresentaci\u00f3n\u00bb font_container=\u00bbtag:h2|text_align:left|color:%231e73be\u00bb google_fonts=\u00bbfont_family:Roboto%20Slab%3A100%2C300%2Cregular%2C700|font_style:700%20bold%20regular%3A700%3Anormal\u00bb css=\u00bb.vc_custom_1678267546203{margin-bottom: 7px !important;border-bottom-width: 7px !important;padding-bottom: 7px !important;}\u00bb][vc_column_text] MacaroNight es una iniciativa enmarcada en la \u00abNoche Europea de los Investigadores\u00bb que se celebra el \u00faltimo viernes de cada mes de septiembre en m\u00e1s de 300 ciudades desde el a\u00f1o 2018....","og_url":"https:\/\/www.ull.es\/portal\/cienciaull\/macaronight-2023\/","article_publisher":"https:\/\/www.facebook.com\/CienciaULL\/","article_modified_time":"2025-06-12T11:21:18+00:00","twitter_card":"summary_large_image","twitter_site":"@CienciaULL","twitter_misc":{"Tiempo de lectura":"3 minutos"},"schema":{"@context":"https:\/\/schema.org","@graph":[{"@type":"WebPage","@id":"https:\/\/www.ull.es\/portal\/cienciaull\/macaronight-2023\/","url":"https:\/\/www.ull.es\/portal\/cienciaull\/macaronight-2023\/","name":"MacaroNight 2023 -","isPartOf":{"@id":"https:\/\/www.ull.es\/portal\/cienciaull\/#website"},"datePublished":"2023-03-10T09:15:37+00:00","dateModified":"2025-06-12T11:21:18+00:00","breadcrumb":{"@id":"https:\/\/www.ull.es\/portal\/cienciaull\/macaronight-2023\/#breadcrumb"},"inLanguage":"es","potentialAction":[{"@type":"ReadAction","target":["https:\/\/www.ull.es\/portal\/cienciaull\/macaronight-2023\/"]}]},{"@type":"BreadcrumbList","@id":"https:\/\/www.ull.es\/portal\/cienciaull\/macaronight-2023\/#breadcrumb","itemListElement":[{"@type":"ListItem","position":1,"name":"Portada","item":"https:\/\/www.ull.es\/portal\/cienciaull\/"},{"@type":"ListItem","position":2,"name":"MacaroNight 2023"}]},{"@type":"WebSite","@id":"https:\/\/www.ull.es\/portal\/cienciaull\/#website","url":"https:\/\/www.ull.es\/portal\/cienciaull\/","name":"","description":"Unidad de Cultura Cient\u00edfica y de la Innovaci\u00f3n de la Universidad de La Laguna","potentialAction":[{"@type":"SearchAction","target":{"@type":"EntryPoint","urlTemplate":"https:\/\/www.ull.es\/portal\/cienciaull\/?s={search_term_string}"},"query-input":"required name=search_term_string"}],"inLanguage":"es"}]}},"_links":{"self":[{"href":"https:\/\/www.ull.es\/portal\/cienciaull\/wp-json\/wp\/v2\/pages\/21200"}],"collection":[{"href":"https:\/\/www.ull.es\/portal\/cienciaull\/wp-json\/wp\/v2\/pages"}],"about":[{"href":"https:\/\/www.ull.es\/portal\/cienciaull\/wp-json\/wp\/v2\/types\/page"}],"author":[{"embeddable":true,"href":"https:\/\/www.ull.es\/portal\/cienciaull\/wp-json\/wp\/v2\/users\/56"}],"replies":[{"embeddable":true,"href":"https:\/\/www.ull.es\/portal\/cienciaull\/wp-json\/wp\/v2\/comments?post=21200"}],"version-history":[{"count":28,"href":"https:\/\/www.ull.es\/portal\/cienciaull\/wp-json\/wp\/v2\/pages\/21200\/revisions"}],"predecessor-version":[{"id":34595,"href":"https:\/\/www.ull.es\/portal\/cienciaull\/wp-json\/wp\/v2\/pages\/21200\/revisions\/34595"}],"wp:attachment":[{"href":"https:\/\/www.ull.es\/portal\/cienciaull\/wp-json\/wp\/v2\/media?parent=21200"}],"curies":[{"name":"wp","href":"https:\/\/api.w.org\/{rel}","templated":true}]}}