{"id":2396,"date":"2020-04-03T12:13:17","date_gmt":"2020-04-03T12:13:17","guid":{"rendered":"https:\/\/www.ull.es\/portal\/cienciaull\/?page_id=2396"},"modified":"2020-05-16T22:42:13","modified_gmt":"2020-05-16T22:42:13","slug":"plan-de-trabajo","status":"publish","type":"page","link":"https:\/\/www.ull.es\/portal\/cienciaull\/inicio\/plan-de-trabajo\/","title":{"rendered":"Plan de trabajo"},"content":{"rendered":"<p>[vc_row][vc_column][vc_custom_heading source=\u00bbpost_title\u00bb font_container=\u00bbtag:h1|text_align:left\u00bb google_fonts=\u00bbfont_family:Roboto%20Slab%3A100%2C300%2Cregular%2C700|font_style:700%20bold%20regular%3A700%3Anormal\u00bb][vc_column_text][\/vc_column_text][\/vc_column][\/vc_row][vc_row][vc_column][vc_column_text]<\/p>\n<p style=\"text-align: justify\">En cada\u00a0 curso escolar Cienci@ULL dise\u00f1a un programa de actividades entorno a sus cuatros lineas de acci\u00f3n. Para\u00a0 ello, cuenta con el apoyo de la comunidad universitaria, as\u00ed como con la colaboraci\u00f3n de otros centros de I+D, entidades p\u00fablicas y empresas.<\/p>\n<p style=\"text-align: justify\">A continuaci\u00f3n puedes consultar el programa de actividades para el curso 2019\/20.<\/p>\n<p>[\/vc_column_text][vc_empty_space height=\u00bb20px\u00bb][vc_single_image image=\u00bb6371&#8243; alignment=\u00bbcenter\u00bb][vc_empty_space height=\u00bb40px\u00bb][\/vc_column][\/vc_row][vc_row][vc_column][vc_column_text]<\/p>\n<h4 style=\"text-align: center\"><span style=\"color: #000000\"><strong>El Plan en im\u00e1genes<\/strong><\/span><\/h4>\n<p>[\/vc_column_text][vc_masonry_media_grid style=\u00bbload-more\u00bb items_per_page=\u00bb11&#8243; element_width=\u00bb3&#8243; item=\u00bbmasonryMedia_ScaleWithRotationLight\u00bb btn_title=\u00bbM\u00e1s im\u00e1genes\u00bb grid_id=\u00bbvc_gid:1589668898930-6a842743-6a9a-9&#8243; include=\u00bb5892,5900,5862,5860,5857,5858,5778,5775,5771,5770,5776,5380,5377,5373,5336,5337,5339,5331,5328,5333,5291,5292,5293,5283,5285,5287,5280,5279,5273,5266,5269,5268,5212,5187,5186,5150,5151,5152,5176,5140,5131,5071,5122,5123,5065,5068,4533,4538,4516,4508,4507,4504,4506,4473,4465,4464,4463,4449,4421,4420,4442,4415,4407,4408,4171,4170,4166,4155,4152&#8243;][\/vc_column][\/vc_row]<\/p>\n","protected":false},"excerpt":{"rendered":"<p>[vc_row][vc_column][vc_custom_heading source=\u00bbpost_title\u00bb font_container=\u00bbtag:h1|text_align:left\u00bb google_fonts=\u00bbfont_family:Roboto%20Slab%3A100%2C300%2Cregular%2C700|font_style:700%20bold%20regular%3A700%3Anormal\u00bb][vc_column_text][\/vc_column_text][\/vc_column][\/vc_row][vc_row][vc_column][vc_column_text] En cada\u00a0 curso escolar Cienci@ULL dise\u00f1a un programa de actividades entorno a sus cuatros lineas de acci\u00f3n. Para\u00a0 ello, cuenta con el apoyo de la comunidad universitaria, as\u00ed como con la colaboraci\u00f3n de otros centros de I+D, entidades p\u00fablicas y empresas. A continuaci\u00f3n puedes consultar el programa de actividades para el&#8230;<\/p>\n","protected":false},"author":56,"featured_media":0,"parent":415,"menu_order":2,"comment_status":"closed","ping_status":"closed","template":"","meta":{"inline_featured_image":false,"footnotes":""},"acf":[],"yoast_head":"<!-- This site is optimized with the Yoast SEO plugin v21.3 - https:\/\/yoast.com\/wordpress\/plugins\/seo\/ -->\n<title>Plan de trabajo -<\/title>\n<meta name=\"robots\" content=\"index, follow, max-snippet:-1, max-image-preview:large, max-video-preview:-1\" \/>\n<link rel=\"canonical\" href=\"https:\/\/www.ull.es\/portal\/cienciaull\/inicio\/plan-de-trabajo\/\" \/>\n<meta property=\"og:locale\" content=\"es_ES\" \/>\n<meta property=\"og:type\" content=\"article\" \/>\n<meta property=\"og:title\" content=\"Plan de trabajo -\" \/>\n<meta property=\"og:description\" content=\"[vc_row][vc_column][vc_custom_heading source=\u00bbpost_title\u00bb font_container=\u00bbtag:h1|text_align:left\u00bb google_fonts=\u00bbfont_family:Roboto%20Slab%3A100%2C300%2Cregular%2C700|font_style:700%20bold%20regular%3A700%3Anormal\u00bb][vc_column_text][\/vc_column_text][\/vc_column][\/vc_row][vc_row][vc_column][vc_column_text] En cada\u00a0 curso escolar Cienci@ULL dise\u00f1a un programa de actividades entorno a sus cuatros lineas de acci\u00f3n. Para\u00a0 ello, cuenta con el apoyo de la comunidad universitaria, as\u00ed como con la colaboraci\u00f3n de otros centros de I+D, entidades p\u00fablicas y empresas. A continuaci\u00f3n puedes consultar el programa de actividades para el...\" \/>\n<meta property=\"og:url\" content=\"https:\/\/www.ull.es\/portal\/cienciaull\/inicio\/plan-de-trabajo\/\" \/>\n<meta property=\"article:publisher\" content=\"https:\/\/www.facebook.com\/CienciaULL\/\" \/>\n<meta property=\"article:modified_time\" content=\"2020-05-16T22:42:13+00:00\" \/>\n<meta name=\"twitter:card\" content=\"summary_large_image\" \/>\n<meta name=\"twitter:site\" content=\"@CienciaULL\" \/>\n<meta name=\"twitter:label1\" content=\"Tiempo de lectura\" \/>\n\t<meta name=\"twitter:data1\" content=\"1 minuto\" \/>\n<script type=\"application\/ld+json\" class=\"yoast-schema-graph\">{\"@context\":\"https:\/\/schema.org\",\"@graph\":[{\"@type\":\"WebPage\",\"@id\":\"https:\/\/www.ull.es\/portal\/cienciaull\/inicio\/plan-de-trabajo\/\",\"url\":\"https:\/\/www.ull.es\/portal\/cienciaull\/inicio\/plan-de-trabajo\/\",\"name\":\"Plan de trabajo -\",\"isPartOf\":{\"@id\":\"https:\/\/www.ull.es\/portal\/cienciaull\/#website\"},\"datePublished\":\"2020-04-03T12:13:17+00:00\",\"dateModified\":\"2020-05-16T22:42:13+00:00\",\"breadcrumb\":{\"@id\":\"https:\/\/www.ull.es\/portal\/cienciaull\/inicio\/plan-de-trabajo\/#breadcrumb\"},\"inLanguage\":\"es\",\"potentialAction\":[{\"@type\":\"ReadAction\",\"target\":[\"https:\/\/www.ull.es\/portal\/cienciaull\/inicio\/plan-de-trabajo\/\"]}]},{\"@type\":\"BreadcrumbList\",\"@id\":\"https:\/\/www.ull.es\/portal\/cienciaull\/inicio\/plan-de-trabajo\/#breadcrumb\",\"itemListElement\":[{\"@type\":\"ListItem\",\"position\":1,\"name\":\"Portada\",\"item\":\"https:\/\/www.ull.es\/portal\/cienciaull\/\"},{\"@type\":\"ListItem\",\"position\":2,\"name\":\"Inicio\",\"item\":\"https:\/\/www.ull.es\/portal\/cienciaull\/\"},{\"@type\":\"ListItem\",\"position\":3,\"name\":\"Plan de trabajo\"}]},{\"@type\":\"WebSite\",\"@id\":\"https:\/\/www.ull.es\/portal\/cienciaull\/#website\",\"url\":\"https:\/\/www.ull.es\/portal\/cienciaull\/\",\"name\":\"\",\"description\":\"Unidad de Cultura Cient\u00edfica y de la Innovaci\u00f3n de la Universidad de La Laguna\",\"potentialAction\":[{\"@type\":\"SearchAction\",\"target\":{\"@type\":\"EntryPoint\",\"urlTemplate\":\"https:\/\/www.ull.es\/portal\/cienciaull\/?s={search_term_string}\"},\"query-input\":\"required name=search_term_string\"}],\"inLanguage\":\"es\"}]}<\/script>\n<!-- \/ Yoast SEO plugin. -->","yoast_head_json":{"title":"Plan de trabajo -","robots":{"index":"index","follow":"follow","max-snippet":"max-snippet:-1","max-image-preview":"max-image-preview:large","max-video-preview":"max-video-preview:-1"},"canonical":"https:\/\/www.ull.es\/portal\/cienciaull\/inicio\/plan-de-trabajo\/","og_locale":"es_ES","og_type":"article","og_title":"Plan de trabajo -","og_description":"[vc_row][vc_column][vc_custom_heading source=\u00bbpost_title\u00bb font_container=\u00bbtag:h1|text_align:left\u00bb google_fonts=\u00bbfont_family:Roboto%20Slab%3A100%2C300%2Cregular%2C700|font_style:700%20bold%20regular%3A700%3Anormal\u00bb][vc_column_text][\/vc_column_text][\/vc_column][\/vc_row][vc_row][vc_column][vc_column_text] En cada\u00a0 curso escolar Cienci@ULL dise\u00f1a un programa de actividades entorno a sus cuatros lineas de acci\u00f3n. Para\u00a0 ello, cuenta con el apoyo de la comunidad universitaria, as\u00ed como con la colaboraci\u00f3n de otros centros de I+D, entidades p\u00fablicas y empresas. A continuaci\u00f3n puedes consultar el programa de actividades para el...","og_url":"https:\/\/www.ull.es\/portal\/cienciaull\/inicio\/plan-de-trabajo\/","article_publisher":"https:\/\/www.facebook.com\/CienciaULL\/","article_modified_time":"2020-05-16T22:42:13+00:00","twitter_card":"summary_large_image","twitter_site":"@CienciaULL","twitter_misc":{"Tiempo de lectura":"1 minuto"},"schema":{"@context":"https:\/\/schema.org","@graph":[{"@type":"WebPage","@id":"https:\/\/www.ull.es\/portal\/cienciaull\/inicio\/plan-de-trabajo\/","url":"https:\/\/www.ull.es\/portal\/cienciaull\/inicio\/plan-de-trabajo\/","name":"Plan de trabajo -","isPartOf":{"@id":"https:\/\/www.ull.es\/portal\/cienciaull\/#website"},"datePublished":"2020-04-03T12:13:17+00:00","dateModified":"2020-05-16T22:42:13+00:00","breadcrumb":{"@id":"https:\/\/www.ull.es\/portal\/cienciaull\/inicio\/plan-de-trabajo\/#breadcrumb"},"inLanguage":"es","potentialAction":[{"@type":"ReadAction","target":["https:\/\/www.ull.es\/portal\/cienciaull\/inicio\/plan-de-trabajo\/"]}]},{"@type":"BreadcrumbList","@id":"https:\/\/www.ull.es\/portal\/cienciaull\/inicio\/plan-de-trabajo\/#breadcrumb","itemListElement":[{"@type":"ListItem","position":1,"name":"Portada","item":"https:\/\/www.ull.es\/portal\/cienciaull\/"},{"@type":"ListItem","position":2,"name":"Inicio","item":"https:\/\/www.ull.es\/portal\/cienciaull\/"},{"@type":"ListItem","position":3,"name":"Plan de trabajo"}]},{"@type":"WebSite","@id":"https:\/\/www.ull.es\/portal\/cienciaull\/#website","url":"https:\/\/www.ull.es\/portal\/cienciaull\/","name":"","description":"Unidad de Cultura Cient\u00edfica y de la Innovaci\u00f3n de la Universidad de La Laguna","potentialAction":[{"@type":"SearchAction","target":{"@type":"EntryPoint","urlTemplate":"https:\/\/www.ull.es\/portal\/cienciaull\/?s={search_term_string}"},"query-input":"required name=search_term_string"}],"inLanguage":"es"}]}},"_links":{"self":[{"href":"https:\/\/www.ull.es\/portal\/cienciaull\/wp-json\/wp\/v2\/pages\/2396"}],"collection":[{"href":"https:\/\/www.ull.es\/portal\/cienciaull\/wp-json\/wp\/v2\/pages"}],"about":[{"href":"https:\/\/www.ull.es\/portal\/cienciaull\/wp-json\/wp\/v2\/types\/page"}],"author":[{"embeddable":true,"href":"https:\/\/www.ull.es\/portal\/cienciaull\/wp-json\/wp\/v2\/users\/56"}],"replies":[{"embeddable":true,"href":"https:\/\/www.ull.es\/portal\/cienciaull\/wp-json\/wp\/v2\/comments?post=2396"}],"version-history":[{"count":24,"href":"https:\/\/www.ull.es\/portal\/cienciaull\/wp-json\/wp\/v2\/pages\/2396\/revisions"}],"predecessor-version":[{"id":6498,"href":"https:\/\/www.ull.es\/portal\/cienciaull\/wp-json\/wp\/v2\/pages\/2396\/revisions\/6498"}],"up":[{"embeddable":true,"href":"https:\/\/www.ull.es\/portal\/cienciaull\/wp-json\/wp\/v2\/pages\/415"}],"wp:attachment":[{"href":"https:\/\/www.ull.es\/portal\/cienciaull\/wp-json\/wp\/v2\/media?parent=2396"}],"curies":[{"name":"wp","href":"https:\/\/api.w.org\/{rel}","templated":true}]}}