{"id":24344,"date":"2023-07-31T12:06:16","date_gmt":"2023-07-31T12:06:16","guid":{"rendered":"https:\/\/www.ull.es\/portal\/cienciaull\/?page_id=24344"},"modified":"2023-08-30T08:18:32","modified_gmt":"2023-08-30T08:18:32","slug":"escuela-de-verano-emprendimiento-y-negocio-ceoe-tenerife-ull","status":"publish","type":"page","link":"https:\/\/www.ull.es\/portal\/cienciaull\/escuela-de-verano-emprendimiento-y-negocio-ceoe-tenerife-ull\/","title":{"rendered":"Escuela de Verano Emprendimiento y Negocio CEOE Tenerife-ULL"},"content":{"rendered":"<p>[vc_row][vc_column]\n<div id=\"rev_slider_235_1_wrapper\" class=\"rev_slider_wrapper fullwidthbanner-container\" data-source=\"gallery\" style=\"margin:0px auto;background:transparent;padding:0px;margin-top:0px;margin-bottom:0px;\">\n<!-- START REVOLUTION SLIDER 5.4.7.3 auto mode -->\n\t<div id=\"rev_slider_235_1\" class=\"rev_slider fullwidthabanner\" style=\"display:none;\" data-version=\"5.4.7.3\">\n<ul>\t<!-- SLIDE  -->\n\t<li data-index=\"rs-267\" data-transition=\"fade\" data-slotamount=\"default\" data-hideafterloop=\"0\" data-hideslideonmobile=\"off\"  data-easein=\"default\" data-easeout=\"default\" data-masterspeed=\"300\"  data-rotate=\"0\"  data-saveperformance=\"off\"  data-title=\"Slide\" data-param1=\"\" data-param2=\"\" data-param3=\"\" data-param4=\"\" data-param5=\"\" data-param6=\"\" data-param7=\"\" data-param8=\"\" data-param9=\"\" data-param10=\"\" data-description=\"\">\n\t\t<!-- MAIN IMAGE -->\n\t\t<img src=\"https:\/\/www.ull.es\/portal\/cienciaull\/wp-content\/plugins\/revslider\/admin\/assets\/images\/transparent.png\"  alt=\"\" title=\"Escuela de Verano Emprendimiento y Negocio CEOE Tenerife-ULL\"  data-bgposition=\"center center\" data-bgfit=\"cover\" data-bgrepeat=\"no-repeat\" class=\"rev-slidebg\" data-no-retina>\n\t\t<!-- LAYERS -->\n\n\t\t<!-- LAYER NR. 1 -->\n\t\t<div class=\"tp-caption   tp-resizeme\" \n\t\t\t id=\"slide-267-layer-4\" \n\t\t\t data-x=\"\" \n\t\t\t data-y=\"\" \n\t\t\t\t\t\tdata-width=\"['none','none','none','none']\"\n\t\t\tdata-height=\"['none','none','none','none']\"\n \n\t\t\tdata-type=\"image\" \n\t\t\tdata-responsive_offset=\"on\" \n\n\t\t\tdata-frames='[{\"delay\":0,\"speed\":300,\"frame\":\"0\",\"from\":\"opacity:0;\",\"to\":\"o:1;\",\"ease\":\"Power3.easeInOut\"},{\"delay\":\"wait\",\"speed\":300,\"frame\":\"999\",\"to\":\"opacity:0;\",\"ease\":\"Power3.easeInOut\"}]'\n\t\t\tdata-textAlign=\"['inherit','inherit','inherit','inherit']\"\n\t\t\tdata-paddingtop=\"[0,0,0,0]\"\n\t\t\tdata-paddingright=\"[0,0,0,0]\"\n\t\t\tdata-paddingbottom=\"[0,0,0,0]\"\n\t\t\tdata-paddingleft=\"[0,0,0,0]\"\n\n\t\t\tstyle=\"z-index: 5;\"><img src=\"https:\/\/www.ull.es\/portal\/cienciaull\/wp-content\/uploads\/sites\/24\/2023\/07\/escuela_verano_bn.jpg\" alt=\"\" data-ww=\"1600px\" data-hh=\"600px\" width=\"1600\" height=\"600\" data-no-retina> <\/div>\n\t<\/li>\n<\/ul>\n<div class=\"tp-bannertimer tp-bottom\" style=\"visibility: hidden !important;\"><\/div>\t<\/div>\n<script>var htmlDiv = document.getElementById(\"rs-plugin-settings-inline-css\"); var htmlDivCss=\"\";\r\n\t\t\t\tif(htmlDiv) {\r\n\t\t\t\t\thtmlDiv.innerHTML = htmlDiv.innerHTML + htmlDivCss;\r\n\t\t\t\t}else{\r\n\t\t\t\t\tvar htmlDiv = document.createElement(\"div\");\r\n\t\t\t\t\thtmlDiv.innerHTML = \"<style>\" + htmlDivCss + \"<\/style>\";\r\n\t\t\t\t\tdocument.getElementsByTagName(\"head\")[0].appendChild(htmlDiv.childNodes[0]);\r\n\t\t\t\t}\r\n\t\t\t<\/script>\n\t\t<script type=\"text\/javascript\">\r\nif (setREVStartSize!==undefined) setREVStartSize(\r\n\t{c: '#rev_slider_235_1', gridwidth: [1600], gridheight: [600], sliderLayout: 'auto'});\r\n\t\t\t\r\nvar revapi235,\r\n\ttpj;\t\r\n(function() {\t\t\t\r\n\tif (!\/loaded|interactive|complete\/.test(document.readyState)) document.addEventListener(\"DOMContentLoaded\",onLoad); else onLoad();\t\r\n\tfunction onLoad() {\t\t\t\t\r\n\t\tif (tpj===undefined) { tpj = jQuery; if(\"off\" == \"on\") tpj.noConflict();}\r\n\tif(tpj(\"#rev_slider_235_1\").revolution == undefined){\n\t\trevslider_showDoubleJqueryError(\"#rev_slider_235_1\");\n\t}else{\n\t\trevapi235 = tpj(\"#rev_slider_235_1\").show().revolution({\n\t\t\tsliderType:\"hero\",\n\t\t\tjsFileLocation:\"\/\/www.ull.es\/portal\/cienciaull\/wp-content\/plugins\/revslider\/public\/assets\/js\/\",\n\t\t\tsliderLayout:\"auto\",\n\t\t\tdottedOverlay:\"none\",\n\t\t\tdelay:9000,\n\t\t\tvisibilityLevels:[1240,1024,778,480],\n\t\t\tgridwidth:1600,\n\t\t\tgridheight:600,\n\t\t\tlazyType:\"none\",\n\t\t\tshadow:0,\n\t\t\tspinner:\"spinner0\",\n\t\t\tautoHeight:\"off\",\n\t\t\tdisableProgressBar:\"on\",\n\t\t\thideThumbsOnMobile:\"off\",\n\t\t\thideSliderAtLimit:0,\n\t\t\thideCaptionAtLimit:0,\n\t\t\thideAllCaptionAtLilmit:0,\n\t\t\tdebugMode:false,\n\t\t\tfallbacks: {\n\t\t\t\tsimplifyAll:\"off\",\n\t\t\t\tdisableFocusListener:false,\n\t\t\t}\n\t\t});\n\t}; \/* END OF revapi call *\/\n\t\n }; \/* END OF ON LOAD FUNCTION *\/\r\n}()); \/* END OF WRAPPING FUNCTION *\/\r\n<\/script>\r\n\t\t<\/div><!-- END REVOLUTION SLIDER -->[vc_separator color=\u00bbvista_blue\u00bb border_width=\u00bb10&#8243;][\/vc_column][\/vc_row][vc_row][vc_column width=\u00bb2\/3&#8243;][vc_empty_space height=\u00bb40px\u00bb][vc_custom_heading text=\u00bbPresentaci\u00f3n\u00bb font_container=\u00bbtag:h2|text_align:left|color:%237ee236&#8243; google_fonts=\u00bbfont_family:Roboto%20Slab%3A100%2C300%2Cregular%2C700|font_style:700%20bold%20regular%3A700%3Anormal\u00bb][vc_column_text]<\/p>\n<p style=\"text-align: justify\"><span style=\"color: #000000\">La <strong><em>Escuela de Verano de Emprendimiento y Negocio CEOE-Tenerife y Universidad de La Laguna<\/em><\/strong> es un programa formativo intensivo de 5 d\u00edas de duraci\u00f3n, de car\u00e1cter <strong>pr\u00e1ctico y l\u00fadico, que tiene como principal finalidad acercar el mundo empresarial al alumnado de 3\u00ba y 4\u00ba de la ESO y 1\u00ba de Bachillerato de los centros escolares de la isla de Tenerife, a trav\u00e9s del desarrollo de una idea de negocio de la mano de expertos\/a en el \u00e1mbito del emprendimiento, la transformaci\u00f3n digital, la econom\u00eda y el marketing.<\/strong><\/span><\/p>\n<p style=\"text-align: justify\"><span style=\"color: #000000\">Sus objetivos espec\u00edficos son<\/span><\/p>\n<ul style=\"text-align: justify\">\n<li><span style=\"color: #000000\">Proporcionar al alumnado participante su primera experiencia en el mundo de los negocios y las empresas.<\/span><\/li>\n<li><span style=\"color: #000000\">Impulsar una cultura emprendedora entre la juventud que les permita alcanzar mejores oportunidades laborales en su futuro.<\/span><\/li>\n<li><span style=\"color: #000000\">Mejorar sus competencias en creatividad e innovaci\u00f3n.<\/span><\/li>\n<li><span style=\"color: #000000\">Potenciar la competencia de trabajo en equipo.<\/span><\/li>\n<li><span style=\"color: #000000\">Aumenta su conocimiento en diferentes \u00e1mbitos como es la transformaci\u00f3n digital, el marketing, la creaci\u00f3n de empresas o negocios, gesti\u00f3n financiera\u2026etc.<\/span><\/li>\n<\/ul>\n<p style=\"text-align: justify\"><span style=\"color: #000000\"><strong>\u00a0<\/strong><strong>P\u00fablico objetivo <\/strong><\/span><\/p>\n<p style=\"text-align: justify\"><span style=\"color: #000000\">Esta actividad est\u00e1 dirigida a alumnado escolar que haya cursado en el 2022\/23 los siguientes niveles educativos:<\/span><\/p>\n<ul style=\"text-align: justify\">\n<li><span style=\"color: #000000\">3\u00ba y 4\u00ba de ESO<\/span><\/li>\n<li><span style=\"color: #000000\">1\u00ba de Bachillerato<\/span><\/li>\n<\/ul>\n<p style=\"text-align: justify\"><span style=\"color: #000000\">Para esta anualidad se establecen <strong>30 plazas.<\/strong><\/span><\/p>\n<p style=\"text-align: justify\"><span style=\"color: #000000\">La Escuela de Verano de Emprendimiento y Negocio CEOE Tenerife-ULL es organizada por la C\u00e1tedra CEOE-Tenerife Empresa y Relaciones Laborales de la Universidad de La Laguna, en colaboraci\u00f3n con la Fundaci\u00f3n General de La Laguna, la Unidad de Cultura Cient\u00edfica y de la Innovaci\u00f3n (CienciaULL) y MacaroNight.<\/span><\/p>\n<p style=\"text-align: justify\"><span style=\"color: #000000\">Adem\u00e1s, se enmarca en el programa de pre-actividades de MacaroNight 2023 (Noche Europea de los Investigadores e investigadoras de la Macaronesia). Este proyecto es una iniciativa promovida por La Palma Research Centre, la Sociedade Afonso Chaves- Associa\u00e7\u00e3o de Estudos A\u00e7oreanos, la Fundaci\u00f3n del Parque Cient\u00edfico Tecnol\u00f3gico de la Universidad de Las Palmas de Gran Canaria, la Universidad da Madeira, Fundaci\u00f3n General de la Universidad de La Laguna. Es cofinanciada por la Comisi\u00f3n Europea bajo las Acciones Marie Sk\u0142odowska-Curie (MSCA); iniciativa para fomentar las carreras cient\u00edficas en Europa, que se enmarca en Horizonte Europa, Programa Marco de Investigaci\u00f3n e Innovaci\u00f3n de la Uni\u00f3n Europea.<\/span><\/p>\n<p>[\/vc_column_text][\/vc_column][vc_column width=\u00bb1\/3&#8243;][vc_empty_space height=\u00bb120px\u00bb][vc_btn title=\u00bbC\u00e1tedra\u00bb color=\u00bbdanger\u00bb size=\u00bblg\u00bb align=\u00bbcenter\u00bb button_block=\u00bbtrue\u00bb link=\u00bburl:https%3A%2F%2Fwww.ull.es%2Fcatedras%2Fcatedra-ceoe-relaciones-laborales%2F\u00bb css=\u00bb.vc_custom_1690807607127{margin-bottom: 3px !important;border-bottom-width: 3px !important;padding-bottom: 3px !important;}\u00bb][vc_btn title=\u00bbItinerario\u00bb color=\u00bbsuccess\u00bb size=\u00bblg\u00bb align=\u00bbcenter\u00bb button_block=\u00bbtrue\u00bb css=\u00bb.vc_custom_1690806617723{margin-bottom: 3px !important;border-bottom-width: 3px !important;padding-bottom: 3px !important;}\u00bb link=\u00bburl:https%3A%2F%2Fwww.ull.es%2Fportal%2Fcienciaull%2Fitinerario-escuela-de-verano-ceoe-tenerife-ull%2F\u00bb][vc_btn title=\u00bbInscripci\u00f3n\u00bb color=\u00bborange\u00bb size=\u00bblg\u00bb align=\u00bbcenter\u00bb button_block=\u00bbtrue\u00bb css=\u00bb.vc_custom_1690807067511{margin-bottom: 3px !important;border-bottom-width: 3px !important;padding-bottom: 3px !important;}\u00bb link=\u00bburl:https%3A%2F%2Fwww.ull.es%2Fportal%2Fcienciaull%2Finscripcion-escuela-de-verano-ceoe-tenerife-ull%2F\u00bb][vc_btn title=\u00bbListado provisional de admitidos\u00bb color=\u00bbblue\u00bb size=\u00bblg\u00bb align=\u00bbcenter\u00bb button_block=\u00bbtrue\u00bb css=\u00bb.vc_custom_1693215833628{margin-bottom: 3px !important;border-bottom-width: 3px !important;padding-bottom: 3px !important;}\u00bb link=\u00bburl:https%3A%2F%2Fdrive.google.com%2Ffile%2Fd%2F1IXosYu_LlwE9qGLYbmqt7uBQjE6WLt5B%2Fview\u00bb][vc_btn title=\u00bbListado DEFINITIVO de admitidos\u00bb color=\u00bbinfo\u00bb size=\u00bblg\u00bb align=\u00bbcenter\u00bb button_block=\u00bbtrue\u00bb css=\u00bb.vc_custom_1693383509111{margin-bottom: 3px !important;border-bottom-width: 3px !important;padding-bottom: 3px !important;}\u00bb link=\u00bburl:https%3A%2F%2Fdrive.google.com%2Ffile%2Fd%2F1C9AwBeofehEIqqYX4XUVslYKKNeLpytS%2Fview%3Fusp%3Dsharing\u00bb][vc_media_grid style=\u00bbpagination\u00bb items_per_page=\u00bb1&#8243; element_width=\u00bb12&#8243; paging_color=\u00bbgreen\u00bb loop=\u00bbyes\u00bb autoplay=\u00bb3&#8243; item=\u00bbmediaGrid_SlideInTitle\u00bb grid_id=\u00bbvc_gid:1693383304485-a6947991-deb6-10&#8243; include=\u00bb24400,24401,24402,24403,24404&#8243;][\/vc_column][\/vc_row]<\/p>\n","protected":false},"excerpt":{"rendered":"<p>[vc_row][vc_column][vc_separator color=\u00bbvista_blue\u00bb border_width=\u00bb10&#8243;][\/vc_column][\/vc_row][vc_row][vc_column width=\u00bb2\/3&#8243;][vc_empty_space height=\u00bb40px\u00bb][vc_custom_heading text=\u00bbPresentaci\u00f3n\u00bb font_container=\u00bbtag:h2|text_align:left|color:%237ee236&#8243; google_fonts=\u00bbfont_family:Roboto%20Slab%3A100%2C300%2Cregular%2C700|font_style:700%20bold%20regular%3A700%3Anormal\u00bb][vc_column_text] La Escuela de Verano de Emprendimiento y Negocio CEOE-Tenerife y Universidad de La Laguna es un programa formativo intensivo de 5 d\u00edas de duraci\u00f3n, de car\u00e1cter pr\u00e1ctico y l\u00fadico, que tiene como principal finalidad acercar el mundo empresarial al alumnado de 3\u00ba y 4\u00ba de la ESO&#8230;<\/p>\n","protected":false},"author":56,"featured_media":0,"parent":0,"menu_order":0,"comment_status":"closed","ping_status":"closed","template":"templates\/cienciaull.php","meta":{"inline_featured_image":false,"footnotes":""},"acf":[],"yoast_head":"<!-- This site is optimized with the Yoast SEO plugin v21.3 - https:\/\/yoast.com\/wordpress\/plugins\/seo\/ -->\n<title>Escuela de Verano Emprendimiento y Negocio CEOE Tenerife-ULL -<\/title>\n<meta name=\"robots\" content=\"index, follow, max-snippet:-1, max-image-preview:large, max-video-preview:-1\" \/>\n<link rel=\"canonical\" href=\"https:\/\/www.ull.es\/portal\/cienciaull\/escuela-de-verano-emprendimiento-y-negocio-ceoe-tenerife-ull\/\" \/>\n<meta property=\"og:locale\" content=\"es_ES\" \/>\n<meta property=\"og:type\" content=\"article\" \/>\n<meta property=\"og:title\" content=\"Escuela de Verano Emprendimiento y Negocio CEOE Tenerife-ULL -\" \/>\n<meta property=\"og:description\" content=\"[vc_row][vc_column][vc_separator color=\u00bbvista_blue\u00bb border_width=\u00bb10&#8243;][\/vc_column][\/vc_row][vc_row][vc_column width=\u00bb2\/3&#8243;][vc_empty_space height=\u00bb40px\u00bb][vc_custom_heading text=\u00bbPresentaci\u00f3n\u00bb font_container=\u00bbtag:h2|text_align:left|color:%237ee236&#8243; google_fonts=\u00bbfont_family:Roboto%20Slab%3A100%2C300%2Cregular%2C700|font_style:700%20bold%20regular%3A700%3Anormal\u00bb][vc_column_text] La Escuela de Verano de Emprendimiento y Negocio CEOE-Tenerife y Universidad de La Laguna es un programa formativo intensivo de 5 d\u00edas de duraci\u00f3n, de car\u00e1cter pr\u00e1ctico y l\u00fadico, que tiene como principal finalidad acercar el mundo empresarial al alumnado de 3\u00ba y 4\u00ba de la ESO...\" \/>\n<meta property=\"og:url\" content=\"https:\/\/www.ull.es\/portal\/cienciaull\/escuela-de-verano-emprendimiento-y-negocio-ceoe-tenerife-ull\/\" \/>\n<meta property=\"article:publisher\" content=\"https:\/\/www.facebook.com\/CienciaULL\/\" \/>\n<meta property=\"article:modified_time\" content=\"2023-08-30T08:18:32+00:00\" \/>\n<meta name=\"twitter:card\" content=\"summary_large_image\" \/>\n<meta name=\"twitter:site\" content=\"@CienciaULL\" \/>\n<meta name=\"twitter:label1\" content=\"Tiempo de lectura\" \/>\n\t<meta name=\"twitter:data1\" content=\"3 minutos\" \/>\n<script type=\"application\/ld+json\" class=\"yoast-schema-graph\">{\"@context\":\"https:\/\/schema.org\",\"@graph\":[{\"@type\":\"WebPage\",\"@id\":\"https:\/\/www.ull.es\/portal\/cienciaull\/escuela-de-verano-emprendimiento-y-negocio-ceoe-tenerife-ull\/\",\"url\":\"https:\/\/www.ull.es\/portal\/cienciaull\/escuela-de-verano-emprendimiento-y-negocio-ceoe-tenerife-ull\/\",\"name\":\"Escuela de Verano Emprendimiento y Negocio CEOE Tenerife-ULL -\",\"isPartOf\":{\"@id\":\"https:\/\/www.ull.es\/portal\/cienciaull\/#website\"},\"datePublished\":\"2023-07-31T12:06:16+00:00\",\"dateModified\":\"2023-08-30T08:18:32+00:00\",\"breadcrumb\":{\"@id\":\"https:\/\/www.ull.es\/portal\/cienciaull\/escuela-de-verano-emprendimiento-y-negocio-ceoe-tenerife-ull\/#breadcrumb\"},\"inLanguage\":\"es\",\"potentialAction\":[{\"@type\":\"ReadAction\",\"target\":[\"https:\/\/www.ull.es\/portal\/cienciaull\/escuela-de-verano-emprendimiento-y-negocio-ceoe-tenerife-ull\/\"]}]},{\"@type\":\"BreadcrumbList\",\"@id\":\"https:\/\/www.ull.es\/portal\/cienciaull\/escuela-de-verano-emprendimiento-y-negocio-ceoe-tenerife-ull\/#breadcrumb\",\"itemListElement\":[{\"@type\":\"ListItem\",\"position\":1,\"name\":\"Portada\",\"item\":\"https:\/\/www.ull.es\/portal\/cienciaull\/\"},{\"@type\":\"ListItem\",\"position\":2,\"name\":\"Escuela de Verano Emprendimiento y Negocio CEOE Tenerife-ULL\"}]},{\"@type\":\"WebSite\",\"@id\":\"https:\/\/www.ull.es\/portal\/cienciaull\/#website\",\"url\":\"https:\/\/www.ull.es\/portal\/cienciaull\/\",\"name\":\"\",\"description\":\"Unidad de Cultura Cient\u00edfica y de la Innovaci\u00f3n de la Universidad de La Laguna\",\"potentialAction\":[{\"@type\":\"SearchAction\",\"target\":{\"@type\":\"EntryPoint\",\"urlTemplate\":\"https:\/\/www.ull.es\/portal\/cienciaull\/?s={search_term_string}\"},\"query-input\":\"required name=search_term_string\"}],\"inLanguage\":\"es\"}]}<\/script>\n<!-- \/ Yoast SEO plugin. -->","yoast_head_json":{"title":"Escuela de Verano Emprendimiento y Negocio CEOE Tenerife-ULL -","robots":{"index":"index","follow":"follow","max-snippet":"max-snippet:-1","max-image-preview":"max-image-preview:large","max-video-preview":"max-video-preview:-1"},"canonical":"https:\/\/www.ull.es\/portal\/cienciaull\/escuela-de-verano-emprendimiento-y-negocio-ceoe-tenerife-ull\/","og_locale":"es_ES","og_type":"article","og_title":"Escuela de Verano Emprendimiento y Negocio CEOE Tenerife-ULL -","og_description":"[vc_row][vc_column][vc_separator color=\u00bbvista_blue\u00bb border_width=\u00bb10&#8243;][\/vc_column][\/vc_row][vc_row][vc_column width=\u00bb2\/3&#8243;][vc_empty_space height=\u00bb40px\u00bb][vc_custom_heading text=\u00bbPresentaci\u00f3n\u00bb font_container=\u00bbtag:h2|text_align:left|color:%237ee236&#8243; google_fonts=\u00bbfont_family:Roboto%20Slab%3A100%2C300%2Cregular%2C700|font_style:700%20bold%20regular%3A700%3Anormal\u00bb][vc_column_text] La Escuela de Verano de Emprendimiento y Negocio CEOE-Tenerife y Universidad de La Laguna es un programa formativo intensivo de 5 d\u00edas de duraci\u00f3n, de car\u00e1cter pr\u00e1ctico y l\u00fadico, que tiene como principal finalidad acercar el mundo empresarial al alumnado de 3\u00ba y 4\u00ba de la ESO...","og_url":"https:\/\/www.ull.es\/portal\/cienciaull\/escuela-de-verano-emprendimiento-y-negocio-ceoe-tenerife-ull\/","article_publisher":"https:\/\/www.facebook.com\/CienciaULL\/","article_modified_time":"2023-08-30T08:18:32+00:00","twitter_card":"summary_large_image","twitter_site":"@CienciaULL","twitter_misc":{"Tiempo de lectura":"3 minutos"},"schema":{"@context":"https:\/\/schema.org","@graph":[{"@type":"WebPage","@id":"https:\/\/www.ull.es\/portal\/cienciaull\/escuela-de-verano-emprendimiento-y-negocio-ceoe-tenerife-ull\/","url":"https:\/\/www.ull.es\/portal\/cienciaull\/escuela-de-verano-emprendimiento-y-negocio-ceoe-tenerife-ull\/","name":"Escuela de Verano Emprendimiento y Negocio CEOE Tenerife-ULL -","isPartOf":{"@id":"https:\/\/www.ull.es\/portal\/cienciaull\/#website"},"datePublished":"2023-07-31T12:06:16+00:00","dateModified":"2023-08-30T08:18:32+00:00","breadcrumb":{"@id":"https:\/\/www.ull.es\/portal\/cienciaull\/escuela-de-verano-emprendimiento-y-negocio-ceoe-tenerife-ull\/#breadcrumb"},"inLanguage":"es","potentialAction":[{"@type":"ReadAction","target":["https:\/\/www.ull.es\/portal\/cienciaull\/escuela-de-verano-emprendimiento-y-negocio-ceoe-tenerife-ull\/"]}]},{"@type":"BreadcrumbList","@id":"https:\/\/www.ull.es\/portal\/cienciaull\/escuela-de-verano-emprendimiento-y-negocio-ceoe-tenerife-ull\/#breadcrumb","itemListElement":[{"@type":"ListItem","position":1,"name":"Portada","item":"https:\/\/www.ull.es\/portal\/cienciaull\/"},{"@type":"ListItem","position":2,"name":"Escuela de Verano Emprendimiento y Negocio CEOE Tenerife-ULL"}]},{"@type":"WebSite","@id":"https:\/\/www.ull.es\/portal\/cienciaull\/#website","url":"https:\/\/www.ull.es\/portal\/cienciaull\/","name":"","description":"Unidad de Cultura Cient\u00edfica y de la Innovaci\u00f3n de la Universidad de La Laguna","potentialAction":[{"@type":"SearchAction","target":{"@type":"EntryPoint","urlTemplate":"https:\/\/www.ull.es\/portal\/cienciaull\/?s={search_term_string}"},"query-input":"required name=search_term_string"}],"inLanguage":"es"}]}},"_links":{"self":[{"href":"https:\/\/www.ull.es\/portal\/cienciaull\/wp-json\/wp\/v2\/pages\/24344"}],"collection":[{"href":"https:\/\/www.ull.es\/portal\/cienciaull\/wp-json\/wp\/v2\/pages"}],"about":[{"href":"https:\/\/www.ull.es\/portal\/cienciaull\/wp-json\/wp\/v2\/types\/page"}],"author":[{"embeddable":true,"href":"https:\/\/www.ull.es\/portal\/cienciaull\/wp-json\/wp\/v2\/users\/56"}],"replies":[{"embeddable":true,"href":"https:\/\/www.ull.es\/portal\/cienciaull\/wp-json\/wp\/v2\/comments?post=24344"}],"version-history":[{"count":25,"href":"https:\/\/www.ull.es\/portal\/cienciaull\/wp-json\/wp\/v2\/pages\/24344\/revisions"}],"predecessor-version":[{"id":24696,"href":"https:\/\/www.ull.es\/portal\/cienciaull\/wp-json\/wp\/v2\/pages\/24344\/revisions\/24696"}],"wp:attachment":[{"href":"https:\/\/www.ull.es\/portal\/cienciaull\/wp-json\/wp\/v2\/media?parent=24344"}],"curies":[{"name":"wp","href":"https:\/\/api.w.org\/{rel}","templated":true}]}}