{"id":2671,"date":"2025-10-01T12:38:58","date_gmt":"2025-10-01T12:38:58","guid":{"rendered":"https:\/\/www.ull.es\/portal\/cienciaull\/?page_id=2671"},"modified":"2025-10-01T12:38:58","modified_gmt":"2025-10-01T12:38:58","slug":"temporada-2019","status":"publish","type":"page","link":"https:\/\/www.ull.es\/portal\/cienciaull\/doblehelice3-0\/temporada-2019\/","title":{"rendered":"Temporada 2019"},"content":{"rendered":"<p>[vc_row][vc_column][vc_custom_heading source=\u00bbpost_title\u00bb google_fonts=\u00bbfont_family:Roboto%20Slab%3A100%2C300%2Cregular%2C700|font_style:700%20bold%20regular%3A700%3Anormal\u00bb css=\u00bb.vc_custom_1587172535048{margin-bottom: 5px !important;border-bottom-width: 5px !important;padding-bottom: 5px !important;}\u00bb][vc_column_text]<\/p>\n<p style=\"text-align: justify\">A continuaci\u00f3n se recoge los programas realizados durante la <strong>temporada 2019<\/strong>:<\/p>\n<p>[\/vc_column_text][\/vc_column][\/vc_row][vc_row][vc_column][vc_column_text]<\/p>\n<table width=\"888\">\n<tbody>\n<tr>\n<td width=\"69\"><strong>Programa<\/strong><\/td>\n<td width=\"423\"><strong>T\u00edtulo<\/strong><\/td>\n<td width=\"397\"><strong>Investigador\/a<\/strong><\/td>\n<\/tr>\n<tr>\n<td style=\"text-align: center\" width=\"69\"><strong>01<\/strong><\/td>\n<td width=\"423\"><strong><a href=\"https:\/\/www.ivoox.com\/bosques-fosiles-audios-mp3_rf_31535667_1.html\" target=\"_blank\" rel=\"noopener\">Bosques f\u00f3siles<\/a><\/strong><\/td>\n<td width=\"397\">Lea de Nascimento<\/td>\n<\/tr>\n<tr>\n<td style=\"text-align: center\" width=\"69\"><strong>02<\/strong><\/td>\n<td width=\"423\"><strong><a href=\"https:\/\/www.ivoox.com\/tabla-periodica-150-anos-despues-audios-mp3_rf_31638053_1.html\" target=\"_blank\" rel=\"noopener\">La tabla peri\u00f3dica 150 a\u00f1os despu\u00e9s<\/a><\/strong><\/td>\n<td width=\"397\">Antonio Diego Lozano Gorr\u00edn<\/td>\n<\/tr>\n<tr>\n<td style=\"text-align: center\" width=\"69\"><strong>03<\/strong><\/td>\n<td width=\"423\"><strong><a href=\"https:\/\/www.ivoox.com\/ciencia-del-arte-restauracion-audios-mp3_rf_31913806_1.html\" target=\"_blank\" rel=\"noopener\">La ciencia del arte, restauraci\u00f3n<\/a><\/strong><\/td>\n<td width=\"397\">Elisa D\u00edaz<\/td>\n<\/tr>\n<tr>\n<td style=\"text-align: center\" width=\"69\"><strong>04<\/strong><\/td>\n<td width=\"423\"><strong><a href=\"https:\/\/www.ivoox.com\/fosiles-son-cosa-del-presente-audios-mp3_rf_32225670_1.html\" target=\"_blank\" rel=\"noopener\">Los f\u00f3siles son cosas del presente<\/a><\/strong><\/td>\n<td width=\"397\">Carolina Castillo<\/td>\n<\/tr>\n<tr>\n<td style=\"text-align: center\" width=\"69\"><strong>05<\/strong><\/td>\n<td width=\"423\"><strong><a href=\"https:\/\/www.ivoox.com\/geografia-al-servicio-del-empleo-audios-mp3_rf_32504936_1.html\" target=\"_blank\" rel=\"noopener\">La geograf\u00eda al servicio del empleo<\/a><\/strong><\/td>\n<td width=\"397\">Vicente Zapata<\/td>\n<\/tr>\n<tr>\n<td style=\"text-align: center\" width=\"69\"><strong>06<\/strong><\/td>\n<td width=\"423\"><strong><a href=\"https:\/\/www.ivoox.com\/de-molecula-al-medicamento-audios-mp3_rf_32663892_1.html\" target=\"_blank\" rel=\"noopener\">De la mol\u00e9cula al medicamento<\/a><\/strong><\/td>\n<td width=\"397\">Manuel Norte<\/td>\n<\/tr>\n<tr>\n<td style=\"text-align: center\" width=\"69\"><strong>07<\/strong><\/td>\n<td width=\"423\"><strong><a href=\"https:\/\/www.ivoox.com\/arte-ciencia-3d-audios-mp3_rf_32817665_1.html\" target=\"_blank\" rel=\"noopener\">Arte y ciencia en 3D<\/a><\/strong><\/td>\n<td width=\"397\">Jos\u00e9 Luis Saor\u00edn<\/td>\n<\/tr>\n<tr>\n<td style=\"text-align: center\" width=\"69\"><strong>08<\/strong><\/td>\n<td width=\"423\"><strong><a href=\"https:\/\/www.ivoox.com\/ingenieria-al-servicio-salud-audios-mp3_rf_33121569_1.html\" target=\"_blank\" rel=\"noopener\">La ingenier\u00eda al servicio de la salud<\/a><\/strong><\/td>\n<td width=\"397\">Ernesto Pereda<\/td>\n<\/tr>\n<tr>\n<td style=\"text-align: center\" width=\"69\"><strong>09<\/strong><\/td>\n<td width=\"423\"><strong><a href=\"https:\/\/www.ivoox.com\/deslizamientos-gravitacionales-audios-mp3_rf_33293974_1.html\" target=\"_blank\" rel=\"noopener\">Los deslizamientos gravitacionales<\/a><\/strong><\/td>\n<td width=\"397\">Ram\u00f3n Casillas<\/td>\n<\/tr>\n<tr>\n<td style=\"text-align: center\" width=\"69\"><strong>10<\/strong><\/td>\n<td width=\"423\"><strong><a href=\"https:\/\/www.ivoox.com\/bioacustica-aprendiendo-a-escuchar-a-animales-audios-mp3_rf_33461911_1.html\" target=\"_blank\" rel=\"noopener\">Bioac\u00fastica: aprendiendo a escuchar a los animales<\/a><\/strong><\/td>\n<td width=\"397\">Fernando Rosa Gonz\u00e1lez<\/td>\n<\/tr>\n<tr>\n<td style=\"text-align: center\" width=\"69\"><strong>11<\/strong><\/td>\n<td width=\"423\"><strong><a href=\"https:\/\/www.ivoox.com\/vocaciones-cientificas-audios-mp3_rf_33802487_1.html\" target=\"_blank\" rel=\"noopener\">Las vocaciones cient\u00edficas<\/a><\/strong><\/td>\n<td width=\"397\">Programa especial<\/td>\n<\/tr>\n<tr>\n<td style=\"text-align: center\" width=\"69\"><strong>12<\/strong><\/td>\n<td width=\"423\"><strong><a href=\"https:\/\/www.ivoox.com\/vocaciones-cientificas-audios-mp3_rf_33802487_1.html\" target=\"_blank\" rel=\"noopener\">Feria Vocaciones cient\u00edficas (Parte I)<\/a><\/strong><\/td>\n<td width=\"397\">Entrevista a los grupos de investigaci\u00f3n participantes<\/td>\n<\/tr>\n<tr>\n<td style=\"text-align: center\" width=\"69\"><strong>13<\/strong><\/td>\n<td width=\"423\"><strong><a href=\"https:\/\/www.ivoox.com\/feria-vocaciones-cientificas-i-audios-mp3_rf_34074231_1.html\" target=\"_blank\" rel=\"noopener\">Feria Vocaciones cient\u00edficas (Parte II)<\/a><\/strong><\/td>\n<td width=\"397\">Entrevista a los grupos de investigaci\u00f3n participantes<\/td>\n<\/tr>\n<tr>\n<td style=\"text-align: center\" width=\"69\"><strong>14<\/strong><\/td>\n<td width=\"423\"><strong><a href=\"https:\/\/www.ivoox.com\/como-ensenar-matematicas-audios-mp3_rf_34530953_1.html\" target=\"_blank\" rel=\"noopener\">\u00bfC\u00f3mo ense\u00f1ar las Matem\u00e1ticas?<\/a><\/strong><\/td>\n<td width=\"397\">Israel Garc\u00eda<\/td>\n<\/tr>\n<tr>\n<td style=\"text-align: center\" width=\"69\"><strong>15<\/strong><\/td>\n<td width=\"423\"><strong><a href=\"https:\/\/www.ivoox.com\/pensar-como-maquina-audios-mp3_rf_34756403_1.html\" target=\"_blank\" rel=\"noopener\">Pensar como una m\u00e1quina<\/a><\/strong><\/td>\n<td width=\"397\">Coromoto Le\u00f3n<\/td>\n<\/tr>\n<tr>\n<td style=\"text-align: center\" width=\"69\"><strong>16<\/strong><\/td>\n<td width=\"423\"><strong><a href=\"https:\/\/www.ivoox.com\/genetica-al-servicio-biodiversidad-audios-mp3_rf_35120419_1.html\" target=\"_blank\" rel=\"noopener\">La gen\u00e9tica al servicio de la biodiversidad<\/a><\/strong><\/td>\n<td width=\"397\">Mariano Hern\u00e1ndez<\/td>\n<\/tr>\n<tr>\n<td style=\"text-align: center\" width=\"69\"><strong>17<\/strong><\/td>\n<td width=\"423\"><strong><a href=\"https:\/\/www.ivoox.com\/matematicas-dirigen-transporte-audios-mp3_rf_35482838_1.html\" target=\"_blank\" rel=\"noopener\">Las matem\u00e1ticas dirigen el transporte<\/a><\/strong><\/td>\n<td width=\"397\">Juan Jos\u00e9 Salazar<\/td>\n<\/tr>\n<tr>\n<td style=\"text-align: center\" width=\"69\"><strong>18<\/strong><\/td>\n<td width=\"423\"><strong><a href=\"https:\/\/www.ivoox.com\/linaje-genetico-canarios-audios-mp3_rf_35744683_1.html\" target=\"_blank\" rel=\"noopener\">El linaje gen\u00e9tico de los Canarios<\/a><\/strong><\/td>\n<td width=\"397\">Rosa Fregel<\/td>\n<\/tr>\n<tr>\n<td style=\"text-align: center\" width=\"69\"><strong>19<\/strong><\/td>\n<td width=\"423\"><strong><a href=\"https:\/\/www.ivoox.com\/como-construir-bolido-desde-cero-audios-mp3_rf_36081609_1.html\" target=\"_blank\" rel=\"noopener\">\u00bfC\u00f3mo construir un b\u00f3lido desde cero?<\/a><\/strong><\/td>\n<td width=\"397\">Grupo Formula Students de ULL<\/td>\n<\/tr>\n<tr>\n<td style=\"text-align: center\" width=\"69\"><strong>20<\/strong><\/td>\n<td width=\"423\"><strong><a href=\"https:\/\/www.ivoox.com\/zoonosis-cuando-animales-nos-enferman-audios-mp3_rf_36358754_1.html\" target=\"_blank\" rel=\"noopener\">Zoonosis: cuando los animales nos enferman<\/a><\/strong><\/td>\n<td width=\"397\">Pilar Foronda<\/td>\n<\/tr>\n<tr>\n<td style=\"text-align: center\" width=\"69\"><strong>21<\/strong><\/td>\n<td width=\"423\"><strong><a href=\"https:\/\/www.ivoox.com\/innovacion-diseno-audios-mp3_rf_36619316_1.html\" target=\"_blank\" rel=\"noopener\">Innovaci\u00f3n en el dise\u00f1o<\/a><\/strong><\/td>\n<td width=\"397\">Alfonso Ruiz Rallo y Mar\u00eda Fernanda Sapino<\/td>\n<\/tr>\n<tr>\n<td style=\"text-align: center\" width=\"69\"><strong>22<\/strong><\/td>\n<td width=\"423\"><strong><a href=\"https:\/\/www.ivoox.com\/un-verano-ciencia-tecnologia-audios-mp3_rf_37050920_1.html\" target=\"_blank\" rel=\"noopener\">Un verano de Ciencia y Tecnolog\u00eda<\/a><\/strong><\/td>\n<td width=\"397\">Antonio Eff Darwich Pe\u00f1a<\/td>\n<\/tr>\n<tr>\n<td style=\"text-align: center\" width=\"69\"><strong>23<\/strong><\/td>\n<td width=\"423\"><strong><a href=\"https:\/\/www.ivoox.com\/exprimiendo-nubes-audios-mp3_rf_37188665_1.html\" target=\"_blank\" rel=\"noopener\">Exprimiendo las nubes<\/a><\/strong><\/td>\n<td width=\"397\">Victoria Marzol<\/td>\n<\/tr>\n<tr>\n<td style=\"text-align: center\" width=\"69\"><strong>24<\/strong><\/td>\n<td width=\"423\"><strong><a href=\"https:\/\/www.ivoox.com\/intrahistoria-arqueologia-canarias-audios-mp3_rf_37533557_1.html\" target=\"_blank\" rel=\"noopener\">La intrahistoria de la Arqueolog\u00eda en Canarias<\/a><\/strong><\/td>\n<td width=\"397\">Jos\u00e9 Farrujia<\/td>\n<\/tr>\n<tr>\n<td style=\"text-align: center\" width=\"69\"><strong>25<\/strong><\/td>\n<td width=\"423\"><strong><a href=\"https:\/\/www.ivoox.com\/campus-america-audios-mp3_rf_37823665_1.html\" target=\"_blank\" rel=\"noopener\">Campus Am\u00e9rica 2019<\/a><\/strong><\/td>\n<td width=\"397\">Julio Brito<\/td>\n<\/tr>\n<tr>\n<td style=\"text-align: center\" width=\"69\"><strong>26<\/strong><\/td>\n<td width=\"423\"><strong><a href=\"https:\/\/www.ivoox.com\/futuro-educacion-economia-circular-audios-mp3_rf_38139831_1.html\" target=\"_blank\" rel=\"noopener\">El futuro de la educaci\u00f3n y la econom\u00eda circular<\/a><\/strong><\/td>\n<td width=\"397\">Manuel Area y Coqui Garc\u00eda<\/td>\n<\/tr>\n<tr>\n<td style=\"text-align: center\" width=\"69\"><strong>27<\/strong><\/td>\n<td width=\"423\"><strong><a href=\"https:\/\/www.ivoox.com\/presente-futuro-energias-renovables-audios-mp3_rf_38449777_1.html\" target=\"_blank\" rel=\"noopener\">Presente y futuro de las energ\u00edas renovables<\/a><\/strong><\/td>\n<td width=\"397\">Ricardo Guerrero Lemus<\/td>\n<\/tr>\n<tr>\n<td style=\"text-align: center\" width=\"69\"><strong>28<\/strong><\/td>\n<td width=\"423\"><strong><a href=\"https:\/\/www.ivoox.com\/invasion-microplasticos-audios-mp3_rf_39168610_1.html\" target=\"_blank\" rel=\"noopener\">La invasi\u00f3n de los micropl\u00e1sticos<\/a><\/strong><\/td>\n<td width=\"397\">Javier Hern\u00e1ndez Borges<\/td>\n<\/tr>\n<tr>\n<td style=\"text-align: center\" width=\"69\"><strong>29<\/strong><\/td>\n<td width=\"423\"><strong><a href=\"https:\/\/www.ivoox.com\/programa-resumen-temporada-audios-mp3_rf_39167749_1.html\" target=\"_blank\" rel=\"noopener\">Programa resumen de la temporada 2019<\/a><\/strong><\/td>\n<td width=\"397\">Programa especial<\/td>\n<\/tr>\n<tr>\n<td style=\"text-align: center\" width=\"69\"><strong>30<\/strong><\/td>\n<td width=\"423\"><strong><a href=\"https:\/\/www.ivoox.com\/cuando-bacterias-te-arruinan-comida-audios-mp3_rf_41087841_1.html\" target=\"_blank\" rel=\"noopener\">Cuando las bacterias te arruinan la comida<\/a><\/strong><\/td>\n<td width=\"397\">Eduardo P\u00e9rez Roth<\/td>\n<\/tr>\n<tr>\n<td style=\"text-align: center\" width=\"69\"><strong>31<\/strong><\/td>\n<td width=\"423\"><strong><a href=\"https:\/\/www.ivoox.com\/llega-macaronight-2019-audios-mp3_rf_41479439_1.html\" target=\"_blank\" rel=\"noopener\">Llega MacaroNightEU 2019<\/a><\/strong><\/td>\n<td width=\"397\">Programa especial<\/td>\n<\/tr>\n<tr>\n<td style=\"text-align: center\" width=\"69\"><strong>32<\/strong><\/td>\n<td width=\"423\"><strong><a href=\"https:\/\/www.ivoox.com\/cuando-presion-cambia-materia-audios-mp3_rf_42309404_1.html\" target=\"_blank\" rel=\"noopener\">Cuando la presi\u00f3n cambia la materia<\/a><\/strong><\/td>\n<td width=\"397\">Alfonso Mu\u00f1oz<\/td>\n<\/tr>\n<tr>\n<td style=\"text-align: center\" width=\"69\"><strong>33<\/strong><\/td>\n<td width=\"423\"><strong><a href=\"https:\/\/www.ivoox.com\/atomos-nos-cuentan-pasado-audios-mp3_rf_42309870_1.html\" target=\"_blank\" rel=\"noopener\">Los \u00e1tomos nos cuentan el pasado<\/a><\/strong><\/td>\n<td width=\"397\">El\u00edas S\u00e1nchez<\/td>\n<\/tr>\n<tr>\n<td style=\"text-align: center\" width=\"69\"><strong>34<\/strong><\/td>\n<td width=\"423\"><strong><a href=\"https:\/\/www.ivoox.com\/ultimo-numero-hipotesis-sexo-vida-sintetica-audios-mp3_rf_42740919_1.html\" target=\"_blank\" rel=\"noopener\">\u00daltimo n\u00famero de Hip\u00f3tesis: Sexo y vida sint\u00e9tica<\/a><\/strong><\/td>\n<td width=\"397\">N\u00e9stor Torres<\/td>\n<\/tr>\n<tr>\n<td style=\"text-align: center\" width=\"69\"><strong>35<\/strong><\/td>\n<td width=\"423\"><strong><a href=\"https:\/\/www.ivoox.com\/50-anos-estudios-matematicos-ull-audios-mp3_rf_43183559_1.html\" target=\"_blank\" rel=\"noopener\">50 a\u00f1os de estudios matem\u00e1ticos en la ULL<\/a><\/strong><\/td>\n<td width=\"397\">Edith Padr\u00f3n<\/td>\n<\/tr>\n<tr>\n<td style=\"text-align: center\" width=\"69\"><strong>36<\/strong><\/td>\n<td width=\"423\"><strong><a href=\"https:\/\/www.ivoox.com\/plagas-estan-acabando-agricultura-audios-mp3_rf_43308453_1.html\" target=\"_blank\" rel=\"noopener\">Las plagas que est\u00e1n acabando con la agricultura<\/a><\/strong><\/td>\n<td width=\"397\">Raimundo Cabrera<\/td>\n<\/tr>\n<tr>\n<td style=\"text-align: center\" width=\"69\"><strong>37<\/strong><\/td>\n<td width=\"423\"><strong><a href=\"https:\/\/www.ivoox.com\/robotica-e-inteligencia-artificial-mas-alla-de-audios-mp3_rf_43589576_1.html\" target=\"_blank\" rel=\"noopener\">La rob\u00f3tica e inteligencia artificial m\u00e1s all\u00e1 de la ciencia ficci\u00f3n<\/a><\/strong><\/td>\n<td width=\"397\">Jonay Toledo<\/td>\n<\/tr>\n<tr>\n<td style=\"text-align: center\" width=\"69\"><strong>38<\/strong><\/td>\n<td width=\"423\"><strong><a href=\"https:\/\/www.ivoox.com\/criptologia-al-servicio-seguridad-audios-mp3_rf_43863039_1.html\" target=\"_blank\" rel=\"noopener\">La criptolog\u00eda al servicio de la seguridad<\/a><\/strong><\/td>\n<td width=\"397\">Pino Caballero<\/td>\n<\/tr>\n<tr>\n<td style=\"text-align: center\" width=\"69\"><strong>39<\/strong><\/td>\n<td width=\"423\"><strong><a href=\"https:\/\/www.ivoox.com\/cambio-climatico-ya-esta-aqui-audios-mp3_rf_44157664_1.html\" target=\"_blank\" rel=\"noopener\">El cambio clim\u00e1tico ya est\u00e1 aqu\u00ed<\/a><\/strong><\/td>\n<td width=\"397\">Juan Pedro D\u00edaz<\/td>\n<\/tr>\n<tr>\n<td style=\"text-align: center\" width=\"69\"><strong>40<\/strong><\/td>\n<td width=\"423\"><strong><a href=\"https:\/\/www.ivoox.com\/cristales-contra-contaminacion-audios-mp3_rf_44374490_1.html\" target=\"_blank\" rel=\"noopener\">Cristales contra la contaminaci\u00f3n<\/a><\/strong><\/td>\n<td width=\"397\">Jorge Pas\u00e1n<\/td>\n<\/tr>\n<tr>\n<td style=\"text-align: center\" width=\"69\"><strong>41<\/strong><\/td>\n<td width=\"423\"><strong><a href=\"https:\/\/www.ivoox.com\/desvelando-secretos-cetaceos-audios-mp3_rf_44687913_1.html\" target=\"_blank\" rel=\"noopener\">Desvelando los secretos de los cet\u00e1ceos<\/a><\/strong><\/td>\n<td width=\"397\">Natacha Aguilar<\/td>\n<\/tr>\n<tr>\n<td style=\"text-align: center\" width=\"69\"><strong>42<\/strong><\/td>\n<td width=\"423\"><strong><a href=\"https:\/\/www.ivoox.com\/desvelando-secretos-cetaceos-audios-mp3_rf_44687913_1.html\" target=\"_blank\" rel=\"noopener\">La nueva revoluci\u00f3n de la construcci\u00f3n<\/a><\/strong><\/td>\n<td width=\"397\">Norena Mart\u00edn<\/td>\n<\/tr>\n<tr>\n<td style=\"text-align: center\" width=\"69\"><strong>43<\/strong><\/td>\n<td width=\"423\"><strong><a href=\"https:\/\/www.ivoox.com\/emergencia-climatica-especial-cop25-audios-mp3_rf_45225035_1.html\" target=\"_blank\" rel=\"noopener\">Emergencia clim\u00e1tica. Especial COP25<\/a><\/strong><\/td>\n<td width=\"397\">Programa especial<\/td>\n<\/tr>\n<tr>\n<td style=\"text-align: center\" width=\"69\"><strong>44<\/strong><\/td>\n<td width=\"423\"><strong><a href=\"https:\/\/www.ivoox.com\/matematicas-gestion-trafico-audios-mp3_rf_45493120_1.html\" target=\"_blank\" rel=\"noopener\">Las matem\u00e1ticas y la gesti\u00f3n del tr\u00e1fico<\/a><\/strong><\/td>\n<td width=\"397\">Bel\u00e9n Meli\u00e1n<\/td>\n<\/tr>\n<tr>\n<td style=\"text-align: center\" width=\"69\"><strong>45<\/strong><\/td>\n<td width=\"423\"><strong><a href=\"https:\/\/www.ivoox.com\/sabes-lo-comes-audios-mp3_rf_45758691_1.html\" target=\"_blank\" rel=\"noopener\">\u00bfSabes lo qu\u00e9 comes?<\/a><\/strong><\/td>\n<td width=\"397\">Miguel \u00c1ngel Rodr\u00edguez<\/td>\n<\/tr>\n<tr>\n<td style=\"text-align: center\" width=\"69\"><strong>46<\/strong><\/td>\n<td width=\"423\"><strong><a href=\"https:\/\/www.ivoox.com\/lo-mejor-ciencia-2019-audios-mp3_rf_45926340_1.html\" target=\"_blank\" rel=\"noopener\">Lo mejor de la ciencia de 2019<\/a><\/strong><\/td>\n<td width=\"397\">Resumen de la temporada<\/td>\n<\/tr>\n<\/tbody>\n<\/table>\n<p>[\/vc_column_text][\/vc_column][\/vc_row]<\/p>\n","protected":false},"excerpt":{"rendered":"<p>[vc_row][vc_column][vc_custom_heading source=\u00bbpost_title\u00bb google_fonts=\u00bbfont_family:Roboto%20Slab%3A100%2C300%2Cregular%2C700|font_style:700%20bold%20regular%3A700%3Anormal\u00bb css=\u00bb.vc_custom_1587172535048{margin-bottom: 5px !important;border-bottom-width: 5px !important;padding-bottom: 5px !important;}\u00bb][vc_column_text] A continuaci\u00f3n se recoge los programas realizados durante la temporada 2019: [\/vc_column_text][\/vc_column][\/vc_row][vc_row][vc_column][vc_column_text] Programa T\u00edtulo Investigador\/a 01 Bosques f\u00f3siles Lea de Nascimento 02 La tabla peri\u00f3dica 150 a\u00f1os despu\u00e9s Antonio Diego Lozano Gorr\u00edn 03 La ciencia del arte, restauraci\u00f3n Elisa D\u00edaz 04 Los f\u00f3siles son cosas&#8230;<\/p>\n","protected":false},"author":56,"featured_media":0,"parent":2428,"menu_order":0,"comment_status":"closed","ping_status":"closed","template":"","meta":{"inline_featured_image":false,"footnotes":""},"acf":[],"yoast_head":"<!-- This site is optimized with the Yoast SEO plugin v21.3 - https:\/\/yoast.com\/wordpress\/plugins\/seo\/ -->\n<title>Temporada 2019 -<\/title>\n<meta name=\"robots\" content=\"index, follow, max-snippet:-1, max-image-preview:large, max-video-preview:-1\" \/>\n<link rel=\"canonical\" href=\"https:\/\/www.ull.es\/portal\/cienciaull\/doblehelice3-0\/temporada-2019\/\" \/>\n<meta property=\"og:locale\" content=\"es_ES\" \/>\n<meta property=\"og:type\" content=\"article\" \/>\n<meta property=\"og:title\" content=\"Temporada 2019 -\" \/>\n<meta property=\"og:description\" content=\"[vc_row][vc_column][vc_custom_heading source=\u00bbpost_title\u00bb google_fonts=\u00bbfont_family:Roboto%20Slab%3A100%2C300%2Cregular%2C700|font_style:700%20bold%20regular%3A700%3Anormal\u00bb css=\u00bb.vc_custom_1587172535048{margin-bottom: 5px !important;border-bottom-width: 5px !important;padding-bottom: 5px !important;}\u00bb][vc_column_text] A continuaci\u00f3n se recoge los programas realizados durante la temporada 2019: [\/vc_column_text][\/vc_column][\/vc_row][vc_row][vc_column][vc_column_text] Programa T\u00edtulo Investigador\/a 01 Bosques f\u00f3siles Lea de Nascimento 02 La tabla peri\u00f3dica 150 a\u00f1os despu\u00e9s Antonio Diego Lozano Gorr\u00edn 03 La ciencia del arte, restauraci\u00f3n Elisa D\u00edaz 04 Los f\u00f3siles son cosas...\" \/>\n<meta property=\"og:url\" content=\"https:\/\/www.ull.es\/portal\/cienciaull\/doblehelice3-0\/temporada-2019\/\" \/>\n<meta property=\"article:publisher\" content=\"https:\/\/www.facebook.com\/CienciaULL\/\" \/>\n<meta name=\"twitter:card\" content=\"summary_large_image\" \/>\n<meta name=\"twitter:site\" content=\"@CienciaULL\" \/>\n<meta name=\"twitter:label1\" content=\"Tiempo de lectura\" \/>\n\t<meta name=\"twitter:data1\" content=\"3 minutos\" \/>\n<script type=\"application\/ld+json\" class=\"yoast-schema-graph\">{\"@context\":\"https:\/\/schema.org\",\"@graph\":[{\"@type\":\"WebPage\",\"@id\":\"https:\/\/www.ull.es\/portal\/cienciaull\/doblehelice3-0\/temporada-2019\/\",\"url\":\"https:\/\/www.ull.es\/portal\/cienciaull\/doblehelice3-0\/temporada-2019\/\",\"name\":\"Temporada 2019 -\",\"isPartOf\":{\"@id\":\"https:\/\/www.ull.es\/portal\/cienciaull\/#website\"},\"datePublished\":\"2025-10-01T12:38:58+00:00\",\"dateModified\":\"2025-10-01T12:38:58+00:00\",\"breadcrumb\":{\"@id\":\"https:\/\/www.ull.es\/portal\/cienciaull\/doblehelice3-0\/temporada-2019\/#breadcrumb\"},\"inLanguage\":\"es\",\"potentialAction\":[{\"@type\":\"ReadAction\",\"target\":[\"https:\/\/www.ull.es\/portal\/cienciaull\/doblehelice3-0\/temporada-2019\/\"]}]},{\"@type\":\"BreadcrumbList\",\"@id\":\"https:\/\/www.ull.es\/portal\/cienciaull\/doblehelice3-0\/temporada-2019\/#breadcrumb\",\"itemListElement\":[{\"@type\":\"ListItem\",\"position\":1,\"name\":\"Portada\",\"item\":\"https:\/\/www.ull.es\/portal\/cienciaull\/\"},{\"@type\":\"ListItem\",\"position\":2,\"name\":\"Doble H\u00e9lice 3.0\",\"item\":\"https:\/\/www.ull.es\/portal\/cienciaull\/doblehelice3-0\/\"},{\"@type\":\"ListItem\",\"position\":3,\"name\":\"Temporada 2019\"}]},{\"@type\":\"WebSite\",\"@id\":\"https:\/\/www.ull.es\/portal\/cienciaull\/#website\",\"url\":\"https:\/\/www.ull.es\/portal\/cienciaull\/\",\"name\":\"\",\"description\":\"Unidad de Cultura Cient\u00edfica y de la Innovaci\u00f3n de la Universidad de La Laguna\",\"potentialAction\":[{\"@type\":\"SearchAction\",\"target\":{\"@type\":\"EntryPoint\",\"urlTemplate\":\"https:\/\/www.ull.es\/portal\/cienciaull\/?s={search_term_string}\"},\"query-input\":\"required name=search_term_string\"}],\"inLanguage\":\"es\"}]}<\/script>\n<!-- \/ Yoast SEO plugin. -->","yoast_head_json":{"title":"Temporada 2019 -","robots":{"index":"index","follow":"follow","max-snippet":"max-snippet:-1","max-image-preview":"max-image-preview:large","max-video-preview":"max-video-preview:-1"},"canonical":"https:\/\/www.ull.es\/portal\/cienciaull\/doblehelice3-0\/temporada-2019\/","og_locale":"es_ES","og_type":"article","og_title":"Temporada 2019 -","og_description":"[vc_row][vc_column][vc_custom_heading source=\u00bbpost_title\u00bb google_fonts=\u00bbfont_family:Roboto%20Slab%3A100%2C300%2Cregular%2C700|font_style:700%20bold%20regular%3A700%3Anormal\u00bb css=\u00bb.vc_custom_1587172535048{margin-bottom: 5px !important;border-bottom-width: 5px !important;padding-bottom: 5px !important;}\u00bb][vc_column_text] A continuaci\u00f3n se recoge los programas realizados durante la temporada 2019: [\/vc_column_text][\/vc_column][\/vc_row][vc_row][vc_column][vc_column_text] Programa T\u00edtulo Investigador\/a 01 Bosques f\u00f3siles Lea de Nascimento 02 La tabla peri\u00f3dica 150 a\u00f1os despu\u00e9s Antonio Diego Lozano Gorr\u00edn 03 La ciencia del arte, restauraci\u00f3n Elisa D\u00edaz 04 Los f\u00f3siles son cosas...","og_url":"https:\/\/www.ull.es\/portal\/cienciaull\/doblehelice3-0\/temporada-2019\/","article_publisher":"https:\/\/www.facebook.com\/CienciaULL\/","twitter_card":"summary_large_image","twitter_site":"@CienciaULL","twitter_misc":{"Tiempo de lectura":"3 minutos"},"schema":{"@context":"https:\/\/schema.org","@graph":[{"@type":"WebPage","@id":"https:\/\/www.ull.es\/portal\/cienciaull\/doblehelice3-0\/temporada-2019\/","url":"https:\/\/www.ull.es\/portal\/cienciaull\/doblehelice3-0\/temporada-2019\/","name":"Temporada 2019 -","isPartOf":{"@id":"https:\/\/www.ull.es\/portal\/cienciaull\/#website"},"datePublished":"2025-10-01T12:38:58+00:00","dateModified":"2025-10-01T12:38:58+00:00","breadcrumb":{"@id":"https:\/\/www.ull.es\/portal\/cienciaull\/doblehelice3-0\/temporada-2019\/#breadcrumb"},"inLanguage":"es","potentialAction":[{"@type":"ReadAction","target":["https:\/\/www.ull.es\/portal\/cienciaull\/doblehelice3-0\/temporada-2019\/"]}]},{"@type":"BreadcrumbList","@id":"https:\/\/www.ull.es\/portal\/cienciaull\/doblehelice3-0\/temporada-2019\/#breadcrumb","itemListElement":[{"@type":"ListItem","position":1,"name":"Portada","item":"https:\/\/www.ull.es\/portal\/cienciaull\/"},{"@type":"ListItem","position":2,"name":"Doble H\u00e9lice 3.0","item":"https:\/\/www.ull.es\/portal\/cienciaull\/doblehelice3-0\/"},{"@type":"ListItem","position":3,"name":"Temporada 2019"}]},{"@type":"WebSite","@id":"https:\/\/www.ull.es\/portal\/cienciaull\/#website","url":"https:\/\/www.ull.es\/portal\/cienciaull\/","name":"","description":"Unidad de Cultura Cient\u00edfica y de la Innovaci\u00f3n de la Universidad de La Laguna","potentialAction":[{"@type":"SearchAction","target":{"@type":"EntryPoint","urlTemplate":"https:\/\/www.ull.es\/portal\/cienciaull\/?s={search_term_string}"},"query-input":"required name=search_term_string"}],"inLanguage":"es"}]}},"_links":{"self":[{"href":"https:\/\/www.ull.es\/portal\/cienciaull\/wp-json\/wp\/v2\/pages\/2671"}],"collection":[{"href":"https:\/\/www.ull.es\/portal\/cienciaull\/wp-json\/wp\/v2\/pages"}],"about":[{"href":"https:\/\/www.ull.es\/portal\/cienciaull\/wp-json\/wp\/v2\/types\/page"}],"author":[{"embeddable":true,"href":"https:\/\/www.ull.es\/portal\/cienciaull\/wp-json\/wp\/v2\/users\/56"}],"replies":[{"embeddable":true,"href":"https:\/\/www.ull.es\/portal\/cienciaull\/wp-json\/wp\/v2\/comments?post=2671"}],"version-history":[{"count":7,"href":"https:\/\/www.ull.es\/portal\/cienciaull\/wp-json\/wp\/v2\/pages\/2671\/revisions"}],"predecessor-version":[{"id":26450,"href":"https:\/\/www.ull.es\/portal\/cienciaull\/wp-json\/wp\/v2\/pages\/2671\/revisions\/26450"}],"up":[{"embeddable":true,"href":"https:\/\/www.ull.es\/portal\/cienciaull\/wp-json\/wp\/v2\/pages\/2428"}],"wp:attachment":[{"href":"https:\/\/www.ull.es\/portal\/cienciaull\/wp-json\/wp\/v2\/media?parent=2671"}],"curies":[{"name":"wp","href":"https:\/\/api.w.org\/{rel}","templated":true}]}}