{"id":32172,"date":"2024-11-27T12:43:35","date_gmt":"2024-11-27T12:43:35","guid":{"rendered":"https:\/\/www.ull.es\/portal\/cienciaull\/?page_id=32172"},"modified":"2025-01-29T10:19:51","modified_gmt":"2025-01-29T10:19:51","slug":"exposicion-agustin-de-betancourt-y-molina","status":"publish","type":"page","link":"https:\/\/www.ull.es\/portal\/cienciaull\/repositorio-material\/exposiciones\/exposicion-agustin-de-betancourt-y-molina\/","title":{"rendered":"Exposici\u00f3n \u00abAgust\u00edn de Betancourt y Molina\u00bb"},"content":{"rendered":"<p>[vc_row][vc_column]\n<div id=\"rev_slider_15_1_wrapper\" class=\"rev_slider_wrapper fullwidthbanner-container\" data-source=\"gallery\" style=\"margin:0px auto;background:transparent;padding:0px;margin-top:0px;margin-bottom:0px;\">\n<!-- START REVOLUTION SLIDER 5.4.7.3 auto mode -->\n\t<div id=\"rev_slider_15_1\" class=\"rev_slider fullwidthabanner\" style=\"display:none;\" data-version=\"5.4.7.3\">\n<ul>\t<!-- SLIDE  -->\n\t<li data-index=\"rs-37\" data-transition=\"fade\" data-slotamount=\"default\" data-hideafterloop=\"0\" data-hideslideonmobile=\"off\"  data-easein=\"default\" data-easeout=\"default\" data-masterspeed=\"300\"  data-rotate=\"0\"  data-saveperformance=\"off\"  data-title=\"Slide\" data-param1=\"\" data-param2=\"\" data-param3=\"\" data-param4=\"\" data-param5=\"\" data-param6=\"\" data-param7=\"\" data-param8=\"\" data-param9=\"\" data-param10=\"\" data-description=\"\">\n\t\t<!-- MAIN IMAGE -->\n\t\t<img src=\"https:\/\/s6.gifyu.com\/images\/Banner-CienciULL-Generico-1600-x-560.png\"  alt=\"\"  width=\"1920\" height=\"1080\" data-bgposition=\"center center\" data-bgfit=\"contain\" data-bgrepeat=\"no-repeat\" class=\"rev-slidebg\" data-no-retina>\n\t\t<!-- LAYERS -->\n\t<\/li>\n<\/ul>\n<div class=\"tp-bannertimer tp-bottom\" style=\"visibility: hidden !important;\"><\/div>\t<\/div>\n<script>var htmlDiv = document.getElementById(\"rs-plugin-settings-inline-css\"); var htmlDivCss=\"\";\r\n\t\t\t\tif(htmlDiv) {\r\n\t\t\t\t\thtmlDiv.innerHTML = htmlDiv.innerHTML + htmlDivCss;\r\n\t\t\t\t}else{\r\n\t\t\t\t\tvar htmlDiv = document.createElement(\"div\");\r\n\t\t\t\t\thtmlDiv.innerHTML = \"<style>\" + htmlDivCss + \"<\/style>\";\r\n\t\t\t\t\tdocument.getElementsByTagName(\"head\")[0].appendChild(htmlDiv.childNodes[0]);\r\n\t\t\t\t}\r\n\t\t\t<\/script>\n\t\t<script type=\"text\/javascript\">\r\nif (setREVStartSize!==undefined) setREVStartSize(\r\n\t{c: '#rev_slider_15_1', gridwidth: [1600], gridheight: [560], sliderLayout: 'auto'});\r\n\t\t\t\r\nvar revapi15,\r\n\ttpj;\t\r\n(function() {\t\t\t\r\n\tif (!\/loaded|interactive|complete\/.test(document.readyState)) document.addEventListener(\"DOMContentLoaded\",onLoad); else onLoad();\t\r\n\tfunction onLoad() {\t\t\t\t\r\n\t\tif (tpj===undefined) { tpj = jQuery; if(\"off\" == \"on\") tpj.noConflict();}\r\n\tif(tpj(\"#rev_slider_15_1\").revolution == undefined){\n\t\trevslider_showDoubleJqueryError(\"#rev_slider_15_1\");\n\t}else{\n\t\trevapi15 = tpj(\"#rev_slider_15_1\").show().revolution({\n\t\t\tsliderType:\"hero\",\n\t\t\tjsFileLocation:\"\/\/www.ull.es\/portal\/cienciaull\/wp-content\/plugins\/revslider\/public\/assets\/js\/\",\n\t\t\tsliderLayout:\"auto\",\n\t\t\tdottedOverlay:\"none\",\n\t\t\tdelay:9000,\n\t\t\tvisibilityLevels:[1240,1024,778,480],\n\t\t\tgridwidth:1600,\n\t\t\tgridheight:560,\n\t\t\tlazyType:\"none\",\n\t\t\tshadow:0,\n\t\t\tspinner:\"spinner0\",\n\t\t\tautoHeight:\"off\",\n\t\t\tdisableProgressBar:\"on\",\n\t\t\thideThumbsOnMobile:\"off\",\n\t\t\thideSliderAtLimit:0,\n\t\t\thideCaptionAtLimit:0,\n\t\t\thideAllCaptionAtLilmit:0,\n\t\t\tdebugMode:false,\n\t\t\tfallbacks: {\n\t\t\t\tsimplifyAll:\"off\",\n\t\t\t\tdisableFocusListener:false,\n\t\t\t}\n\t\t});\n\t}; \/* END OF revapi call *\/\n\t\n }; \/* END OF ON LOAD FUNCTION *\/\r\n}()); \/* END OF WRAPPING FUNCTION *\/\r\n<\/script>\r\n\t\t<\/div><!-- END REVOLUTION SLIDER -->[vc_separator color=\u00bbviolet\u00bb border_width=\u00bb6&#8243;][vc_empty_space][vc_custom_heading source=\u00bbpost_title\u00bb google_fonts=\u00bbfont_family:Roboto%20Slab%3A100%2C300%2Cregular%2C700|font_style:700%20bold%20regular%3A700%3Anormal\u00bb css=\u00bb.vc_custom_1732708124346{margin-bottom: 10px !important;border-bottom-width: 10px !important;padding-bottom: 10px !important;}\u00bb][\/vc_column][\/vc_row][vc_row][vc_column width=\u00bb2\/3&#8243;][vc_column_text]<\/p>\n<p style=\"text-align: justify\">Ex-Machina: Agust\u00edn de Betancourt es una exposici\u00f3n organizada por el Aula Cultural de Viera y Clavijo con el apoyo del Consejo Social de la ULL con motivo de las Semanas Canarias de la Ciencia y la Innovaci\u00f3n para conmemorar el bicentenario de su fallecimiento (1824-2024). Est\u00e1 dedicada al inventor canario Agust\u00edn de Betancourt y Molina y consta de 13 paneles ilustrativos en los que se detalla su vida, obra, hitos e invenciones.<\/p>\n<p style=\"text-align: justify\">Agust\u00edn de Betancourt fue un importante ingeniero civil, arquitecto e inventor canario que desarroll\u00f3 su actividad cient\u00edfica e investigadora entre Espa\u00f1a, Francia, Inglaterra y Rusia. A lo largo de su trayectoria desarroll\u00f3 ingenios como la m\u00e1quina de hilar seda, junto a su hermana Mar\u00eda de Betancourt y Molina, el tel\u00e9grafo \u00f3ptico de aguja y la esclusa de \u00e9mbolo buzo. Adem\u00e1s, supervis\u00f3 obras como el Picadero de Mosc\u00fa, la Catedral de San Isaac y el Recinto Ferial de Nizhni N\u00f3vgorod.<\/p>\n<p style=\"text-align: justify\">La exposici\u00f3n est\u00e1 dividida en varios bloques. En el primero de ellos, titulado Cronobiograf\u00eda, realiza un repaso de los principales hitos de su vida, desde su nacimiento en el Puerto de la Cruz (Tenerife) hasta su fallecimiento en San Petersburgo (Rusia). Como parte de este recorrido, se detallan sus inventos, obras, escritos y cargos institucionales desempe\u00f1ados tanto en Espa\u00f1a como en Rusia.<\/p>\n<p style=\"text-align: justify\">El segundo bloque hace un repaso sobre otros aspectos relevantes de la vida de Agust\u00edn de Betancourt. Su historia familiar, el hito de volar el primer globo aerost\u00e1tico en Espa\u00f1a, su viaje a Inglaterra para investigar la m\u00e1quina de vapor, el tel\u00e9grafo \u00f3ptico, la fundaci\u00f3n del Real Gabinete de M\u00e1quinas y una colecci\u00f3n de sus retratos, entre otros, comprenden este viaje a trav\u00e9s de su historia.<\/p>\n<p style=\"text-align: justify\">Acompa\u00f1an a la informaci\u00f3n escrita numerosos documentos gr\u00e1ficos con ilustraciones sobre su persona, su familia, sus tratados, inventos y obras, as\u00ed como de otros personajes contempor\u00e1neos que fueron relevantes en el transcurso de su vida.<\/p>\n<p>[\/vc_column_text][vc_media_grid style=\u00bbpagination\u00bb items_per_page=\u00bb6&#8243; element_width=\u00bb2&#8243; grid_id=\u00bbvc_gid:1738145955743-7141ed6b-999e-7&#8243; include=\u00bb33094,32177,32178,32179,32180,32181,32182,32183,32184,32185,32186,32187,32188&#8243;][\/vc_column][vc_column width=\u00bb1\/3&#8243;][vc_btn title=\u00bbExposici\u00f3n \u00abLa luz de la ciencia\u00ab\u00bb color=\u00bbinfo\u00bb align=\u00bbcenter\u00bb button_block=\u00bbtrue\u00bb link=\u00bburl:https%3A%2F%2Fwww.ull.es%2Fportal%2Fcienciaull%2Frepositorio-material%2Fexposiciones%2Fjose-de-viera-y-clavijo-y-agustin-de-betancourt-a-la-luz-de-la-ciencia%2F\u00bb css=\u00bb.vc_custom_1732711517280{margin-bottom: 3px !important;border-bottom-width: 3px !important;padding-bottom: 3px !important;}\u00bb][vc_btn title=\u00bbExposici\u00f3n \u00abRafael Arozarena\u00ab\u00bb color=\u00bbgreen\u00bb align=\u00bbcenter\u00bb button_block=\u00bbtrue\u00bb link=\u00bburl:https%3A%2F%2Fwww.ull.es%2Fportal%2Fcienciaull%2Frepositorio-material%2Fexposiciones%2Fexposicion-rafael-arozarena%2F\u00bb css=\u00bb.vc_custom_1732712075573{margin-bottom: 3px !important;border-bottom-width: 3px !important;padding-bottom: 3px !important;}\u00bb][vc_btn title=\u00bbExposici\u00f3n \u00abViera y las Ciencias\u00ab\u00bb color=\u00bbdanger\u00bb align=\u00bbcenter\u00bb button_block=\u00bbtrue\u00bb link=\u00bburl:https%3A%2F%2Fwww.ull.es%2Fportal%2Fcienciaull%2Frepositorio-material%2Fexposiciones%2Fexposicion-viera-y-las-ciencias%2F\u00bb][\/vc_column][\/vc_row]<\/p>\n","protected":false},"excerpt":{"rendered":"<p>[vc_row][vc_column][vc_separator color=\u00bbviolet\u00bb border_width=\u00bb6&#8243;][vc_empty_space][vc_custom_heading source=\u00bbpost_title\u00bb google_fonts=\u00bbfont_family:Roboto%20Slab%3A100%2C300%2Cregular%2C700|font_style:700%20bold%20regular%3A700%3Anormal\u00bb css=\u00bb.vc_custom_1732708124346{margin-bottom: 10px !important;border-bottom-width: 10px !important;padding-bottom: 10px !important;}\u00bb][\/vc_column][\/vc_row][vc_row][vc_column width=\u00bb2\/3&#8243;][vc_column_text] Ex-Machina: Agust\u00edn de Betancourt es una exposici\u00f3n organizada por el Aula Cultural de Viera y Clavijo con el apoyo del Consejo Social de la ULL con motivo de las Semanas Canarias de la Ciencia y la Innovaci\u00f3n para conmemorar el bicentenario de&#8230;<\/p>\n","protected":false},"author":56,"featured_media":0,"parent":4929,"menu_order":0,"comment_status":"closed","ping_status":"closed","template":"templates\/cienciaull.php","meta":{"inline_featured_image":false,"footnotes":""},"acf":[],"yoast_head":"<!-- This site is optimized with the Yoast SEO plugin v21.3 - https:\/\/yoast.com\/wordpress\/plugins\/seo\/ -->\n<title>Exposici\u00f3n &quot;Agust\u00edn de Betancourt y Molina&quot; -<\/title>\n<meta name=\"robots\" content=\"index, follow, max-snippet:-1, max-image-preview:large, max-video-preview:-1\" \/>\n<link rel=\"canonical\" href=\"https:\/\/www.ull.es\/portal\/cienciaull\/repositorio-material\/exposiciones\/exposicion-agustin-de-betancourt-y-molina\/\" \/>\n<meta property=\"og:locale\" content=\"es_ES\" \/>\n<meta property=\"og:type\" content=\"article\" \/>\n<meta property=\"og:title\" content=\"Exposici\u00f3n &quot;Agust\u00edn de Betancourt y Molina&quot; -\" \/>\n<meta property=\"og:description\" content=\"[vc_row][vc_column][vc_separator color=\u00bbviolet\u00bb border_width=\u00bb6&#8243;][vc_empty_space][vc_custom_heading source=\u00bbpost_title\u00bb google_fonts=\u00bbfont_family:Roboto%20Slab%3A100%2C300%2Cregular%2C700|font_style:700%20bold%20regular%3A700%3Anormal\u00bb css=\u00bb.vc_custom_1732708124346{margin-bottom: 10px !important;border-bottom-width: 10px !important;padding-bottom: 10px !important;}\u00bb][\/vc_column][\/vc_row][vc_row][vc_column width=\u00bb2\/3&#8243;][vc_column_text] Ex-Machina: Agust\u00edn de Betancourt es una exposici\u00f3n organizada por el Aula Cultural de Viera y Clavijo con el apoyo del Consejo Social de la ULL con motivo de las Semanas Canarias de la Ciencia y la Innovaci\u00f3n para conmemorar el bicentenario de...\" \/>\n<meta property=\"og:url\" content=\"https:\/\/www.ull.es\/portal\/cienciaull\/repositorio-material\/exposiciones\/exposicion-agustin-de-betancourt-y-molina\/\" \/>\n<meta property=\"article:publisher\" content=\"https:\/\/www.facebook.com\/CienciaULL\/\" \/>\n<meta property=\"article:modified_time\" content=\"2025-01-29T10:19:51+00:00\" \/>\n<meta name=\"twitter:card\" content=\"summary_large_image\" \/>\n<meta name=\"twitter:site\" content=\"@CienciaULL\" \/>\n<meta name=\"twitter:label1\" content=\"Tiempo de lectura\" \/>\n\t<meta name=\"twitter:data1\" content=\"2 minutos\" \/>\n<script type=\"application\/ld+json\" class=\"yoast-schema-graph\">{\"@context\":\"https:\/\/schema.org\",\"@graph\":[{\"@type\":\"WebPage\",\"@id\":\"https:\/\/www.ull.es\/portal\/cienciaull\/repositorio-material\/exposiciones\/exposicion-agustin-de-betancourt-y-molina\/\",\"url\":\"https:\/\/www.ull.es\/portal\/cienciaull\/repositorio-material\/exposiciones\/exposicion-agustin-de-betancourt-y-molina\/\",\"name\":\"Exposici\u00f3n \\\"Agust\u00edn de Betancourt y Molina\\\" -\",\"isPartOf\":{\"@id\":\"https:\/\/www.ull.es\/portal\/cienciaull\/#website\"},\"datePublished\":\"2024-11-27T12:43:35+00:00\",\"dateModified\":\"2025-01-29T10:19:51+00:00\",\"breadcrumb\":{\"@id\":\"https:\/\/www.ull.es\/portal\/cienciaull\/repositorio-material\/exposiciones\/exposicion-agustin-de-betancourt-y-molina\/#breadcrumb\"},\"inLanguage\":\"es\",\"potentialAction\":[{\"@type\":\"ReadAction\",\"target\":[\"https:\/\/www.ull.es\/portal\/cienciaull\/repositorio-material\/exposiciones\/exposicion-agustin-de-betancourt-y-molina\/\"]}]},{\"@type\":\"BreadcrumbList\",\"@id\":\"https:\/\/www.ull.es\/portal\/cienciaull\/repositorio-material\/exposiciones\/exposicion-agustin-de-betancourt-y-molina\/#breadcrumb\",\"itemListElement\":[{\"@type\":\"ListItem\",\"position\":1,\"name\":\"Portada\",\"item\":\"https:\/\/www.ull.es\/portal\/cienciaull\/\"},{\"@type\":\"ListItem\",\"position\":2,\"name\":\"Repositorio Material\",\"item\":\"https:\/\/www.ull.es\/portal\/cienciaull\/repositorio-material\/\"},{\"@type\":\"ListItem\",\"position\":3,\"name\":\"Exposiciones\",\"item\":\"https:\/\/www.ull.es\/portal\/cienciaull\/repositorio-material\/exposiciones\/\"},{\"@type\":\"ListItem\",\"position\":4,\"name\":\"Exposici\u00f3n \u00abAgust\u00edn de Betancourt y Molina\u00bb\"}]},{\"@type\":\"WebSite\",\"@id\":\"https:\/\/www.ull.es\/portal\/cienciaull\/#website\",\"url\":\"https:\/\/www.ull.es\/portal\/cienciaull\/\",\"name\":\"\",\"description\":\"Unidad de Cultura Cient\u00edfica y de la Innovaci\u00f3n de la Universidad de La Laguna\",\"potentialAction\":[{\"@type\":\"SearchAction\",\"target\":{\"@type\":\"EntryPoint\",\"urlTemplate\":\"https:\/\/www.ull.es\/portal\/cienciaull\/?s={search_term_string}\"},\"query-input\":\"required name=search_term_string\"}],\"inLanguage\":\"es\"}]}<\/script>\n<!-- \/ Yoast SEO plugin. -->","yoast_head_json":{"title":"Exposici\u00f3n \"Agust\u00edn de Betancourt y Molina\" -","robots":{"index":"index","follow":"follow","max-snippet":"max-snippet:-1","max-image-preview":"max-image-preview:large","max-video-preview":"max-video-preview:-1"},"canonical":"https:\/\/www.ull.es\/portal\/cienciaull\/repositorio-material\/exposiciones\/exposicion-agustin-de-betancourt-y-molina\/","og_locale":"es_ES","og_type":"article","og_title":"Exposici\u00f3n \"Agust\u00edn de Betancourt y Molina\" -","og_description":"[vc_row][vc_column][vc_separator color=\u00bbviolet\u00bb border_width=\u00bb6&#8243;][vc_empty_space][vc_custom_heading source=\u00bbpost_title\u00bb google_fonts=\u00bbfont_family:Roboto%20Slab%3A100%2C300%2Cregular%2C700|font_style:700%20bold%20regular%3A700%3Anormal\u00bb css=\u00bb.vc_custom_1732708124346{margin-bottom: 10px !important;border-bottom-width: 10px !important;padding-bottom: 10px !important;}\u00bb][\/vc_column][\/vc_row][vc_row][vc_column width=\u00bb2\/3&#8243;][vc_column_text] Ex-Machina: Agust\u00edn de Betancourt es una exposici\u00f3n organizada por el Aula Cultural de Viera y Clavijo con el apoyo del Consejo Social de la ULL con motivo de las Semanas Canarias de la Ciencia y la Innovaci\u00f3n para conmemorar el bicentenario de...","og_url":"https:\/\/www.ull.es\/portal\/cienciaull\/repositorio-material\/exposiciones\/exposicion-agustin-de-betancourt-y-molina\/","article_publisher":"https:\/\/www.facebook.com\/CienciaULL\/","article_modified_time":"2025-01-29T10:19:51+00:00","twitter_card":"summary_large_image","twitter_site":"@CienciaULL","twitter_misc":{"Tiempo de lectura":"2 minutos"},"schema":{"@context":"https:\/\/schema.org","@graph":[{"@type":"WebPage","@id":"https:\/\/www.ull.es\/portal\/cienciaull\/repositorio-material\/exposiciones\/exposicion-agustin-de-betancourt-y-molina\/","url":"https:\/\/www.ull.es\/portal\/cienciaull\/repositorio-material\/exposiciones\/exposicion-agustin-de-betancourt-y-molina\/","name":"Exposici\u00f3n \"Agust\u00edn de Betancourt y Molina\" -","isPartOf":{"@id":"https:\/\/www.ull.es\/portal\/cienciaull\/#website"},"datePublished":"2024-11-27T12:43:35+00:00","dateModified":"2025-01-29T10:19:51+00:00","breadcrumb":{"@id":"https:\/\/www.ull.es\/portal\/cienciaull\/repositorio-material\/exposiciones\/exposicion-agustin-de-betancourt-y-molina\/#breadcrumb"},"inLanguage":"es","potentialAction":[{"@type":"ReadAction","target":["https:\/\/www.ull.es\/portal\/cienciaull\/repositorio-material\/exposiciones\/exposicion-agustin-de-betancourt-y-molina\/"]}]},{"@type":"BreadcrumbList","@id":"https:\/\/www.ull.es\/portal\/cienciaull\/repositorio-material\/exposiciones\/exposicion-agustin-de-betancourt-y-molina\/#breadcrumb","itemListElement":[{"@type":"ListItem","position":1,"name":"Portada","item":"https:\/\/www.ull.es\/portal\/cienciaull\/"},{"@type":"ListItem","position":2,"name":"Repositorio Material","item":"https:\/\/www.ull.es\/portal\/cienciaull\/repositorio-material\/"},{"@type":"ListItem","position":3,"name":"Exposiciones","item":"https:\/\/www.ull.es\/portal\/cienciaull\/repositorio-material\/exposiciones\/"},{"@type":"ListItem","position":4,"name":"Exposici\u00f3n \u00abAgust\u00edn de Betancourt y Molina\u00bb"}]},{"@type":"WebSite","@id":"https:\/\/www.ull.es\/portal\/cienciaull\/#website","url":"https:\/\/www.ull.es\/portal\/cienciaull\/","name":"","description":"Unidad de Cultura Cient\u00edfica y de la Innovaci\u00f3n de la Universidad de La Laguna","potentialAction":[{"@type":"SearchAction","target":{"@type":"EntryPoint","urlTemplate":"https:\/\/www.ull.es\/portal\/cienciaull\/?s={search_term_string}"},"query-input":"required name=search_term_string"}],"inLanguage":"es"}]}},"_links":{"self":[{"href":"https:\/\/www.ull.es\/portal\/cienciaull\/wp-json\/wp\/v2\/pages\/32172"}],"collection":[{"href":"https:\/\/www.ull.es\/portal\/cienciaull\/wp-json\/wp\/v2\/pages"}],"about":[{"href":"https:\/\/www.ull.es\/portal\/cienciaull\/wp-json\/wp\/v2\/types\/page"}],"author":[{"embeddable":true,"href":"https:\/\/www.ull.es\/portal\/cienciaull\/wp-json\/wp\/v2\/users\/56"}],"replies":[{"embeddable":true,"href":"https:\/\/www.ull.es\/portal\/cienciaull\/wp-json\/wp\/v2\/comments?post=32172"}],"version-history":[{"count":12,"href":"https:\/\/www.ull.es\/portal\/cienciaull\/wp-json\/wp\/v2\/pages\/32172\/revisions"}],"predecessor-version":[{"id":33096,"href":"https:\/\/www.ull.es\/portal\/cienciaull\/wp-json\/wp\/v2\/pages\/32172\/revisions\/33096"}],"up":[{"embeddable":true,"href":"https:\/\/www.ull.es\/portal\/cienciaull\/wp-json\/wp\/v2\/pages\/4929"}],"wp:attachment":[{"href":"https:\/\/www.ull.es\/portal\/cienciaull\/wp-json\/wp\/v2\/media?parent=32172"}],"curies":[{"name":"wp","href":"https:\/\/api.w.org\/{rel}","templated":true}]}}