{"id":36896,"date":"2026-01-21T08:23:45","date_gmt":"2026-01-21T08:23:45","guid":{"rendered":"https:\/\/www.ull.es\/portal\/cienciaull\/?page_id=36896"},"modified":"2026-04-08T13:59:44","modified_gmt":"2026-04-08T13:59:44","slug":"taller-19-al-ataque-de-la-ameba-realizacion-de-una-placa-de-quimioterapia","status":"publish","type":"page","link":"https:\/\/www.ull.es\/portal\/cienciaull\/laboratorio-virtual-conecta-cienciull\/biomedicina-y-salud\/taller-19-al-ataque-de-la-ameba-realizacion-de-una-placa-de-quimioterapia\/","title":{"rendered":"Taller 19. \u00abAl ataque de la ameba: Realizaci\u00f3n de una placa de Quimioterapia\u00bb"},"content":{"rendered":"<p>[vc_row][vc_column][vc_custom_heading source=\u00bbpost_title\u00bb font_container=\u00bbtag:h2|text_align:left|color:%235499c7&#8243; google_fonts=\u00bbfont_family:Roboto%20Slab%3A100%2C300%2Cregular%2C700|font_style:700%20bold%20regular%3A700%3Anormal\u00bb][\/vc_column][\/vc_row][vc_row][vc_column][vc_video link=\u00bbhttps:\/\/www.youtube.com\/watch?v=TOplGB4URA8&#8243;][vc_empty_space][vc_column_text]<\/p>\n<table style=\"height: 76px\" width=\"1223\">\n<tbody>\n<tr>\n<td width=\"120\"><strong>Breve descripci\u00f3n<\/strong><\/td>\n<\/tr>\n<tr>\n<td style=\"text-align: justify\"><span style=\"font-weight: 400\">El Instituto Universitario de Enfermedades Tropicales y Salud P\u00fablica de Canarias (<\/span><span style=\"font-weight: 400\">IUETSPC)<\/span><span style=\"font-weight: 400\"> es una instituci\u00f3n dependiente de la Universidad de La Laguna, integrada por profesores, investigadores y profesionales relacionados con el \u00e1mbito de la Salud P\u00fablica y la Biotecnolog\u00eda, y cuya funci\u00f3n principal es la investigaci\u00f3n, el desarrollo y la innovaci\u00f3n en estos campos.\u00a0<\/span><\/p>\n<p><span style=\"font-weight: 400\">En e<\/span><span style=\"font-weight: 400\">l IUETSPC se desarrollan proyectos de investigaci\u00f3n relacionados, entre otros, con la b\u00fasqueda de nuevas estrategias para el diagn\u00f3stico y tratamiento de las enfermedades tropicales. Dentro de esta l\u00ednea de investigaci\u00f3n se encuentra la quimioterapia antiparasitaria y desarrollo de t\u00e9cnicas de diagn\u00f3stico frente a las Amebas de Vida Libre (AVL). <\/span><i><span style=\"font-weight: 400\">Acanthamoeba <\/span><\/i><span style=\"font-weight: 400\">es un g\u00e9nero de amebas con car\u00e1cter ubicuo que pueden llegar a desencadenar graves patolog\u00edas en humanos como queratitis o encefalopat\u00edas. De esta manera, es vital la b\u00fasqueda de nuevas herramientas para el desarrollo de tratamientos efectivos frente a estos protozoos.<\/span><\/td>\n<\/tr>\n<\/tbody>\n<\/table>\n<p>[\/vc_column_text][vc_column_text]<\/p>\n<table style=\"height: 98px\" width=\"1232\">\n<tbody>\n<tr>\n<td width=\"120\"><strong>P\u00fablico al que se dirige<\/strong><\/td>\n<td width=\"65\"><strong>Duraci\u00f3n<\/strong><\/td>\n<\/tr>\n<tr>\n<td>Alumnado de ESO, Bachillerato.<\/td>\n<td>15 minutos<\/td>\n<\/tr>\n<\/tbody>\n<\/table>\n<p>[\/vc_column_text][vc_column_text]<\/p>\n<table>\n<tbody>\n<tr>\n<td colspan=\"2\" width=\"566\"><strong>Materiales y recursos<\/strong><\/td>\n<\/tr>\n<tr>\n<td width=\"283\">\n<ul>\n<li style=\"font-weight: 400\"><span style=\"font-weight: 400\">Fichas plastificadas sobre las AVL.<\/span><\/li>\n<li style=\"font-weight: 400\"><span style=\"font-weight: 400\">Placa de quimioterapia y reactivos.<\/span><\/li>\n<li style=\"font-weight: 400\"><span style=\"font-weight: 400\">Placas de ANN <\/span><\/li>\n<\/ul>\n<\/td>\n<td width=\"283\">\n<ul>\n<li style=\"font-weight: 400\"><span style=\"font-weight: 400\">Microsoft PowerPoint.<\/span><\/li>\n<li style=\"font-weight: 400\"><span style=\"font-weight: 400\">Aula para el taller.<\/span><\/li>\n<li style=\"font-weight: 400\"><span style=\"font-weight: 400\">Material de Laboratorio.<\/span><\/li>\n<\/ul>\n<\/td>\n<\/tr>\n<\/tbody>\n<\/table>\n<p>[\/vc_column_text][vc_column_text]<\/p>\n<table style=\"height: 38px\" width=\"1229\">\n<tbody>\n<tr>\n<td width=\"120\"><strong>Investigadora<\/strong><\/td>\n<td width=\"65\"><span style=\"font-weight: 400\">Rub\u00e9n L. Rodr\u00edguez Exp\u00f3sito<\/span><\/td>\n<\/tr>\n<tr>\n<td><strong>Departamento<\/strong><\/td>\n<td><span style=\"font-weight: 400\">Instituto de Enfermedades Tropicales y Salud P\u00fablica de Canarias (IUETSPC)<\/span><\/td>\n<\/tr>\n<\/tbody>\n<\/table>\n<p>[\/vc_column_text][vc_empty_space][vc_btn title=\u00bbDescargar ficha del taller\u00bb color=\u00bbsky\u00bb size=\u00bblg\u00bb align=\u00bbcenter\u00bb link=\u00bburl:https%3A%2F%2Fdrive.google.com%2Ffile%2Fd%2F1WTsrPaAtIPmxApjjfxuowSIBAnpqXeYz%2Fview%3Fusp%3Dsharing|target:_blank\u00bb][\/vc_column][\/vc_row]<\/p>\n","protected":false},"excerpt":{"rendered":"<p>[vc_row][vc_column][vc_custom_heading source=\u00bbpost_title\u00bb font_container=\u00bbtag:h2|text_align:left|color:%235499c7&#8243; google_fonts=\u00bbfont_family:Roboto%20Slab%3A100%2C300%2Cregular%2C700|font_style:700%20bold%20regular%3A700%3Anormal\u00bb][\/vc_column][\/vc_row][vc_row][vc_column][vc_video link=\u00bbhttps:\/\/www.youtube.com\/watch?v=TOplGB4URA8&#8243;][vc_empty_space][vc_column_text] Breve descripci\u00f3n El Instituto Universitario de Enfermedades Tropicales y Salud P\u00fablica de Canarias (IUETSPC) es una instituci\u00f3n dependiente de la Universidad de La Laguna, integrada por profesores, investigadores y profesionales relacionados con el \u00e1mbito de la Salud P\u00fablica y la Biotecnolog\u00eda, y cuya funci\u00f3n principal es la investigaci\u00f3n, el desarrollo&#8230;<\/p>\n","protected":false},"author":56,"featured_media":0,"parent":26937,"menu_order":19,"comment_status":"closed","ping_status":"closed","template":"","meta":{"inline_featured_image":false,"footnotes":""},"acf":[],"yoast_head":"<!-- This site is optimized with the Yoast SEO plugin v21.3 - https:\/\/yoast.com\/wordpress\/plugins\/seo\/ -->\n<title>Taller 19. \u00abAl ataque de la ameba: Realizaci\u00f3n de una placa de Quimioterapia\u00bb -<\/title>\n<meta name=\"robots\" content=\"index, follow, max-snippet:-1, max-image-preview:large, max-video-preview:-1\" \/>\n<link rel=\"canonical\" href=\"https:\/\/www.ull.es\/portal\/cienciaull\/laboratorio-virtual-conecta-cienciull\/biomedicina-y-salud\/taller-19-al-ataque-de-la-ameba-realizacion-de-una-placa-de-quimioterapia\/\" \/>\n<meta property=\"og:locale\" content=\"es_ES\" \/>\n<meta property=\"og:type\" content=\"article\" \/>\n<meta property=\"og:title\" content=\"Taller 19. \u00abAl ataque de la ameba: Realizaci\u00f3n de una placa de Quimioterapia\u00bb -\" \/>\n<meta property=\"og:description\" content=\"[vc_row][vc_column][vc_custom_heading source=\u00bbpost_title\u00bb font_container=\u00bbtag:h2|text_align:left|color:%235499c7&#8243; google_fonts=\u00bbfont_family:Roboto%20Slab%3A100%2C300%2Cregular%2C700|font_style:700%20bold%20regular%3A700%3Anormal\u00bb][\/vc_column][\/vc_row][vc_row][vc_column][vc_video link=\u00bbhttps:\/\/www.youtube.com\/watch?v=TOplGB4URA8&#8243;][vc_empty_space][vc_column_text] Breve descripci\u00f3n El Instituto Universitario de Enfermedades Tropicales y Salud P\u00fablica de Canarias (IUETSPC) es una instituci\u00f3n dependiente de la Universidad de La Laguna, integrada por profesores, investigadores y profesionales relacionados con el \u00e1mbito de la Salud P\u00fablica y la Biotecnolog\u00eda, y cuya funci\u00f3n principal es la investigaci\u00f3n, el desarrollo...\" \/>\n<meta property=\"og:url\" content=\"https:\/\/www.ull.es\/portal\/cienciaull\/laboratorio-virtual-conecta-cienciull\/biomedicina-y-salud\/taller-19-al-ataque-de-la-ameba-realizacion-de-una-placa-de-quimioterapia\/\" \/>\n<meta property=\"article:publisher\" content=\"https:\/\/www.facebook.com\/CienciaULL\/\" \/>\n<meta property=\"article:modified_time\" content=\"2026-04-08T13:59:44+00:00\" \/>\n<meta name=\"twitter:card\" content=\"summary_large_image\" \/>\n<meta name=\"twitter:site\" content=\"@CienciaULL\" \/>\n<meta name=\"twitter:label1\" content=\"Tiempo de lectura\" \/>\n\t<meta name=\"twitter:data1\" content=\"2 minutos\" \/>\n<script type=\"application\/ld+json\" class=\"yoast-schema-graph\">{\"@context\":\"https:\/\/schema.org\",\"@graph\":[{\"@type\":\"WebPage\",\"@id\":\"https:\/\/www.ull.es\/portal\/cienciaull\/laboratorio-virtual-conecta-cienciull\/biomedicina-y-salud\/taller-19-al-ataque-de-la-ameba-realizacion-de-una-placa-de-quimioterapia\/\",\"url\":\"https:\/\/www.ull.es\/portal\/cienciaull\/laboratorio-virtual-conecta-cienciull\/biomedicina-y-salud\/taller-19-al-ataque-de-la-ameba-realizacion-de-una-placa-de-quimioterapia\/\",\"name\":\"Taller 19. \u00abAl ataque de la ameba: Realizaci\u00f3n de una placa de Quimioterapia\u00bb -\",\"isPartOf\":{\"@id\":\"https:\/\/www.ull.es\/portal\/cienciaull\/#website\"},\"datePublished\":\"2026-01-21T08:23:45+00:00\",\"dateModified\":\"2026-04-08T13:59:44+00:00\",\"breadcrumb\":{\"@id\":\"https:\/\/www.ull.es\/portal\/cienciaull\/laboratorio-virtual-conecta-cienciull\/biomedicina-y-salud\/taller-19-al-ataque-de-la-ameba-realizacion-de-una-placa-de-quimioterapia\/#breadcrumb\"},\"inLanguage\":\"es\",\"potentialAction\":[{\"@type\":\"ReadAction\",\"target\":[\"https:\/\/www.ull.es\/portal\/cienciaull\/laboratorio-virtual-conecta-cienciull\/biomedicina-y-salud\/taller-19-al-ataque-de-la-ameba-realizacion-de-una-placa-de-quimioterapia\/\"]}]},{\"@type\":\"BreadcrumbList\",\"@id\":\"https:\/\/www.ull.es\/portal\/cienciaull\/laboratorio-virtual-conecta-cienciull\/biomedicina-y-salud\/taller-19-al-ataque-de-la-ameba-realizacion-de-una-placa-de-quimioterapia\/#breadcrumb\",\"itemListElement\":[{\"@type\":\"ListItem\",\"position\":1,\"name\":\"Portada\",\"item\":\"https:\/\/www.ull.es\/portal\/cienciaull\/\"},{\"@type\":\"ListItem\",\"position\":2,\"name\":\"Laboratorio Virtual Conecta Cienci@ULL\",\"item\":\"https:\/\/www.ull.es\/portal\/cienciaull\/laboratorio-virtual-conecta-cienciull\/\"},{\"@type\":\"ListItem\",\"position\":3,\"name\":\"Biomedicina y Salud\",\"item\":\"https:\/\/www.ull.es\/portal\/cienciaull\/laboratorio-virtual-conecta-cienciull\/biomedicina-y-salud\/\"},{\"@type\":\"ListItem\",\"position\":4,\"name\":\"Taller 19. \u00abAl ataque de la ameba: Realizaci\u00f3n de una placa de Quimioterapia\u00bb\"}]},{\"@type\":\"WebSite\",\"@id\":\"https:\/\/www.ull.es\/portal\/cienciaull\/#website\",\"url\":\"https:\/\/www.ull.es\/portal\/cienciaull\/\",\"name\":\"\",\"description\":\"Unidad de Cultura Cient\u00edfica y de la Innovaci\u00f3n de la Universidad de La Laguna\",\"potentialAction\":[{\"@type\":\"SearchAction\",\"target\":{\"@type\":\"EntryPoint\",\"urlTemplate\":\"https:\/\/www.ull.es\/portal\/cienciaull\/?s={search_term_string}\"},\"query-input\":\"required name=search_term_string\"}],\"inLanguage\":\"es\"}]}<\/script>\n<!-- \/ Yoast SEO plugin. -->","yoast_head_json":{"title":"Taller 19. \u00abAl ataque de la ameba: Realizaci\u00f3n de una placa de Quimioterapia\u00bb -","robots":{"index":"index","follow":"follow","max-snippet":"max-snippet:-1","max-image-preview":"max-image-preview:large","max-video-preview":"max-video-preview:-1"},"canonical":"https:\/\/www.ull.es\/portal\/cienciaull\/laboratorio-virtual-conecta-cienciull\/biomedicina-y-salud\/taller-19-al-ataque-de-la-ameba-realizacion-de-una-placa-de-quimioterapia\/","og_locale":"es_ES","og_type":"article","og_title":"Taller 19. \u00abAl ataque de la ameba: Realizaci\u00f3n de una placa de Quimioterapia\u00bb -","og_description":"[vc_row][vc_column][vc_custom_heading source=\u00bbpost_title\u00bb font_container=\u00bbtag:h2|text_align:left|color:%235499c7&#8243; google_fonts=\u00bbfont_family:Roboto%20Slab%3A100%2C300%2Cregular%2C700|font_style:700%20bold%20regular%3A700%3Anormal\u00bb][\/vc_column][\/vc_row][vc_row][vc_column][vc_video link=\u00bbhttps:\/\/www.youtube.com\/watch?v=TOplGB4URA8&#8243;][vc_empty_space][vc_column_text] Breve descripci\u00f3n El Instituto Universitario de Enfermedades Tropicales y Salud P\u00fablica de Canarias (IUETSPC) es una instituci\u00f3n dependiente de la Universidad de La Laguna, integrada por profesores, investigadores y profesionales relacionados con el \u00e1mbito de la Salud P\u00fablica y la Biotecnolog\u00eda, y cuya funci\u00f3n principal es la investigaci\u00f3n, el desarrollo...","og_url":"https:\/\/www.ull.es\/portal\/cienciaull\/laboratorio-virtual-conecta-cienciull\/biomedicina-y-salud\/taller-19-al-ataque-de-la-ameba-realizacion-de-una-placa-de-quimioterapia\/","article_publisher":"https:\/\/www.facebook.com\/CienciaULL\/","article_modified_time":"2026-04-08T13:59:44+00:00","twitter_card":"summary_large_image","twitter_site":"@CienciaULL","twitter_misc":{"Tiempo de lectura":"2 minutos"},"schema":{"@context":"https:\/\/schema.org","@graph":[{"@type":"WebPage","@id":"https:\/\/www.ull.es\/portal\/cienciaull\/laboratorio-virtual-conecta-cienciull\/biomedicina-y-salud\/taller-19-al-ataque-de-la-ameba-realizacion-de-una-placa-de-quimioterapia\/","url":"https:\/\/www.ull.es\/portal\/cienciaull\/laboratorio-virtual-conecta-cienciull\/biomedicina-y-salud\/taller-19-al-ataque-de-la-ameba-realizacion-de-una-placa-de-quimioterapia\/","name":"Taller 19. \u00abAl ataque de la ameba: Realizaci\u00f3n de una placa de Quimioterapia\u00bb -","isPartOf":{"@id":"https:\/\/www.ull.es\/portal\/cienciaull\/#website"},"datePublished":"2026-01-21T08:23:45+00:00","dateModified":"2026-04-08T13:59:44+00:00","breadcrumb":{"@id":"https:\/\/www.ull.es\/portal\/cienciaull\/laboratorio-virtual-conecta-cienciull\/biomedicina-y-salud\/taller-19-al-ataque-de-la-ameba-realizacion-de-una-placa-de-quimioterapia\/#breadcrumb"},"inLanguage":"es","potentialAction":[{"@type":"ReadAction","target":["https:\/\/www.ull.es\/portal\/cienciaull\/laboratorio-virtual-conecta-cienciull\/biomedicina-y-salud\/taller-19-al-ataque-de-la-ameba-realizacion-de-una-placa-de-quimioterapia\/"]}]},{"@type":"BreadcrumbList","@id":"https:\/\/www.ull.es\/portal\/cienciaull\/laboratorio-virtual-conecta-cienciull\/biomedicina-y-salud\/taller-19-al-ataque-de-la-ameba-realizacion-de-una-placa-de-quimioterapia\/#breadcrumb","itemListElement":[{"@type":"ListItem","position":1,"name":"Portada","item":"https:\/\/www.ull.es\/portal\/cienciaull\/"},{"@type":"ListItem","position":2,"name":"Laboratorio Virtual Conecta Cienci@ULL","item":"https:\/\/www.ull.es\/portal\/cienciaull\/laboratorio-virtual-conecta-cienciull\/"},{"@type":"ListItem","position":3,"name":"Biomedicina y Salud","item":"https:\/\/www.ull.es\/portal\/cienciaull\/laboratorio-virtual-conecta-cienciull\/biomedicina-y-salud\/"},{"@type":"ListItem","position":4,"name":"Taller 19. \u00abAl ataque de la ameba: Realizaci\u00f3n de una placa de Quimioterapia\u00bb"}]},{"@type":"WebSite","@id":"https:\/\/www.ull.es\/portal\/cienciaull\/#website","url":"https:\/\/www.ull.es\/portal\/cienciaull\/","name":"","description":"Unidad de Cultura Cient\u00edfica y de la Innovaci\u00f3n de la Universidad de La Laguna","potentialAction":[{"@type":"SearchAction","target":{"@type":"EntryPoint","urlTemplate":"https:\/\/www.ull.es\/portal\/cienciaull\/?s={search_term_string}"},"query-input":"required name=search_term_string"}],"inLanguage":"es"}]}},"_links":{"self":[{"href":"https:\/\/www.ull.es\/portal\/cienciaull\/wp-json\/wp\/v2\/pages\/36896"}],"collection":[{"href":"https:\/\/www.ull.es\/portal\/cienciaull\/wp-json\/wp\/v2\/pages"}],"about":[{"href":"https:\/\/www.ull.es\/portal\/cienciaull\/wp-json\/wp\/v2\/types\/page"}],"author":[{"embeddable":true,"href":"https:\/\/www.ull.es\/portal\/cienciaull\/wp-json\/wp\/v2\/users\/56"}],"replies":[{"embeddable":true,"href":"https:\/\/www.ull.es\/portal\/cienciaull\/wp-json\/wp\/v2\/comments?post=36896"}],"version-history":[{"count":4,"href":"https:\/\/www.ull.es\/portal\/cienciaull\/wp-json\/wp\/v2\/pages\/36896\/revisions"}],"predecessor-version":[{"id":36899,"href":"https:\/\/www.ull.es\/portal\/cienciaull\/wp-json\/wp\/v2\/pages\/36896\/revisions\/36899"}],"up":[{"embeddable":true,"href":"https:\/\/www.ull.es\/portal\/cienciaull\/wp-json\/wp\/v2\/pages\/26937"}],"wp:attachment":[{"href":"https:\/\/www.ull.es\/portal\/cienciaull\/wp-json\/wp\/v2\/media?parent=36896"}],"curies":[{"name":"wp","href":"https:\/\/api.w.org\/{rel}","templated":true}]}}